[INFO] fetching crate rstsr-common 0.10.1...
[INFO] testing rstsr-common-0.10.1 against 1.100.0-beta.1+cargoflags=--release for beta-release-1.100-2
[INFO] extracting crate rstsr-common 0.10.1 into /workspace/builds/worker-4-tc2/source
[INFO] started tweaking crates.io crate rstsr-common 0.10.1
[INFO] finished tweaking crates.io crate rstsr-common 0.10.1
[INFO] tweaked toml for crates.io crate rstsr-common 0.10.1 written to /workspace/builds/worker-4-tc2/source/Cargo.toml
[INFO] validating manifest of crates.io crate rstsr-common 0.10.1 on toolchain 1.100.0-beta.1
[INFO] running `Command { std: CARGO_HOME="/workspace/cargo-home" RUSTUP_HOME="/workspace/rustup-home" "/workspace/cargo-home/bin/cargo" "+1.100.0-beta.1" "metadata" "--manifest-path" "Cargo.toml" "--no-deps", kill_on_drop: false }`
[INFO] crate crates.io crate rstsr-common 0.10.1 already has a lockfile, it will not be regenerated
[INFO] running `Command { std: CARGO_HOME="/workspace/cargo-home" RUSTUP_HOME="/workspace/rustup-home" "/workspace/cargo-home/bin/cargo" "+1.100.0-beta.1" "fetch" "--manifest-path" "Cargo.toml", kill_on_drop: false }`
[INFO] running `Command { std: "docker" "create" "-v" "/var/lib/crater-agent-workspace/builds/worker-4-tc2/source:/opt/rustwide/workdir:ro,Z" "-v" "/var/lib/crater-agent-workspace/builds/worker-4-tc2/target:/opt/rustwide/target:rw,Z" "-v" "/var/lib/crater-agent-workspace/cargo-home:/opt/rustwide/cargo-home:ro,Z" "-v" "/var/lib/crater-agent-workspace/rustup-home:/opt/rustwide/rustup-home:ro,Z" "-m" "1610612736" "--network" "none" "ghcr.io/rust-lang/crates-build-env/linux@sha256:77db811e55d90add9212f6832c23229e3de5f1c1f9905e8cb07319ea15df73ac" "sleep" "infinity", kill_on_drop: false }`
[INFO] [stdout] b16d4939e7da31ad459e1ec7f78626b495361ab25274bed1cd3f44e649a6094c
[INFO] running `Command { std: "docker" "start" "b16d4939e7da31ad459e1ec7f78626b495361ab25274bed1cd3f44e649a6094c", kill_on_drop: false }`
[INFO] running `Command { std: "docker" "inspect" "b16d4939e7da31ad459e1ec7f78626b495361ab25274bed1cd3f44e649a6094c", kill_on_drop: false }`
[INFO] running `Command { std: "docker" "exec" "-e" "SOURCE_DIR=/opt/rustwide/workdir" "-e" "CARGO_HOME=/opt/rustwide/cargo-home" "-e" "RUSTUP_HOME=/opt/rustwide/rustup-home" "-e" "CARGO_TARGET_DIR=/opt/rustwide/target" "-w" "/opt/rustwide/workdir" "--user" "0:0" "b16d4939e7da31ad459e1ec7f78626b495361ab25274bed1cd3f44e649a6094c" "/opt/rustwide/cargo-home/bin/cargo" "+1.100.0-beta.1" "metadata" "--no-deps" "--format-version=1", kill_on_drop: false }`
[INFO] running `Command { std: "docker" "inspect" "b16d4939e7da31ad459e1ec7f78626b495361ab25274bed1cd3f44e649a6094c", kill_on_drop: false }`
[INFO] running `Command { std: "docker" "exec" "-e" "SOURCE_DIR=/opt/rustwide/workdir" "-e" "CARGO_HOME=/opt/rustwide/cargo-home" "-e" "RUSTUP_HOME=/opt/rustwide/rustup-home" "-e" "CARGO_TARGET_DIR=/opt/rustwide/target" "-e" "CARGO_INCREMENTAL=0" "-e" "RUST_BACKTRACE=full" "-e" "RUSTFLAGS=--cap-lints=warn" "-e" "RUSTDOCFLAGS=--cap-lints=warn" "-w" "/opt/rustwide/workdir" "--user" "0:0" "b16d4939e7da31ad459e1ec7f78626b495361ab25274bed1cd3f44e649a6094c" "/opt/rustwide/cargo-home/bin/cargo" "+1.100.0-beta.1" "build" "--frozen" "--message-format=json" "--release", kill_on_drop: false }`
[INFO] [stderr]    Compiling serde_core v1.0.229
[INFO] [stderr]    Compiling serde v1.0.229
[INFO] [stderr]    Compiling either v1.19.0
[INFO] [stderr]    Compiling rstsr-cblas-base v0.1.2
[INFO] [stderr]    Compiling num-traits v0.2.19
[INFO] [stderr]    Compiling proc-macro2-diagnostics v0.10.1
[INFO] [stderr]    Compiling derive_builder_core v0.20.2
[INFO] [stderr]    Compiling itertools v0.15.0
[INFO] [stderr]    Compiling duplicate v2.0.1
[INFO] [stderr]    Compiling derive_builder_macro v0.20.2
[INFO] [stderr]    Compiling derive_builder v0.20.2
[INFO] [stderr]    Compiling num-integer v0.1.47
[INFO] [stderr]    Compiling num-complex v0.4.6
[INFO] [stderr]    Compiling num-bigint v0.4.8
[INFO] [stderr]    Compiling num-iter v0.1.46
[INFO] [stderr]    Compiling num-rational v0.4.2
[INFO] [stderr]    Compiling num v0.4.3
[INFO] [stderr]    Compiling rstsr-common v0.10.1 (/opt/rustwide/workdir)
[INFO] [stderr]     Finished `release` profile [optimized] target(s) in 13.00s
[INFO] running `Command { std: "docker" "inspect" "b16d4939e7da31ad459e1ec7f78626b495361ab25274bed1cd3f44e649a6094c", kill_on_drop: false }`
[INFO] running `Command { std: "docker" "exec" "-e" "SOURCE_DIR=/opt/rustwide/workdir" "-e" "CARGO_HOME=/opt/rustwide/cargo-home" "-e" "RUSTUP_HOME=/opt/rustwide/rustup-home" "-e" "CARGO_TARGET_DIR=/opt/rustwide/target" "-e" "CARGO_INCREMENTAL=0" "-e" "RUST_BACKTRACE=full" "-e" "RUSTFLAGS=--cap-lints=warn" "-e" "RUSTDOCFLAGS=--cap-lints=warn" "-w" "/opt/rustwide/workdir" "--user" "0:0" "b16d4939e7da31ad459e1ec7f78626b495361ab25274bed1cd3f44e649a6094c" "/opt/rustwide/cargo-home/bin/cargo" "+1.100.0-beta.1" "test" "--frozen" "--no-run" "--message-format=json" "--release", kill_on_drop: false }`
[INFO] [stderr]    Compiling rstsr-common v0.10.1 (/opt/rustwide/workdir)
[INFO] [stderr]     Finished `release` profile [optimized] target(s) in 6.17s
[INFO] running `Command { std: "docker" "inspect" "b16d4939e7da31ad459e1ec7f78626b495361ab25274bed1cd3f44e649a6094c", kill_on_drop: false }`
[INFO] running `Command { std: "docker" "exec" "-e" "SOURCE_DIR=/opt/rustwide/workdir" "-e" "CARGO_HOME=/opt/rustwide/cargo-home" "-e" "RUSTUP_HOME=/opt/rustwide/rustup-home" "-e" "CARGO_TARGET_DIR=/opt/rustwide/target" "-e" "CARGO_INCREMENTAL=0" "-e" "RUST_BACKTRACE=full" "-e" "RUSTFLAGS=--cap-lints=warn" "-e" "RUSTDOCFLAGS=--cap-lints=warn" "-w" "/opt/rustwide/workdir" "--user" "0:0" "b16d4939e7da31ad459e1ec7f78626b495361ab25274bed1cd3f44e649a6094c" "/opt/rustwide/cargo-home/bin/cargo" "+1.100.0-beta.1" "test" "--frozen" "--release", kill_on_drop: false }`
[INFO] [stderr]     Finished `release` profile [optimized] target(s) in 0.09s
[INFO] [stdout] 
[INFO] [stderr]      Running unittests src/lib.rs (/opt/rustwide/target/release/build/rstsr-common/10559dc35bb6f399/out/rstsr_common-10559dc35bb6f399)
[INFO] [stdout] running 44 tests
[INFO] [stdout] test alloc_vec::test::test_aligned_alloc_overflow ... ok
[INFO] [stdout] test axes_pair_index::axes_pair_index_tests::test_same_axes_overload ... ok
[INFO] [stdout] test layout::broadcast::test::test_broadcast_shape_fail ... ok
[INFO] [stdout] test flags::tests::test_changeable_default_roundtrip ... ok
[INFO] [stdout] test axis_index::axis_index_tests::test_axis_index_normalize ... ok
[INFO] [stdout] test layout::indexer::tests::test_expand_dims ... ok
[INFO] [stdout] test layout::indexer::tests::test_slice_with_stride ... ok
[INFO] [stdout] test layout::broadcast::test::test_broadcast_shape ... ok
[INFO] [stdout] test layout::iterator::test_col_major::test_iter_back ... ok
[INFO] [stdout] test layout::iterator::test_col_major::test_iter_back_empty ... ok
[INFO] [stdout] test layout::iterator::test_row_major::test_iter_next ... ok
[INFO] [stdout] test layout::layoutbase::test::test_bounds_index ... ok
[INFO] [stdout] test layout::layoutbase::test::test_check_strides_span_overflow ... ok
[INFO] [stdout] test layout::iterator::test_col_major::test_zero_size_iterator ... ok
[INFO] [stdout] test layout::indexer::tests::test_one_tuple_index ... ok
[INFO] [stdout] test layout::iterator::test_col_major::test_iter_next ... ok
[INFO] [stdout] test layout::indexer::tests::test_slice ... ok
[INFO] [stdout] test layout::broadcast::test::test_broadcast_layout ... ok
[INFO] [stdout] test layout::indexer::tests::test_slice_at_dim ... ok
[INFO] [stdout] test layout::layoutbase::test::test_index_uncheck ... ok
[INFO] [stdout] test layout::layoutbase::test::test_is_c_contig ... ok
[INFO] [stdout] test axis_index::axis_index_tests::test_axis_index_from ... ok
[INFO] [stdout] test layout::layoutbase::test::fix_too_strict_stride_check ... ok
[INFO] [stdout] test layout::layoutbase::test::test_check_strides_many_axes_heap_fallback ... ok
[INFO] [stdout] test layout::layoutbase::test::test_diagonal ... ok
[INFO] [stdout] test layout::layoutbase::test::test_is_c_prefer ... ok
[INFO] [stdout] test layout::layoutbase::test::test_is_f_contig ... ok
[INFO] [stdout] test layout::layoutbase::test::test_is_f_prefer ... ok
[INFO] [stdout] test layout::layoutbase::test::test_layout_cast ... ok
[INFO] [stdout] test layout::layoutbase::test::test_layout_new ... ok
[INFO] [stdout] test layout::layoutbase::test::test_new_contig ... ok
[INFO] [stdout] test layout::shape::test::test_ndim ... ok
[INFO] [stdout] test layout::layoutbase::test::test_reverse_axes ... ok
[INFO] [stdout] test layout::layoutbase::test::test_swapaxes ... ok
[INFO] [stdout] test layout::layoutbase::test::test_check_strides_zero_stride ... ok
[INFO] [stdout] test layout::layoutbase::test::test_transpose ... ok
[INFO] [stdout] test layout::layoutbase::test::test_unravel_index ... ok
[INFO] [stdout] test layout::matmul::test_fixed::test_layout_matmul ... ok
[INFO] [stdout] test layout::rearrangement::test::test_greedy_layout ... ok
[INFO] [stdout] test layout::shape::test::test_size ... ok
[INFO] [stdout] test layout::layoutbase::test::test_index ... ok
[INFO] [stdout] test layout::shape::test::test_stride_c_contig ... ok
[INFO] [stdout] test pack_array::test::playground ... ok
[INFO] [stdout] test layout::shape::test::test_stride_f_contig ... ok
[INFO] [stdout] 
[INFO] [stdout] test result: ok. 44 passed; 0 failed; 0 ignored; 0 measured; 0 filtered out; finished in 0.03s
[INFO] [stdout] 
[INFO] [stderr]    Doc-tests rstsr_common
[INFO] [stdout] 
[INFO] [stdout] running 7 tests
[INFO] [stdout] test src/alloc_vec.rs - alloc_vec::aligned_uninitialized_vec (line 119) ... ignored
[INFO] [stdout] test src/alloc_vec.rs - alloc_vec::unaligned_uninitialized_vec (line 78) ... ignored
[INFO] [stdout] test src/alloc_vec.rs - alloc_vec::uninitialized_vec (line 55) ... ignored
[INFO] [stdout] test src/layout/shape.rs - layout::shape::DimShapeAPI::stride_f_contig (line 29) ... FAILED
[INFO] [stdout] test src/layout/shape.rs - layout::shape::DimShapeAPI::stride_c_contig (line 41) ... FAILED
[INFO] [stdout] test src/layout/shape.rs - layout::shape::DimShapeAPI::shape_size (line 14) ... FAILED
[INFO] [stdout] test src/tensordot_to_einsum.rs - tensordot_to_einsum::tensordot_to_einsum_str (line 13) ... ok
[INFO] [stdout] 
[INFO] [stdout] failures:
[INFO] [stdout] 
[INFO] [stdout] ---- src/layout/shape.rs - layout::shape::DimShapeAPI::stride_f_contig (line 29) stdout ----
[INFO] [stdout] error[E0433]: cannot find module or crate `rstsr_core` in this scope
[INFO] [stdout]   --> src/layout/shape.rs:30:5
[INFO] [stdout]    |
[INFO] [stdout] 30 | use rstsr_core::prelude_dev::*;
[INFO] [stdout]    |     ^^^^^^^^^^ use of unresolved module or unlinked crate `rstsr_core`
[INFO] [stdout]    |
[INFO] [stdout]    = help: if you wanted to use a crate named `rstsr_core`, use `cargo add rstsr_core` to add it to your `Cargo.toml`
[INFO] [stdout] 
[INFO] [stdout] error[E0599]: no method named `stride_f_contig` found for array `[{integer}; 3]` in the current scope
[INFO] [stdout]   --> src/layout/shape.rs:32:24
[INFO] [stdout]    |
[INFO] [stdout] 32 | let stride = [2, 3, 5].stride_f_contig();
[INFO] [stdout]    |                        ^^^^^^^^^^^^^^^ method not found in `[{integer}; 3]`
[INFO] [stdout] 
[INFO] [stdout] error: aborting due to 2 previous errors
[INFO] [stdout] 
[INFO] [stdout] Some errors have detailed explanations: E0433, E0599.
[INFO] [stdout] For more information about an error, try `rustc --explain E0433`.
[INFO] [stdout] Couldn't compile the test.
[INFO] [stdout] ---- src/layout/shape.rs - layout::shape::DimShapeAPI::stride_c_contig (line 41) stdout ----
[INFO] [stdout] error[E0433]: cannot find module or crate `rstsr_core` in this scope
[INFO] [stdout]   --> src/layout/shape.rs:42:5
[INFO] [stdout]    |
[INFO] [stdout] 42 | use rstsr_core::prelude_dev::*;
[INFO] [stdout]    |     ^^^^^^^^^^ use of unresolved module or unlinked crate `rstsr_core`
[INFO] [stdout]    |
[INFO] [stdout]    = help: if you wanted to use a crate named `rstsr_core`, use `cargo add rstsr_core` to add it to your `Cargo.toml`
[INFO] [stdout] 
[INFO] [stdout] error[E0599]: no method named `stride_c_contig` found for array `[{integer}; 3]` in the current scope
[INFO] [stdout]   --> src/layout/shape.rs:44:24
[INFO] [stdout]    |
[INFO] [stdout] 44 | let stride = [2, 3, 5].stride_c_contig();
[INFO] [stdout]    |                        ^^^^^^^^^^^^^^^ method not found in `[{integer}; 3]`
[INFO] [stdout] 
[INFO] [stdout] error: aborting due to 2 previous errors
[INFO] [stdout] 
[INFO] [stdout] Some errors have detailed explanations: E0433, E0599.
[INFO] [stdout] For more information about an error, try `rustc --explain E0433`.
[INFO] [stdout] Couldn't compile the test.
[INFO] [stdout] ---- src/layout/shape.rs - layout::shape::DimShapeAPI::shape_size (line 14) stdout ----
[INFO] [stdout] error[E0433]: cannot find module or crate `rstsr_core` in this scope
[INFO] [stdout]   --> src/layout/shape.rs:15:5
[INFO] [stdout]    |
[INFO] [stdout] 15 | use rstsr_core::prelude_dev::*;
[INFO] [stdout]    |     ^^^^^^^^^^ use of unresolved module or unlinked crate `rstsr_core`
[INFO] [stdout]    |
[INFO] [stdout]    = help: if you wanted to use a crate named `rstsr_core`, use `cargo add rstsr_core` to add it to your `Cargo.toml`
[INFO] [stdout] 
[INFO] [stdout] error[E0599]: no method named `shape_size` found for array `[{integer}; 2]` in the current scope
[INFO] [stdout]   --> src/layout/shape.rs:18:18
[INFO] [stdout]    |
[INFO] [stdout] 18 | assert_eq!(shape.shape_size(), 6);
[INFO] [stdout]    |                  ^^^^^^^^^^ method not found in `[{integer}; 2]`
[INFO] [stdout] 
[INFO] [stdout] error[E0599]: no method named `shape_size` found for struct `Vec<_>` in the current scope
[INFO] [stdout]   --> src/layout/shape.rs:21:18
[INFO] [stdout]    |
[INFO] [stdout] 21 | assert_eq!(shape.shape_size(), 1);
[INFO] [stdout]    |                  ^^^^^^^^^^
[INFO] [stdout]    |
[INFO] [stdout] help: there is a method `resize` with a similar name, but with different arguments
[INFO] [stdout]   --> /rustc/e3feeb59cd1bdd011a2bfcc0747b55125d9b8527/library/alloc/src/vec/mod.rs:3601:4
[INFO] [stdout] 
[INFO] [stdout] error: aborting due to 3 previous errors
[INFO] [stdout] 
[INFO] [stdout] Some errors have detailed explanations: E0433, E0599.
[INFO] [stdout] For more information about an error, try `rustc --explain E0433`.
[INFO] [stdout] Couldn't compile the test.
[INFO] [stdout] 
[INFO] [stdout] failures:
[INFO] [stdout]     src/layout/shape.rs - layout::shape::DimShapeAPI::shape_size (line 14)
[INFO] [stdout]     src/layout/shape.rs - layout::shape::DimShapeAPI::stride_c_contig (line 41)
[INFO] [stdout]     src/layout/shape.rs - layout::shape::DimShapeAPI::stride_f_contig (line 29)
[INFO] [stdout] 
[INFO] [stdout] test result: FAILED. 1 passed; 3 failed; 3 ignored; 0 measured; 0 filtered out; finished in 0.30s
[INFO] [stdout] 
[INFO] [stderr] error: doctest failed, to rerun pass `--doc`
[INFO] running `Command { std: "docker" "inspect" "b16d4939e7da31ad459e1ec7f78626b495361ab25274bed1cd3f44e649a6094c", kill_on_drop: false }`
[INFO] running `Command { std: "docker" "rm" "-f" "b16d4939e7da31ad459e1ec7f78626b495361ab25274bed1cd3f44e649a6094c", kill_on_drop: false }`
[INFO] [stdout] b16d4939e7da31ad459e1ec7f78626b495361ab25274bed1cd3f44e649a6094c
