[INFO] fetching crate rstix 0.24.0...
[INFO] testing rstix-0.24.0 against 1.100.0-beta.1+cargoflags=--release for beta-release-1.100-2
[INFO] extracting crate rstix 0.24.0 into /workspace/builds/worker-4-tc2/source
[INFO] started tweaking crates.io crate rstix 0.24.0
[INFO] removed 0 missing tests
[INFO] finished tweaking crates.io crate rstix 0.24.0
[INFO] tweaked toml for crates.io crate rstix 0.24.0 written to /workspace/builds/worker-4-tc2/source/Cargo.toml
[INFO] validating manifest of crates.io crate rstix 0.24.0 on toolchain 1.100.0-beta.1
[INFO] running `Command { std: CARGO_HOME="/workspace/cargo-home" RUSTUP_HOME="/workspace/rustup-home" "/workspace/cargo-home/bin/cargo" "+1.100.0-beta.1" "metadata" "--manifest-path" "Cargo.toml" "--no-deps", kill_on_drop: false }`
[INFO] crate crates.io crate rstix 0.24.0 already has a lockfile, it will not be regenerated
[INFO] running `Command { std: CARGO_HOME="/workspace/cargo-home" RUSTUP_HOME="/workspace/rustup-home" "/workspace/cargo-home/bin/cargo" "+1.100.0-beta.1" "fetch" "--manifest-path" "Cargo.toml", kill_on_drop: false }`
[INFO] [stderr] warning: `package.homepage` is redundant with `package.repository`
[INFO] [stderr]    --> Cargo.toml:181:12
[INFO] [stderr]     |
[INFO] [stderr] 181 | homepage = "https://github.com/timescale/rsigma"
[INFO] [stderr]     |            ^^^^^^^^^^^^^^^^^^^^^^^^^^^^^^^^^^^^^
[INFO] [stderr] ...
[INFO] [stderr] 185 | repository = "https://github.com/timescale/rsigma"
[INFO] [stderr]     |              -------------------------------------
[INFO] [stderr]     |
[INFO] [stderr]     = note: `cargo::redundant_homepage` is set to `warn` by default
[INFO] [stderr] help: consider removing `package.homepage`
[INFO] [stderr] warning: `rstix` (manifest) generated 1 warning
[INFO] running `Command { std: "docker" "create" "-v" "/var/lib/crater-agent-workspace/builds/worker-4-tc2/source:/opt/rustwide/workdir:ro,Z" "-v" "/var/lib/crater-agent-workspace/builds/worker-4-tc2/target:/opt/rustwide/target:rw,Z" "-v" "/var/lib/crater-agent-workspace/cargo-home:/opt/rustwide/cargo-home:ro,Z" "-v" "/var/lib/crater-agent-workspace/rustup-home:/opt/rustwide/rustup-home:ro,Z" "-m" "1610612736" "--network" "none" "ghcr.io/rust-lang/crates-build-env/linux@sha256:77db811e55d90add9212f6832c23229e3de5f1c1f9905e8cb07319ea15df73ac" "sleep" "infinity", kill_on_drop: false }`
[INFO] [stdout] 726717517abb3771fa55648bf81e421b049fec56064387e714b7a86f4f4c5e50
[INFO] running `Command { std: "docker" "start" "726717517abb3771fa55648bf81e421b049fec56064387e714b7a86f4f4c5e50", kill_on_drop: false }`
[INFO] running `Command { std: "docker" "inspect" "726717517abb3771fa55648bf81e421b049fec56064387e714b7a86f4f4c5e50", kill_on_drop: false }`
[INFO] running `Command { std: "docker" "exec" "-e" "SOURCE_DIR=/opt/rustwide/workdir" "-e" "CARGO_HOME=/opt/rustwide/cargo-home" "-e" "RUSTUP_HOME=/opt/rustwide/rustup-home" "-e" "CARGO_TARGET_DIR=/opt/rustwide/target" "-w" "/opt/rustwide/workdir" "--user" "0:0" "726717517abb3771fa55648bf81e421b049fec56064387e714b7a86f4f4c5e50" "/opt/rustwide/cargo-home/bin/cargo" "+1.100.0-beta.1" "metadata" "--no-deps" "--format-version=1", kill_on_drop: false }`
[INFO] running `Command { std: "docker" "inspect" "726717517abb3771fa55648bf81e421b049fec56064387e714b7a86f4f4c5e50", kill_on_drop: false }`
[INFO] running `Command { std: "docker" "exec" "-e" "SOURCE_DIR=/opt/rustwide/workdir" "-e" "CARGO_HOME=/opt/rustwide/cargo-home" "-e" "RUSTUP_HOME=/opt/rustwide/rustup-home" "-e" "CARGO_TARGET_DIR=/opt/rustwide/target" "-e" "CARGO_INCREMENTAL=0" "-e" "RUST_BACKTRACE=full" "-e" "RUSTFLAGS=--cap-lints=warn" "-e" "RUSTDOCFLAGS=--cap-lints=warn" "-w" "/opt/rustwide/workdir" "--user" "0:0" "726717517abb3771fa55648bf81e421b049fec56064387e714b7a86f4f4c5e50" "/opt/rustwide/cargo-home/bin/cargo" "+1.100.0-beta.1" "build" "--frozen" "--message-format=json" "--release", kill_on_drop: false }`
[INFO] [stderr] warning: `package.homepage` is redundant with `package.repository`
[INFO] [stderr]    --> Cargo.toml:181:12
[INFO] [stderr]     |
[INFO] [stderr] 181 | homepage = "https://github.com/timescale/rsigma"
[INFO] [stderr]     |            ^^^^^^^^^^^^^^^^^^^^^^^^^^^^^^^^^^^^^
[INFO] [stderr] ...
[INFO] [stderr] 185 | repository = "https://github.com/timescale/rsigma"
[INFO] [stderr]     |              -------------------------------------
[INFO] [stderr]     |
[INFO] [stderr]     = note: `cargo::redundant_homepage` is set to `warn` by default
[INFO] [stderr] help: consider removing `package.homepage`
[INFO] [stderr] warning: `rstix` (manifest) generated 1 warning
[INFO] [stderr]    Compiling proc-macro2 v1.0.107
[INFO] [stderr]    Compiling quote v1.0.47
[INFO] [stderr]    Compiling stable_deref_trait v1.2.1
[INFO] [stderr]    Compiling litemap v0.8.3
[INFO] [stderr]    Compiling writeable v0.6.4
[INFO] [stderr]    Compiling serde_core v1.0.229
[INFO] [stderr]    Compiling utf8_iter v1.0.4
[INFO] [stderr]    Compiling icu_properties_data v2.3.0
[INFO] [stderr]    Compiling icu_normalizer_data v2.3.0
[INFO] [stderr]    Compiling rustversion v1.0.23
[INFO] [stderr]    Compiling serde v1.0.229
[INFO] [stderr]    Compiling smallvec v1.16.1
[INFO] [stderr]    Compiling siphasher v1.0.3
[INFO] [stderr]    Compiling libc v0.2.189
[INFO] [stderr]    Compiling zmij v1.0.23
[INFO] [stderr]    Compiling fastrand v2.5.0
[INFO] [stderr]    Compiling getrandom v0.4.3
[INFO] [stderr]    Compiling phf_shared v0.14.0
[INFO] [stderr]    Compiling serde_json v1.0.151
[INFO] [stderr]    Compiling memchr v2.8.3
[INFO] [stderr]    Compiling percent-encoding v2.3.2
[INFO] [stderr]    Compiling thiserror v2.0.21
[INFO] [stderr]    Compiling core_detect v1.0.0
[INFO] [stderr]    Compiling time-core v0.1.9
[INFO] [stderr]    Compiling sha1_smol v1.0.1
[INFO] [stderr]    Compiling phf_generator v0.14.0
[INFO] [stderr]    Compiling form_urlencoded v1.2.2
[INFO] [stderr]    Compiling simdutf8 v0.1.5
[INFO] [stderr]    Compiling num-conv v0.2.2
[INFO] [stderr]    Compiling ryu-js v0.2.2
[INFO] [stderr]    Compiling deranged v0.5.8
[INFO] [stderr]    Compiling multiversion_no_op v1.0.0
[INFO] [stderr]    Compiling base64 v0.23.1
[INFO] [stderr]    Compiling encoding_rs v0.8.42
[INFO] [stderr]    Compiling syn v3.0.5
[INFO] [stderr]    Compiling syn v2.0.119
[INFO] [stderr]    Compiling uuid v1.26.1
[INFO] [stderr]    Compiling time v0.3.55
[INFO] [stderr]    Compiling zerovec-derive v0.11.6
[INFO] [stderr]    Compiling displaydoc v0.2.7
[INFO] [stderr]    Compiling serde_derive v1.0.229
[INFO] [stderr]    Compiling thiserror-impl v2.0.21
[INFO] [stderr]    Compiling synstructure v0.13.2
[INFO] [stderr]    Compiling phf_macros v0.14.0
[INFO] [stderr]    Compiling zerofrom-derive v0.1.7
[INFO] [stderr]    Compiling yoke-derive v0.8.2
[INFO] [stderr]    Compiling phf v0.14.0
[INFO] [stderr]    Compiling zerofrom v0.1.8
[INFO] [stderr]    Compiling yoke v0.8.3
[INFO] [stderr]    Compiling zerovec v0.11.8
[INFO] [stderr]    Compiling zerotrie v0.2.5
[INFO] [stderr]    Compiling serde_jcs v0.2.0
[INFO] [stderr]    Compiling email_address v0.2.9
[INFO] [stderr]    Compiling tinystr v0.8.4
[INFO] [stderr]    Compiling potential_utf v0.1.6
[INFO] [stderr]    Compiling icu_collections v2.3.0
[INFO] [stderr]    Compiling icu_locale_core v2.3.0
[INFO] [stderr]    Compiling icu_provider v2.3.1
[INFO] [stderr]    Compiling icu_normalizer v2.3.0
[INFO] [stderr]    Compiling icu_properties v2.3.0
[INFO] [stderr]    Compiling idna_adapter v1.2.2
[INFO] [stderr]    Compiling idna v1.1.0
[INFO] [stderr]    Compiling url v2.5.8
[INFO] [stderr]    Compiling rstix v0.24.0 (/opt/rustwide/workdir)
[INFO] [stderr]     Finished `release` profile [optimized] target(s) in 1m 03s
[INFO] running `Command { std: "docker" "inspect" "726717517abb3771fa55648bf81e421b049fec56064387e714b7a86f4f4c5e50", kill_on_drop: false }`
[INFO] running `Command { std: "docker" "exec" "-e" "SOURCE_DIR=/opt/rustwide/workdir" "-e" "CARGO_HOME=/opt/rustwide/cargo-home" "-e" "RUSTUP_HOME=/opt/rustwide/rustup-home" "-e" "CARGO_TARGET_DIR=/opt/rustwide/target" "-e" "CARGO_INCREMENTAL=0" "-e" "RUST_BACKTRACE=full" "-e" "RUSTFLAGS=--cap-lints=warn" "-e" "RUSTDOCFLAGS=--cap-lints=warn" "-w" "/opt/rustwide/workdir" "--user" "0:0" "726717517abb3771fa55648bf81e421b049fec56064387e714b7a86f4f4c5e50" "/opt/rustwide/cargo-home/bin/cargo" "+1.100.0-beta.1" "test" "--frozen" "--no-run" "--message-format=json" "--release", kill_on_drop: false }`
[INFO] [stderr] warning: `package.homepage` is redundant with `package.repository`
[INFO] [stderr]    --> Cargo.toml:181:12
[INFO] [stderr]     |
[INFO] [stderr] 181 | homepage = "https://github.com/timescale/rsigma"
[INFO] [stderr]     |            ^^^^^^^^^^^^^^^^^^^^^^^^^^^^^^^^^^^^^
[INFO] [stderr] ...
[INFO] [stderr] 185 | repository = "https://github.com/timescale/rsigma"
[INFO] [stderr]     |              -------------------------------------
[INFO] [stderr]     |
[INFO] [stderr]     = note: `cargo::redundant_homepage` is set to `warn` by default
[INFO] [stderr] help: consider removing `package.homepage`
[INFO] [stderr] warning: `rstix` (manifest) generated 1 warning
[INFO] [stderr]    Compiling libc v0.2.189
[INFO] [stderr]    Compiling find-msvc-tools v0.1.12
[INFO] [stderr]    Compiling serde_core v1.0.229
[INFO] [stderr]    Compiling bytes v1.12.1
[INFO] [stderr]    Compiling memchr v2.8.3
[INFO] [stderr]    Compiling futures-core v0.3.34
[INFO] [stderr]    Compiling futures-sink v0.3.34
[INFO] [stderr]    Compiling smallvec v1.16.1
[INFO] [stderr]    Compiling zeroize v1.9.0
[INFO] [stderr]    Compiling syn v3.0.5
[INFO] [stderr]    Compiling pkg-config v0.3.34
[INFO] [stderr]    Compiling typenum v1.20.1
[INFO] [stderr]    Compiling tracing v0.1.44
[INFO] [stderr]    Compiling indexmap v2.14.2
[INFO] [stderr]    Compiling futures-io v0.3.34
[INFO] [stderr]    Compiling futures-task v0.3.34
[INFO] [stderr]    Compiling futures-channel v0.3.34
[INFO] [stderr]    Compiling log v0.4.34
[INFO] [stderr]    Compiling rustls v0.23.45
[INFO] [stderr]    Compiling linkme-impl v0.3.37
[INFO] [stderr]    Compiling aws-lc-rs v1.18.1
[INFO] [stderr]    Compiling rustls-pki-types v1.15.1
[INFO] [stderr]    Compiling regex-syntax v0.8.11
[INFO] [stderr]    Compiling winnow v1.0.4
[INFO] [stderr]    Compiling const-oid v0.10.2
[INFO] [stderr]    Compiling deadpool-runtime v0.1.4
[INFO] [stderr]    Compiling linkme v0.3.37
[INFO] [stderr]    Compiling pem v4.0.0
[INFO] [stderr]    Compiling toml_parser v1.1.3+spec-1.1.0
[INFO] [stderr]    Compiling yasna v0.6.0
[INFO] [stderr]    Compiling toml_writer v1.1.2+spec-1.1.0
[INFO] [stderr]    Compiling cpufeatures v0.3.1
[INFO] [stderr]    Compiling secrecy v0.10.3
[INFO] [stderr]    Compiling pastey v0.2.3
[INFO] [stderr]    Compiling aho-corasick v1.1.5
[INFO] [stderr]    Compiling http v1.5.0
[INFO] [stderr]    Compiling hybrid-array v0.4.15
[INFO] [stderr]    Compiling mio v1.2.3
[INFO] [stderr]    Compiling socket2 v0.6.5
[INFO] [stderr]    Compiling getrandom v0.2.17
[INFO] [stderr]    Compiling jobserver v0.1.35
[INFO] [stderr]    Compiling getrandom v0.4.3
[INFO] [stderr]    Compiling num_cpus v1.17.0
[INFO] [stderr]    Compiling cc v1.4.6
[INFO] [stderr]    Compiling uuid v1.26.1
[INFO] [stderr]    Compiling crypto-common v0.2.2
[INFO] [stderr]    Compiling block-buffer v0.12.1
[INFO] [stderr]    Compiling http-body v1.1.0
[INFO] [stderr]    Compiling http-body-util v0.1.5
[INFO] [stderr]    Compiling cmake v0.1.58
[INFO] [stderr]    Compiling ring v0.17.14
[INFO] [stderr]    Compiling aws-lc-sys v0.45.0
[INFO] [stderr]    Compiling digest v0.11.3
[INFO] [stderr]    Compiling regex-automata v0.4.18
[INFO] [stderr]    Compiling serde_json v1.0.151
[INFO] [stderr]    Compiling toml_datetime v1.1.1+spec-1.1.0
[INFO] [stderr]    Compiling serde_spanned v1.1.1
[INFO] [stderr]    Compiling sha2 v0.11.0
[INFO] [stderr]    Compiling toml v1.1.6+spec-1.1.0
[INFO] [stderr]    Compiling zerovec-derive v0.11.6
[INFO] [stderr]    Compiling displaydoc v0.2.7
[INFO] [stderr]    Compiling tokio-macros v2.7.2
[INFO] [stderr]    Compiling serde_derive v1.0.229
[INFO] [stderr]    Compiling futures-macro v0.3.34
[INFO] [stderr]    Compiling thiserror-impl v2.0.21
[INFO] [stderr]    Compiling zerotrie v0.2.5
[INFO] [stderr]    Compiling tokio v1.53.1
[INFO] [stderr]    Compiling futures-util v0.3.34
[INFO] [stderr]    Compiling thiserror v2.0.21
[INFO] [stderr]    Compiling zerovec v0.11.8
[INFO] [stderr]    Compiling regex v1.13.1
[INFO] [stderr]    Compiling tinystr v0.8.4
[INFO] [stderr]    Compiling potential_utf v0.1.6
[INFO] [stderr]    Compiling icu_locale_core v2.3.0
[INFO] [stderr]    Compiling icu_collections v2.3.0
[INFO] [stderr]    Compiling serde v1.0.229
[INFO] [stderr]    Compiling icu_provider v2.3.1
[INFO] [stderr]    Compiling icu_normalizer v2.3.0
[INFO] [stderr]    Compiling icu_properties v2.3.0
[INFO] [stderr]    Compiling futures-executor v0.3.34
[INFO] [stderr]    Compiling assert-json-diff v2.0.2
[INFO] [stderr]    Compiling email_address v0.2.9
[INFO] [stderr]    Compiling serde_jcs v0.2.0
[INFO] [stderr]    Compiling futures v0.3.34
[INFO] [stderr]    Compiling idna_adapter v1.2.2
[INFO] [stderr]    Compiling idna v1.1.0
[INFO] [stderr]    Compiling url v2.5.8
[INFO] [stderr]    Compiling rustls-webpki v0.103.15
[INFO] [stderr]    Compiling tokio-util v0.7.19
[INFO] [stderr]    Compiling deadpool v0.12.3
[INFO] [stderr]    Compiling rstix v0.24.0 (/opt/rustwide/workdir)
[INFO] [stderr]    Compiling h2 v0.4.19
[INFO] [stderr]    Compiling tokio-rustls v0.26.5
[INFO] [stderr]    Compiling hyper v1.11.1
[INFO] [stderr]    Compiling hyper-util v0.1.21
[INFO] [stderr]    Compiling wiremock v0.6.5
[INFO] [stderr]    Compiling rcgen v0.14.10
[INFO] [stderr]     Finished `release` profile [optimized] target(s) in 3m 52s
[INFO] running `Command { std: "docker" "inspect" "726717517abb3771fa55648bf81e421b049fec56064387e714b7a86f4f4c5e50", kill_on_drop: false }`
[INFO] running `Command { std: "docker" "exec" "-e" "SOURCE_DIR=/opt/rustwide/workdir" "-e" "CARGO_HOME=/opt/rustwide/cargo-home" "-e" "RUSTUP_HOME=/opt/rustwide/rustup-home" "-e" "CARGO_TARGET_DIR=/opt/rustwide/target" "-e" "CARGO_INCREMENTAL=0" "-e" "RUST_BACKTRACE=full" "-e" "RUSTFLAGS=--cap-lints=warn" "-e" "RUSTDOCFLAGS=--cap-lints=warn" "-w" "/opt/rustwide/workdir" "--user" "0:0" "726717517abb3771fa55648bf81e421b049fec56064387e714b7a86f4f4c5e50" "/opt/rustwide/cargo-home/bin/cargo" "+1.100.0-beta.1" "test" "--frozen" "--release", kill_on_drop: false }`
[INFO] [stderr] warning: `package.homepage` is redundant with `package.repository`
[INFO] [stderr]    --> Cargo.toml:181:12
[INFO] [stderr]     |
[INFO] [stderr] 181 | homepage = "https://github.com/timescale/rsigma"
[INFO] [stderr]     |            ^^^^^^^^^^^^^^^^^^^^^^^^^^^^^^^^^^^^^
[INFO] [stderr] ...
[INFO] [stderr] 185 | repository = "https://github.com/timescale/rsigma"
[INFO] [stderr]     |              -------------------------------------
[INFO] [stderr]     |
[INFO] [stderr]     = note: `cargo::redundant_homepage` is set to `warn` by default
[INFO] [stderr] help: consider removing `package.homepage`
[INFO] [stderr] warning: `rstix` (manifest) generated 1 warning
[INFO] [stderr]     Finished `release` profile [optimized] target(s) in 0.38s
[INFO] [stderr]      Running unittests src/lib.rs (/opt/rustwide/target/release/build/rstix/6bf3d229fa6b8e7e/out/rstix-6bf3d229fa6b8e7e)
[INFO] [stdout] 
[INFO] [stdout] running 216 tests
[INFO] [stdout] test core::confidence::tests::all_scales_round_trip_known_values ... ok
[INFO] [stdout] test core::confidence::tests::admiralty_scale_example ... ok
[INFO] [stdout] test core::id::tests::generates_random_id_with_type_prefix ... ok
[INFO] [stdout] test core::id::tests::parses_valid_stix_id ... ok
[INFO] [stdout] test core::id::tests::rejects_empty_type_name ... ok
[INFO] [stdout] test core::id::tests::resolves_kind_from_type_string ... ok
[INFO] [stdout] test core::id::tests::stix_id_serde_is_plain_string ... ok
[INFO] [stdout] test core::id::tests::typed_id_rejects_wrong_prefix ... ok
[INFO] [stdout] test core::id::tests::typed_id_serde_validates_prefix ... ok
[INFO] [stdout] test core::lang::tests::accepts_basic_rfc5646_forms ... ok
[INFO] [stdout] test core::lang::tests::rejects_invalid_tags ... ok
[INFO] [stdout] test core::id::tests::typed_id_accepts_matching_prefix ... ok
[INFO] [stdout] test core::spec_version::tests::as_str ... ok
[INFO] [stdout] test core::timestamp::tests::stix_timestamp_round_trip_fraction ... ok
[INFO] [stdout] test core::timestamp::tests::stix_timestamp_serde_preserves_precision ... ok
[INFO] [stdout] test core::confidence::tests::confidence_range_checks ... ok
[INFO] [stdout] test core::timestamp::tests::taxii_timestamp_serde_uses_six_digits ... ok
[INFO] [stdout] test core::timestamp::tests::taxii_timestamp_normalizes_to_six_digits ... ok
[INFO] [stdout] test core::id::tests::rejects_missing_delimiter ... ok
[INFO] [stdout] test core::traits::tests::trait_is_dyn_safe ... ok
[INFO] [stdout] test id::jcs::tests::sorts_map_keys_canonically ... ok
[INFO] [stdout] test id::sco::tests::all_sco_types_generate_prefixed_ids ... ok
[INFO] [stdout] test core::id::tests::rejects_invalid_uuid ... ok
[INFO] [stdout] test core::confidence::tests::nil_scale_examples ... ok
[INFO] [stdout] test id::sco::tests::file_falls_back_to_non_preferred_hash_like_python_stix2 ... ok
[INFO] [stdout] test id::sco::tests::file_prefers_md5_hash_for_selection ... ok
[INFO] [stdout] test core::lang::tests::serde_round_trips_and_validates ... ok
[INFO] [stdout] test core::timestamp::tests::stix_timestamp_preserves_common_fraction_widths ... ok
[INFO] [stdout] test core::spec_version::tests::serde_round_trip ... ok
[INFO] [stdout] test core::timestamp::tests::stix_timestamp_round_trip_bare_z ... ok
[INFO] [stdout] test model::bundle::tests::parse_reader_matches_string_parse ... ok
[INFO] [stdout] test model::meta::extension_def::tests::rejects_missing_type_field ... ok
[INFO] [stdout] test id::sco::tests::generated_id_is_v4_for_process ... ok
[INFO] [stdout] test model::meta::extension_def::tests::rejects_wrong_type_field ... ok
[INFO] [stdout] test model::meta::language_content::tests::get_field_exposes_object_ref ... ok
[INFO] [stdout] test model::meta::language_content::tests::rejects_missing_type_field ... ok
[INFO] [stdout] test model::common::extension::tests::extension_type_strings_round_trip ... ok
[INFO] [stdout] test model::common::external_ref::tests::new_rejects_empty_source_name ... ok
[INFO] [stdout] test id::sco::tests::golden_vectors_match_python_stix2 ... ok
[INFO] [stdout] test model::bundle::tests::interop_parse_exempts_predefined_tlp_marking_refs ... ok
[INFO] [stdout] test model::common::kill_chain::tests::round_trips_fixture ... ok
[INFO] [stdout] test model::bundle::tests::navigation_typed_get_and_objects_of_type ... ok
[INFO] [stdout] test model::ref_paths::tests::archive_ext_contains_refs_are_collected ... ok
[INFO] [stdout] test id::sco::tests::generated_id_falls_back_to_v4_when_no_contributing_properties_present ... ok
[INFO] [stdout] test model::meta::extension_def::tests::validate_requires_created_by_ref ... ok
[INFO] [stdout] test id::sco::tests::generated_id_has_expected_prefix_and_is_stable_for_non_process ... ok
[INFO] [stdout] test model::sco::artifact::tests::rejects_wrong_type_field ... ok
[INFO] [stdout] test model::sco::autonomous_system::tests::rejects_missing_type_field ... ok
[INFO] [stdout] test model::meta::language_content::tests::rejects_wrong_type_field ... ok
[INFO] [stdout] test model::meta::marking_def::tests::constants_match_spec_ids ... ok
[INFO] [stdout] test model::sco::autonomous_system::tests::rejects_wrong_type_field ... ok
[INFO] [stdout] test model::meta::marking_def::tests::get_field_exposes_created_by_ref ... ok
[INFO] [stdout] test model::sco::directory::tests::rejects_missing_type_field ... ok
[INFO] [stdout] test model::sco::domain_name::tests::get_field_exposes_refs ... ok
[INFO] [stdout] test model::meta::marking_def::tests::rejects_missing_type_field ... ok
[INFO] [stdout] test model::meta::tests::meta_object_delegates_queryable_stix_object ... ok
[INFO] [stdout] test model::meta::marking_def::tests::rejects_wrong_type_field ... ok
[INFO] [stdout] test model::sco::directory::tests::get_field_exposes_refs ... ok
[INFO] [stdout] test model::rfc2047::tests::decodes_q_encoded_word ... ok
[INFO] [stdout] test model::sco::artifact::tests::rejects_missing_type_field ... ok
[INFO] [stdout] test model::sco::domain_name::tests::rejects_missing_type_field ... ok
[INFO] [stdout] test model::rfc2047::tests::leaves_plain_text_unchanged ... ok
[INFO] [stdout] test model::sco::domain_name::tests::rejects_wrong_type_field ... ok
[INFO] [stdout] test model::ref_paths::tests::embedded_observed_data_object_refs_are_collected ... ok
[INFO] [stdout] test model::ref_paths::tests::email_multipart_body_raw_ref_is_collected ... ok
[INFO] [stdout] test model::sco::email_address::tests::get_field_exposes_refs ... ok
[INFO] [stdout] test model::sco::extensions::archive::tests::round_trips_fixture ... ok
[INFO] [stdout] test model::sco::extensions::archive::tests::validate_rejects_invalid_fixture ... ok
[INFO] [stdout] test model::sco::extensions::http_request::tests::round_trips_fixture ... ok
[INFO] [stdout] test model::sco::extensions::icmp::tests::validate_rejects_invalid_fixture ... ok
[INFO] [stdout] test model::sco::extensions::ntfs::tests::round_trips_fixture ... ok
[INFO] [stdout] test model::sco::extensions::pdf::tests::round_trips_fixture ... ok
[INFO] [stdout] test model::sco::extensions::pdf::tests::validate_rejects_invalid_fixture ... ok
[INFO] [stdout] test model::sco::extensions::ntfs::tests::validate_rejects_invalid_fixture ... ok
[INFO] [stdout] test model::sco::extensions::raster_image::tests::validate_rejects_invalid_fixture ... ok
[INFO] [stdout] test model::sco::extensions::socket::tests::round_trips_fixture ... ok
[INFO] [stdout] test model::sco::extensions::tcp::tests::validate_rejects_invalid_fixture ... ok
[INFO] [stdout] test model::sco::extensions::socket::tests::validate_rejects_invalid_fixture ... ok
[INFO] [stdout] test model::sco::directory::tests::rejects_wrong_type_field ... ok
[INFO] [stdout] test model::sco::extensions::unix_account::tests::round_trips_fixture ... ok
[INFO] [stdout] test model::sco::email_address::tests::rejects_missing_type_field ... ok
[INFO] [stdout] test model::sco::email_message::tests::rejects_wrong_type_field ... ok
[INFO] [stdout] test model::sco::email_address::tests::rejects_wrong_type_field ... ok
[INFO] [stdout] test model::sco::extensions::tcp::tests::round_trips_fixture ... ok
[INFO] [stdout] test model::sco::email_message::tests::get_field_exposes_refs ... ok
[INFO] [stdout] test model::sco::extensions::util::tests::deserialize_error_includes_extension_key_and_detail ... ok
[INFO] [stdout] test model::sco::extensions::windows_pe::tests::validate_rejects_invalid_fixture ... ok
[INFO] [stdout] test model::sco::extensions::http_request::tests::validate_rejects_invalid_fixture ... ok
[INFO] [stdout] test model::sco::email_message::tests::rejects_missing_type_field ... ok
[INFO] [stdout] test model::sco::extensions::icmp::tests::round_trips_fixture ... ok
[INFO] [stdout] test model::sco::ipv4_addr::tests::get_field_exposes_refs ... ok
[INFO] [stdout] test model::sco::ipv4_addr::tests::rejects_missing_type_field ... ok
[INFO] [stdout] test model::sco::extensions::windows_service::tests::validate_rejects_invalid_fixture ... ok
[INFO] [stdout] test model::sco::file::tests::get_field_exposes_refs ... ok
[INFO] [stdout] test model::sco::ipv4_addr::tests::rejects_wrong_type_field ... ok
[INFO] [stdout] test model::sco::extensions::windows_process::tests::round_trips_fixture ... ok
[INFO] [stdout] test model::sco::mac_addr::tests::rejects_wrong_type_field ... ok
[INFO] [stdout] test model::sco::extensions::windows_service::tests::round_trips_fixture ... ok
[INFO] [stdout] test model::sco::file::tests::rejects_missing_type_field ... ok
[INFO] [stdout] test model::sco::network_traffic::tests::rejects_missing_type_field ... ok
[INFO] [stdout] test model::sco::network_traffic::tests::rejects_wrong_type_field ... ok
[INFO] [stdout] test model::sco::process::tests::accepts_process_extension_without_type_specific_properties ... ok
[INFO] [stdout] test model::sco::process::tests::get_field_exposes_refs ... ok
[INFO] [stdout] test model::sco::process::tests::rejects_missing_type_field ... ok
[INFO] [stdout] test model::sco::extensions::windows_pe::tests::round_trips_fixture ... ok
[INFO] [stdout] test model::sco::process::tests::rejects_non_process_extension_without_type_specific_properties ... ok
[INFO] [stdout] test model::sco::extensions::windows_pe::tests::validate_accepts_custom_pe_type ... ok
[INFO] [stdout] test model::sco::network_traffic::tests::get_field_exposes_refs ... ok
[INFO] [stdout] test model::sco::mutex::tests::rejects_wrong_type_field ... ok
[INFO] [stdout] test model::sco::tests::sco_object_delegates_queryable_stix_object ... ok
[INFO] [stdout] test model::sco::url::tests::rejects_missing_type_field ... ok
[INFO] [stdout] test model::sco::ipv6_addr::tests::rejects_wrong_type_field ... ok
[INFO] [stdout] test model::sco::url::tests::rejects_wrong_type_field ... ok
[INFO] [stdout] test model::sco::mac_addr::tests::rejects_missing_type_field ... ok
[INFO] [stdout] test model::sco::user_account::tests::accepts_unix_account_extension_without_type_specific_properties ... ok
[INFO] [stdout] test model::sco::user_account::tests::rejects_non_user_account_extension_without_type_specific_properties ... ok
[INFO] [stdout] test model::sco::user_account::tests::rejects_wrong_type_field ... ok
[INFO] [stdout] test model::sco::software::tests::rejects_missing_type_field ... ok
[INFO] [stdout] test model::sco::windows_registry_key::tests::rejects_wrong_type_field ... ok
[INFO] [stdout] test model::sco::windows_registry_key::tests::get_field_exposes_refs ... ok
[INFO] [stdout] test model::sco::windows_registry_key::tests::rejects_missing_type_field ... ok
[INFO] [stdout] test model::sco::user_account::tests::rejects_missing_type_field ... ok
[INFO] [stdout] test model::sco::x509_certificate::tests::rejects_missing_type_field ... ok
[INFO] [stdout] test model::sco::software::tests::rejects_wrong_type_field ... ok
[INFO] [stdout] test model::sco::ipv6_addr::tests::rejects_missing_type_field ... ok
[INFO] [stdout] test model::sco::extensions::windows_process::tests::validate_rejects_invalid_fixture ... ok
[INFO] [stdout] test model::sco::process::tests::rejects_wrong_type_field ... ok
[INFO] [stdout] test model::sdo::campaign::tests::rejects_wrong_type_field ... ok
[INFO] [stdout] test model::sdo::campaign::tests::validate_rejects_last_seen_before_first_seen ... ok
[INFO] [stdout] test model::sco::x509_certificate::tests::rejects_wrong_type_field ... ok
[INFO] [stdout] test model::sdo::campaign::tests::rejects_missing_type_field ... ok
[INFO] [stdout] test model::sdo::incident::tests::rejects_missing_type_field ... ok
[INFO] [stdout] test model::sdo::attack_pattern::tests::rejects_missing_type_field ... ok
[INFO] [stdout] test model::sdo::attack_pattern::tests::rejects_wrong_type_field ... ok
[INFO] [stdout] test model::sdo::grouping::tests::rejects_wrong_type_field ... ok
[INFO] [stdout] test model::sdo::identity::tests::rejects_missing_type_field ... ok
[INFO] [stdout] test model::sdo::course_of_action::tests::rejects_wrong_type_field ... ok
[INFO] [stdout] test model::sdo::identity::tests::rejects_wrong_type_field ... ok
[INFO] [stdout] test model::sdo::indicator::tests::rejects_missing_type_field ... ok
[INFO] [stdout] test model::sdo::indicator_builder::tests::builds_external_pattern ... ok
[INFO] [stdout] test model::sdo::indicator::tests::rejects_wrong_type_field ... ok
[INFO] [stdout] test model::sdo::incident::tests::rejects_wrong_type_field ... ok
[INFO] [stdout] test model::sdo::indicator_builder::tests::missing_valid_from_is_error ... ok
[INFO] [stdout] test model::sdo::indicator::tests::validate_rejects_valid_until_before_valid_from ... ok
[INFO] [stdout] test model::sdo::infrastructure::tests::rejects_missing_type_field ... ok
[INFO] [stdout] test model::sdo::indicator_builder::tests::builds_stix_indicator_and_round_trips ... ok
[INFO] [stdout] test model::sdo::infrastructure::tests::rejects_wrong_type_field ... ok
[INFO] [stdout] test model::sdo::location::tests::rejects_missing_type_field ... ok
[INFO] [stdout] test model::sdo::malware::tests::rejects_missing_type_field ... ok
[INFO] [stdout] test model::sdo::indicator_builder::tests::missing_pattern_is_error ... ok
[INFO] [stdout] test model::sdo::note::tests::rejects_missing_type_field ... ok
[INFO] [stdout] test model::sdo::intrusion_set::tests::rejects_missing_type_field ... ok
[INFO] [stdout] test model::sdo::malware::tests::rejects_wrong_type_field ... ok
[INFO] [stdout] test model::sdo::intrusion_set::tests::rejects_wrong_type_field ... ok
[INFO] [stdout] test model::sdo::malware_analysis::tests::rejects_missing_type_field ... ok
[INFO] [stdout] test model::sdo::note::tests::rejects_wrong_type_field ... ok
[INFO] [stdout] test model::sco::mutex::tests::rejects_missing_type_field ... ok
[INFO] [stdout] test model::sdo::grouping::tests::rejects_missing_type_field ... ok
[INFO] [stdout] test model::sdo::location::tests::rejects_wrong_type_field ... ok
[INFO] [stdout] test model::sdo::malware_analysis::tests::rejects_wrong_type_field ... ok
[INFO] [stdout] test model::sdo::opinion::tests::rejects_missing_type_field ... ok
[INFO] [stdout] test model::sdo::observed_data::tests::validate_rejects_both_objects_and_object_refs ... ok
[INFO] [stdout] test model::sdo::observed_data::tests::rejects_missing_type_field ... ok
[INFO] [stdout] test model::sdo::opinion::tests::rejects_wrong_type_field ... ok
[INFO] [stdout] test model::sdo::vulnerability::tests::rejects_missing_type_field ... ok
[INFO] [stdout] test model::sdo::vulnerability::tests::rejects_wrong_type_field ... ok
[INFO] [stdout] test model::serde_error::tests::decode_ignores_tag_sequence_embedded_in_display_fields ... ok
[INFO] [stdout] test model::sdo::threat_actor::tests::rejects_wrong_type_field ... ok
[INFO] [stdout] test model::sdo::threat_actor::tests::validate_rejects_last_seen_before_first_seen ... ok
[INFO] [stdout] test model::serde_error::tests::tagged_roundtrip_recovers_extension_deserialize_failed ... ok
[INFO] [stdout] test model::serde_error::tests::tagged_roundtrip_recovers_unexpected_object_type ... ok
[INFO] [stdout] test model::sdo::threat_actor::tests::rejects_missing_type_field ... ok
[INFO] [stdout] test model::sdo::tool::tests::rejects_missing_type_field ... ok
[INFO] [stdout] test model::sdo::tool::tests::rejects_wrong_type_field ... ok
[INFO] [stdout] test model::serde_error::tests::tagged_roundtrip_preserves_human_readable_display_suffix ... ok
[INFO] [stdout] test model::sro::relationship::tests::get_field_exposes_refs ... ok
[INFO] [stdout] test model::sro::relationship::tests::validate_rejects_invalid_relationship_type ... ok
[INFO] [stdout] test model::sro::relationship::tests::rejects_missing_type_field ... ok
[INFO] [stdout] test model::sro::sighting::tests::rejects_missing_type_field ... ok
[INFO] [stdout] test model::sro::sighting::tests::validate_rejects_count_out_of_range ... ok
[INFO] [stdout] test model::sdo::report::tests::rejects_missing_type_field ... ok
[INFO] [stdout] test model::sro::sighting::tests::rejects_wrong_type_field ... ok
[INFO] [stdout] test model::sdo::report::tests::rejects_wrong_type_field ... ok
[INFO] [stdout] test model::sro::tests::sro_object_delegates_queryable_stix_object ... ok
[INFO] [stdout] test model::validate::tests::language_content_translation_matches_target_type_and_list_length ... ok
[INFO] [stdout] test model::validate::tests::hash_map_rejects_unknown_algorithm_keys ... ok
[INFO] [stdout] test model::sro::relationship::tests::rejects_wrong_type_field ... ok
[INFO] [stdout] test model::validate::tests::hash_map_accepts_open_vocab_extension_keys ... ok
[INFO] [stdout] test model::validation::tests::validate_reports_tlp_v1_marking_definition ... ok
[INFO] [stdout] test model::validate::tests::resolve_selector_value_supports_property_and_index_segments ... ok
[INFO] [stdout] test serde_impls::stix_id::tests::oversized_found_type_is_not_tagged ... ok
[INFO] [stdout] test serde_impls::stix_id::tests::forged_typed_id_messages_do_not_recover ... ok
[INFO] [stdout] test serde_impls::stix_id::tests::oversized_id_is_not_tagged ... ok
[INFO] [stdout] test serde_impls::stix_id::tests::recovered_uuid_detail_describes_the_rejected_id ... ok
[INFO] [stdout] test model::sro::sighting::tests::validate_rejects_last_seen_before_first_seen ... ok
[INFO] [stdout] test serde_impls::stix_id::tests::tagged_roundtrip_reproduces_the_original_error ... ok
[INFO] [stdout] test serde_impls::stix_id::tests::typed_id_mismatch_is_recoverable_from_the_deserializer ... ok
[INFO] [stdout] test serde_impls::stix_id::tests::typed_id_mismatch_roundtrips_through_the_serde_boundary ... ok
[INFO] [stdout] test serde_impls::stix_id::tests::deserialize_invalid_uuid_is_recoverable_from_serde_message ... ok
[INFO] [stdout] test serde_impls::stix_id::tests::untagged_or_forged_messages_do_not_recover ... ok
[INFO] [stdout] test vocab::closed::opinion_value_tests::opinion_value_strings_round_trip ... ok
[INFO] [stdout] test vocab::tests::closed_vocabulary_membership_examples ... ok
[INFO] [stdout] test vocab::tests::opinion_ordering_is_stable ... ok
[INFO] [stdout] test serde_impls::stix_id::tests::typed_id_expected_resolves_across_object_classes ... ok
[INFO] [stdout] test vocab::tests::open_vocabulary_membership_examples ... ok
[INFO] [stdout] test model::validate::tests::sco_enc_pairing_and_charset ... ok
[INFO] [stdout] test core::timestamp::tests::stix_timestamp_compares_by_instant_only ... ok
[INFO] [stdout] test model::sco::file::tests::rejects_wrong_type_field ... ok
[INFO] [stdout] test model::sco::extensions::raster_image::tests::round_trips_fixture ... ok
[INFO] [stdout] test model::sco::extensions::unix_account::tests::validate_rejects_invalid_fixture ... ok
[INFO] [stdout] test model::sdo::course_of_action::tests::rejects_missing_type_field ... ok
[INFO] [stdout] test model::sdo::observed_data::tests::rejects_wrong_type_field ... ok
[INFO] [stdout] test model::sro::relationship::tests::validate_rejects_stop_time_before_start_time ... ok
[INFO] [stdout] test model::sro::sighting::tests::get_field_exposes_refs ... ok
[INFO] [stdout] test model::common::external_ref::tests::new_rejects_source_name_without_detail ... ok
[INFO] [stdout] test model::common::kill_chain::tests::rejects_empty_kill_chain_name ... ok
[INFO] [stdout] 
[INFO] [stdout] test result: ok. 216 passed; 0 failed; 0 ignored; 0 measured; 0 filtered out; finished in 0.08s
[INFO] [stdout] 
[INFO] [stderr]      Running tests/bundle.rs (/opt/rustwide/target/release/build/rstix/9525ea1337a09cee/out/bundle-9525ea1337a09cee)
[INFO] [stdout] 
[INFO] [stdout] running 9 tests
[INFO] [stdout] test bundle_with_relationship_refs_validates ... ok
[INFO] [stdout] test bundle_minimal_parses_three_objects ... ok
[INFO] [stdout] test parse_with_options_enforces_max_bundle_bytes ... ok
[INFO] [stdout] test toplevel_property_extension_round_trips_via_extra_properties ... ok
[INFO] [stdout] test sco_uuid4_with_contributing_properties_parses ... ok
[INFO] [stdout] test bundle_serializes_without_empty_objects_key ... ok
[INFO] [stdout] test wrong_type_on_typed_reference_names_the_expected_prefix ... ok
[INFO] [stdout] test unmodeled_top_level_property_captured_in_extra_properties ... ok
[INFO] [stderr]      Running tests/integration.rs (/opt/rustwide/target/release/build/rstix/aa74c7c536ed503a/out/integration-aa74c7c536ed503a)
[INFO] [stdout] test bundle_missing_ref_rejects ... ok
[INFO] [stdout] 
[INFO] [stdout] test result: ok. 9 passed; 0 failed; 0 ignored; 0 measured; 0 filtered out; finished in 0.01s
[INFO] [stdout] 
[INFO] [stdout] 
[INFO] [stdout] running 5 tests
[INFO] [stdout] test integration::custom_type_registry_is_scoped_per_parse_options ... ok
[INFO] [stdout] test integration::attck_corpus_roundtrip_when_present ... ok
[INFO] [stdout] test integration::custom_type_round_trips_with_registry ... ok
[INFO] [stdout] test integration::attck_roundtrip_parse_serialize_reparse ... ok
[INFO] [stdout] test integration::attck_streaming_parses_large_bundle_via_reader ... ok
[INFO] [stderr]      Running tests/interop_sentinel.rs (/opt/rustwide/target/release/build/rstix/757dce964f67d12f/out/interop_sentinel-757dce964f67d12f)
[INFO] [stdout] 
[INFO] [stdout] test result: ok. 5 passed; 0 failed; 0 ignored; 0 measured; 0 filtered out; finished in 0.15s
[INFO] [stdout] 
[INFO] [stdout] 
[INFO] [stdout] running 1 test
[INFO] [stdout] test interop_suite_was_not_silently_skipped ... FAILED
[INFO] [stdout] 
[INFO] [stdout] failures:
[INFO] [stdout] 
[INFO] [stdout] ---- interop_suite_was_not_silently_skipped stdout ----
[INFO] [stdout] 
[INFO] [stdout] thread 'interop_suite_was_not_silently_skipped' (5176) panicked at tests/interop_sentinel.rs:13:5:
[INFO] [stdout] the interop target's required-features are off, so Cargo did not build it at all; run: cargo test -p rstix --test interop --features validate,marking,graph
[INFO] [stdout] stack backtrace:
[INFO] [stdout]    0:     0x60fddd8a18d1 - <<std[617be2ca0a6fd877]::sys::backtrace::BacktraceLock>::print::DisplayBacktrace as core[a373ad73a504971]::fmt::Display>::fmt
[INFO] [stdout]    1:     0x60fddd8b57ca - core[a373ad73a504971]::fmt::write
[INFO] [stdout]    2:     0x60fddd8a5aec - <alloc[2e1b2a31b91974c5]::vec::Vec<u8> as core[a373ad73a504971]::io::write::Write>::write_fmt
[INFO] [stdout]    3:     0x60fddd87dd36 - std[617be2ca0a6fd877]::panicking::default_hook::{closure#0}
[INFO] [stdout]    4:     0x60fddd899f69 - std[617be2ca0a6fd877]::panicking::default_hook
[INFO] [stdout]    5:     0x60fddd836610 - test[aada8e7e76ba119b]::test_main_inner::{closure#0}
[INFO] [stdout]    6:     0x60fddd89a122 - std[617be2ca0a6fd877]::panicking::panic_with_hook
[INFO] [stdout]    7:     0x60fddd87de14 - std[617be2ca0a6fd877]::panicking::panic_handler::{closure#0}
[INFO] [stdout]    8:     0x60fddd876af9 - std[617be2ca0a6fd877]::sys::backtrace::__rust_end_short_backtrace::<std[617be2ca0a6fd877]::panicking::panic_handler::{closure#0}, !>
[INFO] [stdout]    9:     0x60fddd87e9ed - __rustc[ea4f61d10b84890b]::rust_begin_unwind
[INFO] [stdout]   10:     0x60fddd8b5efc - core[a373ad73a504971]::panicking::panic_fmt
[INFO] [stdout]   11:     0x60fddd8299fa - <interop_sentinel[6bff6e00a4221184]::interop_suite_was_not_silently_skipped::{closure#0} as core[a373ad73a504971]::ops::function::FnOnce<()>>::call_once
[INFO] [stdout]   12:     0x60fddd829a5b - test[aada8e7e76ba119b]::__rust_begin_short_backtrace::<core[a373ad73a504971]::result::Result<(), alloc[2e1b2a31b91974c5]::string::String>, fn() -> core[a373ad73a504971]::result::Result<(), alloc[2e1b2a31b91974c5]::string::String>>
[INFO] [stdout]   13:     0x60fddd836c35 - test[aada8e7e76ba119b]::run_test::{closure#0}
[INFO] [stdout]   14:     0x60fddd830524 - std[617be2ca0a6fd877]::sys::backtrace::__rust_begin_short_backtrace::<test[aada8e7e76ba119b]::run_test::{closure#1}, ()>
[INFO] [stdout]   15:     0x60fddd839cc2 - <std[617be2ca0a6fd877]::thread::lifecycle::spawn_unchecked<test[aada8e7e76ba119b]::run_test::{closure#1}, ()>::{closure#1} as core[a373ad73a504971]::ops::function::FnOnce<()>>::call_once::{shim:vtable#0}
[INFO] [stdout]   16:     0x60fddd8a112f - <std[617be2ca0a6fd877]::sys::thread::unix::Thread>::new::thread_start
[INFO] [stdout]   17:     0x77cfb23d3dfa - <unknown>
[INFO] [stdout]   18:     0x77cfb24673d4 - clone
[INFO] [stdout]   19:                0x0 - <unknown>
[INFO] [stdout] 
[INFO] [stdout] 
[INFO] [stdout] failures:
[INFO] [stdout]     interop_suite_was_not_silently_skipped
[INFO] [stdout] 
[INFO] [stdout] test result: FAILED. 0 passed; 1 failed; 0 ignored; 0 measured; 0 filtered out; finished in 0.00s
[INFO] [stdout] 
[INFO] [stderr] error: test failed, to rerun pass `--test interop_sentinel`
[INFO] running `Command { std: "docker" "inspect" "726717517abb3771fa55648bf81e421b049fec56064387e714b7a86f4f4c5e50", kill_on_drop: false }`
[INFO] running `Command { std: "docker" "rm" "-f" "726717517abb3771fa55648bf81e421b049fec56064387e714b7a86f4f4c5e50", kill_on_drop: false }`
[INFO] [stdout] 726717517abb3771fa55648bf81e421b049fec56064387e714b7a86f4f4c5e50
