[INFO] fetching crate rsteam 0.2.1...
[INFO] testing rsteam-0.2.1 against 1.99.0-beta.8+cargoflags=--release for beta-release-1.100-2
[INFO] extracting crate rsteam 0.2.1 into /workspace/builds/worker-0-tc1/source
[INFO] started tweaking crates.io crate rsteam 0.2.1
[INFO] finished tweaking crates.io crate rsteam 0.2.1
[INFO] tweaked toml for crates.io crate rsteam 0.2.1 written to /workspace/builds/worker-0-tc1/source/Cargo.toml
[INFO] validating manifest of crates.io crate rsteam 0.2.1 on toolchain 1.99.0-beta.8
[INFO] running `Command { std: CARGO_HOME="/workspace/cargo-home" RUSTUP_HOME="/workspace/rustup-home" "/workspace/cargo-home/bin/cargo" "+1.99.0-beta.8" "metadata" "--manifest-path" "Cargo.toml" "--no-deps", kill_on_drop: false }`
[INFO] crate crates.io crate rsteam 0.2.1 already has a lockfile, it will not be regenerated
[INFO] running `Command { std: CARGO_HOME="/workspace/cargo-home" RUSTUP_HOME="/workspace/rustup-home" "/workspace/cargo-home/bin/cargo" "+1.99.0-beta.8" "fetch" "--manifest-path" "Cargo.toml", kill_on_drop: false }`
[INFO] [stderr]  Downloading crates ...
[INFO] [stderr]   Downloaded thiserror v1.0.50
[INFO] [stderr]   Downloaded thiserror-impl v1.0.50
[INFO] [stderr]   Downloaded tokio-test v0.4.3
[INFO] [stderr]   Downloaded iana-time-zone v0.1.58
[INFO] [stderr]   Downloaded mio v0.8.9
[INFO] [stderr]   Downloaded serde-aux v4.2.0
[INFO] [stderr]   Downloaded xml-rs v0.8.19
[INFO] [stderr]   Downloaded rustls v0.21.8
[INFO] [stderr]   Downloaded tokio v1.33.0
[INFO] running `Command { std: "docker" "create" "-v" "/var/lib/crater-agent-workspace/builds/worker-0-tc1/source:/opt/rustwide/workdir:ro,Z" "-v" "/var/lib/crater-agent-workspace/builds/worker-0-tc1/target:/opt/rustwide/target:rw,Z" "-v" "/var/lib/crater-agent-workspace/cargo-home:/opt/rustwide/cargo-home:ro,Z" "-v" "/var/lib/crater-agent-workspace/rustup-home:/opt/rustwide/rustup-home:ro,Z" "-m" "1610612736" "--network" "none" "ghcr.io/rust-lang/crates-build-env/linux@sha256:77db811e55d90add9212f6832c23229e3de5f1c1f9905e8cb07319ea15df73ac" "sleep" "infinity", kill_on_drop: false }`
[INFO] [stdout] db957d55f0591784269f41dc05e8bf1dd3abf4166fe60c37e782ad1278989bd0
[INFO] running `Command { std: "docker" "start" "db957d55f0591784269f41dc05e8bf1dd3abf4166fe60c37e782ad1278989bd0", kill_on_drop: false }`
[INFO] running `Command { std: "docker" "inspect" "db957d55f0591784269f41dc05e8bf1dd3abf4166fe60c37e782ad1278989bd0", kill_on_drop: false }`
[INFO] running `Command { std: "docker" "exec" "-e" "SOURCE_DIR=/opt/rustwide/workdir" "-e" "CARGO_HOME=/opt/rustwide/cargo-home" "-e" "RUSTUP_HOME=/opt/rustwide/rustup-home" "-e" "CARGO_TARGET_DIR=/opt/rustwide/target" "-w" "/opt/rustwide/workdir" "--user" "0:0" "db957d55f0591784269f41dc05e8bf1dd3abf4166fe60c37e782ad1278989bd0" "/opt/rustwide/cargo-home/bin/cargo" "+1.99.0-beta.8" "metadata" "--no-deps" "--format-version=1", kill_on_drop: false }`
[INFO] running `Command { std: "docker" "inspect" "db957d55f0591784269f41dc05e8bf1dd3abf4166fe60c37e782ad1278989bd0", kill_on_drop: false }`
[INFO] running `Command { std: "docker" "exec" "-e" "SOURCE_DIR=/opt/rustwide/workdir" "-e" "CARGO_HOME=/opt/rustwide/cargo-home" "-e" "RUSTUP_HOME=/opt/rustwide/rustup-home" "-e" "CARGO_TARGET_DIR=/opt/rustwide/target" "-e" "CARGO_INCREMENTAL=0" "-e" "RUST_BACKTRACE=full" "-e" "RUSTFLAGS=--cap-lints=warn" "-e" "RUSTDOCFLAGS=--cap-lints=warn" "-w" "/opt/rustwide/workdir" "--user" "0:0" "db957d55f0591784269f41dc05e8bf1dd3abf4166fe60c37e782ad1278989bd0" "/opt/rustwide/cargo-home/bin/cargo" "+1.99.0-beta.8" "build" "--frozen" "--message-format=json" "--release", kill_on_drop: false }`
[INFO] [stderr]    Compiling proc-macro2 v1.0.69
[INFO] [stderr]    Compiling libc v0.2.149
[INFO] [stderr]    Compiling futures-channel v0.3.28
[INFO] [stderr]    Compiling futures-task v0.3.28
[INFO] [stderr]    Compiling futures-util v0.3.28
[INFO] [stderr]    Compiling futures-io v0.3.28
[INFO] [stderr]    Compiling spin v0.9.8
[INFO] [stderr]    Compiling memchr v2.6.4
[INFO] [stderr]    Compiling tracing-core v0.1.32
[INFO] [stderr]    Compiling indexmap v1.9.3
[INFO] [stderr]    Compiling serde v1.0.189
[INFO] [stderr]    Compiling num-traits v0.2.17
[INFO] [stderr]    Compiling http v0.2.9
[INFO] [stderr]    Compiling log v0.4.20
[INFO] [stderr]    Compiling rustls v0.21.8
[INFO] [stderr]    Compiling thiserror v1.0.50
[INFO] [stderr]    Compiling try-lock v0.2.4
[INFO] [stderr]    Compiling base64 v0.21.5
[INFO] [stderr]    Compiling serde_json v1.0.107
[INFO] [stderr]    Compiling tracing v0.1.40
[INFO] [stderr]    Compiling want v0.3.1
[INFO] [stderr]    Compiling ryu v1.0.15
[INFO] [stderr]    Compiling iana-time-zone v0.1.58
[INFO] [stderr]    Compiling xml-rs v0.8.19
[INFO] [stderr]    Compiling quote v1.0.33
[INFO] [stderr]    Compiling rustls-pemfile v1.0.3
[INFO] [stderr]    Compiling socket2 v0.5.5
[INFO] [stderr]    Compiling getrandom v0.2.10
[INFO] [stderr]    Compiling mio v0.8.9
[INFO] [stderr]    Compiling socket2 v0.4.10
[INFO] [stderr]    Compiling rustls-native-certs v0.6.3
[INFO] [stderr]    Compiling syn v2.0.38
[INFO] [stderr]    Compiling cc v1.0.83
[INFO] [stderr]    Compiling tokio v1.33.0
[INFO] [stderr]    Compiling http-body v0.4.5
[INFO] [stderr]    Compiling chrono v0.4.31
[INFO] [stderr]    Compiling ring v0.17.5
[INFO] [stderr]    Compiling futures-macro v0.3.28
[INFO] [stderr]    Compiling serde_derive v1.0.189
[INFO] [stderr]    Compiling thiserror-impl v1.0.50
[INFO] [stderr]    Compiling tokio-util v0.7.9
[INFO] [stderr]    Compiling h2 v0.3.21
[INFO] [stderr]    Compiling futures-executor v0.3.28
[INFO] [stderr]    Compiling futures v0.3.28
[INFO] [stderr]    Compiling serde-xml-rs v0.6.0
[INFO] [stderr]    Compiling hyper v0.14.27
[INFO] [stderr]    Compiling serde-aux v4.2.0
[INFO] [stderr]    Compiling rustls-webpki v0.101.7
[INFO] [stderr]    Compiling sct v0.7.1
[INFO] [stderr]    Compiling tokio-rustls v0.24.1
[INFO] [stderr]    Compiling hyper-rustls v0.24.1
[INFO] [stderr]    Compiling rsteam v0.2.1 (/opt/rustwide/workdir)
[INFO] [stdout] warning: struct `GroupDetails` is never constructed
[INFO] [stdout]   --> src/legacy/list_group_members.rs:34:8
[INFO] [stdout]    |
[INFO] [stdout] 34 | struct GroupDetails {}
[INFO] [stdout]    |        ^^^^^^^^^^^^
[INFO] [stdout]    |
[INFO] [stdout]    = note: `#[warn(dead_code)]` (part of `#[warn(unused)]`) on by default
[INFO] [stdout] 
[INFO] [stdout] 
[INFO] [stderr]     Finished `release` profile [optimized] target(s) in 57.78s
[INFO] running `Command { std: "docker" "inspect" "db957d55f0591784269f41dc05e8bf1dd3abf4166fe60c37e782ad1278989bd0", kill_on_drop: false }`
[INFO] running `Command { std: "docker" "exec" "-e" "SOURCE_DIR=/opt/rustwide/workdir" "-e" "CARGO_HOME=/opt/rustwide/cargo-home" "-e" "RUSTUP_HOME=/opt/rustwide/rustup-home" "-e" "CARGO_TARGET_DIR=/opt/rustwide/target" "-e" "CARGO_INCREMENTAL=0" "-e" "RUST_BACKTRACE=full" "-e" "RUSTFLAGS=--cap-lints=warn" "-e" "RUSTDOCFLAGS=--cap-lints=warn" "-w" "/opt/rustwide/workdir" "--user" "0:0" "db957d55f0591784269f41dc05e8bf1dd3abf4166fe60c37e782ad1278989bd0" "/opt/rustwide/cargo-home/bin/cargo" "+1.99.0-beta.8" "test" "--frozen" "--no-run" "--message-format=json" "--release", kill_on_drop: false }`
[INFO] [stderr]    Compiling syn v2.0.38
[INFO] [stderr]    Compiling smallvec v1.11.1
[INFO] [stderr]    Compiling num_cpus v1.16.0
[INFO] [stderr]    Compiling signal-hook-registry v1.4.1
[INFO] [stderr]    Compiling parking_lot_core v0.9.9
[INFO] [stderr]    Compiling parking_lot v0.12.1
[INFO] [stderr]    Compiling tokio-macros v2.1.0
[INFO] [stderr]    Compiling futures-macro v0.3.28
[INFO] [stderr]    Compiling serde_derive v1.0.189
[INFO] [stderr]    Compiling thiserror-impl v1.0.50
[INFO] [stderr]    Compiling async-stream-impl v0.3.5
[INFO] [stderr]    Compiling tokio v1.33.0
[INFO] [stderr]    Compiling async-stream v0.3.5
[INFO] [stderr]    Compiling futures-util v0.3.28
[INFO] [stderr]    Compiling thiserror v1.0.50
[INFO] [stderr]    Compiling serde v1.0.189
[INFO] [stderr]    Compiling futures-executor v0.3.28
[INFO] [stderr]    Compiling futures v0.3.28
[INFO] [stderr]    Compiling tokio-util v0.7.9
[INFO] [stderr]    Compiling tokio-rustls v0.24.1
[INFO] [stderr]    Compiling tokio-stream v0.1.14
[INFO] [stderr]    Compiling serde_json v1.0.107
[INFO] [stderr]    Compiling serde-xml-rs v0.6.0
[INFO] [stderr]    Compiling tokio-test v0.4.3
[INFO] [stderr]    Compiling h2 v0.3.21
[INFO] [stderr]    Compiling serde-aux v4.2.0
[INFO] [stderr]    Compiling hyper v0.14.27
[INFO] [stderr]    Compiling hyper-rustls v0.24.1
[INFO] [stderr]    Compiling rsteam v0.2.1 (/opt/rustwide/workdir)
[INFO] [stdout] warning: struct `GroupDetails` is never constructed
[INFO] [stdout]   --> src/legacy/list_group_members.rs:34:8
[INFO] [stdout]    |
[INFO] [stdout] 34 | struct GroupDetails {}
[INFO] [stdout]    |        ^^^^^^^^^^^^
[INFO] [stdout]    |
[INFO] [stdout]    = note: `#[warn(dead_code)]` (part of `#[warn(unused)]`) on by default
[INFO] [stdout] 
[INFO] [stdout] 
[INFO] [stdout] warning: struct `GroupDetails` is never constructed
[INFO] [stdout]   --> src/legacy/list_group_members.rs:34:8
[INFO] [stdout]    |
[INFO] [stdout] 34 | struct GroupDetails {}
[INFO] [stdout]    |        ^^^^^^^^^^^^
[INFO] [stdout]    |
[INFO] [stdout]    = note: `#[warn(dead_code)]` (part of `#[warn(unused)]`) on by default
[INFO] [stdout] 
[INFO] [stdout] 
[INFO] [stderr]     Finished `release` profile [optimized] target(s) in 1m 33s
[INFO] running `Command { std: "docker" "inspect" "db957d55f0591784269f41dc05e8bf1dd3abf4166fe60c37e782ad1278989bd0", kill_on_drop: false }`
[INFO] running `Command { std: "docker" "exec" "-e" "SOURCE_DIR=/opt/rustwide/workdir" "-e" "CARGO_HOME=/opt/rustwide/cargo-home" "-e" "RUSTUP_HOME=/opt/rustwide/rustup-home" "-e" "CARGO_TARGET_DIR=/opt/rustwide/target" "-e" "CARGO_INCREMENTAL=0" "-e" "RUST_BACKTRACE=full" "-e" "RUSTFLAGS=--cap-lints=warn" "-e" "RUSTDOCFLAGS=--cap-lints=warn" "-w" "/opt/rustwide/workdir" "--user" "0:0" "db957d55f0591784269f41dc05e8bf1dd3abf4166fe60c37e782ad1278989bd0" "/opt/rustwide/cargo-home/bin/cargo" "+1.99.0-beta.8" "test" "--frozen" "--release", kill_on_drop: false }`
[INFO] [stderr] warning: struct `GroupDetails` is never constructed
[INFO] [stderr]   --> src/legacy/list_group_members.rs:34:8
[INFO] [stderr]    |
[INFO] [stderr] 34 | struct GroupDetails {}
[INFO] [stderr]    |        ^^^^^^^^^^^^
[INFO] [stderr]    |
[INFO] [stderr]    = note: `#[warn(dead_code)]` (part of `#[warn(unused)]`) on by default
[INFO] [stderr] 
[INFO] [stderr] warning: `rsteam` (lib) generated 1 warning
[INFO] [stderr] warning: `rsteam` (lib test) generated 1 warning (1 duplicate)
[INFO] [stderr]     Finished `release` profile [optimized] target(s) in 0.20s
[INFO] [stderr]      Running unittests src/lib.rs (/opt/rustwide/target/release/deps/rsteam-80b8bbf9c43d5458)
[INFO] [stdout] 
[INFO] [stdout] running 28 tests
[INFO] [stdout] test steam_id::tests::id2 ... ok
[INFO] [stdout] test steam_id::tests::id64 ... ok
[INFO] [stdout] test player_service::get_owned_games::tests::owned_games ... FAILED
[INFO] [stdout] test player_service::get_steam_level::tests::get_level ... FAILED
[INFO] [stdout] test player_service::get_recently_played_games::tests::private_profile ... FAILED
[INFO] [stdout] test player_service::get_community_badge_progress::tests::badges ... FAILED
[INFO] [stdout] test player_service::get_badges::tests::badges ... FAILED
[INFO] [stdout] test steam_user::get_player_bans::tests::works ... FAILED
[INFO] [stdout] test steam_user::get_player_summaries::tests::works_with_multiple ... FAILED
[INFO] [stdout] test steam_user::resolve_vanity_url::tests::handle_incorrect_url ... FAILED
[INFO] [stdout] test steam_user::resolve_vanity_url::tests::resolve_correct_url ... FAILED
[INFO] [stdout] test steam_user::get_player_summaries::tests::works_with_single ... FAILED
[INFO] [stdout] test steam_user::get_user_group_list::tests::fetches_list_of_ids ... FAILED
[INFO] [stdout] test steam_user_stats::get_global_achievement_percentages_for_app::tests::unknown_game_id_handeled_correctly ... ok
[INFO] [stdout] test player_service::get_recently_played_games::tests::public_profile ... FAILED
[INFO] [stdout] test steam_id::tests::id3 ... ok
[INFO] [stdout] test steam_apps::get_app_list::tests::csgo_is_in_the_list ... FAILED
[INFO] [stdout] test steam_user::get_player_summaries::tests::works_with_invalid ... FAILED
[INFO] [stdout] test steam_user::get_friend_list::tests::works ... FAILED
[INFO] [stdout] test steam_user_stats::get_user_stats_for_game::tests::fetch_stats ... FAILED
[INFO] [stdout] test steam_user_stats::get_number_of_current_players::tests::correct_csgo_achievements ... FAILED
[INFO] [stdout] test legacy::list_group_members::tests::fetch_1_8m_members ... FAILED
[INFO] [stdout] test player_service::is_playing_shared_game::tests::badges ... FAILED
[INFO] [stdout] test legacy::get_group_summary::tests::fetch_group_info ... FAILED
[INFO] [stdout] test legacy::list_group_members::tests::fetch_12k_members ... FAILED
[INFO] [stdout] test steam_user_stats::get_number_of_current_players::tests::unknown_game_id_handeled_correctly ... ok
[INFO] [stdout] test steam_news::get_news_for_app::tests::default_csgo_news ... FAILED
[INFO] [stdout] test steam_user_stats::get_global_achievement_percentages_for_app::tests::correct_csgo_achievements ... FAILED
[INFO] [stdout] 
[INFO] [stdout] failures:
[INFO] [stdout] 
[INFO] [stdout] ---- player_service::get_owned_games::tests::owned_games stdout ----
[INFO] [stdout] 
[INFO] [stdout] thread 'player_service::get_owned_games::tests::owned_games' (2217) panicked at src/player_service/get_owned_games.rs:81:75:
[INFO] [stdout] called `Result::unwrap()` on an `Err` value: NotPresent
[INFO] [stdout] stack backtrace:
[INFO] [stdout]    0:     0x634bfecb5b61 - <<std[70759c8f55707aa4]::sys::backtrace::BacktraceLock>::print::DisplayBacktrace as core[df12db4294e9bfd3]::fmt::Display>::fmt
[INFO] [stdout]    1:     0x634bfeccc84a - core[df12db4294e9bfd3]::fmt::write
[INFO] [stdout]    2:     0x634bfecba70c - <alloc[2182bb758b4b3781]::vec::Vec<u8> as core[df12db4294e9bfd3]::io::write::Write>::write_fmt
[INFO] [stdout]    3:     0x634bfec90f26 - std[70759c8f55707aa4]::panicking::default_hook::{closure#0}
[INFO] [stdout]    4:     0x634bfecadba9 - std[70759c8f55707aa4]::panicking::default_hook
[INFO] [stdout]    5:     0x634bfeb09dd0 - test[9d35eded1c95d3be]::test_main_inner::<test[9d35eded1c95d3be]::test_main_static::{closure#0}>::{closure#0}
[INFO] [stdout]    6:     0x634bfecaded2 - std[70759c8f55707aa4]::panicking::panic_with_hook
[INFO] [stdout]    7:     0x634bfec90fd2 - std[70759c8f55707aa4]::panicking::panic_handler::{closure#0}
[INFO] [stdout]    8:     0x634bfec89c79 - std[70759c8f55707aa4]::sys::backtrace::__rust_end_short_backtrace::<std[70759c8f55707aa4]::panicking::panic_handler::{closure#0}, !>
[INFO] [stdout]    9:     0x634bfec91dbd - __rustc[8fa7c3cbc660c2b3]::rust_begin_unwind
[INFO] [stdout]   10:     0x634bfecccfac - core[df12db4294e9bfd3]::panicking::panic_fmt
[INFO] [stdout]   11:     0x634bfecccd82 - core[df12db4294e9bfd3]::result::unwrap_failed
[INFO] [stdout]   12:     0x634bfea532d5 - rsteam[41710194dc0004dc]::player_service::get_owned_games::tests::owned_games
[INFO] [stdout]   13:     0x634bfeaa4259 - <rsteam[41710194dc0004dc]::player_service::get_owned_games::tests::owned_games::{closure#0} as core[df12db4294e9bfd3]::ops::function::FnOnce<()>>::call_once
[INFO] [stdout]   14:     0x634bfeafd0bb - test[9d35eded1c95d3be]::__rust_begin_short_backtrace::<core[df12db4294e9bfd3]::result::Result<(), alloc[2182bb758b4b3781]::string::String>, fn() -> core[df12db4294e9bfd3]::result::Result<(), alloc[2182bb758b4b3781]::string::String>>
[INFO] [stdout]   15:     0x634bfeb0a725 - test[9d35eded1c95d3be]::run_test::{closure#0}
[INFO] [stdout]   16:     0x634bfeb03fe4 - std[70759c8f55707aa4]::sys::backtrace::__rust_begin_short_backtrace::<test[9d35eded1c95d3be]::run_test::{closure#1}, ()>
[INFO] [stdout]   17:     0x634bfeb0d882 - <std[70759c8f55707aa4]::thread::lifecycle::spawn_unchecked<test[9d35eded1c95d3be]::run_test::{closure#1}, ()>::{closure#1} as core[df12db4294e9bfd3]::ops::function::FnOnce<()>>::call_once::{shim:vtable#0}
[INFO] [stdout]   18:     0x634bfecb5089 - <std[70759c8f55707aa4]::sys::thread::unix::Thread>::new::thread_start
[INFO] [stdout]   19:     0x7a4e2af30dfa - <unknown>
[INFO] [stdout]   20:     0x7a4e2afc43d4 - clone
[INFO] [stdout]   21:                0x0 - <unknown>
[INFO] [stdout] 
[INFO] [stdout] ---- player_service::get_steam_level::tests::get_level stdout ----
[INFO] [stdout] 
[INFO] [stdout] thread 'player_service::get_steam_level::tests::get_level' (2220) panicked at src/player_service/get_steam_level.rs:51:75:
[INFO] [stdout] called `Result::unwrap()` on an `Err` value: NotPresent
[INFO] [stdout] stack backtrace:
[INFO] [stdout]    0:     0x634bfecb5b61 - <<std[70759c8f55707aa4]::sys::backtrace::BacktraceLock>::print::DisplayBacktrace as core[df12db4294e9bfd3]::fmt::Display>::fmt
[INFO] [stdout]    1:     0x634bfeccc84a - core[df12db4294e9bfd3]::fmt::write
[INFO] [stdout]    2:     0x634bfecba70c - <alloc[2182bb758b4b3781]::vec::Vec<u8> as core[df12db4294e9bfd3]::io::write::Write>::write_fmt
[INFO] [stdout]    3:     0x634bfec90f26 - std[70759c8f55707aa4]::panicking::default_hook::{closure#0}
[INFO] [stdout]    4:     0x634bfecadba9 - std[70759c8f55707aa4]::panicking::default_hook
[INFO] [stdout]    5:     0x634bfeb09dd0 - test[9d35eded1c95d3be]::test_main_inner::<test[9d35eded1c95d3be]::test_main_static::{closure#0}>::{closure#0}
[INFO] [stdout]    6:     0x634bfecaded2 - std[70759c8f55707aa4]::panicking::panic_with_hook
[INFO] [stdout]    7:     0x634bfec90fd2 - std[70759c8f55707aa4]::panicking::panic_handler::{closure#0}
[INFO] [stdout]    8:     0x634bfec89c79 - std[70759c8f55707aa4]::sys::backtrace::__rust_end_short_backtrace::<std[70759c8f55707aa4]::panicking::panic_handler::{closure#0}, !>
[INFO] [stdout]    9:     0x634bfec91dbd - __rustc[8fa7c3cbc660c2b3]::rust_begin_unwind
[INFO] [stdout]   10:     0x634bfecccfac - core[df12db4294e9bfd3]::panicking::panic_fmt
[INFO] [stdout]   11:     0x634bfecccd82 - core[df12db4294e9bfd3]::result::unwrap_failed
[INFO] [stdout]   12:     0x634bfea539e7 - rsteam[41710194dc0004dc]::player_service::get_steam_level::tests::get_level
[INFO] [stdout]   13:     0x634bfeaa4279 - <rsteam[41710194dc0004dc]::player_service::get_steam_level::tests::get_level::{closure#0} as core[df12db4294e9bfd3]::ops::function::FnOnce<()>>::call_once
[INFO] [stdout]   14:     0x634bfeafd0bb - test[9d35eded1c95d3be]::__rust_begin_short_backtrace::<core[df12db4294e9bfd3]::result::Result<(), alloc[2182bb758b4b3781]::string::String>, fn() -> core[df12db4294e9bfd3]::result::Result<(), alloc[2182bb758b4b3781]::string::String>>
[INFO] [stdout]   15:     0x634bfeb0a725 - test[9d35eded1c95d3be]::run_test::{closure#0}
[INFO] [stdout]   16:     0x634bfeb03fe4 - std[70759c8f55707aa4]::sys::backtrace::__rust_begin_short_backtrace::<test[9d35eded1c95d3be]::run_test::{closure#1}, ()>
[INFO] [stdout]   17:     0x634bfeb0d882 - <std[70759c8f55707aa4]::thread::lifecycle::spawn_unchecked<test[9d35eded1c95d3be]::run_test::{closure#1}, ()>::{closure#1} as core[df12db4294e9bfd3]::ops::function::FnOnce<()>>::call_once::{shim:vtable#0}
[INFO] [stdout]   18:     0x634bfecb5089 - <std[70759c8f55707aa4]::sys::thread::unix::Thread>::new::thread_start
[INFO] [stdout]   19:     0x7a4e2af30dfa - <unknown>
[INFO] [stdout]   20:     0x7a4e2afc43d4 - clone
[INFO] [stdout]   21:                0x0 - <unknown>
[INFO] [stdout] 
[INFO] [stdout] ---- player_service::get_recently_played_games::tests::private_profile stdout ----
[INFO] [stdout] 
[INFO] [stdout] thread 'player_service::get_recently_played_games::tests::private_profile' (2218) panicked at src/player_service/get_recently_played_games.rs:83:75:
[INFO] [stdout] called `Result::unwrap()` on an `Err` value: NotPresent
[INFO] [stdout] stack backtrace:
[INFO] [stdout]    0:     0x634bfecb5b61 - <<std[70759c8f55707aa4]::sys::backtrace::BacktraceLock>::print::DisplayBacktrace as core[df12db4294e9bfd3]::fmt::Display>::fmt
[INFO] [stdout]    1:     0x634bfeccc84a - core[df12db4294e9bfd3]::fmt::write
[INFO] [stdout]    2:     0x634bfecba70c - <alloc[2182bb758b4b3781]::vec::Vec<u8> as core[df12db4294e9bfd3]::io::write::Write>::write_fmt
[INFO] [stdout]    3:     0x634bfec90f26 - std[70759c8f55707aa4]::panicking::default_hook::{closure#0}
[INFO] [stdout]    4:     0x634bfecadba9 - std[70759c8f55707aa4]::panicking::default_hook
[INFO] [stdout]    5:     0x634bfeb09dd0 - test[9d35eded1c95d3be]::test_main_inner::<test[9d35eded1c95d3be]::test_main_static::{closure#0}>::{closure#0}
[INFO] [stdout]    6:     0x634bfecaded2 - std[70759c8f55707aa4]::panicking::panic_with_hook
[INFO] [stdout]    7:     0x634bfec90fd2 - std[70759c8f55707aa4]::panicking::panic_handler::{closure#0}
[INFO] [stdout]    8:     0x634bfec89c79 - std[70759c8f55707aa4]::sys::backtrace::__rust_end_short_backtrace::<std[70759c8f55707aa4]::panicking::panic_handler::{closure#0}, !>
[INFO] [stdout]    9:     0x634bfec91dbd - __rustc[8fa7c3cbc660c2b3]::rust_begin_unwind
[INFO] [stdout]   10:     0x634bfecccfac - core[df12db4294e9bfd3]::panicking::panic_fmt
[INFO] [stdout]   11:     0x634bfecccd82 - core[df12db4294e9bfd3]::result::unwrap_failed
[INFO] [stdout]   12:     0x634bfea54823 - rsteam[41710194dc0004dc]::player_service::get_recently_played_games::tests::private_profile
[INFO] [stdout]   13:     0x634bfeaa42d9 - <rsteam[41710194dc0004dc]::player_service::get_recently_played_games::tests::private_profile::{closure#0} as core[df12db4294e9bfd3]::ops::function::FnOnce<()>>::call_once
[INFO] [stdout]   14:     0x634bfeafd0bb - test[9d35eded1c95d3be]::__rust_begin_short_backtrace::<core[df12db4294e9bfd3]::result::Result<(), alloc[2182bb758b4b3781]::string::String>, fn() -> core[df12db4294e9bfd3]::result::Result<(), alloc[2182bb758b4b3781]::string::String>>
[INFO] [stdout]   15:     0x634bfeb0a725 - test[9d35eded1c95d3be]::run_test::{closure#0}
[INFO] [stdout]   16:     0x634bfeb03fe4 - std[70759c8f55707aa4]::sys::backtrace::__rust_begin_short_backtrace::<test[9d35eded1c95d3be]::run_test::{closure#1}, ()>
[INFO] [stdout]   17:     0x634bfeb0d882 - <std[70759c8f55707aa4]::thread::lifecycle::spawn_unchecked<test[9d35eded1c95d3be]::run_test::{closure#1}, ()>::{closure#1} as core[df12db4294e9bfd3]::ops::function::FnOnce<()>>::call_once::{shim:vtable#0}
[INFO] [stdout]   18:     0x634bfecb5089 - <std[70759c8f55707aa4]::sys::thread::unix::Thread>::new::thread_start
[INFO] [stdout]   19:     0x7a4e2af30dfa - <unknown>
[INFO] [stdout]   20:     0x7a4e2afc43d4 - clone
[INFO] [stdout]   21:                0x0 - <unknown>
[INFO] [stdout] 
[INFO] [stdout] ---- player_service::get_community_badge_progress::tests::badges stdout ----
[INFO] [stdout] 
[INFO] [stdout] thread 'player_service::get_community_badge_progress::tests::badges' (2216) panicked at src/player_service/get_community_badge_progress.rs:55:75:
[INFO] [stdout] called `Result::unwrap()` on an `Err` value: NotPresent
[INFO] [stdout] stack backtrace:
[INFO] [stdout]    0:     0x634bfecb5b61 - <<std[70759c8f55707aa4]::sys::backtrace::BacktraceLock>::print::DisplayBacktrace as core[df12db4294e9bfd3]::fmt::Display>::fmt
[INFO] [stdout]    1:     0x634bfeccc84a - core[df12db4294e9bfd3]::fmt::write
[INFO] [stdout]    2:     0x634bfecba70c - <alloc[2182bb758b4b3781]::vec::Vec<u8> as core[df12db4294e9bfd3]::io::write::Write>::write_fmt
[INFO] [stdout]    3:     0x634bfec90f26 - std[70759c8f55707aa4]::panicking::default_hook::{closure#0}
[INFO] [stdout]    4:     0x634bfecadba9 - std[70759c8f55707aa4]::panicking::default_hook
[INFO] [stdout]    5:     0x634bfeb09dd0 - test[9d35eded1c95d3be]::test_main_inner::<test[9d35eded1c95d3be]::test_main_static::{closure#0}>::{closure#0}
[INFO] [stdout]    6:     0x634bfecaded2 - std[70759c8f55707aa4]::panicking::panic_with_hook
[INFO] [stdout]    7:     0x634bfec90fd2 - std[70759c8f55707aa4]::panicking::panic_handler::{closure#0}
[INFO] [stdout]    8:     0x634bfec89c79 - std[70759c8f55707aa4]::sys::backtrace::__rust_end_short_backtrace::<std[70759c8f55707aa4]::panicking::panic_handler::{closure#0}, !>
[INFO] [stdout]    9:     0x634bfec91dbd - __rustc[8fa7c3cbc660c2b3]::rust_begin_unwind
[INFO] [stdout]   10:     0x634bfecccfac - core[df12db4294e9bfd3]::panicking::panic_fmt
[INFO] [stdout]   11:     0x634bfecccd82 - core[df12db4294e9bfd3]::result::unwrap_failed
[INFO] [stdout]   12:     0x634bfea54d9e - rsteam[41710194dc0004dc]::player_service::get_community_badge_progress::tests::badges
[INFO] [stdout]   13:     0x634bfeaa42f9 - <rsteam[41710194dc0004dc]::player_service::get_community_badge_progress::tests::badges::{closure#0} as core[df12db4294e9bfd3]::ops::function::FnOnce<()>>::call_once
[INFO] [stdout]   14:     0x634bfeafd0bb - test[9d35eded1c95d3be]::__rust_begin_short_backtrace::<core[df12db4294e9bfd3]::result::Result<(), alloc[2182bb758b4b3781]::string::String>, fn() -> core[df12db4294e9bfd3]::result::Result<(), alloc[2182bb758b4b3781]::string::String>>
[INFO] [stdout]   15:     0x634bfeb0a725 - test[9d35eded1c95d3be]::run_test::{closure#0}
[INFO] [stdout]   16:     0x634bfeb03fe4 - std[70759c8f55707aa4]::sys::backtrace::__rust_begin_short_backtrace::<test[9d35eded1c95d3be]::run_test::{closure#1}, ()>
[INFO] [stdout]   17:     0x634bfeb0d882 - <std[70759c8f55707aa4]::thread::lifecycle::spawn_unchecked<test[9d35eded1c95d3be]::run_test::{closure#1}, ()>::{closure#1} as core[df12db4294e9bfd3]::ops::function::FnOnce<()>>::call_once::{shim:vtable#0}
[INFO] [stdout]   18:     0x634bfecb5089 - <std[70759c8f55707aa4]::sys::thread::unix::Thread>::new::thread_start
[INFO] [stdout]   19:     0x7a4e2af30dfa - <unknown>
[INFO] [stdout]   20:     0x7a4e2afc43d4 - clone
[INFO] [stdout]   21:                0x0 - <unknown>
[INFO] [stdout] 
[INFO] [stdout] ---- player_service::get_badges::tests::badges stdout ----
[INFO] [stdout] 
[INFO] [stdout] thread 'player_service::get_badges::tests::badges' (2215) panicked at src/player_service/get_badges.rs:65:75:
[INFO] [stdout] called `Result::unwrap()` on an `Err` value: NotPresent
[INFO] [stdout] stack backtrace:
[INFO] [stdout]    0:     0x634bfecb5b61 - <<std[70759c8f55707aa4]::sys::backtrace::BacktraceLock>::print::DisplayBacktrace as core[df12db4294e9bfd3]::fmt::Display>::fmt
[INFO] [stdout]    1:     0x634bfeccc84a - core[df12db4294e9bfd3]::fmt::write
[INFO] [stdout]    2:     0x634bfecba70c - <alloc[2182bb758b4b3781]::vec::Vec<u8> as core[df12db4294e9bfd3]::io::write::Write>::write_fmt
[INFO] [stdout]    3:     0x634bfec90f26 - std[70759c8f55707aa4]::panicking::default_hook::{closure#0}
[INFO] [stdout]    4:     0x634bfecadba9 - std[70759c8f55707aa4]::panicking::default_hook
[INFO] [stdout]    5:     0x634bfeb09dd0 - test[9d35eded1c95d3be]::test_main_inner::<test[9d35eded1c95d3be]::test_main_static::{closure#0}>::{closure#0}
[INFO] [stdout]    6:     0x634bfecaded2 - std[70759c8f55707aa4]::panicking::panic_with_hook
[INFO] [stdout]    7:     0x634bfec90fd2 - std[70759c8f55707aa4]::panicking::panic_handler::{closure#0}
[INFO] [stdout]    8:     0x634bfec89c79 - std[70759c8f55707aa4]::sys::backtrace::__rust_end_short_backtrace::<std[70759c8f55707aa4]::panicking::panic_handler::{closure#0}, !>
[INFO] [stdout]    9:     0x634bfec91dbd - __rustc[8fa7c3cbc660c2b3]::rust_begin_unwind
[INFO] [stdout]   10:     0x634bfecccfac - core[df12db4294e9bfd3]::panicking::panic_fmt
[INFO] [stdout]   11:     0x634bfecccd82 - core[df12db4294e9bfd3]::result::unwrap_failed
[INFO] [stdout]   12:     0x634bfea52af6 - rsteam[41710194dc0004dc]::player_service::get_badges::tests::badges
[INFO] [stdout]   13:     0x634bfeaa4239 - <rsteam[41710194dc0004dc]::player_service::get_badges::tests::badges::{closure#0} as core[df12db4294e9bfd3]::ops::function::FnOnce<()>>::call_once
[INFO] [stdout]   14:     0x634bfeafd0bb - test[9d35eded1c95d3be]::__rust_begin_short_backtrace::<core[df12db4294e9bfd3]::result::Result<(), alloc[2182bb758b4b3781]::string::String>, fn() -> core[df12db4294e9bfd3]::result::Result<(), alloc[2182bb758b4b3781]::string::String>>
[INFO] [stdout]   15:     0x634bfeb0a725 - test[9d35eded1c95d3be]::run_test::{closure#0}
[INFO] [stdout]   16:     0x634bfeb03fe4 - std[70759c8f55707aa4]::sys::backtrace::__rust_begin_short_backtrace::<test[9d35eded1c95d3be]::run_test::{closure#1}, ()>
[INFO] [stdout]   17:     0x634bfeb0d882 - <std[70759c8f55707aa4]::thread::lifecycle::spawn_unchecked<test[9d35eded1c95d3be]::run_test::{closure#1}, ()>::{closure#1} as core[df12db4294e9bfd3]::ops::function::FnOnce<()>>::call_once::{shim:vtable#0}
[INFO] [stdout]   18:     0x634bfecb5089 - <std[70759c8f55707aa4]::sys::thread::unix::Thread>::new::thread_start
[INFO] [stdout]   19:     0x7a4e2af30dfa - <unknown>
[INFO] [stdout]   20:     0x7a4e2afc43d4 - clone
[INFO] [stdout]   21:                0x0 - <unknown>
[INFO] [stdout] 
[INFO] [stdout] ---- steam_user::get_player_bans::tests::works stdout ----
[INFO] [stdout] 
[INFO] [stdout] thread 'steam_user::get_player_bans::tests::works' (2228) panicked at src/steam_user/get_player_bans.rs:80:75:
[INFO] [stdout] called `Result::unwrap()` on an `Err` value: NotPresent
[INFO] [stdout] stack backtrace:
[INFO] [stdout]    0:     0x634bfecb5b61 - <<std[70759c8f55707aa4]::sys::backtrace::BacktraceLock>::print::DisplayBacktrace as core[df12db4294e9bfd3]::fmt::Display>::fmt
[INFO] [stdout]    1:     0x634bfeccc84a - core[df12db4294e9bfd3]::fmt::write
[INFO] [stdout]    2:     0x634bfecba70c - <alloc[2182bb758b4b3781]::vec::Vec<u8> as core[df12db4294e9bfd3]::io::write::Write>::write_fmt
[INFO] [stdout]    3:     0x634bfec90f26 - std[70759c8f55707aa4]::panicking::default_hook::{closure#0}
[INFO] [stdout]    4:     0x634bfecadba9 - std[70759c8f55707aa4]::panicking::default_hook
[INFO] [stdout]    5:     0x634bfeb09dd0 - test[9d35eded1c95d3be]::test_main_inner::<test[9d35eded1c95d3be]::test_main_static::{closure#0}>::{closure#0}
[INFO] [stdout]    6:     0x634bfecaded2 - std[70759c8f55707aa4]::panicking::panic_with_hook
[INFO] [stdout]    7:     0x634bfec90fd2 - std[70759c8f55707aa4]::panicking::panic_handler::{closure#0}
[INFO] [stdout]    8:     0x634bfec89c79 - std[70759c8f55707aa4]::sys::backtrace::__rust_end_short_backtrace::<std[70759c8f55707aa4]::panicking::panic_handler::{closure#0}, !>
[INFO] [stdout]    9:     0x634bfec91dbd - __rustc[8fa7c3cbc660c2b3]::rust_begin_unwind
[INFO] [stdout]   10:     0x634bfecccfac - core[df12db4294e9bfd3]::panicking::panic_fmt
[INFO] [stdout]   11:     0x634bfecccd82 - core[df12db4294e9bfd3]::result::unwrap_failed
[INFO] [stdout]   12:     0x634bfea50c3d - rsteam[41710194dc0004dc]::steam_user::get_player_bans::tests::works
[INFO] [stdout]   13:     0x634bfeaa4159 - <rsteam[41710194dc0004dc]::steam_user::get_player_bans::tests::works::{closure#0} as core[df12db4294e9bfd3]::ops::function::FnOnce<()>>::call_once
[INFO] [stdout]   14:     0x634bfeafd0bb - test[9d35eded1c95d3be]::__rust_begin_short_backtrace::<core[df12db4294e9bfd3]::result::Result<(), alloc[2182bb758b4b3781]::string::String>, fn() -> core[df12db4294e9bfd3]::result::Result<(), alloc[2182bb758b4b3781]::string::String>>
[INFO] [stdout]   15:     0x634bfeb0a725 - test[9d35eded1c95d3be]::run_test::{closure#0}
[INFO] [stdout]   16:     0x634bfeb03fe4 - std[70759c8f55707aa4]::sys::backtrace::__rust_begin_short_backtrace::<test[9d35eded1c95d3be]::run_test::{closure#1}, ()>
[INFO] [stdout]   17:     0x634bfeb0d882 - <std[70759c8f55707aa4]::thread::lifecycle::spawn_unchecked<test[9d35eded1c95d3be]::run_test::{closure#1}, ()>::{closure#1} as core[df12db4294e9bfd3]::ops::function::FnOnce<()>>::call_once::{shim:vtable#0}
[INFO] [stdout]   18:     0x634bfecb5089 - <std[70759c8f55707aa4]::sys::thread::unix::Thread>::new::thread_start
[INFO] [stdout]   19:     0x7a4e2af30dfa - <unknown>
[INFO] [stdout]   20:     0x7a4e2afc43d4 - clone
[INFO] [stdout]   21:                0x0 - <unknown>
[INFO] [stdout] 
[INFO] [stdout] ---- steam_user::get_player_summaries::tests::works_with_multiple stdout ----
[INFO] [stdout] 
[INFO] [stdout] thread 'steam_user::get_player_summaries::tests::works_with_multiple' (2230) panicked at src/steam_user/get_player_summaries.rs:212:75:
[INFO] [stdout] called `Result::unwrap()` on an `Err` value: NotPresent
[INFO] [stdout] stack backtrace:
[INFO] [stdout]    0:     0x634bfecb5b61 - <<std[70759c8f55707aa4]::sys::backtrace::BacktraceLock>::print::DisplayBacktrace as core[df12db4294e9bfd3]::fmt::Display>::fmt
[INFO] [stdout]    1:     0x634bfeccc84a - core[df12db4294e9bfd3]::fmt::write
[INFO] [stdout]    2:     0x634bfecba70c - <alloc[2182bb758b4b3781]::vec::Vec<u8> as core[df12db4294e9bfd3]::io::write::Write>::write_fmt
[INFO] [stdout]    3:     0x634bfec90f26 - std[70759c8f55707aa4]::panicking::default_hook::{closure#0}
[INFO] [stdout]    4:     0x634bfecadba9 - std[70759c8f55707aa4]::panicking::default_hook
[INFO] [stdout]    5:     0x634bfeb09dd0 - test[9d35eded1c95d3be]::test_main_inner::<test[9d35eded1c95d3be]::test_main_static::{closure#0}>::{closure#0}
[INFO] [stdout]    6:     0x634bfecaded2 - std[70759c8f55707aa4]::panicking::panic_with_hook
[INFO] [stdout]    7:     0x634bfec90fd2 - std[70759c8f55707aa4]::panicking::panic_handler::{closure#0}
[INFO] [stdout]    8:     0x634bfec89c79 - std[70759c8f55707aa4]::sys::backtrace::__rust_end_short_backtrace::<std[70759c8f55707aa4]::panicking::panic_handler::{closure#0}, !>
[INFO] [stdout]    9:     0x634bfec91dbd - __rustc[8fa7c3cbc660c2b3]::rust_begin_unwind
[INFO] [stdout]   10:     0x634bfecccfac - core[df12db4294e9bfd3]::panicking::panic_fmt
[INFO] [stdout]   11:     0x634bfecccd82 - core[df12db4294e9bfd3]::result::unwrap_failed
[INFO] [stdout]   12:     0x634bfea521da - rsteam[41710194dc0004dc]::steam_user::get_player_summaries::tests::works_with_multiple
[INFO] [stdout]   13:     0x634bfeaa4219 - <rsteam[41710194dc0004dc]::steam_user::get_player_summaries::tests::works_with_multiple::{closure#0} as core[df12db4294e9bfd3]::ops::function::FnOnce<()>>::call_once
[INFO] [stdout]   14:     0x634bfeafd0bb - test[9d35eded1c95d3be]::__rust_begin_short_backtrace::<core[df12db4294e9bfd3]::result::Result<(), alloc[2182bb758b4b3781]::string::String>, fn() -> core[df12db4294e9bfd3]::result::Result<(), alloc[2182bb758b4b3781]::string::String>>
[INFO] [stdout]   15:     0x634bfeb0a725 - test[9d35eded1c95d3be]::run_test::{closure#0}
[INFO] [stdout]   16:     0x634bfeb03fe4 - std[70759c8f55707aa4]::sys::backtrace::__rust_begin_short_backtrace::<test[9d35eded1c95d3be]::run_test::{closure#1}, ()>
[INFO] [stdout]   17:     0x634bfeb0d882 - <std[70759c8f55707aa4]::thread::lifecycle::spawn_unchecked<test[9d35eded1c95d3be]::run_test::{closure#1}, ()>::{closure#1} as core[df12db4294e9bfd3]::ops::function::FnOnce<()>>::call_once::{shim:vtable#0}
[INFO] [stdout]   18:     0x634bfecb5089 - <std[70759c8f55707aa4]::sys::thread::unix::Thread>::new::thread_start
[INFO] [stdout]   19:     0x7a4e2af30dfa - <unknown>
[INFO] [stdout]   20:     0x7a4e2afc43d4 - clone
[INFO] [stdout]   21:                0x0 - <unknown>
[INFO] [stdout] 
[INFO] [stdout] ---- steam_user::resolve_vanity_url::tests::handle_incorrect_url stdout ----
[INFO] [stdout] 
[INFO] [stdout] thread 'steam_user::resolve_vanity_url::tests::handle_incorrect_url' (2234) panicked at src/steam_user/resolve_vanity_url.rs:102:75:
[INFO] [stdout] called `Result::unwrap()` on an `Err` value: NotPresent
[INFO] [stdout] stack backtrace:
[INFO] [stdout]    0:     0x634bfecb5b61 - <<std[70759c8f55707aa4]::sys::backtrace::BacktraceLock>::print::DisplayBacktrace as core[df12db4294e9bfd3]::fmt::Display>::fmt
[INFO] [stdout]    1:     0x634bfeccc84a - core[df12db4294e9bfd3]::fmt::write
[INFO] [stdout]    2:     0x634bfecba70c - <alloc[2182bb758b4b3781]::vec::Vec<u8> as core[df12db4294e9bfd3]::io::write::Write>::write_fmt
[INFO] [stdout]    3:     0x634bfec90f26 - std[70759c8f55707aa4]::panicking::default_hook::{closure#0}
[INFO] [stdout]    4:     0x634bfecadba9 - std[70759c8f55707aa4]::panicking::default_hook
[INFO] [stdout]    5:     0x634bfeb09dd0 - test[9d35eded1c95d3be]::test_main_inner::<test[9d35eded1c95d3be]::test_main_static::{closure#0}>::{closure#0}
[INFO] [stdout]    6:     0x634bfecaded2 - std[70759c8f55707aa4]::panicking::panic_with_hook
[INFO] [stdout]    7:     0x634bfec90fd2 - std[70759c8f55707aa4]::panicking::panic_handler::{closure#0}
[INFO] [stdout]    8:     0x634bfec89c79 - std[70759c8f55707aa4]::sys::backtrace::__rust_end_short_backtrace::<std[70759c8f55707aa4]::panicking::panic_handler::{closure#0}, !>
[INFO] [stdout]    9:     0x634bfec91dbd - __rustc[8fa7c3cbc660c2b3]::rust_begin_unwind
[INFO] [stdout]   10:     0x634bfecccfac - core[df12db4294e9bfd3]::panicking::panic_fmt
[INFO] [stdout]   11:     0x634bfecccd82 - core[df12db4294e9bfd3]::result::unwrap_failed
[INFO] [stdout]   12:     0x634bfea51237 - rsteam[41710194dc0004dc]::steam_user::resolve_vanity_url::tests::handle_incorrect_url
[INFO] [stdout]   13:     0x634bfeaa4199 - <rsteam[41710194dc0004dc]::steam_user::resolve_vanity_url::tests::handle_incorrect_url::{closure#0} as core[df12db4294e9bfd3]::ops::function::FnOnce<()>>::call_once
[INFO] [stdout]   14:     0x634bfeafd0bb - test[9d35eded1c95d3be]::__rust_begin_short_backtrace::<core[df12db4294e9bfd3]::result::Result<(), alloc[2182bb758b4b3781]::string::String>, fn() -> core[df12db4294e9bfd3]::result::Result<(), alloc[2182bb758b4b3781]::string::String>>
[INFO] [stdout]   15:     0x634bfeb0a725 - test[9d35eded1c95d3be]::run_test::{closure#0}
[INFO] [stdout]   16:     0x634bfeb03fe4 - std[70759c8f55707aa4]::sys::backtrace::__rust_begin_short_backtrace::<test[9d35eded1c95d3be]::run_test::{closure#1}, ()>
[INFO] [stdout]   17:     0x634bfeb0d882 - <std[70759c8f55707aa4]::thread::lifecycle::spawn_unchecked<test[9d35eded1c95d3be]::run_test::{closure#1}, ()>::{closure#1} as core[df12db4294e9bfd3]::ops::function::FnOnce<()>>::call_once::{shim:vtable#0}
[INFO] [stdout]   18:     0x634bfecb5089 - <std[70759c8f55707aa4]::sys::thread::unix::Thread>::new::thread_start
[INFO] [stdout]   19:     0x7a4e2af30dfa - <unknown>
[INFO] [stdout]   20:     0x7a4e2afc43d4 - clone
[INFO] [stdout]   21:                0x0 - <unknown>
[INFO] [stdout] 
[INFO] [stdout] ---- steam_user::resolve_vanity_url::tests::resolve_correct_url stdout ----
[INFO] [stdout] 
[INFO] [stdout] thread 'steam_user::resolve_vanity_url::tests::resolve_correct_url' (2235) panicked at src/steam_user/resolve_vanity_url.rs:95:75:
[INFO] [stdout] called `Result::unwrap()` on an `Err` value: NotPresent
[INFO] [stdout] stack backtrace:
[INFO] [stdout]    0:     0x634bfecb5b61 - <<std[70759c8f55707aa4]::sys::backtrace::BacktraceLock>::print::DisplayBacktrace as core[df12db4294e9bfd3]::fmt::Display>::fmt
[INFO] [stdout]    1:     0x634bfeccc84a - core[df12db4294e9bfd3]::fmt::write
[INFO] [stdout]    2:     0x634bfecba70c - <alloc[2182bb758b4b3781]::vec::Vec<u8> as core[df12db4294e9bfd3]::io::write::Write>::write_fmt
[INFO] [stdout]    3:     0x634bfec90f26 - std[70759c8f55707aa4]::panicking::default_hook::{closure#0}
[INFO] [stdout]    4:     0x634bfecadba9 - std[70759c8f55707aa4]::panicking::default_hook
[INFO] [stdout]    5:     0x634bfeb09dd0 - test[9d35eded1c95d3be]::test_main_inner::<test[9d35eded1c95d3be]::test_main_static::{closure#0}>::{closure#0}
[INFO] [stdout]    6:     0x634bfecaded2 - std[70759c8f55707aa4]::panicking::panic_with_hook
[INFO] [stdout]    7:     0x634bfec90fd2 - std[70759c8f55707aa4]::panicking::panic_handler::{closure#0}
[INFO] [stdout]    8:     0x634bfec89c79 - std[70759c8f55707aa4]::sys::backtrace::__rust_end_short_backtrace::<std[70759c8f55707aa4]::panicking::panic_handler::{closure#0}, !>
[INFO] [stdout]    9:     0x634bfec91dbd - __rustc[8fa7c3cbc660c2b3]::rust_begin_unwind
[INFO] [stdout]   10:     0x634bfecccfac - core[df12db4294e9bfd3]::panicking::panic_fmt
[INFO] [stdout]   11:     0x634bfecccd82 - core[df12db4294e9bfd3]::result::unwrap_failed
[INFO] [stdout]   12:     0x634bfea5106e - rsteam[41710194dc0004dc]::steam_user::resolve_vanity_url::tests::resolve_correct_url
[INFO] [stdout]   13:     0x634bfeaa4179 - <rsteam[41710194dc0004dc]::steam_user::resolve_vanity_url::tests::resolve_correct_url::{closure#0} as core[df12db4294e9bfd3]::ops::function::FnOnce<()>>::call_once
[INFO] [stdout]   14:     0x634bfeafd0bb - test[9d35eded1c95d3be]::__rust_begin_short_backtrace::<core[df12db4294e9bfd3]::result::Result<(), alloc[2182bb758b4b3781]::string::String>, fn() -> core[df12db4294e9bfd3]::result::Result<(), alloc[2182bb758b4b3781]::string::String>>
[INFO] [stdout]   15:     0x634bfeb0a725 - test[9d35eded1c95d3be]::run_test::{closure#0}
[INFO] [stdout]   16:     0x634bfeb03fe4 - std[70759c8f55707aa4]::sys::backtrace::__rust_begin_short_backtrace::<test[9d35eded1c95d3be]::run_test::{closure#1}, ()>
[INFO] [stdout]   17:     0x634bfeb0d882 - <std[70759c8f55707aa4]::thread::lifecycle::spawn_unchecked<test[9d35eded1c95d3be]::run_test::{closure#1}, ()>::{closure#1} as core[df12db4294e9bfd3]::ops::function::FnOnce<()>>::call_once::{shim:vtable#0}
[INFO] [stdout]   18:     0x634bfecb5089 - <std[70759c8f55707aa4]::sys::thread::unix::Thread>::new::thread_start
[INFO] [stdout]   19:     0x7a4e2af30dfa - <unknown>
[INFO] [stdout]   20:     0x7a4e2afc43d4 - clone
[INFO] [stdout]   21:                0x0 - <unknown>
[INFO] [stdout] 
[INFO] [stdout] ---- steam_user::get_player_summaries::tests::works_with_single stdout ----
[INFO] [stdout] 
[INFO] [stdout] thread 'steam_user::get_player_summaries::tests::works_with_single' (2232) panicked at src/steam_user/get_player_summaries.rs:201:75:
[INFO] [stdout] called `Result::unwrap()` on an `Err` value: NotPresent
[INFO] [stdout] stack backtrace:
[INFO] [stdout]    0:     0x634bfecb5b61 - <<std[70759c8f55707aa4]::sys::backtrace::BacktraceLock>::print::DisplayBacktrace as core[df12db4294e9bfd3]::fmt::Display>::fmt
[INFO] [stdout]    1:     0x634bfeccc84a - core[df12db4294e9bfd3]::fmt::write
[INFO] [stdout]    2:     0x634bfecba70c - <alloc[2182bb758b4b3781]::vec::Vec<u8> as core[df12db4294e9bfd3]::io::write::Write>::write_fmt
[INFO] [stdout]    3:     0x634bfec90f26 - std[70759c8f55707aa4]::panicking::default_hook::{closure#0}
[INFO] [stdout]    4:     0x634bfecadba9 - std[70759c8f55707aa4]::panicking::default_hook
[INFO] [stdout]    5:     0x634bfeb09dd0 - test[9d35eded1c95d3be]::test_main_inner::<test[9d35eded1c95d3be]::test_main_static::{closure#0}>::{closure#0}
[INFO] [stdout]    6:     0x634bfecaded2 - std[70759c8f55707aa4]::panicking::panic_with_hook
[INFO] [stdout]    7:     0x634bfec90fd2 - std[70759c8f55707aa4]::panicking::panic_handler::{closure#0}
[INFO] [stdout]    8:     0x634bfec89c79 - std[70759c8f55707aa4]::sys::backtrace::__rust_end_short_backtrace::<std[70759c8f55707aa4]::panicking::panic_handler::{closure#0}, !>
[INFO] [stdout]    9:     0x634bfec91dbd - __rustc[8fa7c3cbc660c2b3]::rust_begin_unwind
[INFO] [stdout]   10:     0x634bfecccfac - core[df12db4294e9bfd3]::panicking::panic_fmt
[INFO] [stdout]   11:     0x634bfecccd82 - core[df12db4294e9bfd3]::result::unwrap_failed
[INFO] [stdout]   12:     0x634bfea51bf1 - rsteam[41710194dc0004dc]::steam_user::get_player_summaries::tests::works_with_single
[INFO] [stdout]   13:     0x634bfeaa41d9 - <rsteam[41710194dc0004dc]::steam_user::get_player_summaries::tests::works_with_single::{closure#0} as core[df12db4294e9bfd3]::ops::function::FnOnce<()>>::call_once
[INFO] [stdout]   14:     0x634bfeafd0bb - test[9d35eded1c95d3be]::__rust_begin_short_backtrace::<core[df12db4294e9bfd3]::result::Result<(), alloc[2182bb758b4b3781]::string::String>, fn() -> core[df12db4294e9bfd3]::result::Result<(), alloc[2182bb758b4b3781]::string::String>>
[INFO] [stdout]   15:     0x634bfeb0a725 - test[9d35eded1c95d3be]::run_test::{closure#0}
[INFO] [stdout]   16:     0x634bfeb03fe4 - std[70759c8f55707aa4]::sys::backtrace::__rust_begin_short_backtrace::<test[9d35eded1c95d3be]::run_test::{closure#1}, ()>
[INFO] [stdout]   17:     0x634bfeb0d882 - <std[70759c8f55707aa4]::thread::lifecycle::spawn_unchecked<test[9d35eded1c95d3be]::run_test::{closure#1}, ()>::{closure#1} as core[df12db4294e9bfd3]::ops::function::FnOnce<()>>::call_once::{shim:vtable#0}
[INFO] [stdout]   18:     0x634bfecb5089 - <std[70759c8f55707aa4]::sys::thread::unix::Thread>::new::thread_start
[INFO] [stdout]   19:     0x7a4e2af30dfa - <unknown>
[INFO] [stdout]   20:     0x7a4e2afc43d4 - clone
[INFO] [stdout]   21:                0x0 - <unknown>
[INFO] [stdout] 
[INFO] [stdout] ---- steam_user::get_user_group_list::tests::fetches_list_of_ids stdout ----
[INFO] [stdout] 
[INFO] [stdout] thread 'steam_user::get_user_group_list::tests::fetches_list_of_ids' (2233) panicked at src/steam_user/get_user_group_list.rs:68:75:
[INFO] [stdout] called `Result::unwrap()` on an `Err` value: NotPresent
[INFO] [stdout] stack backtrace:
[INFO] [stdout]    0:     0x634bfecb5b61 - <<std[70759c8f55707aa4]::sys::backtrace::BacktraceLock>::print::DisplayBacktrace as core[df12db4294e9bfd3]::fmt::Display>::fmt
[INFO] [stdout]    1:     0x634bfeccc84a - core[df12db4294e9bfd3]::fmt::write
[INFO] [stdout]    2:     0x634bfecba70c - <alloc[2182bb758b4b3781]::vec::Vec<u8> as core[df12db4294e9bfd3]::io::write::Write>::write_fmt
[INFO] [stdout]    3:     0x634bfec90f26 - std[70759c8f55707aa4]::panicking::default_hook::{closure#0}
[INFO] [stdout]    4:     0x634bfecadba9 - std[70759c8f55707aa4]::panicking::default_hook
[INFO] [stdout]    5:     0x634bfeb09dd0 - test[9d35eded1c95d3be]::test_main_inner::<test[9d35eded1c95d3be]::test_main_static::{closure#0}>::{closure#0}
[INFO] [stdout]    6:     0x634bfecaded2 - std[70759c8f55707aa4]::panicking::panic_with_hook
[INFO] [stdout]    7:     0x634bfec90fd2 - std[70759c8f55707aa4]::panicking::panic_handler::{closure#0}
[INFO] [stdout]    8:     0x634bfec89c79 - std[70759c8f55707aa4]::sys::backtrace::__rust_end_short_backtrace::<std[70759c8f55707aa4]::panicking::panic_handler::{closure#0}, !>
[INFO] [stdout]    9:     0x634bfec91dbd - __rustc[8fa7c3cbc660c2b3]::rust_begin_unwind
[INFO] [stdout]   10:     0x634bfecccfac - core[df12db4294e9bfd3]::panicking::panic_fmt
[INFO] [stdout]   11:     0x634bfecccd82 - core[df12db4294e9bfd3]::result::unwrap_failed
[INFO] [stdout]   12:     0x634bfea51763 - rsteam[41710194dc0004dc]::steam_user::get_user_group_list::tests::fetches_list_of_ids
[INFO] [stdout]   13:     0x634bfeaa41b9 - <rsteam[41710194dc0004dc]::steam_user::get_user_group_list::tests::fetches_list_of_ids::{closure#0} as core[df12db4294e9bfd3]::ops::function::FnOnce<()>>::call_once
[INFO] [stdout]   14:     0x634bfeafd0bb - test[9d35eded1c95d3be]::__rust_begin_short_backtrace::<core[df12db4294e9bfd3]::result::Result<(), alloc[2182bb758b4b3781]::string::String>, fn() -> core[df12db4294e9bfd3]::result::Result<(), alloc[2182bb758b4b3781]::string::String>>
[INFO] [stdout]   15:     0x634bfeb0a725 - test[9d35eded1c95d3be]::run_test::{closure#0}
[INFO] [stdout]   16:     0x634bfeb03fe4 - std[70759c8f55707aa4]::sys::backtrace::__rust_begin_short_backtrace::<test[9d35eded1c95d3be]::run_test::{closure#1}, ()>
[INFO] [stdout]   17:     0x634bfeb0d882 - <std[70759c8f55707aa4]::thread::lifecycle::spawn_unchecked<test[9d35eded1c95d3be]::run_test::{closure#1}, ()>::{closure#1} as core[df12db4294e9bfd3]::ops::function::FnOnce<()>>::call_once::{shim:vtable#0}
[INFO] [stdout]   18:     0x634bfecb5089 - <std[70759c8f55707aa4]::sys::thread::unix::Thread>::new::thread_start
[INFO] [stdout]   19:     0x7a4e2af30dfa - <unknown>
[INFO] [stdout]   20:     0x7a4e2afc43d4 - clone
[INFO] [stdout]   21:                0x0 - <unknown>
[INFO] [stdout] 
[INFO] [stdout] ---- player_service::get_recently_played_games::tests::public_profile stdout ----
[INFO] [stdout] 
[INFO] [stdout] thread 'player_service::get_recently_played_games::tests::public_profile' (2219) panicked at src/player_service/get_recently_played_games.rs:74:75:
[INFO] [stdout] called `Result::unwrap()` on an `Err` value: NotPresent
[INFO] [stdout] stack backtrace:
[INFO] [stdout]    0:     0x634bfecb5b61 - <<std[70759c8f55707aa4]::sys::backtrace::BacktraceLock>::print::DisplayBacktrace as core[df12db4294e9bfd3]::fmt::Display>::fmt
[INFO] [stdout]    1:     0x634bfeccc84a - core[df12db4294e9bfd3]::fmt::write
[INFO] [stdout]    2:     0x634bfecba70c - <alloc[2182bb758b4b3781]::vec::Vec<u8> as core[df12db4294e9bfd3]::io::write::Write>::write_fmt
[INFO] [stdout]    3:     0x634bfec90f26 - std[70759c8f55707aa4]::panicking::default_hook::{closure#0}
[INFO] [stdout]    4:     0x634bfecadba9 - std[70759c8f55707aa4]::panicking::default_hook
[INFO] [stdout]    5:     0x634bfeb09dd0 - test[9d35eded1c95d3be]::test_main_inner::<test[9d35eded1c95d3be]::test_main_static::{closure#0}>::{closure#0}
[INFO] [stdout]    6:     0x634bfecaded2 - std[70759c8f55707aa4]::panicking::panic_with_hook
[INFO] [stdout]    7:     0x634bfec90fd2 - std[70759c8f55707aa4]::panicking::panic_handler::{closure#0}
[INFO] [stdout]    8:     0x634bfec89c79 - std[70759c8f55707aa4]::sys::backtrace::__rust_end_short_backtrace::<std[70759c8f55707aa4]::panicking::panic_handler::{closure#0}, !>
[INFO] [stdout]    9:     0x634bfec91dbd - __rustc[8fa7c3cbc660c2b3]::rust_begin_unwind
[INFO] [stdout]   10:     0x634bfecccfac - core[df12db4294e9bfd3]::panicking::panic_fmt
[INFO] [stdout]   11:     0x634bfecccd82 - core[df12db4294e9bfd3]::result::unwrap_failed
[INFO] [stdout]   12:     0x634bfea54573 - rsteam[41710194dc0004dc]::player_service::get_recently_played_games::tests::public_profile
[INFO] [stdout]   13:     0x634bfeaa42b9 - <rsteam[41710194dc0004dc]::player_service::get_recently_played_games::tests::public_profile::{closure#0} as core[df12db4294e9bfd3]::ops::function::FnOnce<()>>::call_once
[INFO] [stdout]   14:     0x634bfeafd0bb - test[9d35eded1c95d3be]::__rust_begin_short_backtrace::<core[df12db4294e9bfd3]::result::Result<(), alloc[2182bb758b4b3781]::string::String>, fn() -> core[df12db4294e9bfd3]::result::Result<(), alloc[2182bb758b4b3781]::string::String>>
[INFO] [stdout]   15:     0x634bfeb0a725 - test[9d35eded1c95d3be]::run_test::{closure#0}
[INFO] [stdout]   16:     0x634bfeb03fe4 - std[70759c8f55707aa4]::sys::backtrace::__rust_begin_short_backtrace::<test[9d35eded1c95d3be]::run_test::{closure#1}, ()>
[INFO] [stdout]   17:     0x634bfeb0d882 - <std[70759c8f55707aa4]::thread::lifecycle::spawn_unchecked<test[9d35eded1c95d3be]::run_test::{closure#1}, ()>::{closure#1} as core[df12db4294e9bfd3]::ops::function::FnOnce<()>>::call_once::{shim:vtable#0}
[INFO] [stdout]   18:     0x634bfecb5089 - <std[70759c8f55707aa4]::sys::thread::unix::Thread>::new::thread_start
[INFO] [stdout]   19:     0x7a4e2af30dfa - <unknown>
[INFO] [stdout]   20:     0x7a4e2afc43d4 - clone
[INFO] [stdout]   21:                0x0 - <unknown>
[INFO] [stdout] 
[INFO] [stdout] ---- steam_apps::get_app_list::tests::csgo_is_in_the_list stdout ----
[INFO] [stdout] 
[INFO] [stdout] thread 'steam_apps::get_app_list::tests::csgo_is_in_the_list' (2222) panicked at src/steam_apps/get_app_list.rs:56:52:
[INFO] [stdout] called `Result::unwrap()` on an `Err` value: HttpClient(hyper::Error(Connect, ConnectError("dns error", Custom { kind: Uncategorized, error: "failed to lookup address information: Temporary failure in name resolution" })))
[INFO] [stdout] stack backtrace:
[INFO] [stdout]    0:     0x634bfecb5b61 - <<std[70759c8f55707aa4]::sys::backtrace::BacktraceLock>::print::DisplayBacktrace as core[df12db4294e9bfd3]::fmt::Display>::fmt
[INFO] [stdout]    1:     0x634bfeccc84a - core[df12db4294e9bfd3]::fmt::write
[INFO] [stdout]    2:     0x634bfecba70c - <alloc[2182bb758b4b3781]::vec::Vec<u8> as core[df12db4294e9bfd3]::io::write::Write>::write_fmt
[INFO] [stdout]    3:     0x634bfec90f26 - std[70759c8f55707aa4]::panicking::default_hook::{closure#0}
[INFO] [stdout]    4:     0x634bfecadba9 - std[70759c8f55707aa4]::panicking::default_hook
[INFO] [stdout]    5:     0x634bfeb09dd0 - test[9d35eded1c95d3be]::test_main_inner::<test[9d35eded1c95d3be]::test_main_static::{closure#0}>::{closure#0}
[INFO] [stdout]    6:     0x634bfecaded2 - std[70759c8f55707aa4]::panicking::panic_with_hook
[INFO] [stdout]    7:     0x634bfec90fd2 - std[70759c8f55707aa4]::panicking::panic_handler::{closure#0}
[INFO] [stdout]    8:     0x634bfec89c79 - std[70759c8f55707aa4]::sys::backtrace::__rust_end_short_backtrace::<std[70759c8f55707aa4]::panicking::panic_handler::{closure#0}, !>
[INFO] [stdout]    9:     0x634bfec91dbd - __rustc[8fa7c3cbc660c2b3]::rust_begin_unwind
[INFO] [stdout]   10:     0x634bfecccfac - core[df12db4294e9bfd3]::panicking::panic_fmt
[INFO] [stdout]   11:     0x634bfecccd82 - core[df12db4294e9bfd3]::result::unwrap_failed
[INFO] [stdout]   12:     0x634bfea4f2c6 - rsteam[41710194dc0004dc]::steam_apps::get_app_list::tests::csgo_is_in_the_list
[INFO] [stdout]   13:     0x634bfeaa40f9 - <rsteam[41710194dc0004dc]::steam_apps::get_app_list::tests::csgo_is_in_the_list::{closure#0} as core[df12db4294e9bfd3]::ops::function::FnOnce<()>>::call_once
[INFO] [stdout]   14:     0x634bfeafd0bb - test[9d35eded1c95d3be]::__rust_begin_short_backtrace::<core[df12db4294e9bfd3]::result::Result<(), alloc[2182bb758b4b3781]::string::String>, fn() -> core[df12db4294e9bfd3]::result::Result<(), alloc[2182bb758b4b3781]::string::String>>
[INFO] [stdout]   15:     0x634bfeb0a725 - test[9d35eded1c95d3be]::run_test::{closure#0}
[INFO] [stdout]   16:     0x634bfeb03fe4 - std[70759c8f55707aa4]::sys::backtrace::__rust_begin_short_backtrace::<test[9d35eded1c95d3be]::run_test::{closure#1}, ()>
[INFO] [stdout]   17:     0x634bfeb0d882 - <std[70759c8f55707aa4]::thread::lifecycle::spawn_unchecked<test[9d35eded1c95d3be]::run_test::{closure#1}, ()>::{closure#1} as core[df12db4294e9bfd3]::ops::function::FnOnce<()>>::call_once::{shim:vtable#0}
[INFO] [stdout]   18:     0x634bfecb5089 - <std[70759c8f55707aa4]::sys::thread::unix::Thread>::new::thread_start
[INFO] [stdout]   19:     0x7a4e2af30dfa - <unknown>
[INFO] [stdout]   20:     0x7a4e2afc43d4 - clone
[INFO] [stdout]   21:                0x0 - <unknown>
[INFO] [stdout] 
[INFO] [stdout] ---- steam_user::get_player_summaries::tests::works_with_invalid stdout ----
[INFO] [stdout] 
[INFO] [stdout] thread 'steam_user::get_player_summaries::tests::works_with_invalid' (2229) panicked at src/steam_user/get_player_summaries.rs:223:75:
[INFO] [stdout] called `Result::unwrap()` on an `Err` value: NotPresent
[INFO] [stdout] stack backtrace:
[INFO] [stdout]    0:     0x634bfecb5b61 - <<std[70759c8f55707aa4]::sys::backtrace::BacktraceLock>::print::DisplayBacktrace as core[df12db4294e9bfd3]::fmt::Display>::fmt
[INFO] [stdout]    1:     0x634bfeccc84a - core[df12db4294e9bfd3]::fmt::write
[INFO] [stdout]    2:     0x634bfecba70c - <alloc[2182bb758b4b3781]::vec::Vec<u8> as core[df12db4294e9bfd3]::io::write::Write>::write_fmt
[INFO] [stdout]    3:     0x634bfec90f26 - std[70759c8f55707aa4]::panicking::default_hook::{closure#0}
[INFO] [stdout]    4:     0x634bfecadba9 - std[70759c8f55707aa4]::panicking::default_hook
[INFO] [stdout]    5:     0x634bfeb09dd0 - test[9d35eded1c95d3be]::test_main_inner::<test[9d35eded1c95d3be]::test_main_static::{closure#0}>::{closure#0}
[INFO] [stdout]    6:     0x634bfecaded2 - std[70759c8f55707aa4]::panicking::panic_with_hook
[INFO] [stdout]    7:     0x634bfec90fd2 - std[70759c8f55707aa4]::panicking::panic_handler::{closure#0}
[INFO] [stdout]    8:     0x634bfec89c79 - std[70759c8f55707aa4]::sys::backtrace::__rust_end_short_backtrace::<std[70759c8f55707aa4]::panicking::panic_handler::{closure#0}, !>
[INFO] [stdout]    9:     0x634bfec91dbd - __rustc[8fa7c3cbc660c2b3]::rust_begin_unwind
[INFO] [stdout]   10:     0x634bfecccfac - core[df12db4294e9bfd3]::panicking::panic_fmt
[INFO] [stdout]   11:     0x634bfecccd82 - core[df12db4294e9bfd3]::result::unwrap_failed
[INFO] [stdout]   12:     0x634bfea51ee1 - rsteam[41710194dc0004dc]::steam_user::get_player_summaries::tests::works_with_invalid
[INFO] [stdout]   13:     0x634bfeaa41f9 - <rsteam[41710194dc0004dc]::steam_user::get_player_summaries::tests::works_with_invalid::{closure#0} as core[df12db4294e9bfd3]::ops::function::FnOnce<()>>::call_once
[INFO] [stdout]   14:     0x634bfeafd0bb - test[9d35eded1c95d3be]::__rust_begin_short_backtrace::<core[df12db4294e9bfd3]::result::Result<(), alloc[2182bb758b4b3781]::string::String>, fn() -> core[df12db4294e9bfd3]::result::Result<(), alloc[2182bb758b4b3781]::string::String>>
[INFO] [stdout]   15:     0x634bfeb0a725 - test[9d35eded1c95d3be]::run_test::{closure#0}
[INFO] [stdout]   16:     0x634bfeb03fe4 - std[70759c8f55707aa4]::sys::backtrace::__rust_begin_short_backtrace::<test[9d35eded1c95d3be]::run_test::{closure#1}, ()>
[INFO] [stdout]   17:     0x634bfeb0d882 - <std[70759c8f55707aa4]::thread::lifecycle::spawn_unchecked<test[9d35eded1c95d3be]::run_test::{closure#1}, ()>::{closure#1} as core[df12db4294e9bfd3]::ops::function::FnOnce<()>>::call_once::{shim:vtable#0}
[INFO] [stdout]   18:     0x634bfecb5089 - <std[70759c8f55707aa4]::sys::thread::unix::Thread>::new::thread_start
[INFO] [stdout]   19:     0x7a4e2af30dfa - <unknown>
[INFO] [stdout]   20:     0x7a4e2afc43d4 - clone
[INFO] [stdout]   21:                0x0 - <unknown>
[INFO] [stdout] 
[INFO] [stdout] ---- steam_user::get_friend_list::tests::works stdout ----
[INFO] [stdout] 
[INFO] [stdout] thread 'steam_user::get_friend_list::tests::works' (2227) panicked at src/steam_user/get_friend_list.rs:84:75:
[INFO] [stdout] called `Result::unwrap()` on an `Err` value: NotPresent
[INFO] [stdout] stack backtrace:
[INFO] [stdout]    0:     0x634bfecb5b61 - <<std[70759c8f55707aa4]::sys::backtrace::BacktraceLock>::print::DisplayBacktrace as core[df12db4294e9bfd3]::fmt::Display>::fmt
[INFO] [stdout]    1:     0x634bfeccc84a - core[df12db4294e9bfd3]::fmt::write
[INFO] [stdout]    2:     0x634bfecba70c - <alloc[2182bb758b4b3781]::vec::Vec<u8> as core[df12db4294e9bfd3]::io::write::Write>::write_fmt
[INFO] [stdout]    3:     0x634bfec90f26 - std[70759c8f55707aa4]::panicking::default_hook::{closure#0}
[INFO] [stdout]    4:     0x634bfecadba9 - std[70759c8f55707aa4]::panicking::default_hook
[INFO] [stdout]    5:     0x634bfeb09dd0 - test[9d35eded1c95d3be]::test_main_inner::<test[9d35eded1c95d3be]::test_main_static::{closure#0}>::{closure#0}
[INFO] [stdout]    6:     0x634bfecaded2 - std[70759c8f55707aa4]::panicking::panic_with_hook
[INFO] [stdout]    7:     0x634bfec90fd2 - std[70759c8f55707aa4]::panicking::panic_handler::{closure#0}
[INFO] [stdout]    8:     0x634bfec89c79 - std[70759c8f55707aa4]::sys::backtrace::__rust_end_short_backtrace::<std[70759c8f55707aa4]::panicking::panic_handler::{closure#0}, !>
[INFO] [stdout]    9:     0x634bfec91dbd - __rustc[8fa7c3cbc660c2b3]::rust_begin_unwind
[INFO] [stdout]   10:     0x634bfecccfac - core[df12db4294e9bfd3]::panicking::panic_fmt
[INFO] [stdout]   11:     0x634bfecccd82 - core[df12db4294e9bfd3]::result::unwrap_failed
[INFO] [stdout]   12:     0x634bfea5037f - rsteam[41710194dc0004dc]::steam_user::get_friend_list::tests::works
[INFO] [stdout]   13:     0x634bfeaa4139 - <rsteam[41710194dc0004dc]::steam_user::get_friend_list::tests::works::{closure#0} as core[df12db4294e9bfd3]::ops::function::FnOnce<()>>::call_once
[INFO] [stdout]   14:     0x634bfeafd0bb - test[9d35eded1c95d3be]::__rust_begin_short_backtrace::<core[df12db4294e9bfd3]::result::Result<(), alloc[2182bb758b4b3781]::string::String>, fn() -> core[df12db4294e9bfd3]::result::Result<(), alloc[2182bb758b4b3781]::string::String>>
[INFO] [stdout]   15:     0x634bfeb0a725 - test[9d35eded1c95d3be]::run_test::{closure#0}
[INFO] [stdout]   16:     0x634bfeb03fe4 - std[70759c8f55707aa4]::sys::backtrace::__rust_begin_short_backtrace::<test[9d35eded1c95d3be]::run_test::{closure#1}, ()>
[INFO] [stdout]   17:     0x634bfeb0d882 - <std[70759c8f55707aa4]::thread::lifecycle::spawn_unchecked<test[9d35eded1c95d3be]::run_test::{closure#1}, ()>::{closure#1} as core[df12db4294e9bfd3]::ops::function::FnOnce<()>>::call_once::{shim:vtable#0}
[INFO] [stdout]   18:     0x634bfecb5089 - <std[70759c8f55707aa4]::sys::thread::unix::Thread>::new::thread_start
[INFO] [stdout]   19:     0x7a4e2af30dfa - <unknown>
[INFO] [stdout]   20:     0x7a4e2afc43d4 - clone
[INFO] [stdout]   21:                0x0 - <unknown>
[INFO] [stdout] 
[INFO] [stdout] ---- steam_user_stats::get_user_stats_for_game::tests::fetch_stats stdout ----
[INFO] [stdout] 
[INFO] [stdout] thread 'steam_user_stats::get_user_stats_for_game::tests::fetch_stats' (2242) panicked at src/steam_user_stats/get_user_stats_for_game.rs:78:75:
[INFO] [stdout] called `Result::unwrap()` on an `Err` value: NotPresent
[INFO] [stdout] stack backtrace:
[INFO] [stdout]    0:     0x634bfecb5b61 - <<std[70759c8f55707aa4]::sys::backtrace::BacktraceLock>::print::DisplayBacktrace as core[df12db4294e9bfd3]::fmt::Display>::fmt
[INFO] [stdout]    1:     0x634bfeccc84a - core[df12db4294e9bfd3]::fmt::write
[INFO] [stdout]    2:     0x634bfecba70c - <alloc[2182bb758b4b3781]::vec::Vec<u8> as core[df12db4294e9bfd3]::io::write::Write>::write_fmt
[INFO] [stdout]    3:     0x634bfec90f26 - std[70759c8f55707aa4]::panicking::default_hook::{closure#0}
[INFO] [stdout]    4:     0x634bfecadba9 - std[70759c8f55707aa4]::panicking::default_hook
[INFO] [stdout]    5:     0x634bfeb09dd0 - test[9d35eded1c95d3be]::test_main_inner::<test[9d35eded1c95d3be]::test_main_static::{closure#0}>::{closure#0}
[INFO] [stdout]    6:     0x634bfecaded2 - std[70759c8f55707aa4]::panicking::panic_with_hook
[INFO] [stdout]    7:     0x634bfec90fd2 - std[70759c8f55707aa4]::panicking::panic_handler::{closure#0}
[INFO] [stderr] error: test failed, to rerun pass `--lib`
[INFO] [stdout]    8:     0x634bfec89c79 - std[70759c8f55707aa4]::sys::backtrace::__rust_end_short_backtrace::<std[70759c8f55707aa4]::panicking::panic_handler::{closure#0}, !>
[INFO] [stdout]    9:     0x634bfec91dbd - __rustc[8fa7c3cbc660c2b3]::rust_begin_unwind
[INFO] [stdout]   10:     0x634bfecccfac - core[df12db4294e9bfd3]::panicking::panic_fmt
[INFO] [stdout]   11:     0x634bfecccd82 - core[df12db4294e9bfd3]::result::unwrap_failed
[INFO] [stdout]   12:     0x634bfea55651 - rsteam[41710194dc0004dc]::steam_user_stats::get_user_stats_for_game::tests::fetch_stats
[INFO] [stdout]   13:     0x634bfeaa4319 - <rsteam[41710194dc0004dc]::steam_user_stats::get_user_stats_for_game::tests::fetch_stats::{closure#0} as core[df12db4294e9bfd3]::ops::function::FnOnce<()>>::call_once
[INFO] [stdout]   14:     0x634bfeafd0bb - test[9d35eded1c95d3be]::__rust_begin_short_backtrace::<core[df12db4294e9bfd3]::result::Result<(), alloc[2182bb758b4b3781]::string::String>, fn() -> core[df12db4294e9bfd3]::result::Result<(), alloc[2182bb758b4b3781]::string::String>>
[INFO] [stdout]   15:     0x634bfeb0a725 - test[9d35eded1c95d3be]::run_test::{closure#0}
[INFO] [stdout]   16:     0x634bfeb03fe4 - std[70759c8f55707aa4]::sys::backtrace::__rust_begin_short_backtrace::<test[9d35eded1c95d3be]::run_test::{closure#1}, ()>
[INFO] [stdout]   17:     0x634bfeb0d882 - <std[70759c8f55707aa4]::thread::lifecycle::spawn_unchecked<test[9d35eded1c95d3be]::run_test::{closure#1}, ()>::{closure#1} as core[df12db4294e9bfd3]::ops::function::FnOnce<()>>::call_once::{shim:vtable#0}
[INFO] [stdout]   18:     0x634bfecb5089 - <std[70759c8f55707aa4]::sys::thread::unix::Thread>::new::thread_start
[INFO] [stdout]   19:     0x7a4e2af30dfa - <unknown>
[INFO] [stdout]   20:     0x7a4e2afc43d4 - clone
[INFO] [stdout]   21:                0x0 - <unknown>
[INFO] [stdout] 
[INFO] [stdout] ---- steam_user_stats::get_number_of_current_players::tests::correct_csgo_achievements stdout ----
[INFO] [stdout] 
[INFO] [stdout] thread 'steam_user_stats::get_number_of_current_players::tests::correct_csgo_achievements' (2239) panicked at src/steam_user_stats/get_number_of_current_players.rs:61:84:
[INFO] [stdout] called `Result::unwrap()` on an `Err` value: HttpClient(hyper::Error(Connect, ConnectError("dns error", Custom { kind: Uncategorized, error: "failed to lookup address information: Temporary failure in name resolution" })))
[INFO] [stdout] stack backtrace:
[INFO] [stdout]    0:     0x634bfecb5b61 - <<std[70759c8f55707aa4]::sys::backtrace::BacktraceLock>::print::DisplayBacktrace as core[df12db4294e9bfd3]::fmt::Display>::fmt
[INFO] [stdout]    1:     0x634bfeccc84a - core[df12db4294e9bfd3]::fmt::write
[INFO] [stdout]    2:     0x634bfecba70c - <alloc[2182bb758b4b3781]::vec::Vec<u8> as core[df12db4294e9bfd3]::io::write::Write>::write_fmt
[INFO] [stdout]    3:     0x634bfec90f26 - std[70759c8f55707aa4]::panicking::default_hook::{closure#0}
[INFO] [stdout]    4:     0x634bfecadba9 - std[70759c8f55707aa4]::panicking::default_hook
[INFO] [stdout]    5:     0x634bfeb09dd0 - test[9d35eded1c95d3be]::test_main_inner::<test[9d35eded1c95d3be]::test_main_static::{closure#0}>::{closure#0}
[INFO] [stdout]    6:     0x634bfecaded2 - std[70759c8f55707aa4]::panicking::panic_with_hook
[INFO] [stdout]    7:     0x634bfec90fd2 - std[70759c8f55707aa4]::panicking::panic_handler::{closure#0}
[INFO] [stdout]    8:     0x634bfec89c79 - std[70759c8f55707aa4]::sys::backtrace::__rust_end_short_backtrace::<std[70759c8f55707aa4]::panicking::panic_handler::{closure#0}, !>
[INFO] [stdout]    9:     0x634bfec91dbd - __rustc[8fa7c3cbc660c2b3]::rust_begin_unwind
[INFO] [stdout]   10:     0x634bfecccfac - core[df12db4294e9bfd3]::panicking::panic_fmt
[INFO] [stdout]   11:     0x634bfecccd82 - core[df12db4294e9bfd3]::result::unwrap_failed
[INFO] [stdout]   12:     0x634bfea55acb - rsteam[41710194dc0004dc]::steam_user_stats::get_number_of_current_players::tests::correct_csgo_achievements
[INFO] [stdout]   13:     0x634bfeaa4339 - <rsteam[41710194dc0004dc]::steam_user_stats::get_number_of_current_players::tests::correct_csgo_achievements::{closure#0} as core[df12db4294e9bfd3]::ops::function::FnOnce<()>>::call_once
[INFO] [stdout]   14:     0x634bfeafd0bb - test[9d35eded1c95d3be]::__rust_begin_short_backtrace::<core[df12db4294e9bfd3]::result::Result<(), alloc[2182bb758b4b3781]::string::String>, fn() -> core[df12db4294e9bfd3]::result::Result<(), alloc[2182bb758b4b3781]::string::String>>
[INFO] [stdout]   15:     0x634bfeb0a725 - test[9d35eded1c95d3be]::run_test::{closure#0}
[INFO] [stdout]   16:     0x634bfeb03fe4 - std[70759c8f55707aa4]::sys::backtrace::__rust_begin_short_backtrace::<test[9d35eded1c95d3be]::run_test::{closure#1}, ()>
[INFO] [stdout]   17:     0x634bfeb0d882 - <std[70759c8f55707aa4]::thread::lifecycle::spawn_unchecked<test[9d35eded1c95d3be]::run_test::{closure#1}, ()>::{closure#1} as core[df12db4294e9bfd3]::ops::function::FnOnce<()>>::call_once::{shim:vtable#0}
[INFO] [stdout]   18:     0x634bfecb5089 - <std[70759c8f55707aa4]::sys::thread::unix::Thread>::new::thread_start
[INFO] [stdout]   19:     0x7a4e2af30dfa - <unknown>
[INFO] [stdout]   20:     0x7a4e2afc43d4 - clone
[INFO] [stdout]   21:                0x0 - <unknown>
[INFO] [stdout] 
[INFO] [stdout] ---- legacy::list_group_members::tests::fetch_1_8m_members stdout ----
[INFO] [stdout] 
[INFO] [stdout] thread 'legacy::list_group_members::tests::fetch_1_8m_members' (2214) panicked at src/legacy/list_group_members.rs:107:67:
[INFO] [stdout] called `Result::unwrap()` on an `Err` value: HttpClient(hyper::Error(Connect, ConnectError("dns error", Custom { kind: Uncategorized, error: "failed to lookup address information: Temporary failure in name resolution" })))
[INFO] [stdout] stack backtrace:
[INFO] [stdout]    0:     0x634bfecb5b61 - <<std[70759c8f55707aa4]::sys::backtrace::BacktraceLock>::print::DisplayBacktrace as core[df12db4294e9bfd3]::fmt::Display>::fmt
[INFO] [stdout]    1:     0x634bfeccc84a - core[df12db4294e9bfd3]::fmt::write
[INFO] [stdout]    2:     0x634bfecba70c - <alloc[2182bb758b4b3781]::vec::Vec<u8> as core[df12db4294e9bfd3]::io::write::Write>::write_fmt
[INFO] [stdout]    3:     0x634bfec90f26 - std[70759c8f55707aa4]::panicking::default_hook::{closure#0}
[INFO] [stdout]    4:     0x634bfecadba9 - std[70759c8f55707aa4]::panicking::default_hook
[INFO] [stdout]    5:     0x634bfeb09dd0 - test[9d35eded1c95d3be]::test_main_inner::<test[9d35eded1c95d3be]::test_main_static::{closure#0}>::{closure#0}
[INFO] [stdout]    6:     0x634bfecaded2 - std[70759c8f55707aa4]::panicking::panic_with_hook
[INFO] [stdout]    7:     0x634bfec90fd2 - std[70759c8f55707aa4]::panicking::panic_handler::{closure#0}
[INFO] [stdout]    8:     0x634bfec89c79 - std[70759c8f55707aa4]::sys::backtrace::__rust_end_short_backtrace::<std[70759c8f55707aa4]::panicking::panic_handler::{closure#0}, !>
[INFO] [stdout]    9:     0x634bfec91dbd - __rustc[8fa7c3cbc660c2b3]::rust_begin_unwind
[INFO] [stdout]   10:     0x634bfecccfac - core[df12db4294e9bfd3]::panicking::panic_fmt
[INFO] [stdout]   11:     0x634bfecccd82 - core[df12db4294e9bfd3]::result::unwrap_failed
[INFO] [stdout]   12:     0x634bfea56983 - rsteam[41710194dc0004dc]::legacy::list_group_members::tests::fetch_1_8m_members
[INFO] [stdout]   13:     0x634bfeaa43f9 - <rsteam[41710194dc0004dc]::legacy::list_group_members::tests::fetch_1_8m_members::{closure#0} as core[df12db4294e9bfd3]::ops::function::FnOnce<()>>::call_once
[INFO] [stdout]   14:     0x634bfeafd0bb - test[9d35eded1c95d3be]::__rust_begin_short_backtrace::<core[df12db4294e9bfd3]::result::Result<(), alloc[2182bb758b4b3781]::string::String>, fn() -> core[df12db4294e9bfd3]::result::Result<(), alloc[2182bb758b4b3781]::string::String>>
[INFO] [stdout]   15:     0x634bfeb0a725 - test[9d35eded1c95d3be]::run_test::{closure#0}
[INFO] [stdout]   16:     0x634bfeb03fe4 - std[70759c8f55707aa4]::sys::backtrace::__rust_begin_short_backtrace::<test[9d35eded1c95d3be]::run_test::{closure#1}, ()>
[INFO] [stdout]   17:     0x634bfeb0d882 - <std[70759c8f55707aa4]::thread::lifecycle::spawn_unchecked<test[9d35eded1c95d3be]::run_test::{closure#1}, ()>::{closure#1} as core[df12db4294e9bfd3]::ops::function::FnOnce<()>>::call_once::{shim:vtable#0}
[INFO] [stdout]   18:     0x634bfecb5089 - <std[70759c8f55707aa4]::sys::thread::unix::Thread>::new::thread_start
[INFO] [stdout]   19:     0x7a4e2af30dfa - <unknown>
[INFO] [stdout]   20:     0x7a4e2afc43d4 - clone
[INFO] [stdout]   21:                0x0 - <unknown>
[INFO] [stdout] 
[INFO] [stdout] ---- player_service::is_playing_shared_game::tests::badges stdout ----
[INFO] [stdout] 
[INFO] [stdout] thread 'player_service::is_playing_shared_game::tests::badges' (2221) panicked at src/player_service/is_playing_shared_game.rs:66:75:
[INFO] [stdout] called `Result::unwrap()` on an `Err` value: NotPresent
[INFO] [stdout] stack backtrace:
[INFO] [stdout]    0:     0x634bfecb5b61 - <<std[70759c8f55707aa4]::sys::backtrace::BacktraceLock>::print::DisplayBacktrace as core[df12db4294e9bfd3]::fmt::Display>::fmt
[INFO] [stdout]    1:     0x634bfeccc84a - core[df12db4294e9bfd3]::fmt::write
[INFO] [stdout]    2:     0x634bfecba70c - <alloc[2182bb758b4b3781]::vec::Vec<u8> as core[df12db4294e9bfd3]::io::write::Write>::write_fmt
[INFO] [stdout]    3:     0x634bfec90f26 - std[70759c8f55707aa4]::panicking::default_hook::{closure#0}
[INFO] [stdout]    4:     0x634bfecadba9 - std[70759c8f55707aa4]::panicking::default_hook
[INFO] [stdout]    5:     0x634bfeb09dd0 - test[9d35eded1c95d3be]::test_main_inner::<test[9d35eded1c95d3be]::test_main_static::{closure#0}>::{closure#0}
[INFO] [stdout]    6:     0x634bfecaded2 - std[70759c8f55707aa4]::panicking::panic_with_hook
[INFO] [stdout]    7:     0x634bfec90fd2 - std[70759c8f55707aa4]::panicking::panic_handler::{closure#0}
[INFO] [stdout]    8:     0x634bfec89c79 - std[70759c8f55707aa4]::sys::backtrace::__rust_end_short_backtrace::<std[70759c8f55707aa4]::panicking::panic_handler::{closure#0}, !>
[INFO] [stdout]    9:     0x634bfec91dbd - __rustc[8fa7c3cbc660c2b3]::rust_begin_unwind
[INFO] [stdout]   10:     0x634bfecccfac - core[df12db4294e9bfd3]::panicking::panic_fmt
[INFO] [stdout]   11:     0x634bfecccd82 - core[df12db4294e9bfd3]::result::unwrap_failed
[INFO] [stdout]   12:     0x634bfea5410f - rsteam[41710194dc0004dc]::player_service::is_playing_shared_game::tests::badges
[INFO] [stdout]   13:     0x634bfeaa4299 - <rsteam[41710194dc0004dc]::player_service::is_playing_shared_game::tests::badges::{closure#0} as core[df12db4294e9bfd3]::ops::function::FnOnce<()>>::call_once
[INFO] [stdout]   14:     0x634bfeafd0bb - test[9d35eded1c95d3be]::__rust_begin_short_backtrace::<core[df12db4294e9bfd3]::result::Result<(), alloc[2182bb758b4b3781]::string::String>, fn() -> core[df12db4294e9bfd3]::result::Result<(), alloc[2182bb758b4b3781]::string::String>>
[INFO] [stdout]   15:     0x634bfeb0a725 - test[9d35eded1c95d3be]::run_test::{closure#0}
[INFO] [stdout]   16:     0x634bfeb03fe4 - std[70759c8f55707aa4]::sys::backtrace::__rust_begin_short_backtrace::<test[9d35eded1c95d3be]::run_test::{closure#1}, ()>
[INFO] [stdout]   17:     0x634bfeb0d882 - <std[70759c8f55707aa4]::thread::lifecycle::spawn_unchecked<test[9d35eded1c95d3be]::run_test::{closure#1}, ()>::{closure#1} as core[df12db4294e9bfd3]::ops::function::FnOnce<()>>::call_once::{shim:vtable#0}
[INFO] [stdout]   18:     0x634bfecb5089 - <std[70759c8f55707aa4]::sys::thread::unix::Thread>::new::thread_start
[INFO] [stdout]   19:     0x7a4e2af30dfa - <unknown>
[INFO] [stdout]   20:     0x7a4e2afc43d4 - clone
[INFO] [stdout]   21:                0x0 - <unknown>
[INFO] [stdout] 
[INFO] [stdout] ---- legacy::get_group_summary::tests::fetch_group_info stdout ----
[INFO] [stdout] 
[INFO] [stdout] thread 'legacy::get_group_summary::tests::fetch_group_info' (2212) panicked at src/legacy/get_group_summary.rs:88:75:
[INFO] [stdout] called `Result::unwrap()` on an `Err` value: HttpClient(hyper::Error(Connect, ConnectError("dns error", Custom { kind: Uncategorized, error: "failed to lookup address information: Temporary failure in name resolution" })))
[INFO] [stdout] stack backtrace:
[INFO] [stdout]    0:     0x634bfecb5b61 - <<std[70759c8f55707aa4]::sys::backtrace::BacktraceLock>::print::DisplayBacktrace as core[df12db4294e9bfd3]::fmt::Display>::fmt
[INFO] [stdout]    1:     0x634bfeccc84a - core[df12db4294e9bfd3]::fmt::write
[INFO] [stdout]    2:     0x634bfecba70c - <alloc[2182bb758b4b3781]::vec::Vec<u8> as core[df12db4294e9bfd3]::io::write::Write>::write_fmt
[INFO] [stdout]    3:     0x634bfec90f26 - std[70759c8f55707aa4]::panicking::default_hook::{closure#0}
[INFO] [stdout]    4:     0x634bfecadba9 - std[70759c8f55707aa4]::panicking::default_hook
[INFO] [stdout]    5:     0x634bfeb09dd0 - test[9d35eded1c95d3be]::test_main_inner::<test[9d35eded1c95d3be]::test_main_static::{closure#0}>::{closure#0}
[INFO] [stdout]    6:     0x634bfecaded2 - std[70759c8f55707aa4]::panicking::panic_with_hook
[INFO] [stdout]    7:     0x634bfec90fd2 - std[70759c8f55707aa4]::panicking::panic_handler::{closure#0}
[INFO] [stdout]    8:     0x634bfec89c79 - std[70759c8f55707aa4]::sys::backtrace::__rust_end_short_backtrace::<std[70759c8f55707aa4]::panicking::panic_handler::{closure#0}, !>
[INFO] [stdout]    9:     0x634bfec91dbd - __rustc[8fa7c3cbc660c2b3]::rust_begin_unwind
[INFO] [stdout]   10:     0x634bfecccfac - core[df12db4294e9bfd3]::panicking::panic_fmt
[INFO] [stdout]   11:     0x634bfecccd82 - core[df12db4294e9bfd3]::result::unwrap_failed
[INFO] [stdout]   12:     0x634bfea56367 - rsteam[41710194dc0004dc]::legacy::get_group_summary::tests::fetch_group_info
[INFO] [stdout]   13:     0x634bfeaa43b9 - <rsteam[41710194dc0004dc]::legacy::get_group_summary::tests::fetch_group_info::{closure#0} as core[df12db4294e9bfd3]::ops::function::FnOnce<()>>::call_once
[INFO] [stdout]   14:     0x634bfeafd0bb - test[9d35eded1c95d3be]::__rust_begin_short_backtrace::<core[df12db4294e9bfd3]::result::Result<(), alloc[2182bb758b4b3781]::string::String>, fn() -> core[df12db4294e9bfd3]::result::Result<(), alloc[2182bb758b4b3781]::string::String>>
[INFO] [stdout]   15:     0x634bfeb0a725 - test[9d35eded1c95d3be]::run_test::{closure#0}
[INFO] [stdout]   16:     0x634bfeb03fe4 - std[70759c8f55707aa4]::sys::backtrace::__rust_begin_short_backtrace::<test[9d35eded1c95d3be]::run_test::{closure#1}, ()>
[INFO] [stdout]   17:     0x634bfeb0d882 - <std[70759c8f55707aa4]::thread::lifecycle::spawn_unchecked<test[9d35eded1c95d3be]::run_test::{closure#1}, ()>::{closure#1} as core[df12db4294e9bfd3]::ops::function::FnOnce<()>>::call_once::{shim:vtable#0}
[INFO] [stdout]   18:     0x634bfecb5089 - <std[70759c8f55707aa4]::sys::thread::unix::Thread>::new::thread_start
[INFO] [stdout]   19:     0x7a4e2af30dfa - <unknown>
[INFO] [stdout]   20:     0x7a4e2afc43d4 - clone
[INFO] [stdout]   21:                0x0 - <unknown>
[INFO] [stdout] 
[INFO] [stdout] ---- legacy::list_group_members::tests::fetch_12k_members stdout ----
[INFO] [stdout] 
[INFO] [stdout] thread 'legacy::list_group_members::tests::fetch_12k_members' (2213) panicked at src/legacy/list_group_members.rs:116:67:
[INFO] [stdout] called `Result::unwrap()` on an `Err` value: HttpClient(hyper::Error(Connect, ConnectError("dns error", Custom { kind: Uncategorized, error: "failed to lookup address information: Temporary failure in name resolution" })))
[INFO] [stdout] stack backtrace:
[INFO] [stdout]    0:     0x634bfecb5b61 - <<std[70759c8f55707aa4]::sys::backtrace::BacktraceLock>::print::DisplayBacktrace as core[df12db4294e9bfd3]::fmt::Display>::fmt
[INFO] [stdout]    1:     0x634bfeccc84a - core[df12db4294e9bfd3]::fmt::write
[INFO] [stdout]    2:     0x634bfecba70c - <alloc[2182bb758b4b3781]::vec::Vec<u8> as core[df12db4294e9bfd3]::io::write::Write>::write_fmt
[INFO] [stdout]    3:     0x634bfec90f26 - std[70759c8f55707aa4]::panicking::default_hook::{closure#0}
[INFO] [stdout]    4:     0x634bfecadba9 - std[70759c8f55707aa4]::panicking::default_hook
[INFO] [stdout]    5:     0x634bfeb09dd0 - test[9d35eded1c95d3be]::test_main_inner::<test[9d35eded1c95d3be]::test_main_static::{closure#0}>::{closure#0}
[INFO] [stdout]    6:     0x634bfecaded2 - std[70759c8f55707aa4]::panicking::panic_with_hook
[INFO] [stdout]    7:     0x634bfec90fd2 - std[70759c8f55707aa4]::panicking::panic_handler::{closure#0}
[INFO] [stdout]    8:     0x634bfec89c79 - std[70759c8f55707aa4]::sys::backtrace::__rust_end_short_backtrace::<std[70759c8f55707aa4]::panicking::panic_handler::{closure#0}, !>
[INFO] [stdout]    9:     0x634bfec91dbd - __rustc[8fa7c3cbc660c2b3]::rust_begin_unwind
[INFO] [stdout]   10:     0x634bfecccfac - core[df12db4294e9bfd3]::panicking::panic_fmt
[INFO] [stdout]   11:     0x634bfecccd82 - core[df12db4294e9bfd3]::result::unwrap_failed
[INFO] [stdout]   12:     0x634bfea56623 - rsteam[41710194dc0004dc]::legacy::list_group_members::tests::fetch_12k_members
[INFO] [stdout]   13:     0x634bfeaa43d9 - <rsteam[41710194dc0004dc]::legacy::list_group_members::tests::fetch_12k_members::{closure#0} as core[df12db4294e9bfd3]::ops::function::FnOnce<()>>::call_once
[INFO] [stdout]   14:     0x634bfeafd0bb - test[9d35eded1c95d3be]::__rust_begin_short_backtrace::<core[df12db4294e9bfd3]::result::Result<(), alloc[2182bb758b4b3781]::string::String>, fn() -> core[df12db4294e9bfd3]::result::Result<(), alloc[2182bb758b4b3781]::string::String>>
[INFO] [stdout]   15:     0x634bfeb0a725 - test[9d35eded1c95d3be]::run_test::{closure#0}
[INFO] [stdout]   16:     0x634bfeb03fe4 - std[70759c8f55707aa4]::sys::backtrace::__rust_begin_short_backtrace::<test[9d35eded1c95d3be]::run_test::{closure#1}, ()>
[INFO] [stdout]   17:     0x634bfeb0d882 - <std[70759c8f55707aa4]::thread::lifecycle::spawn_unchecked<test[9d35eded1c95d3be]::run_test::{closure#1}, ()>::{closure#1} as core[df12db4294e9bfd3]::ops::function::FnOnce<()>>::call_once::{shim:vtable#0}
[INFO] [stdout]   18:     0x634bfecb5089 - <std[70759c8f55707aa4]::sys::thread::unix::Thread>::new::thread_start
[INFO] [stdout]   19:     0x7a4e2af30dfa - <unknown>
[INFO] [stdout]   20:     0x7a4e2afc43d4 - clone
[INFO] [stdout]   21:                0x0 - <unknown>
[INFO] [stdout] 
[INFO] [stdout] ---- steam_news::get_news_for_app::tests::default_csgo_news stdout ----
[INFO] [stdout] 
[INFO] [stdout] thread 'steam_news::get_news_for_app::tests::default_csgo_news' (2226) panicked at src/steam_news/get_news_for_app.rs:93:86:
[INFO] [stdout] called `Result::unwrap()` on an `Err` value: HttpClient(hyper::Error(Connect, ConnectError("dns error", Custom { kind: Uncategorized, error: "failed to lookup address information: Temporary failure in name resolution" })))
[INFO] [stdout] stack backtrace:
[INFO] [stdout]    0:     0x634bfecb5b61 - <<std[70759c8f55707aa4]::sys::backtrace::BacktraceLock>::print::DisplayBacktrace as core[df12db4294e9bfd3]::fmt::Display>::fmt
[INFO] [stdout]    1:     0x634bfeccc84a - core[df12db4294e9bfd3]::fmt::write
[INFO] [stdout]    2:     0x634bfecba70c - <alloc[2182bb758b4b3781]::vec::Vec<u8> as core[df12db4294e9bfd3]::io::write::Write>::write_fmt
[INFO] [stdout]    3:     0x634bfec90f26 - std[70759c8f55707aa4]::panicking::default_hook::{closure#0}
[INFO] [stdout]    4:     0x634bfecadba9 - std[70759c8f55707aa4]::panicking::default_hook
[INFO] [stdout]    5:     0x634bfeb09dd0 - test[9d35eded1c95d3be]::test_main_inner::<test[9d35eded1c95d3be]::test_main_static::{closure#0}>::{closure#0}
[INFO] [stdout]    6:     0x634bfecaded2 - std[70759c8f55707aa4]::panicking::panic_with_hook
[INFO] [stdout]    7:     0x634bfec90fd2 - std[70759c8f55707aa4]::panicking::panic_handler::{closure#0}
[INFO] [stdout]    8:     0x634bfec89c79 - std[70759c8f55707aa4]::sys::backtrace::__rust_end_short_backtrace::<std[70759c8f55707aa4]::panicking::panic_handler::{closure#0}, !>
[INFO] [stdout]    9:     0x634bfec91dbd - __rustc[8fa7c3cbc660c2b3]::rust_begin_unwind
[INFO] [stdout]   10:     0x634bfecccfac - core[df12db4294e9bfd3]::panicking::panic_fmt
[INFO] [stdout]   11:     0x634bfecccd82 - core[df12db4294e9bfd3]::result::unwrap_failed
[INFO] [stdout]   12:     0x634bfea4fc42 - rsteam[41710194dc0004dc]::steam_news::get_news_for_app::tests::default_csgo_news
[INFO] [stdout]   13:     0x634bfeaa4119 - <rsteam[41710194dc0004dc]::steam_news::get_news_for_app::tests::default_csgo_news::{closure#0} as core[df12db4294e9bfd3]::ops::function::FnOnce<()>>::call_once
[INFO] [stdout]   14:     0x634bfeafd0bb - test[9d35eded1c95d3be]::__rust_begin_short_backtrace::<core[df12db4294e9bfd3]::result::Result<(), alloc[2182bb758b4b3781]::string::String>, fn() -> core[df12db4294e9bfd3]::result::Result<(), alloc[2182bb758b4b3781]::string::String>>
[INFO] [stdout]   15:     0x634bfeb0a725 - test[9d35eded1c95d3be]::run_test::{closure#0}
[INFO] [stdout]   16:     0x634bfeb03fe4 - std[70759c8f55707aa4]::sys::backtrace::__rust_begin_short_backtrace::<test[9d35eded1c95d3be]::run_test::{closure#1}, ()>
[INFO] [stdout]   17:     0x634bfeb0d882 - <std[70759c8f55707aa4]::thread::lifecycle::spawn_unchecked<test[9d35eded1c95d3be]::run_test::{closure#1}, ()>::{closure#1} as core[df12db4294e9bfd3]::ops::function::FnOnce<()>>::call_once::{shim:vtable#0}
[INFO] [stdout]   18:     0x634bfecb5089 - <std[70759c8f55707aa4]::sys::thread::unix::Thread>::new::thread_start
[INFO] [stdout]   19:     0x7a4e2af30dfa - <unknown>
[INFO] [stdout]   20:     0x7a4e2afc43d4 - clone
[INFO] [stdout]   21:                0x0 - <unknown>
[INFO] [stdout] 
[INFO] [stdout] ---- steam_user_stats::get_global_achievement_percentages_for_app::tests::correct_csgo_achievements stdout ----
[INFO] [stdout] 
[INFO] [stdout] thread 'steam_user_stats::get_global_achievement_percentages_for_app::tests::correct_csgo_achievements' (2236) panicked at src/steam_user_stats/get_global_achievement_percentages_for_app.rs:68:82:
[INFO] [stdout] called `Result::unwrap()` on an `Err` value: HttpClient(hyper::Error(Connect, ConnectError("dns error", Custom { kind: Uncategorized, error: "failed to lookup address information: Temporary failure in name resolution" })))
[INFO] [stdout] stack backtrace:
[INFO] [stdout]    0:     0x634bfecb5b61 - <<std[70759c8f55707aa4]::sys::backtrace::BacktraceLock>::print::DisplayBacktrace as core[df12db4294e9bfd3]::fmt::Display>::fmt
[INFO] [stdout]    1:     0x634bfeccc84a - core[df12db4294e9bfd3]::fmt::write
[INFO] [stdout]    2:     0x634bfecba70c - <alloc[2182bb758b4b3781]::vec::Vec<u8> as core[df12db4294e9bfd3]::io::write::Write>::write_fmt
[INFO] [stdout]    3:     0x634bfec90f26 - std[70759c8f55707aa4]::panicking::default_hook::{closure#0}
[INFO] [stdout]    4:     0x634bfecadba9 - std[70759c8f55707aa4]::panicking::default_hook
[INFO] [stdout]    5:     0x634bfeb09dd0 - test[9d35eded1c95d3be]::test_main_inner::<test[9d35eded1c95d3be]::test_main_static::{closure#0}>::{closure#0}
[INFO] [stdout]    6:     0x634bfecaded2 - std[70759c8f55707aa4]::panicking::panic_with_hook
[INFO] [stdout]    7:     0x634bfec90fd2 - std[70759c8f55707aa4]::panicking::panic_handler::{closure#0}
[INFO] [stdout]    8:     0x634bfec89c79 - std[70759c8f55707aa4]::sys::backtrace::__rust_end_short_backtrace::<std[70759c8f55707aa4]::panicking::panic_handler::{closure#0}, !>
[INFO] [stdout]    9:     0x634bfec91dbd - __rustc[8fa7c3cbc660c2b3]::rust_begin_unwind
[INFO] [stdout]   10:     0x634bfecccfac - core[df12db4294e9bfd3]::panicking::panic_fmt
[INFO] [stdout]   11:     0x634bfecccd82 - core[df12db4294e9bfd3]::result::unwrap_failed
[INFO] [stdout]   12:     0x634bfea55efc - rsteam[41710194dc0004dc]::steam_user_stats::get_global_achievement_percentages_for_app::tests::correct_csgo_achievements
[INFO] [stdout]   13:     0x634bfeaa4379 - <rsteam[41710194dc0004dc]::steam_user_stats::get_global_achievement_percentages_for_app::tests::correct_csgo_achievements::{closure#0} as core[df12db4294e9bfd3]::ops::function::FnOnce<()>>::call_once
[INFO] [stdout]   14:     0x634bfeafd0bb - test[9d35eded1c95d3be]::__rust_begin_short_backtrace::<core[df12db4294e9bfd3]::result::Result<(), alloc[2182bb758b4b3781]::string::String>, fn() -> core[df12db4294e9bfd3]::result::Result<(), alloc[2182bb758b4b3781]::string::String>>
[INFO] [stdout]   15:     0x634bfeb0a725 - test[9d35eded1c95d3be]::run_test::{closure#0}
[INFO] [stdout]   16:     0x634bfeb03fe4 - std[70759c8f55707aa4]::sys::backtrace::__rust_begin_short_backtrace::<test[9d35eded1c95d3be]::run_test::{closure#1}, ()>
[INFO] [stdout]   17:     0x634bfeb0d882 - <std[70759c8f55707aa4]::thread::lifecycle::spawn_unchecked<test[9d35eded1c95d3be]::run_test::{closure#1}, ()>::{closure#1} as core[df12db4294e9bfd3]::ops::function::FnOnce<()>>::call_once::{shim:vtable#0}
[INFO] [stdout]   18:     0x634bfecb5089 - <std[70759c8f55707aa4]::sys::thread::unix::Thread>::new::thread_start
[INFO] [stdout]   19:     0x7a4e2af30dfa - <unknown>
[INFO] [stdout]   20:     0x7a4e2afc43d4 - clone
[INFO] [stdout]   21:                0x0 - <unknown>
[INFO] [stdout] 
[INFO] [stdout] 
[INFO] [stdout] failures:
[INFO] [stdout]     legacy::get_group_summary::tests::fetch_group_info
[INFO] [stdout]     legacy::list_group_members::tests::fetch_12k_members
[INFO] [stdout]     legacy::list_group_members::tests::fetch_1_8m_members
[INFO] [stdout]     player_service::get_badges::tests::badges
[INFO] [stdout]     player_service::get_community_badge_progress::tests::badges
[INFO] [stdout]     player_service::get_owned_games::tests::owned_games
[INFO] [stdout]     player_service::get_recently_played_games::tests::private_profile
[INFO] [stdout]     player_service::get_recently_played_games::tests::public_profile
[INFO] [stdout]     player_service::get_steam_level::tests::get_level
[INFO] [stdout]     player_service::is_playing_shared_game::tests::badges
[INFO] [stdout]     steam_apps::get_app_list::tests::csgo_is_in_the_list
[INFO] [stdout]     steam_news::get_news_for_app::tests::default_csgo_news
[INFO] [stdout]     steam_user::get_friend_list::tests::works
[INFO] [stdout]     steam_user::get_player_bans::tests::works
[INFO] [stdout]     steam_user::get_player_summaries::tests::works_with_invalid
[INFO] [stdout]     steam_user::get_player_summaries::tests::works_with_multiple
[INFO] [stdout]     steam_user::get_player_summaries::tests::works_with_single
[INFO] [stdout]     steam_user::get_user_group_list::tests::fetches_list_of_ids
[INFO] [stdout]     steam_user::resolve_vanity_url::tests::handle_incorrect_url
[INFO] [stdout]     steam_user::resolve_vanity_url::tests::resolve_correct_url
[INFO] [stdout]     steam_user_stats::get_global_achievement_percentages_for_app::tests::correct_csgo_achievements
[INFO] [stdout]     steam_user_stats::get_number_of_current_players::tests::correct_csgo_achievements
[INFO] [stdout]     steam_user_stats::get_user_stats_for_game::tests::fetch_stats
[INFO] [stdout] 
[INFO] [stdout] test result: FAILED. 5 passed; 23 failed; 0 ignored; 0 measured; 0 filtered out; finished in 0.26s
[INFO] [stdout] 
[INFO] running `Command { std: "docker" "inspect" "db957d55f0591784269f41dc05e8bf1dd3abf4166fe60c37e782ad1278989bd0", kill_on_drop: false }`
[INFO] running `Command { std: "docker" "rm" "-f" "db957d55f0591784269f41dc05e8bf1dd3abf4166fe60c37e782ad1278989bd0", kill_on_drop: false }`
[INFO] [stdout] db957d55f0591784269f41dc05e8bf1dd3abf4166fe60c37e782ad1278989bd0
