[INFO] fetching crate rssss 0.1.1...
[INFO] testing rssss-0.1.1 against 1.99.0-beta.8+cargoflags=--release for beta-release-1.100-2
[INFO] extracting crate rssss 0.1.1 into /workspace/builds/worker-7-tc1/source
[INFO] started tweaking crates.io crate rssss 0.1.1
[INFO] finished tweaking crates.io crate rssss 0.1.1
[INFO] tweaked toml for crates.io crate rssss 0.1.1 written to /workspace/builds/worker-7-tc1/source/Cargo.toml
[INFO] validating manifest of crates.io crate rssss 0.1.1 on toolchain 1.99.0-beta.8
[INFO] running `Command { std: CARGO_HOME="/workspace/cargo-home" RUSTUP_HOME="/workspace/rustup-home" "/workspace/cargo-home/bin/cargo" "+1.99.0-beta.8" "metadata" "--manifest-path" "Cargo.toml" "--no-deps", kill_on_drop: false }`
[INFO] crate crates.io crate rssss 0.1.1 already has a lockfile, it will not be regenerated
[INFO] running `Command { std: CARGO_HOME="/workspace/cargo-home" RUSTUP_HOME="/workspace/rustup-home" "/workspace/cargo-home/bin/cargo" "+1.99.0-beta.8" "fetch" "--manifest-path" "Cargo.toml", kill_on_drop: false }`
[INFO] [stderr]     Updating crates.io index
[INFO] [stderr]  Downloading crates ...
[INFO] [stderr]   Downloaded serde v1.0.188
[INFO] [stderr]   Downloaded serde_derive v1.0.188
[INFO] [stderr]   Downloaded xml v0.8.10
[INFO] [stderr]   Downloaded rss v2.0.6
[INFO] [stderr]   Downloaded xml-rs v0.8.19
[INFO] [stderr]   Downloaded diligent-date-parser v0.1.4
[INFO] [stderr]   Downloaded thiserror-impl v1.0.49
[INFO] [stderr]   Downloaded hard-xml-derive v1.27.0
[INFO] [stderr]   Downloaded hard-xml v1.27.0
[INFO] [stderr]   Downloaded opml v1.1.5
[INFO] [stderr]   Downloaded thiserror v1.0.49
[INFO] [stderr]   Downloaded atom_syndication v0.12.2
[INFO] running `Command { std: "docker" "create" "-v" "/var/lib/crater-agent-workspace/builds/worker-7-tc1/source:/opt/rustwide/workdir:ro,Z" "-v" "/var/lib/crater-agent-workspace/builds/worker-7-tc1/target:/opt/rustwide/target:rw,Z" "-v" "/var/lib/crater-agent-workspace/cargo-home:/opt/rustwide/cargo-home:ro,Z" "-v" "/var/lib/crater-agent-workspace/rustup-home:/opt/rustwide/rustup-home:ro,Z" "-m" "1610612736" "--network" "none" "ghcr.io/rust-lang/crates-build-env/linux@sha256:77db811e55d90add9212f6832c23229e3de5f1c1f9905e8cb07319ea15df73ac" "sleep" "infinity", kill_on_drop: false }`
[INFO] [stdout] bf89a63ccb42458e68c08ae7e97b87ae247146177ac2cc448f5f0e60848b2a40
[INFO] running `Command { std: "docker" "start" "bf89a63ccb42458e68c08ae7e97b87ae247146177ac2cc448f5f0e60848b2a40", kill_on_drop: false }`
[INFO] running `Command { std: "docker" "inspect" "bf89a63ccb42458e68c08ae7e97b87ae247146177ac2cc448f5f0e60848b2a40", kill_on_drop: false }`
[INFO] running `Command { std: "docker" "exec" "-e" "SOURCE_DIR=/opt/rustwide/workdir" "-e" "CARGO_HOME=/opt/rustwide/cargo-home" "-e" "RUSTUP_HOME=/opt/rustwide/rustup-home" "-e" "CARGO_TARGET_DIR=/opt/rustwide/target" "-w" "/opt/rustwide/workdir" "--user" "0:0" "bf89a63ccb42458e68c08ae7e97b87ae247146177ac2cc448f5f0e60848b2a40" "/opt/rustwide/cargo-home/bin/cargo" "+1.99.0-beta.8" "metadata" "--no-deps" "--format-version=1", kill_on_drop: false }`
[INFO] running `Command { std: "docker" "inspect" "bf89a63ccb42458e68c08ae7e97b87ae247146177ac2cc448f5f0e60848b2a40", kill_on_drop: false }`
[INFO] running `Command { std: "docker" "exec" "-e" "SOURCE_DIR=/opt/rustwide/workdir" "-e" "CARGO_HOME=/opt/rustwide/cargo-home" "-e" "RUSTUP_HOME=/opt/rustwide/rustup-home" "-e" "CARGO_TARGET_DIR=/opt/rustwide/target" "-e" "CARGO_INCREMENTAL=0" "-e" "RUST_BACKTRACE=full" "-e" "RUSTFLAGS=--cap-lints=warn" "-e" "RUSTDOCFLAGS=--cap-lints=warn" "-w" "/opt/rustwide/workdir" "--user" "0:0" "bf89a63ccb42458e68c08ae7e97b87ae247146177ac2cc448f5f0e60848b2a40" "/opt/rustwide/cargo-home/bin/cargo" "+1.99.0-beta.8" "build" "--frozen" "--message-format=json" "--release", kill_on_drop: false }`
[INFO] [stderr]    Compiling proc-macro2 v1.0.69
[INFO] [stderr]    Compiling version_check v0.9.4
[INFO] [stderr]    Compiling libc v0.2.149
[INFO] [stderr]    Compiling num-traits v0.2.17
[INFO] [stderr]    Compiling memchr v2.6.4
[INFO] [stderr]    Compiling jetscii v0.5.3
[INFO] [stderr]    Compiling encoding_rs v0.8.33
[INFO] [stderr]    Compiling unicode-normalization v0.1.22
[INFO] [stderr]    Compiling unicode-segmentation v1.10.1
[INFO] [stderr]    Compiling proc-macro-error-attr v1.0.4
[INFO] [stderr]    Compiling proc-macro-error v1.0.4
[INFO] [stderr]    Compiling thiserror v1.0.49
[INFO] [stderr]    Compiling quote v1.0.33
[INFO] [stderr]    Compiling percent-encoding v2.3.0
[INFO] [stderr]    Compiling serde v1.0.188
[INFO] [stderr]    Compiling bitflags v1.3.2
[INFO] [stderr]    Compiling unicode-width v0.1.11
[INFO] [stderr]    Compiling unicode-bidi v0.3.13
[INFO] [stderr]    Compiling syn v1.0.109
[INFO] [stderr]    Compiling syn v2.0.38
[INFO] [stderr]    Compiling textwrap v0.11.0
[INFO] [stderr]    Compiling atty v0.2.14
[INFO] [stderr]    Compiling form_urlencoded v1.2.0
[INFO] [stderr]    Compiling idna v0.4.0
[INFO] [stderr]    Compiling chrono v0.4.31
[INFO] [stderr]    Compiling quick-xml v0.30.0
[INFO] [stderr]    Compiling heck v0.3.3
[INFO] [stderr]    Compiling anyhow v1.0.75
[INFO] [stderr]    Compiling xmlparser v0.13.6
[INFO] [stderr]    Compiling never v0.1.0
[INFO] [stderr]    Compiling diligent-date-parser v0.1.4
[INFO] [stderr]    Compiling clap v2.34.0
[INFO] [stderr]    Compiling dirs-sys v0.4.1
[INFO] [stderr]    Compiling url v2.4.1
[INFO] [stderr]    Compiling xml-rs v0.8.19
[INFO] [stderr]    Compiling thiserror-impl v1.0.49
[INFO] [stderr]    Compiling serde_derive v1.0.188
[INFO] [stderr]    Compiling dirs v5.0.1
[INFO] [stderr]    Compiling darling_core v0.14.4
[INFO] [stderr]    Compiling xml v0.8.10
[INFO] [stderr]    Compiling hard-xml-derive v1.27.0
[INFO] [stderr]    Compiling structopt-derive v0.4.18
[INFO] [stderr]    Compiling darling_macro v0.14.4
[INFO] [stderr]    Compiling darling v0.14.4
[INFO] [stderr]    Compiling derive_builder_core v0.12.0
[INFO] [stderr]    Compiling hard-xml v1.27.0
[INFO] [stderr]    Compiling structopt v0.3.26
[INFO] [stderr]    Compiling derive_builder_macro v0.12.0
[INFO] [stderr]    Compiling derive_builder v0.12.0
[INFO] [stderr]    Compiling atom_syndication v0.12.2
[INFO] [stderr]    Compiling rss v2.0.6
[INFO] [stderr]    Compiling opml v1.1.5
[INFO] [stderr]    Compiling rssss v0.1.1 (/opt/rustwide/workdir)
[INFO] [stderr]     Finished `release` profile [optimized] target(s) in 1m 17s
[INFO] running `Command { std: "docker" "inspect" "bf89a63ccb42458e68c08ae7e97b87ae247146177ac2cc448f5f0e60848b2a40", kill_on_drop: false }`
[INFO] running `Command { std: "docker" "exec" "-e" "SOURCE_DIR=/opt/rustwide/workdir" "-e" "CARGO_HOME=/opt/rustwide/cargo-home" "-e" "RUSTUP_HOME=/opt/rustwide/rustup-home" "-e" "CARGO_TARGET_DIR=/opt/rustwide/target" "-e" "CARGO_INCREMENTAL=0" "-e" "RUST_BACKTRACE=full" "-e" "RUSTFLAGS=--cap-lints=warn" "-e" "RUSTDOCFLAGS=--cap-lints=warn" "-w" "/opt/rustwide/workdir" "--user" "0:0" "bf89a63ccb42458e68c08ae7e97b87ae247146177ac2cc448f5f0e60848b2a40" "/opt/rustwide/cargo-home/bin/cargo" "+1.99.0-beta.8" "test" "--frozen" "--no-run" "--message-format=json" "--release", kill_on_drop: false }`
[INFO] [stderr]    Compiling rssss v0.1.1 (/opt/rustwide/workdir)
[INFO] [stderr]     Finished `release` profile [optimized] target(s) in 3.37s
[INFO] running `Command { std: "docker" "inspect" "bf89a63ccb42458e68c08ae7e97b87ae247146177ac2cc448f5f0e60848b2a40", kill_on_drop: false }`
[INFO] running `Command { std: "docker" "exec" "-e" "SOURCE_DIR=/opt/rustwide/workdir" "-e" "CARGO_HOME=/opt/rustwide/cargo-home" "-e" "RUSTUP_HOME=/opt/rustwide/rustup-home" "-e" "CARGO_TARGET_DIR=/opt/rustwide/target" "-e" "CARGO_INCREMENTAL=0" "-e" "RUST_BACKTRACE=full" "-e" "RUSTFLAGS=--cap-lints=warn" "-e" "RUSTDOCFLAGS=--cap-lints=warn" "-w" "/opt/rustwide/workdir" "--user" "0:0" "bf89a63ccb42458e68c08ae7e97b87ae247146177ac2cc448f5f0e60848b2a40" "/opt/rustwide/cargo-home/bin/cargo" "+1.99.0-beta.8" "test" "--frozen" "--release", kill_on_drop: false }`
[INFO] [stderr]     Finished `release` profile [optimized] target(s) in 0.12s
[INFO] [stdout] 
[INFO] [stderr]      Running unittests src/main.rs (/opt/rustwide/target/release/deps/rssss-1bd5b8d1caadd788)
[INFO] [stdout] running 2 tests
[INFO] [stderr] error: test failed, to rerun pass `--bin rssss`
[INFO] [stdout] test client::test_constant_rss_file ... FAILED
[INFO] [stdout] test client::test_read_channel ... ok
[INFO] [stdout] 
[INFO] [stdout] failures:
[INFO] [stdout] 
[INFO] [stdout] ---- client::test_constant_rss_file stdout ----
[INFO] [stdout] 
[INFO] [stdout] thread 'client::test_constant_rss_file' (1191) panicked at src/client.rs:77:61:
[INFO] [stdout] called `Result::unwrap()` on an `Err` value: the input did not begin with an rss tag
[INFO] [stdout] stack backtrace:
[INFO] [stdout]    0:     0x5b0682ee4571 - <<std[70759c8f55707aa4]::sys::backtrace::BacktraceLock>::print::DisplayBacktrace as core[df12db4294e9bfd3]::fmt::Display>::fmt
[INFO] [stdout]    1:     0x5b0682ef976a - core[df12db4294e9bfd3]::fmt::write
[INFO] [stdout]    2:     0x5b0682ee8adc - <alloc[2182bb758b4b3781]::vec::Vec<u8> as core[df12db4294e9bfd3]::io::write::Write>::write_fmt
[INFO] [stdout]    3:     0x5b0682ec0b66 - std[70759c8f55707aa4]::panicking::default_hook::{closure#0}
[INFO] [stdout]    4:     0x5b0682edccd9 - std[70759c8f55707aa4]::panicking::default_hook
[INFO] [stdout]    5:     0x5b0682e43ea0 - test[9d35eded1c95d3be]::test_main_inner::<test[9d35eded1c95d3be]::test_main_static::{closure#0}>::{closure#0}
[INFO] [stdout]    6:     0x5b0682edce92 - std[70759c8f55707aa4]::panicking::panic_with_hook
[INFO] [stdout]    7:     0x5b0682ec0c12 - std[70759c8f55707aa4]::panicking::panic_handler::{closure#0}
[INFO] [stdout]    8:     0x5b0682eb9969 - std[70759c8f55707aa4]::sys::backtrace::__rust_end_short_backtrace::<std[70759c8f55707aa4]::panicking::panic_handler::{closure#0}, !>
[INFO] [stdout]    9:     0x5b0682ec180d - __rustc[8fa7c3cbc660c2b3]::rust_begin_unwind
[INFO] [stdout]   10:     0x5b0682ef9e9c - core[df12db4294e9bfd3]::panicking::panic_fmt
[INFO] [stdout]   11:     0x5b0682ef9c72 - core[df12db4294e9bfd3]::result::unwrap_failed
[INFO] [stdout]   12:     0x5b0682e34160 - <rssss[86afe727cf4ef51d]::client::test_constant_rss_file::{closure#0} as core[df12db4294e9bfd3]::ops::function::FnOnce<()>>::call_once
[INFO] [stdout]   13:     0x5b0682e3718b - test[9d35eded1c95d3be]::__rust_begin_short_backtrace::<core[df12db4294e9bfd3]::result::Result<(), alloc[2182bb758b4b3781]::string::String>, fn() -> core[df12db4294e9bfd3]::result::Result<(), alloc[2182bb758b4b3781]::string::String>>
[INFO] [stdout]   14:     0x5b0682e447f5 - test[9d35eded1c95d3be]::run_test::{closure#0}
[INFO] [stdout]   15:     0x5b0682e3e0b4 - std[70759c8f55707aa4]::sys::backtrace::__rust_begin_short_backtrace::<test[9d35eded1c95d3be]::run_test::{closure#1}, ()>
[INFO] [stdout]   16:     0x5b0682e47952 - <std[70759c8f55707aa4]::thread::lifecycle::spawn_unchecked<test[9d35eded1c95d3be]::run_test::{closure#1}, ()>::{closure#1} as core[df12db4294e9bfd3]::ops::function::FnOnce<()>>::call_once::{shim:vtable#0}
[INFO] [stdout]   17:     0x5b0682ee3e49 - <std[70759c8f55707aa4]::sys::thread::unix::Thread>::new::thread_start
[INFO] [stdout]   18:     0x79a62abb3dfa - <unknown>
[INFO] [stdout]   19:     0x79a62ac473d4 - clone
[INFO] [stdout]   20:                0x0 - <unknown>
[INFO] [stdout] 
[INFO] [stdout] 
[INFO] [stdout] failures:
[INFO] [stdout]     client::test_constant_rss_file
[INFO] [stdout] 
[INFO] [stdout] test result: FAILED. 1 passed; 1 failed; 0 ignored; 0 measured; 0 filtered out; finished in 0.00s
[INFO] [stdout] 
[INFO] running `Command { std: "docker" "inspect" "bf89a63ccb42458e68c08ae7e97b87ae247146177ac2cc448f5f0e60848b2a40", kill_on_drop: false }`
[INFO] running `Command { std: "docker" "rm" "-f" "bf89a63ccb42458e68c08ae7e97b87ae247146177ac2cc448f5f0e60848b2a40", kill_on_drop: false }`
[INFO] [stdout] bf89a63ccb42458e68c08ae7e97b87ae247146177ac2cc448f5f0e60848b2a40
