[INFO] fetching crate rsslide 0.1.24...
[INFO] testing rsslide-0.1.24 against 1.99.0-beta.8+cargoflags=--release for beta-release-1.100-2
[INFO] extracting crate rsslide 0.1.24 into /workspace/builds/worker-3-tc1/source
[INFO] started tweaking crates.io crate rsslide 0.1.24
[INFO] finished tweaking crates.io crate rsslide 0.1.24
[INFO] tweaked toml for crates.io crate rsslide 0.1.24 written to /workspace/builds/worker-3-tc1/source/Cargo.toml
[INFO] validating manifest of crates.io crate rsslide 0.1.24 on toolchain 1.99.0-beta.8
[INFO] running `Command { std: CARGO_HOME="/workspace/cargo-home" RUSTUP_HOME="/workspace/rustup-home" "/workspace/cargo-home/bin/cargo" "+1.99.0-beta.8" "metadata" "--manifest-path" "Cargo.toml" "--no-deps", kill_on_drop: false }`
[INFO] crate crates.io crate rsslide 0.1.24 already has a lockfile, it will not be regenerated
[INFO] running `Command { std: CARGO_HOME="/workspace/cargo-home" RUSTUP_HOME="/workspace/rustup-home" "/workspace/cargo-home/bin/cargo" "+1.99.0-beta.8" "fetch" "--manifest-path" "Cargo.toml", kill_on_drop: false }`
[INFO] [stderr]     Updating crates.io index
[INFO] [stderr]  Downloading crates ...
[INFO] [stderr]   Downloaded krilla-svg v0.8.1
[INFO] [stderr]   Downloaded plist v1.10.1
[INFO] [stderr]   Downloaded subsetter v0.2.6
[INFO] [stderr]   Downloaded htmlize v1.1.0
[INFO] [stderr]   Downloaded serde_json v1.0.152
[INFO] [stderr]   Downloaded krilla v0.8.2
[INFO] [stderr]   Downloaded syn v3.0.7
[INFO] [stderr]   Downloaded write-fonts v0.48.1
[INFO] [stderr]   Downloaded pdf-writer v0.15.0
[INFO] [stderr]   Downloaded two-face v0.5.2+bat-0.26.1
[INFO] running `Command { std: "docker" "create" "-v" "/var/lib/crater-agent-workspace/builds/worker-3-tc1/source:/opt/rustwide/workdir:ro,Z" "-v" "/var/lib/crater-agent-workspace/builds/worker-3-tc1/target:/opt/rustwide/target:rw,Z" "-v" "/var/lib/crater-agent-workspace/cargo-home:/opt/rustwide/cargo-home:ro,Z" "-v" "/var/lib/crater-agent-workspace/rustup-home:/opt/rustwide/rustup-home:ro,Z" "-m" "1610612736" "--network" "none" "ghcr.io/rust-lang/crates-build-env/linux@sha256:77db811e55d90add9212f6832c23229e3de5f1c1f9905e8cb07319ea15df73ac" "sleep" "infinity", kill_on_drop: false }`
[INFO] [stdout] 5b00ccfe603ac1b7b55769ce5e67a83165feda9e5d9ba7cc1a55e9c5fe9cfaa4
[INFO] running `Command { std: "docker" "start" "5b00ccfe603ac1b7b55769ce5e67a83165feda9e5d9ba7cc1a55e9c5fe9cfaa4", kill_on_drop: false }`
[INFO] running `Command { std: "docker" "inspect" "5b00ccfe603ac1b7b55769ce5e67a83165feda9e5d9ba7cc1a55e9c5fe9cfaa4", kill_on_drop: false }`
[INFO] running `Command { std: "docker" "exec" "-e" "SOURCE_DIR=/opt/rustwide/workdir" "-e" "CARGO_HOME=/opt/rustwide/cargo-home" "-e" "RUSTUP_HOME=/opt/rustwide/rustup-home" "-e" "CARGO_TARGET_DIR=/opt/rustwide/target" "-w" "/opt/rustwide/workdir" "--user" "0:0" "5b00ccfe603ac1b7b55769ce5e67a83165feda9e5d9ba7cc1a55e9c5fe9cfaa4" "/opt/rustwide/cargo-home/bin/cargo" "+1.99.0-beta.8" "metadata" "--no-deps" "--format-version=1", kill_on_drop: false }`
[INFO] running `Command { std: "docker" "inspect" "5b00ccfe603ac1b7b55769ce5e67a83165feda9e5d9ba7cc1a55e9c5fe9cfaa4", kill_on_drop: false }`
[INFO] running `Command { std: "docker" "exec" "-e" "SOURCE_DIR=/opt/rustwide/workdir" "-e" "CARGO_HOME=/opt/rustwide/cargo-home" "-e" "RUSTUP_HOME=/opt/rustwide/rustup-home" "-e" "CARGO_TARGET_DIR=/opt/rustwide/target" "-e" "CARGO_INCREMENTAL=0" "-e" "RUST_BACKTRACE=full" "-e" "RUSTFLAGS=--cap-lints=warn" "-e" "RUSTDOCFLAGS=--cap-lints=warn" "-w" "/opt/rustwide/workdir" "--user" "0:0" "5b00ccfe603ac1b7b55769ce5e67a83165feda9e5d9ba7cc1a55e9c5fe9cfaa4" "/opt/rustwide/cargo-home/bin/cargo" "+1.99.0-beta.8" "build" "--frozen" "--message-format=json" "--release", kill_on_drop: false }`
[INFO] [stderr]    Compiling proc-macro2 v1.0.107
[INFO] [stderr]    Compiling quote v1.0.47
[INFO] [stderr]    Compiling unicode-ident v1.0.26
[INFO] [stderr]    Compiling memchr v2.8.3
[INFO] [stderr]    Compiling serde_core v1.0.229
[INFO] [stderr]    Compiling simd-adler32 v0.3.10
[INFO] [stderr]    Compiling crc32fast v1.5.2
[INFO] [stderr]    Compiling adler2 v2.0.1
[INFO] [stderr]    Compiling zmij v1.0.23
[INFO] [stderr]    Compiling autocfg v1.5.1
[INFO] [stderr]    Compiling cfg-if v1.0.5
[INFO] [stderr]    Compiling arrayvec v0.7.8
[INFO] [stderr]    Compiling log v0.4.34
[INFO] [stderr]    Compiling libm v0.2.16
[INFO] [stderr]    Compiling libc v0.2.190
[INFO] [stderr]    Compiling serde_json v1.0.152
[INFO] [stderr]    Compiling hashbrown v0.17.1
[INFO] [stderr]    Compiling equivalent v1.0.2
[INFO] [stderr]    Compiling smallvec v1.16.3
[INFO] [stderr]    Compiling bitflags v2.13.2
[INFO] [stderr]    Compiling siphasher v1.0.4
[INFO] [stderr]    Compiling serde v1.0.229
[INFO] [stderr]    Compiling itoa v1.0.18
[INFO] [stderr]    Compiling miniz_oxide v0.9.1
[INFO] [stderr]    Compiling polycool v0.4.0
[INFO] [stderr]    Compiling version_check v0.9.5
[INFO] [stderr]    Compiling arrayref v0.3.9
[INFO] [stderr]    Compiling fdeflate v0.3.7
[INFO] [stderr]    Compiling phf_shared v0.13.1
[INFO] [stderr]    Compiling miniz_oxide v0.8.9
[INFO] [stderr]    Compiling num-traits v0.2.19
[INFO] [stderr]    Compiling slotmap v1.1.1
[INFO] [stderr]    Compiling fastrand v2.5.0
[INFO] [stderr]    Compiling unicode-properties v0.1.4
[INFO] [stderr]    Compiling unicode-ccc v0.4.0
[INFO] [stderr]    Compiling unicode-bidi-mirroring v0.4.0
[INFO] [stderr]    Compiling kurbo v0.13.1
[INFO] [stderr]    Compiling roxmltree v0.20.0
[INFO] [stderr]    Compiling unicode-script v0.5.8
[INFO] [stderr]    Compiling syn v3.0.7
[INFO] [stderr]    Compiling flate2 v1.1.10
[INFO] [stderr]    Compiling aho-corasick v1.1.5
[INFO] [stderr]    Compiling indexmap v2.14.2
[INFO] [stderr]    Compiling phf_generator v0.13.1
[INFO] [stderr]    Compiling bit-vec v0.8.0
[INFO] [stderr]    Compiling deranged v0.5.8
[INFO] [stderr]    Compiling zune-core v0.5.3
[INFO] [stderr]    Compiling float-cmp v0.9.0
[INFO] [stderr]    Compiling fontconfig-parser v0.5.8
[INFO] [stderr]    Compiling strict-num v0.1.1
[INFO] [stderr]    Compiling png v0.18.1
[INFO] [stderr]    Compiling quick-error v2.0.1
[INFO] [stderr]    Compiling weezl v0.1.12
[INFO] [stderr]    Compiling byteorder-lite v0.1.0
[INFO] [stderr]    Compiling color_quant v1.1.0
[INFO] [stderr]    Compiling core_maths v0.1.1
[INFO] [stderr]    Compiling base64 v0.22.1
[INFO] [stderr]    Compiling ttf-parser v0.25.1
[INFO] [stderr]    Compiling memmap2 v0.9.11
[INFO] [stderr]    Compiling tinyvec v1.13.3
[INFO] [stderr]    Compiling time-core v0.1.9
[INFO] [stderr]    Compiling powerfmt v0.2.1
[INFO] [stderr]    Compiling num-conv v0.2.2
[INFO] [stderr]    Compiling regex-syntax v0.8.11
[INFO] [stderr]    Compiling utf8parse v0.2.2
[INFO] [stderr]    Compiling thiserror v2.0.21
[INFO] [stderr]    Compiling imagesize v0.14.0
[INFO] [stderr]    Compiling ryu v1.0.23
[INFO] [stderr]    Compiling anstyle-parse v1.0.0
[INFO] [stderr]    Compiling svgtypes v0.16.1
[INFO] [stderr]    Compiling image-webp v0.2.4
[INFO] [stderr]    Compiling gif v0.14.2
[INFO] [stderr]    Compiling bit-set v0.8.0
[INFO] [stderr]    Compiling zune-jpeg v0.5.15
[INFO] [stderr]    Compiling time v0.3.55
[INFO] [stderr]    Compiling phf_codegen v0.13.1
[INFO] [stderr]    Compiling roxmltree v0.21.1
[INFO] [stderr]    Compiling quick-xml v0.42.0
[INFO] [stderr]    Compiling phf v0.13.1
[INFO] [stderr]    Compiling simplecss v0.2.2
[INFO] [stderr]    Compiling data-url v0.3.2
[INFO] [stderr]    Compiling anstyle v1.0.14
[INFO] [stderr]    Compiling same-file v1.0.6
[INFO] [stderr]    Compiling base64 v0.23.1
[INFO] [stderr]    Compiling unicode-bidi v0.3.18
[INFO] [stderr]    Compiling is_terminal_polyfill v1.70.2
[INFO] [stderr]    Compiling colorchoice v1.0.5
[INFO] [stderr]    Compiling rustc-hash v2.1.3
[INFO] [stderr]    Compiling anstyle-query v1.1.5
[INFO] [stderr]    Compiling stable_deref_trait v1.2.1
[INFO] [stderr]    Compiling xmlwriter v0.1.0
[INFO] [stderr]    Compiling pico-args v0.5.0
[INFO] [stderr]    Compiling unicode-vo v0.1.0
[INFO] [stderr]    Compiling anstream v1.0.0
[INFO] [stderr]    Compiling walkdir v2.5.0
[INFO] [stderr]    Compiling pdf-writer v0.15.0
[INFO] [stderr]    Compiling fnv v1.0.7
[INFO] [stderr]    Compiling bumpalo v3.20.3
[INFO] [stderr]    Compiling xmp-writer v0.3.3
[INFO] [stderr]    Compiling fontdb v0.23.0
[INFO] [stderr]    Compiling winnow v1.0.4
[INFO] [stderr]    Compiling anyhow v1.0.104
[INFO] [stderr]    Compiling option-ext v0.2.0
[INFO] [stderr]    Compiling heck v0.5.0
[INFO] [stderr]    Compiling once_cell v1.21.4
[INFO] [stderr]    Compiling regex-automata v0.4.18
[INFO] [stderr]    Compiling strsim v0.11.1
[INFO] [stderr]    Compiling clap_lex v1.1.1
[INFO] [stderr]    Compiling toml_parser v1.1.5+spec-1.1.0
[INFO] [stderr]    Compiling dirs-sys v0.5.0
[INFO] [stderr]    Compiling clap_builder v4.6.7
[INFO] [stderr]    Compiling serde_spanned v1.1.2
[INFO] [stderr]    Compiling synstructure v0.14.0
[INFO] [stderr]    Compiling toml_datetime v1.1.2+spec-1.1.0
[INFO] [stderr]    Compiling unsafe-libyaml v0.2.11
[INFO] [stderr]    Compiling htmlize v1.1.0
[INFO] [stderr]    Compiling rsslide v0.1.24 (/opt/rustwide/workdir)
[INFO] [stderr]    Compiling toml_writer v1.1.3+spec-1.1.0
[INFO] [stderr]    Compiling pastey v0.1.1
[INFO] [stderr]    Compiling toml v1.1.8+spec-1.1.0
[INFO] [stderr]    Compiling dirs v7.0.0
[INFO] [stderr]    Compiling bytemuck_derive v1.12.1
[INFO] [stderr]    Compiling serde_derive v1.0.229
[INFO] [stderr]    Compiling zerofrom-derive v0.1.8
[INFO] [stderr]    Compiling thiserror-impl v2.0.21
[INFO] [stderr]    Compiling yoke-derive v0.8.4
[INFO] [stderr]    Compiling clap_derive v4.6.7
[INFO] [stderr]    Compiling zerofrom v0.1.8
[INFO] [stderr]    Compiling bytemuck v1.25.2
[INFO] [stderr]    Compiling yoke v0.8.3
[INFO] [stderr]    Compiling font-types v0.11.3
[INFO] [stderr]    Compiling tiny-skia-path v0.12.0
[INFO] [stderr]    Compiling rustybuzz v0.20.1
[INFO] [stderr]    Compiling rgb v0.8.53
[INFO] [stderr]    Compiling read-fonts v0.39.2
[INFO] [stderr]    Compiling clap v4.6.7
[INFO] [stderr]    Compiling tiny-skia v0.12.0
[INFO] [stderr]    Compiling plist v1.10.1
[INFO] [stderr]    Compiling bincode v1.3.3
[INFO] [stderr]    Compiling serde_yaml v0.9.34+deprecated
[INFO] [stderr]    Compiling fancy-regex v0.16.2
[INFO] [stderr]    Compiling usvg v0.47.0
[INFO] [stderr]    Compiling syntect v5.3.0
[INFO] [stderr]    Compiling two-face v0.5.2+bat-0.26.1
[INFO] [stderr]    Compiling resvg v0.47.0
[INFO] [stderr]    Compiling write-fonts v0.48.1
[INFO] [stderr]    Compiling skrifa v0.42.1
[INFO] [stderr]    Compiling subsetter v0.2.6
[INFO] [stderr]    Compiling krilla v0.8.2
[INFO] [stderr]    Compiling krilla-svg v0.8.1
[INFO] [stderr]     Finished `release` profile [optimized] target(s) in 2m 14s
[INFO] running `Command { std: "docker" "inspect" "5b00ccfe603ac1b7b55769ce5e67a83165feda9e5d9ba7cc1a55e9c5fe9cfaa4", kill_on_drop: false }`
[INFO] running `Command { std: "docker" "exec" "-e" "SOURCE_DIR=/opt/rustwide/workdir" "-e" "CARGO_HOME=/opt/rustwide/cargo-home" "-e" "RUSTUP_HOME=/opt/rustwide/rustup-home" "-e" "CARGO_TARGET_DIR=/opt/rustwide/target" "-e" "CARGO_INCREMENTAL=0" "-e" "RUST_BACKTRACE=full" "-e" "RUSTFLAGS=--cap-lints=warn" "-e" "RUSTDOCFLAGS=--cap-lints=warn" "-w" "/opt/rustwide/workdir" "--user" "0:0" "5b00ccfe603ac1b7b55769ce5e67a83165feda9e5d9ba7cc1a55e9c5fe9cfaa4" "/opt/rustwide/cargo-home/bin/cargo" "+1.99.0-beta.8" "test" "--frozen" "--no-run" "--message-format=json" "--release", kill_on_drop: false }`
[INFO] [stderr]    Compiling rsslide v0.1.24 (/opt/rustwide/workdir)
[INFO] [stderr]     Finished `release` profile [optimized] target(s) in 1m 09s
[INFO] running `Command { std: "docker" "inspect" "5b00ccfe603ac1b7b55769ce5e67a83165feda9e5d9ba7cc1a55e9c5fe9cfaa4", kill_on_drop: false }`
[INFO] running `Command { std: "docker" "exec" "-e" "SOURCE_DIR=/opt/rustwide/workdir" "-e" "CARGO_HOME=/opt/rustwide/cargo-home" "-e" "RUSTUP_HOME=/opt/rustwide/rustup-home" "-e" "CARGO_TARGET_DIR=/opt/rustwide/target" "-e" "CARGO_INCREMENTAL=0" "-e" "RUST_BACKTRACE=full" "-e" "RUSTFLAGS=--cap-lints=warn" "-e" "RUSTDOCFLAGS=--cap-lints=warn" "-w" "/opt/rustwide/workdir" "--user" "0:0" "5b00ccfe603ac1b7b55769ce5e67a83165feda9e5d9ba7cc1a55e9c5fe9cfaa4" "/opt/rustwide/cargo-home/bin/cargo" "+1.99.0-beta.8" "test" "--frozen" "--release", kill_on_drop: false }`
[INFO] [stderr]     Finished `release` profile [optimized] target(s) in 0.14s
[INFO] [stderr]      Running unittests src/main.rs (/opt/rustwide/target/release/deps/rsslide-94d4158016ebeefb)
[INFO] [stdout] 
[INFO] [stdout] running 170 tests
[INFO] [stdout] test config::tests::bad_hex_color_is_rejected ... ok
[INFO] [stdout] test assets::tests::unknown_language_returns_none ... ok
[INFO] [stdout] test exporter::highlight::tests::prompts_match_highlight_js ... ok
[INFO] [stdout] test exporter::highlight::tests::the_language_table_has_no_duplicates ... ok
[INFO] [stdout] test config::tests::default_template_parses_to_default ... ok
[INFO] [stdout] test config::tests::partial_override_keeps_other_defaults ... ok
[INFO] [stdout] test config::tests::unknown_field_is_rejected ... ok
[INFO] [stdout] test assets::tests::aliases_return_same_content ... ok
[INFO] [stdout] test config::tests::bad_valign_is_rejected ... ok
[INFO] [stdout] test assets::tests::known_languages_return_svg ... ok
[INFO] [stdout] test config::tests::credit_can_be_turned_off ... ok
[INFO] [stdout] test exporter::pdf::tests::a_numbered_list_counts_from_its_start ... FAILED
[INFO] [stdout] test exporter::pdf::tests::a_table_too_wide_is_an_error_even_with_overflow_warnings ... FAILED
[INFO] [stdout] test exporter::pdf::tests::a_small_picture_keeps_its_size_and_is_centred_with_the_text ... FAILED
[INFO] [stdout] test exporter::pdf::tests::a_column_keeps_its_first_and_last_margins_inside ... FAILED
[INFO] [stdout] test exporter::pdf::tests::a_background_that_is_not_a_picture_is_an_error ... FAILED
[INFO] [stdout] test exporter::pdf::tests::a_slide_with_a_character_no_font_has_fails ... FAILED
[INFO] [stdout] test config::tests::colors_parse_hex ... ok
[INFO] [stdout] test exporter::pdf::tests::a_drawing_that_runs_off_the_page_is_an_error ... FAILED
[INFO] [stdout] test exporter::pdf::tests::a_left_background_covers_its_half_and_the_content_takes_the_other ... FAILED
[INFO] [stdout] test exporter::pdf::tests::a_sized_right_background_is_a_share_of_its_side_width ... FAILED
[INFO] [stdout] test exporter::pdf::tests::code_too_tall_for_the_slide_shrinks_to_fill_the_padded_area ... FAILED
[INFO] [stdout] test exporter::pdf::tests::code_keeps_its_size_when_the_content_only_runs_into_the_bottom_padding ... FAILED
[INFO] [stdout] test exporter::pdf::tests::code_in_a_column_fits_the_column ... FAILED
[INFO] [stdout] test exporter::pdf::tests::an_svg_element_outside_its_canvas_is_not_ink ... FAILED
[INFO] [stdout] test exporter::pdf::tests::auto_alignment_centers_the_header_and_left_aligns_the_body ... FAILED
[INFO] [stdout] test exporter::pdf::tests::cells_of_a_table_that_fits_stay_on_one_line ... FAILED
[INFO] [stdout] test exporter::pdf::tests::code_wider_than_the_slide_shrinks_to_fit_its_widest_line ... FAILED
[INFO] [stdout] test exporter::pdf::tests::a_word_too_wide_for_a_line_breaks_as_in_marp ... FAILED
[INFO] [stdout] test exporter::pdf::tests::code_blocks_share_one_scale ... FAILED
[INFO] [stdout] test exporter::pdf::tests::body_is_drawn_top_to_bottom_in_order ... FAILED
[INFO] [stdout] test exporter::pdf::tests::code_that_fits_is_not_scaled ... FAILED
[INFO] [stdout] test exporter::pdf::tests::code_with_no_room_left_is_an_error ... FAILED
[INFO] [stdout] test exporter::pdf::tests::content_running_off_the_page_is_an_error ... FAILED
[INFO] [stdout] test exporter::pdf::tests::line_x_aligns_within_box ... ok
[INFO] [stdout] test exporter::pdf::tests::every_code_block_is_drawn_in_order ... FAILED
[INFO] [stdout] test exporter::pdf::tests::paragraphs_split_on_blank_lines_and_keep_line_breaks ... ok
[INFO] [stdout] test exporter::pdf::tests::ink_bottom_counts_descenders_and_boxes ... FAILED
[INFO] [stdout] test exporter::pdf::tests::picture_is_placed_as_marp_places_it ... FAILED
[INFO] [stdout] test exporter::pdf::tests::nested_items_indent_and_follow_their_parent_without_a_gap ... FAILED
[INFO] [stdout] test exporter::pdf::tests::page_number_is_right_aligned_at_the_configured_position ... FAILED
[INFO] [stdout] test exporter::pdf::tests::markers_follow_the_nesting_depth ... FAILED
[INFO] [stdout] test exporter::pdf::tests::numbered_marker_ends_one_space_before_the_text ... FAILED
[INFO] [stdout] test exporter::pdf::tests::credit_names_the_version_at_the_bottom_left ... FAILED
[INFO] [stdout] test exporter::pdf::tests::place_matches_stack_height ... ok
[INFO] [stdout] test exporter::pdf::tests::rounded_rect_handles_zero_radius ... ok
[INFO] [stdout] test exporter::pdf::tests::stack_collapses_margins_and_drops_outer_ones ... ok
[INFO] [stdout] test exporter::pdf::tests::quote_has_a_bar_and_muted_inset_text ... FAILED
[INFO] [stdout] test exporter::pdf::tests::content_taller_than_the_padding_box_starts_at_the_top ... FAILED
[INFO] [stdout] test exporter::pdf::tests::layout_scales_exactly_with_the_page_size ... FAILED
[INFO] [stdout] test exporter::pdf::tests::render_reports_every_slide_that_does_not_fit ... FAILED
[INFO] [stdout] test exporter::pdf::tests::roman_and_alpha_counters ... ok
[INFO] [stdout] test exporter::pdf::tests::content_below_a_picture_follows_it ... FAILED
[INFO] [stdout] test exporter::pdf::tests::table_too_wide_even_when_wrapped_is_an_error ... FAILED
[INFO] [stdout] test exporter::pdf::tests::the_last_lines_leading_may_hang_past_the_page ... FAILED
[INFO] [stdout] test exporter::pdf::tests::table_keeps_its_natural_width_when_it_fits ... FAILED
[INFO] [stdout] test exporter::pdf::tests::with_overflow_warnings_every_slide_is_drawn_and_reported ... FAILED
[INFO] [stdout] test exporter::pdf::tests::render_produces_a_pdf_for_every_feature ... FAILED
[INFO] [stdout] test exporter::text::tests::a_character_no_font_has_is_an_error ... FAILED
[INFO] [stdout] test exporter::syntax_file::tests::dollar_anchors_match_before_the_newline ... ok
[INFO] [stdout] test exporter::text::tests::a_hyphen_after_punctuation_inside_a_word_breaks_before_a_letter ... ok
[INFO] [stdout] test exporter::text::tests::bold_and_code ... ok
[INFO] [stdout] test exporter::text::tests::bare_email_and_url_are_links ... ok
[INFO] [stdout] test exporter::text::tests::character_references_are_decoded_outside_code ... ok
[INFO] [stdout] test exporter::text::tests::a_word_longer_than_the_line_gets_a_line_of_its_own ... FAILED
[INFO] [stdout] test exporter::text::tests::break_words_splits_only_a_word_that_cannot_fit_a_line ... FAILED
[INFO] [stdout] test exporter::text::tests::characters_the_font_lacks_come_from_the_fallbacks ... FAILED
[INFO] [stdout] test exporter::text::tests::code_keeps_inner_markup ... ok
[INFO] [stdout] test exporter::text::tests::code_span_breaks_at_spaces_with_padding_on_its_outer_edges ... FAILED
[INFO] [stdout] test exporter::text::tests::hyphens_that_are_not_inside_a_word_do_not_break ... FAILED
[INFO] [stdout] test exporter::text::tests::italic_star_and_underscore ... ok
[INFO] [stdout] test exporter::text::tests::markdown_link_shows_text_only ... ok
[INFO] [stdout] test exporter::text::tests::pieces_are_contiguous_and_sum_to_the_line_width ... FAILED
[INFO] [stdout] test exporter::text::tests::plain_text_is_one_span ... ok
[INFO] [stdout] test exporter::text::tests::styled_runs_use_their_own_face ... FAILED
[INFO] [stdout] test exporter::text::tests::unmatched_delimiters_stay_literal ... ok
[INFO] [stdout] test exporter::syntax_file::tests::unknown_keys_are_errors ... ok
[INFO] [stdout] test exporter::text::tests::a_joined_emoji_stays_in_one_run ... FAILED
[INFO] [stdout] test exporter::text::tests::wrapped_lines_fit_the_width ... FAILED
[INFO] [stdout] test exporter::text::tests::a_line_may_break_after_a_hyphen_inside_a_word ... FAILED
[INFO] [stdout] test importer::marp::tests::a_fence_ends_the_list ... ok
[INFO] [stdout] test exporter::text::tests::width_scales_linearly_with_size ... FAILED
[INFO] [stdout] test importer::marp::tests::a_longer_fence_holds_shorter_ones ... ok
[INFO] [stdout] test importer::marp::tests::a_numbered_list_starts_at_its_first_number ... ok
[INFO] [stdout] test importer::marp::tests::a_plain_line_after_an_item_continues_it ... ok
[INFO] [stdout] test exporter::text::tests::escapes_are_literal ... ok
[INFO] [stdout] test importer::marp::tests::a_quote_line_ends_a_list ... ok
[INFO] [stdout] test exporter::text::tests::inline_code_breaks_after_a_hyphen_too_and_keeps_its_padding_outside ... FAILED
[INFO] [stdout] test importer::marp::tests::an_unclosed_fence_is_an_error ... ok
[INFO] [stdout] test exporter::text::tests::intraword_underscore_is_literal ... ok
[INFO] [stdout] test importer::marp::tests::a_slide_separator_inside_a_long_fence_is_code ... ok
[INFO] [stdout] test importer::marp::tests::bare_div_columns_hold_any_content ... ok
[INFO] [stdout] test importer::marp::tests::blank_lines_between_items_do_not_split_the_list ... ok
[INFO] [stdout] test importer::marp::tests::blockquote_becomes_a_quote ... ok
[INFO] [stdout] test exporter::text::tests::wrapping_keeps_every_word_and_trims_line_edges ... FAILED
[INFO] [stdout] test importer::marp::tests::an_image_without_bg_stays_in_the_body ... ok
[INFO] [stdout] test importer::marp::tests::body_keeps_source_order ... ok
[INFO] [stdout] test importer::marp::tests::bold_label_line_is_not_a_bullet ... ok
[INFO] [stdout] test importer::marp::tests::code_whose_first_line_is_indented_round_trips ... ok
[INFO] [stdout] test importer::marp::tests::escaped_pipe_stays_inside_its_cell ... ok
[INFO] [stdout] test exporter::pdf::tests::unknown_code_theme_is_an_error ... ok
[INFO] [stdout] test importer::marp::tests::content_outside_any_column_is_an_error ... ok
[INFO] [stdout] test importer::marp::tests::a_fence_closes_only_on_its_own_marker_alone ... ok
[INFO] [stdout] test importer::marp::tests::columns_div_becomes_columns ... ok
[INFO] [stdout] test importer::marp::tests::every_table_is_kept ... ok
[INFO] [stdout] test importer::marp::tests::header_columns_split_only_on_their_own_level_outside_fences ... ok
[INFO] [stdout] test importer::marp::tests::imports_front_matter_and_single_slide ... ok
[INFO] [stdout] test importer::marp::tests::inline_svg_becomes_an_svg_element ... ok
[INFO] [stdout] test importer::marp::tests::bg_image_becomes_the_slide_background ... ok
[INFO] [stdout] test importer::marp::tests::nested_lists_follow_indentation ... ok
[INFO] [stdout] test importer::marp::tests::bg_keywords_carry_the_split_size_and_the_image_size ... ok
[INFO] [stdout] test importer::marp::tests::blank_lines_between_bare_div_columns ... ok
[INFO] [stdout] test importer::marp::tests::paragraph_lines_stay_one_text_element ... ok
[INFO] [stdout] test importer::marp::tests::parses_image ... ok
[INFO] [stdout] test importer::marp::tests::long_text_uses_a_block_scalar ... ok
[INFO] [stdout] test importer::marp::tests::every_code_block_is_kept_in_order ... ok
[INFO] [stdout] test importer::marp::tests::style_block_is_skipped ... ok
[INFO] [stdout] test importer::marp::tests::switching_kind_at_top_level_starts_a_new_list ... ok
[INFO] [stdout] test importer::marp::tests::switching_kind_inside_a_nested_list_is_an_error ... ok
[INFO] [stdout] test importer::marp::tests::nested_quotes_and_lists_in_quotes ... ok
[INFO] [stdout] test importer::marp::tests::numbered_list_is_ordered ... ok
[INFO] [stdout] test importer::marp::tests::title_keeps_its_level_and_a_second_h1_is_an_error ... ok
[INFO] [stdout] test importer::marp::tests::unsupported_html_is_an_error ... ok
[INFO] [stdout] test importer::marp::tests::yaml_output_starts_with_doc_marker ... ok
[INFO] [stdout] test importer::marp::tests::yaml_keywords_are_quoted ... ok
[INFO] [stdout] test parser::tests::background_values_are_checked ... ok
[INFO] [stdout] test importer::marp::tests::hr_inside_code_fence_is_not_a_separator ... ok
[INFO] [stdout] test parser::tests::body_element_needs_exactly_one_known_key ... ok
[INFO] [stdout] test parser::tests::body_keeps_its_order ... ok
[INFO] [stdout] test parser::tests::body_rejects_mixing_with_fixed_fields ... ok
[INFO] [stdout] test parser::tests::code_accepts_a_list_of_blocks ... ok
[INFO] [stdout] test parser::tests::code_rejects_an_empty_list_and_unknown_keys ... ok
[INFO] [stdout] test parser::tests::columns_take_a_body_or_the_old_fields ... ok
[INFO] [stdout] test parser::tests::fixed_bullets_and_code_parse ... ok
[INFO] [stdout] test parser::tests::image_and_svg_together_are_an_error ... ok
[INFO] [stdout] test parser::tests::fixed_fields_become_a_body_in_their_drawing_order ... ok
[INFO] [stdout] test parser::tests::list_items_nest ... ok
[INFO] [stdout] test parser::tests::parse_invalid_yaml_returns_error ... ok
[INFO] [stdout] test parser::tests::parse_minimal_presentation ... ok
[INFO] [stdout] test parser::tests::parse_rejects_unknown_align ... ok
[INFO] [stdout] test parser::tests::parse_slide_alignment_fields ... ok
[INFO] [stdout] test parser::tests::parse_slide_with_table ... ok
[INFO] [stdout] test importer::marp::tests::parses_tables_with_alignment ... ok
[INFO] [stdout] test parser::tests::parse_table_rejects_ragged_row_and_bad_aligns ... ok
[INFO] [stdout] test parser::tests::parse_title_and_paginate ... ok
[INFO] [stdout] test importer::marp::tests::ragged_table_row_is_an_error ... ok
[INFO] [stdout] test importer::marp::tests::splits_multiple_slides_on_hr ... ok
[INFO] [stdout] test importer::marp::tests::unsupported_backgrounds_are_errors ... ok
[INFO] [stdout] test utils::css_vars::tests::falls_back_when_undefined ... ok
[INFO] [stdout] test utils::css_vars::tests::first_declaration_wins ... ok
[INFO] [stdout] test utils::css_vars::tests::flattens_basic_var ... ok
[INFO] [stdout] test parser::tests::lists_must_not_be_empty_or_doubly_nested ... ok
[INFO] [stdout] test parser::tests::parse_title_level_defaults_to_one_and_is_validated ... ok
[INFO] [stdout] test utils::css_vars::tests::handles_multiple_style_blocks ... ok
[INFO] [stdout] test parser::tests::subtitle_shorthand_and_level_validation ... ok
[INFO] [stdout] test parser::tests::unknown_slide_field_is_an_error ... ok
[INFO] [stdout] test utils::css_vars::tests::resolves_many_vars_in_one_pass ... ok
[INFO] [stdout] test utils::css_vars::tests::preserves_unknown_without_fallback ... ok
[INFO] [stdout] test utils::css_vars::tests::noop_when_no_style_block ... ok
[INFO] [stdout] test tests::an_unknown_input_type_is_an_error ... ok
[INFO] [stdout] test exporter::pdf::tests::too_wide_table_fills_the_width_and_wraps_cells ... FAILED
[INFO] [stdout] test exporter::pdf::tests::valign_places_the_stack_top_middle_or_bottom ... FAILED
[INFO] [stdout] test parser::tests::quote_holds_elements ... ok
[INFO] [stdout] test tests::a_marp_deck_loads_like_its_import ... ok
[INFO] [stdout] test exporter::highlight::tests::language_lookup_ignores_case ... ok
[INFO] [stdout] test exporter::highlight::tests::languages_highlight_js_does_not_know_are_plain ... ok
[INFO] [stdout] test exporter::highlight::tests::a_session_colours_prompts_and_commands_but_not_output ... ok
[INFO] [stdout] test exporter::highlight::tests::every_corpus_language_marp_highlights_has_a_syntax ... ok
[INFO] [stdout] test exporter::highlight::tests::a_continued_command_stays_bash ... ok
[INFO] [stdout] test exporter::highlight::tests::bundled_syntaxes_colour_like_highlight_js ... ok
[INFO] [stdout] 
[INFO] [stdout] failures:
[INFO] [stdout] 
[INFO] [stdout] ---- exporter::pdf::tests::a_numbered_list_counts_from_its_start stdout ----
[INFO] [stdout] 
[INFO] [stdout] thread 'exporter::pdf::tests::a_numbered_list_counts_from_its_start' (3617) panicked at src/exporter/pdf.rs:1848:14:
[INFO] [stdout] the default fonts must be installed (see scripts/ci-install-tools.repo.sh): reading regular font /usr/share/fonts/truetype/noto/NotoSans-Regular.ttf
[INFO] [stdout] 
[INFO] [stdout] Caused by:
[INFO] [stdout]     No such file or directory (os error 2)
[INFO] [stdout] 
[INFO] [stdout] Stack backtrace:
[INFO] [stdout]    0: <unknown>
[INFO] [stdout]    1: <unknown>
[INFO] [stdout]    2: <unknown>
[INFO] [stdout]    3: <unknown>
[INFO] [stdout]    4: <unknown>
[INFO] [stdout]    5: <unknown>
[INFO] [stdout]    6: <unknown>
[INFO] [stdout]    7: <unknown>
[INFO] [stdout]    8: <unknown>
[INFO] [stdout]    9: <unknown>
[INFO] [stdout]   10: <unknown>
[INFO] [stdout]   11: clone
[INFO] [stdout] stack backtrace:
[INFO] [stdout]    0:     0x63b2ebb811f6 - <unknown>
[INFO] [stdout]    1:     0x63b2eb67dfca - <unknown>
[INFO] [stdout]    2:     0x63b2ebb86f0c - <unknown>
[INFO] [stdout]    3:     0x63b2ebb5cbb2 - <unknown>
[INFO] [stdout]    4:     0x63b2ebb793b1 - <unknown>
[INFO] [stdout]    5:     0x63b2ebb79592 - <unknown>
[INFO] [stdout]    6:     0x63b2ebb5cc62 - <unknown>
[INFO] [stdout]    7:     0x63b2ebb55339 - <unknown>
[INFO] [stdout]    8:     0x63b2ebb5daad - <unknown>
[INFO] [stdout]    9:     0x63b2eb67e72c - <unknown>
[INFO] [stdout]   10:     0x63b2eb67e502 - <unknown>
[INFO] [stdout]   11:     0x63b2eb9cf8e5 - <unknown>
[INFO] [stdout]   12:     0x63b2eba29569 - <unknown>
[INFO] [stdout]   13:     0x63b2ebbf79ab - <unknown>
[INFO] [stdout]   14:     0x63b2ebc05b01 - <unknown>
[INFO] [stdout]   15:     0x63b2ebbff214 - <unknown>
[INFO] [stdout]   16:     0x63b2ebc09922 - <unknown>
[INFO] [stdout]   17:     0x63b2ebb8003e - <unknown>
[INFO] [stdout]   18:     0x701948326dfa - <unknown>
[INFO] [stdout]   19:     0x7019483ba3d4 - clone
[INFO] [stdout]   20:                0x0 - <unknown>
[INFO] [stdout] 
[INFO] [stdout] ---- exporter::pdf::tests::a_table_too_wide_is_an_error_even_with_overflow_warnings stdout ----
[INFO] [stdout] 
[INFO] [stdout] thread 'exporter::pdf::tests::a_table_too_wide_is_an_error_even_with_overflow_warnings' (3621) panicked at src/exporter/pdf.rs:1848:14:
[INFO] [stdout] the default fonts must be installed (see scripts/ci-install-tools.repo.sh): reading regular font /usr/share/fonts/truetype/noto/NotoSans-Regular.ttf
[INFO] [stdout] 
[INFO] [stdout] Caused by:
[INFO] [stdout]     No such file or directory (os error 2)
[INFO] [stdout] 
[INFO] [stdout] Stack backtrace:
[INFO] [stdout]    0: <unknown>
[INFO] [stdout]    1: <unknown>
[INFO] [stdout]    2: <unknown>
[INFO] [stdout]    3: <unknown>
[INFO] [stdout]    4: <unknown>
[INFO] [stdout]    5: <unknown>
[INFO] [stdout]    6: <unknown>
[INFO] [stdout]    7: <unknown>
[INFO] [stdout]    8: <unknown>
[INFO] [stdout]    9: <unknown>
[INFO] [stdout]   10: <unknown>
[INFO] [stdout]   11: <unknown>
[INFO] [stdout]   12: clone
[INFO] [stdout] stack backtrace:
[INFO] [stdout]    0:     0x63b2ebb811f6 - <unknown>
[INFO] [stdout]    1:     0x63b2eb67dfca - <unknown>
[INFO] [stdout]    2:     0x63b2ebb86f0c - <unknown>
[INFO] [stdout]    3:     0x63b2ebb5cbb2 - <unknown>
[INFO] [stdout]    4:     0x63b2ebb793b1 - <unknown>
[INFO] [stdout]    5:     0x63b2ebb79592 - <unknown>
[INFO] [stdout]    6:     0x63b2ebb5cc62 - <unknown>
[INFO] [stdout]    7:     0x63b2ebb55339 - <unknown>
[INFO] [stdout]    8:     0x63b2ebb5daad - <unknown>
[INFO] [stdout]    9:     0x63b2eb67e72c - <unknown>
[INFO] [stdout]   10:     0x63b2eb67e502 - <unknown>
[INFO] [stdout]   11:     0x63b2eb9c8067 - <unknown>
[INFO] [stdout]   12:     0x63b2eb9de76e - <unknown>
[INFO] [stdout]   13:     0x63b2eba29889 - <unknown>
[INFO] [stdout]   14:     0x63b2ebbf79ab - <unknown>
[INFO] [stdout]   15:     0x63b2ebc05b01 - <unknown>
[INFO] [stdout]   16:     0x63b2ebbff214 - <unknown>
[INFO] [stdout]   17:     0x63b2ebc09922 - <unknown>
[INFO] [stdout]   18:     0x63b2ebb8003e - <unknown>
[INFO] [stdout]   19:     0x701948326dfa - <unknown>
[INFO] [stdout]   20:     0x7019483ba3d4 - clone
[INFO] [stdout]   21:                0x0 - <unknown>
[INFO] [stdout] 
[INFO] [stdout] ---- exporter::pdf::tests::a_small_picture_keeps_its_size_and_is_centred_with_the_text stdout ----
[INFO] [stdout] 
[INFO] [stdout] thread 'exporter::pdf::tests::a_small_picture_keeps_its_size_and_is_centred_with_the_text' (3620) panicked at src/exporter/pdf.rs:1848:14:
[INFO] [stdout] the default fonts must be installed (see scripts/ci-install-tools.repo.sh): reading regular font /usr/share/fonts/truetype/noto/NotoSans-Regular.ttf
[INFO] [stdout] 
[INFO] [stdout] Caused by:
[INFO] [stdout]     No such file or directory (os error 2)
[INFO] [stdout] 
[INFO] [stdout] Stack backtrace:
[INFO] [stdout]    0: <unknown>
[INFO] [stdout]    1: <unknown>
[INFO] [stdout]    2: <unknown>
[INFO] [stdout]    3: <unknown>
[INFO] [stdout]    4: <unknown>
[INFO] [stdout]    5: <unknown>
[INFO] [stdout]    6: <unknown>
[INFO] [stdout]    7: <unknown>
[INFO] [stdout]    8: <unknown>
[INFO] [stdout]    9: <unknown>
[INFO] [stdout]   10: <unknown>
[INFO] [stdout]   11: clone
[INFO] [stdout] stack backtrace:
[INFO] [stdout]    0:     0x63b2ebb811f6 - <unknown>
[INFO] [stdout]    1:     0x63b2eb67dfca - <unknown>
[INFO] [stdout]    2:     0x63b2ebb86f0c - <unknown>
[INFO] [stdout]    3:     0x63b2ebb5cbb2 - <unknown>
[INFO] [stdout]    4:     0x63b2ebb793b1 - <unknown>
[INFO] [stdout]    5:     0x63b2ebb79592 - <unknown>
[INFO] [stdout]    6:     0x63b2ebb5cc62 - <unknown>
[INFO] [stdout]    7:     0x63b2ebb55339 - <unknown>
[INFO] [stdout]    8:     0x63b2ebb5daad - <unknown>
[INFO] [stdout]    9:     0x63b2eb67e72c - <unknown>
[INFO] [stdout]   10:     0x63b2eb67e502 - <unknown>
[INFO] [stdout]   11:     0x63b2eb9e1a49 - <unknown>
[INFO] [stdout]   12:     0x63b2eba29929 - <unknown>
[INFO] [stdout]   13:     0x63b2ebbf79ab - <unknown>
[INFO] [stdout]   14:     0x63b2ebc05b01 - <unknown>
[INFO] [stdout]   15:     0x63b2ebbff214 - <unknown>
[INFO] [stdout]   16:     0x63b2ebc09922 - <unknown>
[INFO] [stdout]   17:     0x63b2ebb8003e - <unknown>
[INFO] [stdout]   18:     0x701948326dfa - <unknown>
[INFO] [stdout]   19:     0x7019483ba3d4 - clone
[INFO] [stdout]   20:                0x0 - <unknown>
[INFO] [stdout] 
[INFO] [stdout] ---- exporter::pdf::tests::a_column_keeps_its_first_and_last_margins_inside stdout ----
[INFO] [stdout] 
[INFO] [stdout] thread 'exporter::pdf::tests::a_column_keeps_its_first_and_last_margins_inside' (3614) panicked at src/exporter/pdf.rs:1848:14:
[INFO] [stdout] the default fonts must be installed (see scripts/ci-install-tools.repo.sh): reading regular font /usr/share/fonts/truetype/noto/NotoSans-Regular.ttf
[INFO] [stdout] 
[INFO] [stdout] Caused by:
[INFO] [stdout]     No such file or directory (os error 2)
[INFO] [stdout] 
[INFO] [stdout] Stack backtrace:
[INFO] [stdout]    0: <unknown>
[INFO] [stdout]    1: <unknown>
[INFO] [stdout]    2: <unknown>
[INFO] [stdout]    3: <unknown>
[INFO] [stdout]    4: <unknown>
[INFO] [stdout]    5: <unknown>
[INFO] [stdout]    6: <unknown>
[INFO] [stdout]    7: <unknown>
[INFO] [stdout]    8: <unknown>
[INFO] [stdout]    9: <unknown>
[INFO] [stdout]   10: <unknown>
[INFO] [stdout]   11: clone
[INFO] [stdout] stack backtrace:
[INFO] [stdout]    0:     0x63b2ebb811f6 - <unknown>
[INFO] [stdout]    1:     0x63b2eb67dfca - <unknown>
[INFO] [stdout]    2:     0x63b2ebb86f0c - <unknown>
[INFO] [stdout]    3:     0x63b2ebb5cbb2 - <unknown>
[INFO] [stdout]    4:     0x63b2ebb793b1 - <unknown>
[INFO] [stdout]    5:     0x63b2ebb79592 - <unknown>
[INFO] [stdout]    6:     0x63b2ebb5cc62 - <unknown>
[INFO] [stdout]    7:     0x63b2ebb55339 - <unknown>
[INFO] [stdout]    8:     0x63b2ebb5daad - <unknown>
[INFO] [stdout]    9:     0x63b2eb67e72c - <unknown>
[INFO] [stdout]   10:     0x63b2eb67e502 - <unknown>
[INFO] [stdout]   11:     0x63b2eb9dc0c3 - <unknown>
[INFO] [stdout]   12:     0x63b2eba297e9 - <unknown>
[INFO] [stdout]   13:     0x63b2ebbf79ab - <unknown>
[INFO] [stdout]   14:     0x63b2ebc05b01 - <unknown>
[INFO] [stdout]   15:     0x63b2ebbff214 - <unknown>
[INFO] [stdout]   16:     0x63b2ebc09922 - <unknown>
[INFO] [stdout]   17:     0x63b2ebb8003e - <unknown>
[INFO] [stdout]   18:     0x701948326dfa - <unknown>
[INFO] [stdout]   19:     0x7019483ba3d4 - clone
[INFO] [stdout]   20:                0x0 - <unknown>
[INFO] [stdout] 
[INFO] [stdout] ---- exporter::pdf::tests::a_background_that_is_not_a_picture_is_an_error stdout ----
[INFO] [stdout] 
[INFO] [stdout] thread 'exporter::pdf::tests::a_background_that_is_not_a_picture_is_an_error' (3613) panicked at src/exporter/pdf.rs:1848:14:
[INFO] [stdout] the default fonts must be installed (see scripts/ci-install-tools.repo.sh): reading regular font /usr/share/fonts/truetype/noto/NotoSans-Regular.ttf
[INFO] [stdout] 
[INFO] [stdout] Caused by:
[INFO] [stdout]     No such file or directory (os error 2)
[INFO] [stdout] 
[INFO] [stdout] Stack backtrace:
[INFO] [stdout]    0: <unknown>
[INFO] [stdout]    1: <unknown>
[INFO] [stdout]    2: <unknown>
[INFO] [stdout]    3: <unknown>
[INFO] [stdout]    4: <unknown>
[INFO] [stdout]    5: <unknown>
[INFO] [stdout]    6: <unknown>
[INFO] [stdout]    7: <unknown>
[INFO] [stdout]    8: <unknown>
[INFO] [stdout]    9: <unknown>
[INFO] [stdout]   10: <unknown>
[INFO] [stdout]   11: clone
[INFO] [stdout] stack backtrace:
[INFO] [stdout]    0:     0x63b2ebb811f6 - <unknown>
[INFO] [stdout]    1:     0x63b2eb67dfca - <unknown>
[INFO] [stdout]    2:     0x63b2ebb86f0c - <unknown>
[INFO] [stdout]    3:     0x63b2ebb5cbb2 - <unknown>
[INFO] [stdout]    4:     0x63b2ebb793b1 - <unknown>
[INFO] [stdout]    5:     0x63b2ebb79592 - <unknown>
[INFO] [stdout]    6:     0x63b2ebb5cc62 - <unknown>
[INFO] [stdout]    7:     0x63b2ebb55339 - <unknown>
[INFO] [stdout]    8:     0x63b2ebb5daad - <unknown>
[INFO] [stdout]    9:     0x63b2eb67e72c - <unknown>
[INFO] [stdout]   10:     0x63b2eb67e502 - <unknown>
[INFO] [stdout]   11:     0x63b2eb9da2f6 - <unknown>
[INFO] [stdout]   12:     0x63b2eba29789 - <unknown>
[INFO] [stdout]   13:     0x63b2ebbf79ab - <unknown>
[INFO] [stdout]   14:     0x63b2ebc05b01 - <unknown>
[INFO] [stdout]   15:     0x63b2ebbff214 - <unknown>
[INFO] [stdout]   16:     0x63b2ebc09922 - <unknown>
[INFO] [stdout]   17:     0x63b2ebb8003e - <unknown>
[INFO] [stdout]   18:     0x701948326dfa - <unknown>
[INFO] [stdout]   19:     0x7019483ba3d4 - clone
[INFO] [stdout]   20:                0x0 - <unknown>
[INFO] [stdout] 
[INFO] [stdout] ---- exporter::pdf::tests::a_slide_with_a_character_no_font_has_fails stdout ----
[INFO] [stdout] 
[INFO] [stdout] thread 'exporter::pdf::tests::a_slide_with_a_character_no_font_has_fails' (3619) panicked at src/exporter/pdf.rs:1848:14:
[INFO] [stdout] the default fonts must be installed (see scripts/ci-install-tools.repo.sh): reading regular font /usr/share/fonts/truetype/noto/NotoSans-Regular.ttf
[INFO] [stdout] 
[INFO] [stdout] Caused by:
[INFO] [stdout]     No such file or directory (os error 2)
[INFO] [stdout] 
[INFO] [stdout] Stack backtrace:
[INFO] [stdout]    0: <unknown>
[INFO] [stdout]    1: <unknown>
[INFO] [stdout]    2: <unknown>
[INFO] [stdout]    3: <unknown>
[INFO] [stdout]    4: <unknown>
[INFO] [stdout]    5: <unknown>
[INFO] [stdout]    6: <unknown>
[INFO] [stdout]    7: <unknown>
[INFO] [stdout]    8: <unknown>
[INFO] [stdout]    9: <unknown>
[INFO] [stdout]   10: <unknown>
[INFO] [stdout]   11: clone
[INFO] [stdout] stack backtrace:
[INFO] [stdout]    0:     0x63b2ebb811f6 - <unknown>
[INFO] [stdout]    1:     0x63b2eb67dfca - <unknown>
[INFO] [stdout]    2:     0x63b2ebb86f0c - <unknown>
[INFO] [stdout]    3:     0x63b2ebb5cbb2 - <unknown>
[INFO] [stdout]    4:     0x63b2ebb793b1 - <unknown>
[INFO] [stdout]    5:     0x63b2ebb79592 - <unknown>
[INFO] [stdout]    6:     0x63b2ebb5cc62 - <unknown>
[INFO] [stdout]    7:     0x63b2ebb55339 - <unknown>
[INFO] [stdout]    8:     0x63b2ebb5daad - <unknown>
[INFO] [stdout]    9:     0x63b2eb67e72c - <unknown>
[INFO] [stdout]   10:     0x63b2eb67e502 - <unknown>
[INFO] [stdout]   11:     0x63b2eb9d32d2 - <unknown>
[INFO] [stdout]   12:     0x63b2eba29609 - <unknown>
[INFO] [stdout]   13:     0x63b2ebbf79ab - <unknown>
[INFO] [stdout]   14:     0x63b2ebc05b01 - <unknown>
[INFO] [stdout]   15:     0x63b2ebbff214 - <unknown>
[INFO] [stdout]   16:     0x63b2ebc09922 - <unknown>
[INFO] [stdout]   17:     0x63b2ebb8003e - <unknown>
[INFO] [stdout]   18:     0x701948326dfa - <unknown>
[INFO] [stdout]   19:     0x7019483ba3d4 - clone
[INFO] [stdout]   20:                0x0 - <unknown>
[INFO] [stdout] 
[INFO] [stdout] ---- exporter::pdf::tests::a_drawing_that_runs_off_the_page_is_an_error stdout ----
[INFO] [stdout] 
[INFO] [stdout] thread 'exporter::pdf::tests::a_drawing_that_runs_off_the_page_is_an_error' (3615) panicked at src/exporter/pdf.rs:1848:14:
[INFO] [stdout] the default fonts must be installed (see scripts/ci-install-tools.repo.sh): reading regular font /usr/share/fonts/truetype/noto/NotoSans-Regular.ttf
[INFO] [stdout] 
[INFO] [stdout] Caused by:
[INFO] [stdout]     No such file or directory (os error 2)
[INFO] [stdout] 
[INFO] [stdout] Stack backtrace:
[INFO] [stdout]    0: <unknown>
[INFO] [stdout]    1: <unknown>
[INFO] [stdout]    2: <unknown>
[INFO] [stdout]    3: <unknown>
[INFO] [stdout]    4: <unknown>
[INFO] [stdout]    5: <unknown>
[INFO] [stdout]    6: <unknown>
[INFO] [stdout]    7: <unknown>
[INFO] [stdout]    8: <unknown>
[INFO] [stdout]    9: <unknown>
[INFO] [stdout]   10: <unknown>
[INFO] [stdout]   11: clone
[INFO] [stdout] stack backtrace:
[INFO] [stdout]    0:     0x63b2ebb811f6 - <unknown>
[INFO] [stdout]    1:     0x63b2eb67dfca - <unknown>
[INFO] [stdout]    2:     0x63b2ebb86f0c - <unknown>
[INFO] [stdout]    3:     0x63b2ebb5cbb2 - <unknown>
[INFO] [stdout]    4:     0x63b2ebb793b1 - <unknown>
[INFO] [stdout]    5:     0x63b2ebb79592 - <unknown>
[INFO] [stdout]    6:     0x63b2ebb5cc62 - <unknown>
[INFO] [stdout]    7:     0x63b2ebb55339 - <unknown>
[INFO] [stdout]    8:     0x63b2ebb5daad - <unknown>
[INFO] [stdout]    9:     0x63b2eb67e72c - <unknown>
[INFO] [stdout]   10:     0x63b2eb67e502 - <unknown>
[INFO] [stdout]   11:     0x63b2eb9d5b01 - <unknown>
[INFO] [stdout]   12:     0x63b2eba29689 - <unknown>
[INFO] [stdout]   13:     0x63b2ebbf79ab - <unknown>
[INFO] [stdout]   14:     0x63b2ebc05b01 - <unknown>
[INFO] [stdout]   15:     0x63b2ebbff214 - <unknown>
[INFO] [stdout]   16:     0x63b2ebc09922 - <unknown>
[INFO] [stdout]   17:     0x63b2ebb8003e - <unknown>
[INFO] [stdout]   18:     0x701948326dfa - <unknown>
[INFO] [stdout]   19:     0x7019483ba3d4 - clone
[INFO] [stdout]   20:                0x0 - <unknown>
[INFO] [stdout] 
[INFO] [stdout] ---- exporter::pdf::tests::a_left_background_covers_its_half_and_the_content_takes_the_other stdout ----
[INFO] [stdout] 
[INFO] [stdout] thread 'exporter::pdf::tests::a_left_background_covers_its_half_and_the_content_takes_the_other' (3616) panicked at src/exporter/pdf.rs:1848:14:
[INFO] [stdout] the default fonts must be installed (see scripts/ci-install-tools.repo.sh): reading regular font /usr/share/fonts/truetype/noto/NotoSans-Regular.ttf
[INFO] [stdout] 
[INFO] [stdout] Caused by:
[INFO] [stdout]     No such file or directory (os error 2)
[INFO] [stdout] 
[INFO] [stdout] Stack backtrace:
[INFO] [stdout]    0: <unknown>
[INFO] [stdout]    1: <unknown>
[INFO] [stdout]    2: <unknown>
[INFO] [stdout]    3: <unknown>
[INFO] [stdout]    4: <unknown>
[INFO] [stdout]    5: <unknown>
[INFO] [stdout]    6: <unknown>
[INFO] [stdout]    7: <unknown>
[INFO] [stdout]    8: <unknown>
[INFO] [stdout]    9: <unknown>
[INFO] [stdout]   10: <unknown>
[INFO] [stdout]   11: clone
[INFO] [stdout] stack backtrace:
[INFO] [stdout]    0:     0x63b2ebb811f6 - <unknown>
[INFO] [stdout]    1:     0x63b2eb67dfca - <unknown>
[INFO] [stdout]    2:     0x63b2ebb86f0c - <unknown>
[INFO] [stdout]    3:     0x63b2ebb5cbb2 - <unknown>
[INFO] [stdout]    4:     0x63b2ebb793b1 - <unknown>
[INFO] [stdout]    5:     0x63b2ebb79592 - <unknown>
[INFO] [stdout]    6:     0x63b2ebb5cc62 - <unknown>
[INFO] [stdout]    7:     0x63b2ebb55339 - <unknown>
[INFO] [stdout]    8:     0x63b2ebb5daad - <unknown>
[INFO] [stdout]    9:     0x63b2eb67e72c - <unknown>
[INFO] [stdout]   10:     0x63b2eb67e502 - <unknown>
[INFO] [stdout]   11:     0x63b2eb9e2edd - <unknown>
[INFO] [stdout]   12:     0x63b2eba29969 - <unknown>
[INFO] [stdout]   13:     0x63b2ebbf79ab - <unknown>
[INFO] [stdout]   14:     0x63b2ebc05b01 - <unknown>
[INFO] [stdout]   15:     0x63b2ebbff214 - <unknown>
[INFO] [stdout]   16:     0x63b2ebc09922 - <unknown>
[INFO] [stdout]   17:     0x63b2ebb8003e - <unknown>
[INFO] [stdout]   18:     0x701948326dfa - <unknown>
[INFO] [stdout]   19:     0x7019483ba3d4 - clone
[INFO] [stdout]   20:                0x0 - <unknown>
[INFO] [stdout] 
[INFO] [stdout] ---- exporter::pdf::tests::a_sized_right_background_is_a_share_of_its_side_width stdout ----
[INFO] [stdout] 
[INFO] [stdout] thread 'exporter::pdf::tests::a_sized_right_background_is_a_share_of_its_side_width' (3618) panicked at src/exporter/pdf.rs:1848:14:
[INFO] [stdout] the default fonts must be installed (see scripts/ci-install-tools.repo.sh): reading regular font /usr/share/fonts/truetype/noto/NotoSans-Regular.ttf
[INFO] [stdout] 
[INFO] [stdout] Caused by:
[INFO] [stdout]     No such file or directory (os error 2)
[INFO] [stdout] 
[INFO] [stdout] Stack backtrace:
[INFO] [stdout]    0: <unknown>
[INFO] [stdout]    1: <unknown>
[INFO] [stdout]    2: <unknown>
[INFO] [stdout]    3: <unknown>
[INFO] [stdout]    4: <unknown>
[INFO] [stdout]    5: <unknown>
[INFO] [stdout]    6: <unknown>
[INFO] [stdout]    7: <unknown>
[INFO] [stdout]    8: <unknown>
[INFO] [stdout]    9: <unknown>
[INFO] [stdout]   10: <unknown>
[INFO] [stdout]   11: clone
[INFO] [stdout] stack backtrace:
[INFO] [stdout]    0:     0x63b2ebb811f6 - <unknown>
[INFO] [stdout]    1:     0x63b2eb67dfca - <unknown>
[INFO] [stdout]    2:     0x63b2ebb86f0c - <unknown>
[INFO] [stdout]    3:     0x63b2ebb5cbb2 - <unknown>
[INFO] [stdout]    4:     0x63b2ebb793b1 - <unknown>
[INFO] [stdout]    5:     0x63b2ebb79592 - <unknown>
[INFO] [stdout]    6:     0x63b2ebb5cc62 - <unknown>
[INFO] [stdout]    7:     0x63b2ebb55339 - <unknown>
[INFO] [stdout]    8:     0x63b2ebb5daad - <unknown>
[INFO] [stdout]    9:     0x63b2eb67e72c - <unknown>
[INFO] [stdout]   10:     0x63b2eb67e502 - <unknown>
[INFO] [stdout]   11:     0x63b2eb9dcfcb - <unknown>
[INFO] [stdout]   12:     0x63b2eba29829 - <unknown>
[INFO] [stdout]   13:     0x63b2ebbf79ab - <unknown>
[INFO] [stdout]   14:     0x63b2ebc05b01 - <unknown>
[INFO] [stdout]   15:     0x63b2ebbff214 - <unknown>
[INFO] [stdout]   16:     0x63b2ebc09922 - <unknown>
[INFO] [stdout]   17:     0x63b2ebb8003e - <unknown>
[INFO] [stdout]   18:     0x701948326dfa - <unknown>
[INFO] [stdout]   19:     0x7019483ba3d4 - clone
[INFO] [stdout]   20:                0x0 - <unknown>
[INFO] [stdout] 
[INFO] [stdout] ---- exporter::pdf::tests::code_too_tall_for_the_slide_shrinks_to_fill_the_padded_area stdout ----
[INFO] [stdout] 
[INFO] [stdout] thread 'exporter::pdf::tests::code_too_tall_for_the_slide_shrinks_to_fill_the_padded_area' (3631) panicked at src/exporter/pdf.rs:1848:14:
[INFO] [stdout] the default fonts must be installed (see scripts/ci-install-tools.repo.sh): reading regular font /usr/share/fonts/truetype/noto/NotoSans-Regular.ttf
[INFO] [stdout] 
[INFO] [stdout] Caused by:
[INFO] [stdout]     No such file or directory (os error 2)
[INFO] [stdout] 
[INFO] [stdout] Stack backtrace:
[INFO] [stdout]    0: <unknown>
[INFO] [stdout]    1: <unknown>
[INFO] [stdout]    2: <unknown>
[INFO] [stdout]    3: <unknown>
[INFO] [stdout]    4: <unknown>
[INFO] [stdout]    5: <unknown>
[INFO] [stdout]    6: <unknown>
[INFO] [stdout]    7: <unknown>
[INFO] [stdout]    8: <unknown>
[INFO] [stdout]    9: <unknown>
[INFO] [stdout]   10: <unknown>
[INFO] [stdout]   11: clone
[INFO] [stdout] stack backtrace:
[INFO] [stdout]    0:     0x63b2ebb811f6 - <unknown>
[INFO] [stdout]    1:     0x63b2eb67dfca - <unknown>
[INFO] [stdout]    2:     0x63b2ebb86f0c - <unknown>
[INFO] [stdout]    3:     0x63b2ebb5cbb2 - <unknown>
[INFO] [stdout]    4:     0x63b2ebb793b1 - <unknown>
[INFO] [stdout]    5:     0x63b2ebb79592 - <unknown>
[INFO] [stdout]    6:     0x63b2ebb5cc62 - <unknown>
[INFO] [stdout]    7:     0x63b2ebb55339 - <unknown>
[INFO] [stdout]    8:     0x63b2ebb5daad - <unknown>
[INFO] [stdout]    9:     0x63b2eb67e72c - <unknown>
[INFO] [stdout]   10:     0x63b2eb67e502 - <unknown>
[INFO] [stdout]   11:     0x63b2eb9e24aa - <unknown>
[INFO] [stdout]   12:     0x63b2eba29949 - <unknown>
[INFO] [stdout]   13:     0x63b2ebbf79ab - <unknown>
[INFO] [stdout]   14:     0x63b2ebc05b01 - <unknown>
[INFO] [stdout]   15:     0x63b2ebbff214 - <unknown>
[INFO] [stdout]   16:     0x63b2ebc09922 - <unknown>
[INFO] [stdout]   17:     0x63b2ebb8003e - <unknown>
[INFO] [stdout]   18:     0x701948326dfa - <unknown>
[INFO] [stdout]   19:     0x7019483ba3d4 - clone
[INFO] [stdout]   20:                0x0 - <unknown>
[INFO] [stdout] 
[INFO] [stdout] ---- exporter::pdf::tests::code_keeps_its_size_when_the_content_only_runs_into_the_bottom_padding stdout ----
[INFO] [stdout] 
[INFO] [stdout] thread 'exporter::pdf::tests::code_keeps_its_size_when_the_content_only_runs_into_the_bottom_padding' (3629) panicked at src/exporter/pdf.rs:1848:14:
[INFO] [stdout] the default fonts must be installed (see scripts/ci-install-tools.repo.sh): reading regular font /usr/share/fonts/truetype/noto/NotoSans-Regular.ttf
[INFO] [stdout] 
[INFO] [stdout] Caused by:
[INFO] [stdout]     No such file or directory (os error 2)
[INFO] [stdout] 
[INFO] [stdout] Stack backtrace:
[INFO] [stdout]    0: <unknown>
[INFO] [stdout]    1: <unknown>
[INFO] [stdout]    2: <unknown>
[INFO] [stdout]    3: <unknown>
[INFO] [stdout]    4: <unknown>
[INFO] [stdout]    5: <unknown>
[INFO] [stdout]    6: <unknown>
[INFO] [stdout]    7: <unknown>
[INFO] [stdout]    8: <unknown>
[INFO] [stdout]    9: <unknown>
[INFO] [stdout]   10: <unknown>
[INFO] [stdout]   11: clone
[INFO] [stdout] stack backtrace:
[INFO] [stdout]    0:     0x63b2ebb811f6 - <unknown>
[INFO] [stdout]    1:     0x63b2eb67dfca - <unknown>
[INFO] [stdout]    2:     0x63b2ebb86f0c - <unknown>
[INFO] [stdout]    3:     0x63b2ebb5cbb2 - <unknown>
[INFO] [stdout]    4:     0x63b2ebb793b1 - <unknown>
[INFO] [stdout]    5:     0x63b2ebb79592 - <unknown>
[INFO] [stdout]    6:     0x63b2ebb5cc62 - <unknown>
[INFO] [stdout]    7:     0x63b2ebb55339 - <unknown>
[INFO] [stdout]    8:     0x63b2ebb5daad - <unknown>
[INFO] [stdout]    9:     0x63b2eb67e72c - <unknown>
[INFO] [stdout]   10:     0x63b2eb67e502 - <unknown>
[INFO] [stdout]   11:     0x63b2eb9e3a06 - <unknown>
[INFO] [stdout]   12:     0x63b2eba29989 - <unknown>
[INFO] [stdout]   13:     0x63b2ebbf79ab - <unknown>
[INFO] [stdout]   14:     0x63b2ebc05b01 - <unknown>
[INFO] [stdout]   15:     0x63b2ebbff214 - <unknown>
[INFO] [stdout]   16:     0x63b2ebc09922 - <unknown>
[INFO] [stdout]   17:     0x63b2ebb8003e - <unknown>
[INFO] [stdout]   18:     0x701948326dfa - <unknown>
[INFO] [stdout]   19:     0x7019483ba3d4 - clone
[INFO] [stdout]   20:                0x0 - <unknown>
[INFO] [stdout] 
[INFO] [stdout] ---- exporter::pdf::tests::code_in_a_column_fits_the_column stdout ----
[INFO] [stdout] 
[INFO] [stdout] thread 'exporter::pdf::tests::code_in_a_column_fits_the_column' (3628) panicked at src/exporter/pdf.rs:1848:14:
[INFO] [stdout] the default fonts must be installed (see scripts/ci-install-tools.repo.sh): reading regular font /usr/share/fonts/truetype/noto/NotoSans-Regular.ttf
[INFO] [stdout] 
[INFO] [stdout] Caused by:
[INFO] [stdout]     No such file or directory (os error 2)
[INFO] [stdout] 
[INFO] [stdout] Stack backtrace:
[INFO] [stdout]    0: <unknown>
[INFO] [stdout]    1: <unknown>
[INFO] [stdout]    2: <unknown>
[INFO] [stdout]    3: <unknown>
[INFO] [stdout]    4: <unknown>
[INFO] [stdout]    5: <unknown>
[INFO] [stdout]    6: <unknown>
[INFO] [stdout]    7: <unknown>
[INFO] [stdout]    8: <unknown>
[INFO] [stdout]    9: <unknown>
[INFO] [stdout]   10: <unknown>
[INFO] [stdout]   11: clone
[INFO] [stdout] stack backtrace:
[INFO] [stdout]    0:     0x63b2ebb811f6 - <unknown>
[INFO] [stdout]    1:     0x63b2eb67dfca - <unknown>
[INFO] [stdout]    2:     0x63b2ebb86f0c - <unknown>
[INFO] [stdout]    3:     0x63b2ebb5cbb2 - <unknown>
[INFO] [stdout]    4:     0x63b2ebb793b1 - <unknown>
[INFO] [stdout]    5:     0x63b2ebb79592 - <unknown>
[INFO] [stdout]    6:     0x63b2ebb5cc62 - <unknown>
[INFO] [stdout]    7:     0x63b2ebb55339 - <unknown>
[INFO] [stdout]    8:     0x63b2ebb5daad - <unknown>
[INFO] [stdout]    9:     0x63b2eb67e72c - <unknown>
[INFO] [stdout]   10:     0x63b2eb67e502 - <unknown>
[INFO] [stdout]   11:     0x63b2eb9caa65 - <unknown>
[INFO] [stdout]   12:     0x63b2eba29449 - <unknown>
[INFO] [stdout]   13:     0x63b2ebbf79ab - <unknown>
[INFO] [stdout]   14:     0x63b2ebc05b01 - <unknown>
[INFO] [stdout]   15:     0x63b2ebbff214 - <unknown>
[INFO] [stdout]   16:     0x63b2ebc09922 - <unknown>
[INFO] [stdout]   17:     0x63b2ebb8003e - <unknown>
[INFO] [stdout]   18:     0x701948326dfa - <unknown>
[INFO] [stdout]   19:     0x7019483ba3d4 - clone
[INFO] [stdout]   20:                0x0 - <unknown>
[INFO] [stdout] 
[INFO] [stdout] ---- exporter::pdf::tests::an_svg_element_outside_its_canvas_is_not_ink stdout ----
[INFO] [stdout] 
[INFO] [stdout] thread 'exporter::pdf::tests::an_svg_element_outside_its_canvas_is_not_ink' (3623) panicked at src/exporter/pdf.rs:1848:14:
[INFO] [stdout] the default fonts must be installed (see scripts/ci-install-tools.repo.sh): reading regular font /usr/share/fonts/truetype/noto/NotoSans-Regular.ttf
[INFO] [stdout] 
[INFO] [stdout] Caused by:
[INFO] [stdout]     No such file or directory (os error 2)
[INFO] [stdout] 
[INFO] [stdout] Stack backtrace:
[INFO] [stdout]    0: <unknown>
[INFO] [stdout]    1: <unknown>
[INFO] [stdout]    2: <unknown>
[INFO] [stdout]    3: <unknown>
[INFO] [stdout]    4: <unknown>
[INFO] [stdout]    5: <unknown>
[INFO] [stdout]    6: <unknown>
[INFO] [stdout]    7: <unknown>
[INFO] [stdout]    8: <unknown>
[INFO] [stdout]    9: <unknown>
[INFO] [stdout]   10: <unknown>
[INFO] [stdout]   11: clone
[INFO] [stdout] stack backtrace:
[INFO] [stdout]    0:     0x63b2ebb811f6 - <unknown>
[INFO] [stdout]    1:     0x63b2eb67dfca - <unknown>
[INFO] [stdout]    2:     0x63b2ebb86f0c - <unknown>
[INFO] [stdout]    3:     0x63b2ebb5cbb2 - <unknown>
[INFO] [stdout]    4:     0x63b2ebb793b1 - <unknown>
[INFO] [stdout]    5:     0x63b2ebb79592 - <unknown>
[INFO] [stdout]    6:     0x63b2ebb5cc62 - <unknown>
[INFO] [stdout]    7:     0x63b2ebb55339 - <unknown>
[INFO] [stdout]    8:     0x63b2ebb5daad - <unknown>
[INFO] [stdout]    9:     0x63b2eb67e72c - <unknown>
[INFO] [stdout]   10:     0x63b2eb67e502 - <unknown>
[INFO] [stdout]   11:     0x63b2eb9d7349 - <unknown>
[INFO] [stdout]   12:     0x63b2eba296c9 - <unknown>
[INFO] [stdout]   13:     0x63b2ebbf79ab - <unknown>
[INFO] [stdout]   14:     0x63b2ebc05b01 - <unknown>
[INFO] [stdout]   15:     0x63b2ebbff214 - <unknown>
[INFO] [stdout]   16:     0x63b2ebc09922 - <unknown>
[INFO] [stdout]   17:     0x63b2ebb8003e - <unknown>
[INFO] [stdout]   18:     0x701948326dfa - <unknown>
[INFO] [stdout]   19:     0x7019483ba3d4 - clone
[INFO] [stdout]   20:                0x0 - <unknown>
[INFO] [stdout] 
[INFO] [stdout] ---- exporter::pdf::tests::auto_alignment_centers_the_header_and_left_aligns_the_body stdout ----
[INFO] [stdout] 
[INFO] [stdout] thread 'exporter::pdf::tests::auto_alignment_centers_the_header_and_left_aligns_the_body' (3624) panicked at src/exporter/pdf.rs:1848:14:
[INFO] [stdout] the default fonts must be installed (see scripts/ci-install-tools.repo.sh): reading regular font /usr/share/fonts/truetype/noto/NotoSans-Regular.ttf
[INFO] [stdout] 
[INFO] [stdout] Caused by:
[INFO] [stdout]     No such file or directory (os error 2)
[INFO] [stdout] 
[INFO] [stdout] Stack backtrace:
[INFO] [stdout]    0: <unknown>
[INFO] [stdout]    1: <unknown>
[INFO] [stdout]    2: <unknown>
[INFO] [stdout]    3: <unknown>
[INFO] [stdout]    4: <unknown>
[INFO] [stdout]    5: <unknown>
[INFO] [stdout]    6: <unknown>
[INFO] [stdout]    7: <unknown>
[INFO] [stdout]    8: <unknown>
[INFO] [stdout]    9: <unknown>
[INFO] [stdout]   10: <unknown>
[INFO] [stdout]   11: clone
[INFO] [stdout] stack backtrace:
[INFO] [stdout]    0:     0x63b2ebb811f6 - <unknown>
[INFO] [stdout]    1:     0x63b2eb67dfca - <unknown>
[INFO] [stdout]    2:     0x63b2ebb86f0c - <unknown>
[INFO] [stdout]    3:     0x63b2ebb5cbb2 - <unknown>
[INFO] [stdout]    4:     0x63b2ebb793b1 - <unknown>
[INFO] [stdout]    5:     0x63b2ebb79592 - <unknown>
[INFO] [stdout]    6:     0x63b2ebb5cc62 - <unknown>
[INFO] [stdout]    7:     0x63b2ebb55339 - <unknown>
[INFO] [stdout]    8:     0x63b2ebb5daad - <unknown>
[INFO] [stdout]    9:     0x63b2eb67e72c - <unknown>
[INFO] [stdout]   10:     0x63b2eb67e502 - <unknown>
[INFO] [stdout]   11:     0x63b2eb9e1176 - <unknown>
[INFO] [stdout]   12:     0x63b2eba29909 - <unknown>
[INFO] [stdout]   13:     0x63b2ebbf79ab - <unknown>
[INFO] [stdout]   14:     0x63b2ebc05b01 - <unknown>
[INFO] [stdout]   15:     0x63b2ebbff214 - <unknown>
[INFO] [stdout]   16:     0x63b2ebc09922 - <unknown>
[INFO] [stdout]   17:     0x63b2ebb8003e - <unknown>
[INFO] [stdout]   18:     0x701948326dfa - <unknown>
[INFO] [stdout]   19:     0x7019483ba3d4 - clone
[INFO] [stdout]   20:                0x0 - <unknown>
[INFO] [stdout] 
[INFO] [stdout] ---- exporter::pdf::tests::cells_of_a_table_that_fits_stay_on_one_line stdout ----
[INFO] [stdout] 
[INFO] [stdout] thread 'exporter::pdf::tests::cells_of_a_table_that_fits_stay_on_one_line' (3626) panicked at src/exporter/pdf.rs:1848:14:
[INFO] [stdout] the default fonts must be installed (see scripts/ci-install-tools.repo.sh): reading regular font /usr/share/fonts/truetype/noto/NotoSans-Regular.ttf
[INFO] [stdout] 
[INFO] [stdout] Caused by:
[INFO] [stdout]     No such file or directory (os error 2)
[INFO] [stderr] error: test failed, to rerun pass `--bin rsslide`
[INFO] [stdout] 
[INFO] [stdout] Stack backtrace:
[INFO] [stdout]    0: <unknown>
[INFO] [stdout]    1: <unknown>
[INFO] [stdout]    2: <unknown>
[INFO] [stdout]    3: <unknown>
[INFO] [stdout]    4: <unknown>
[INFO] [stdout]    5: <unknown>
[INFO] [stdout]    6: <unknown>
[INFO] [stdout]    7: <unknown>
[INFO] [stdout]    8: <unknown>
[INFO] [stdout]    9: <unknown>
[INFO] [stdout]   10: <unknown>
[INFO] [stdout]   11: clone
[INFO] [stdout] stack backtrace:
[INFO] [stdout]    0:     0x63b2ebb811f6 - <unknown>
[INFO] [stdout]    1:     0x63b2eb67dfca - <unknown>
[INFO] [stdout]    2:     0x63b2ebb86f0c - <unknown>
[INFO] [stdout]    3:     0x63b2ebb5cbb2 - <unknown>
[INFO] [stdout]    4:     0x63b2ebb793b1 - <unknown>
[INFO] [stdout]    5:     0x63b2ebb79592 - <unknown>
[INFO] [stdout]    6:     0x63b2ebb5cc62 - <unknown>
[INFO] [stdout]    7:     0x63b2ebb55339 - <unknown>
[INFO] [stdout]    8:     0x63b2ebb5daad - <unknown>
[INFO] [stdout]    9:     0x63b2eb67e72c - <unknown>
[INFO] [stdout]   10:     0x63b2eb67e502 - <unknown>
[INFO] [stdout]   11:     0x63b2eb9d4ae8 - <unknown>
[INFO] [stdout]   12:     0x63b2eba29649 - <unknown>
[INFO] [stdout]   13:     0x63b2ebbf79ab - <unknown>
[INFO] [stdout]   14:     0x63b2ebc05b01 - <unknown>
[INFO] [stdout]   15:     0x63b2ebbff214 - <unknown>
[INFO] [stdout]   16:     0x63b2ebc09922 - <unknown>
[INFO] [stdout]   17:     0x63b2ebb8003e - <unknown>
[INFO] [stdout]   18:     0x701948326dfa - <unknown>
[INFO] [stdout]   19:     0x7019483ba3d4 - clone
[INFO] [stdout]   20:                0x0 - <unknown>
[INFO] [stdout] 
[INFO] [stdout] ---- exporter::pdf::tests::code_wider_than_the_slide_shrinks_to_fit_its_widest_line stdout ----
[INFO] [stdout] 
[INFO] [stdout] thread 'exporter::pdf::tests::code_wider_than_the_slide_shrinks_to_fit_its_widest_line' (3632) panicked at src/exporter/pdf.rs:1848:14:
[INFO] [stdout] the default fonts must be installed (see scripts/ci-install-tools.repo.sh): reading regular font /usr/share/fonts/truetype/noto/NotoSans-Regular.ttf
[INFO] [stdout] 
[INFO] [stdout] Caused by:
[INFO] [stdout]     No such file or directory (os error 2)
[INFO] [stdout] 
[INFO] [stdout] Stack backtrace:
[INFO] [stdout]    0: <unknown>
[INFO] [stdout]    1: <unknown>
[INFO] [stdout]    2: <unknown>
[INFO] [stdout]    3: <unknown>
[INFO] [stdout]    4: <unknown>
[INFO] [stdout]    5: <unknown>
[INFO] [stdout]    6: <unknown>
[INFO] [stdout]    7: <unknown>
[INFO] [stdout]    8: <unknown>
[INFO] [stdout]    9: <unknown>
[INFO] [stdout]   10: <unknown>
[INFO] [stdout]   11: clone
[INFO] [stdout] stack backtrace:
[INFO] [stdout]    0:     0x63b2ebb811f6 - <unknown>
[INFO] [stdout]    1:     0x63b2eb67dfca - <unknown>
[INFO] [stdout]    2:     0x63b2ebb86f0c - <unknown>
[INFO] [stdout]    3:     0x63b2ebb5cbb2 - <unknown>
[INFO] [stdout]    4:     0x63b2ebb793b1 - <unknown>
[INFO] [stdout]    5:     0x63b2ebb79592 - <unknown>
[INFO] [stdout]    6:     0x63b2ebb5cc62 - <unknown>
[INFO] [stdout]    7:     0x63b2ebb55339 - <unknown>
[INFO] [stdout]    8:     0x63b2ebb5daad - <unknown>
[INFO] [stdout]    9:     0x63b2eb67e72c - <unknown>
[INFO] [stdout]   10:     0x63b2eb67e502 - <unknown>
[INFO] [stdout]   11:     0x63b2eb9df327 - <unknown>
[INFO] [stdout]   12:     0x63b2eba298a9 - <unknown>
[INFO] [stdout]   13:     0x63b2ebbf79ab - <unknown>
[INFO] [stdout]   14:     0x63b2ebc05b01 - <unknown>
[INFO] [stdout]   15:     0x63b2ebbff214 - <unknown>
[INFO] [stdout]   16:     0x63b2ebc09922 - <unknown>
[INFO] [stdout]   17:     0x63b2ebb8003e - <unknown>
[INFO] [stdout]   18:     0x701948326dfa - <unknown>
[INFO] [stdout]   19:     0x7019483ba3d4 - clone
[INFO] [stdout]   20:                0x0 - <unknown>
[INFO] [stdout] 
[INFO] [stdout] ---- exporter::pdf::tests::a_word_too_wide_for_a_line_breaks_as_in_marp stdout ----
[INFO] [stdout] 
[INFO] [stdout] thread 'exporter::pdf::tests::a_word_too_wide_for_a_line_breaks_as_in_marp' (3622) panicked at src/exporter/pdf.rs:1848:14:
[INFO] [stdout] the default fonts must be installed (see scripts/ci-install-tools.repo.sh): reading regular font /usr/share/fonts/truetype/noto/NotoSans-Regular.ttf
[INFO] [stdout] 
[INFO] [stdout] Caused by:
[INFO] [stdout]     No such file or directory (os error 2)
[INFO] [stdout] 
[INFO] [stdout] Stack backtrace:
[INFO] [stdout]    0: <unknown>
[INFO] [stdout]    1: <unknown>
[INFO] [stdout]    2: <unknown>
[INFO] [stdout]    3: <unknown>
[INFO] [stdout]    4: <unknown>
[INFO] [stdout]    5: <unknown>
[INFO] [stdout]    6: <unknown>
[INFO] [stdout]    7: <unknown>
[INFO] [stdout]    8: <unknown>
[INFO] [stdout]    9: <unknown>
[INFO] [stdout]   10: <unknown>
[INFO] [stdout]   11: clone
[INFO] [stdout] stack backtrace:
[INFO] [stdout]    0:     0x63b2ebb811f6 - <unknown>
[INFO] [stdout]    1:     0x63b2eb67dfca - <unknown>
[INFO] [stdout]    2:     0x63b2ebb86f0c - <unknown>
[INFO] [stdout]    3:     0x63b2ebb5cbb2 - <unknown>
[INFO] [stdout]    4:     0x63b2ebb793b1 - <unknown>
[INFO] [stdout]    5:     0x63b2ebb79592 - <unknown>
[INFO] [stdout]    6:     0x63b2ebb5cc62 - <unknown>
[INFO] [stdout]    7:     0x63b2ebb55339 - <unknown>
[INFO] [stdout]    8:     0x63b2ebb5daad - <unknown>
[INFO] [stdout]    9:     0x63b2eb67e72c - <unknown>
[INFO] [stdout]   10:     0x63b2eb67e502 - <unknown>
[INFO] [stdout]   11:     0x63b2eb9d696e - <unknown>
[INFO] [stdout]   12:     0x63b2eba296a9 - <unknown>
[INFO] [stdout]   13:     0x63b2ebbf79ab - <unknown>
[INFO] [stdout]   14:     0x63b2ebc05b01 - <unknown>
[INFO] [stdout]   15:     0x63b2ebbff214 - <unknown>
[INFO] [stdout]   16:     0x63b2ebc09922 - <unknown>
[INFO] [stdout]   17:     0x63b2ebb8003e - <unknown>
[INFO] [stdout]   18:     0x701948326dfa - <unknown>
[INFO] [stdout]   19:     0x7019483ba3d4 - clone
[INFO] [stdout]   20:                0x0 - <unknown>
[INFO] [stdout] 
[INFO] [stdout] ---- exporter::pdf::tests::code_blocks_share_one_scale stdout ----
[INFO] [stdout] 
[INFO] [stdout] thread 'exporter::pdf::tests::code_blocks_share_one_scale' (3627) panicked at src/exporter/pdf.rs:1848:14:
[INFO] [stdout] the default fonts must be installed (see scripts/ci-install-tools.repo.sh): reading regular font /usr/share/fonts/truetype/noto/NotoSans-Regular.ttf
[INFO] [stdout] 
[INFO] [stdout] Caused by:
[INFO] [stdout]     No such file or directory (os error 2)
[INFO] [stdout] 
[INFO] [stdout] Stack backtrace:
[INFO] [stdout]    0: <unknown>
[INFO] [stdout]    1: <unknown>
[INFO] [stdout]    2: <unknown>
[INFO] [stdout]    3: <unknown>
[INFO] [stdout]    4: <unknown>
[INFO] [stdout]    5: <unknown>
[INFO] [stdout]    6: <unknown>
[INFO] [stdout]    7: <unknown>
[INFO] [stdout]    8: <unknown>
[INFO] [stdout]    9: <unknown>
[INFO] [stdout]   10: <unknown>
[INFO] [stdout]   11: clone
[INFO] [stdout] stack backtrace:
[INFO] [stdout]    0:     0x63b2ebb811f6 - <unknown>
[INFO] [stdout]    1:     0x63b2eb67dfca - <unknown>
[INFO] [stdout]    2:     0x63b2ebb86f0c - <unknown>
[INFO] [stdout]    3:     0x63b2ebb5cbb2 - <unknown>
[INFO] [stdout]    4:     0x63b2ebb793b1 - <unknown>
[INFO] [stdout]    5:     0x63b2ebb79592 - <unknown>
[INFO] [stdout]    6:     0x63b2ebb5cc62 - <unknown>
[INFO] [stdout]    7:     0x63b2ebb55339 - <unknown>
[INFO] [stdout]    8:     0x63b2ebb5daad - <unknown>
[INFO] [stdout]    9:     0x63b2eb67e72c - <unknown>
[INFO] [stdout]   10:     0x63b2eb67e502 - <unknown>
[INFO] [stdout]   11:     0x63b2eb9c9703 - <unknown>
[INFO] [stdout]   12:     0x63b2eba293e9 - <unknown>
[INFO] [stdout]   13:     0x63b2ebbf79ab - <unknown>
[INFO] [stdout]   14:     0x63b2ebc05b01 - <unknown>
[INFO] [stdout]   15:     0x63b2ebbff214 - <unknown>
[INFO] [stdout]   16:     0x63b2ebc09922 - <unknown>
[INFO] [stdout]   17:     0x63b2ebb8003e - <unknown>
[INFO] [stdout]   18:     0x701948326dfa - <unknown>
[INFO] [stdout]   19:     0x7019483ba3d4 - clone
[INFO] [stdout]   20:                0x0 - <unknown>
[INFO] [stdout] 
[INFO] [stdout] ---- exporter::pdf::tests::body_is_drawn_top_to_bottom_in_order stdout ----
[INFO] [stdout] 
[INFO] [stdout] thread 'exporter::pdf::tests::body_is_drawn_top_to_bottom_in_order' (3625) panicked at src/exporter/pdf.rs:1848:14:
[INFO] [stdout] the default fonts must be installed (see scripts/ci-install-tools.repo.sh): reading regular font /usr/share/fonts/truetype/noto/NotoSans-Regular.ttf
[INFO] [stdout] 
[INFO] [stdout] Caused by:
[INFO] [stdout]     No such file or directory (os error 2)
[INFO] [stdout] 
[INFO] [stdout] Stack backtrace:
[INFO] [stdout]    0: <unknown>
[INFO] [stdout]    1: <unknown>
[INFO] [stdout]    2: <unknown>
[INFO] [stdout]    3: <unknown>
[INFO] [stdout]    4: <unknown>
[INFO] [stdout]    5: <unknown>
[INFO] [stdout]    6: <unknown>
[INFO] [stdout]    7: <unknown>
[INFO] [stdout]    8: <unknown>
[INFO] [stdout]    9: <unknown>
[INFO] [stdout]   10: <unknown>
[INFO] [stdout]   11: clone
[INFO] [stdout] stack backtrace:
[INFO] [stdout]    0:     0x63b2ebb811f6 - <unknown>
[INFO] [stdout]    1:     0x63b2eb67dfca - <unknown>
[INFO] [stdout]    2:     0x63b2ebb86f0c - <unknown>
[INFO] [stdout]    3:     0x63b2ebb5cbb2 - <unknown>
[INFO] [stdout]    4:     0x63b2ebb793b1 - <unknown>
[INFO] [stdout]    5:     0x63b2ebb79592 - <unknown>
[INFO] [stdout]    6:     0x63b2ebb5cc62 - <unknown>
[INFO] [stdout]    7:     0x63b2ebb55339 - <unknown>
[INFO] [stdout]    8:     0x63b2ebb5daad - <unknown>
[INFO] [stdout]    9:     0x63b2eb67e72c - <unknown>
[INFO] [stdout]   10:     0x63b2eb67e502 - <unknown>
[INFO] [stdout]   11:     0x63b2eb9ce5fe - <unknown>
[INFO] [stdout]   12:     0x63b2eba29529 - <unknown>
[INFO] [stdout]   13:     0x63b2ebbf79ab - <unknown>
[INFO] [stdout]   14:     0x63b2ebc05b01 - <unknown>
[INFO] [stdout]   15:     0x63b2ebbff214 - <unknown>
[INFO] [stdout]   16:     0x63b2ebc09922 - <unknown>
[INFO] [stdout]   17:     0x63b2ebb8003e - <unknown>
[INFO] [stdout]   18:     0x701948326dfa - <unknown>
[INFO] [stdout]   19:     0x7019483ba3d4 - clone
[INFO] [stdout]   20:                0x0 - <unknown>
[INFO] [stdout] 
[INFO] [stdout] ---- exporter::pdf::tests::code_that_fits_is_not_scaled stdout ----
[INFO] [stdout] 
[INFO] [stdout] thread 'exporter::pdf::tests::code_that_fits_is_not_scaled' (3630) panicked at src/exporter/pdf.rs:1848:14:
[INFO] [stdout] the default fonts must be installed (see scripts/ci-install-tools.repo.sh): reading regular font /usr/share/fonts/truetype/noto/NotoSans-Regular.ttf
[INFO] [stdout] 
[INFO] [stdout] Caused by:
[INFO] [stdout]     No such file or directory (os error 2)
[INFO] [stdout] 
[INFO] [stdout] Stack backtrace:
[INFO] [stdout]    0: <unknown>
[INFO] [stdout]    1: <unknown>
[INFO] [stdout]    2: <unknown>
[INFO] [stdout]    3: <unknown>
[INFO] [stdout]    4: <unknown>
[INFO] [stdout]    5: <unknown>
[INFO] [stdout]    6: <unknown>
[INFO] [stdout]    7: <unknown>
[INFO] [stdout]    8: <unknown>
[INFO] [stdout]    9: <unknown>
[INFO] [stdout]   10: <unknown>
[INFO] [stdout]   11: clone
[INFO] [stdout] stack backtrace:
[INFO] [stdout]    0:     0x63b2ebb811f6 - <unknown>
[INFO] [stdout]    1:     0x63b2eb67dfca - <unknown>
[INFO] [stdout]    2:     0x63b2ebb86f0c - <unknown>
[INFO] [stdout]    3:     0x63b2ebb5cbb2 - <unknown>
[INFO] [stdout]    4:     0x63b2ebb793b1 - <unknown>
[INFO] [stdout]    5:     0x63b2ebb79592 - <unknown>
[INFO] [stdout]    6:     0x63b2ebb5cc62 - <unknown>
[INFO] [stdout]    7:     0x63b2ebb55339 - <unknown>
[INFO] [stdout]    8:     0x63b2ebb5daad - <unknown>
[INFO] [stdout]    9:     0x63b2eb67e72c - <unknown>
[INFO] [stdout]   10:     0x63b2eb67e502 - <unknown>
[INFO] [stdout]   11:     0x63b2eb9c9e17 - <unknown>
[INFO] [stdout]   12:     0x63b2eba29409 - <unknown>
[INFO] [stdout]   13:     0x63b2ebbf79ab - <unknown>
[INFO] [stdout]   14:     0x63b2ebc05b01 - <unknown>
[INFO] [stdout]   15:     0x63b2ebbff214 - <unknown>
[INFO] [stdout]   16:     0x63b2ebc09922 - <unknown>
[INFO] [stdout]   17:     0x63b2ebb8003e - <unknown>
[INFO] [stdout]   18:     0x701948326dfa - <unknown>
[INFO] [stdout]   19:     0x7019483ba3d4 - clone
[INFO] [stdout]   20:                0x0 - <unknown>
[INFO] [stdout] 
[INFO] [stdout] ---- exporter::pdf::tests::code_with_no_room_left_is_an_error stdout ----
[INFO] [stdout] 
[INFO] [stdout] thread 'exporter::pdf::tests::code_with_no_room_left_is_an_error' (3633) panicked at src/exporter/pdf.rs:1848:14:
[INFO] [stdout] the default fonts must be installed (see scripts/ci-install-tools.repo.sh): reading regular font /usr/share/fonts/truetype/noto/NotoSans-Regular.ttf
[INFO] [stdout] 
[INFO] [stdout] Caused by:
[INFO] [stdout]     No such file or directory (os error 2)
[INFO] [stdout] 
[INFO] [stdout] Stack backtrace:
[INFO] [stdout]    0: <unknown>
[INFO] [stdout]    1: <unknown>
[INFO] [stdout]    2: <unknown>
[INFO] [stdout]    3: <unknown>
[INFO] [stdout]    4: <unknown>
[INFO] [stdout]    5: <unknown>
[INFO] [stdout]    6: <unknown>
[INFO] [stdout]    7: <unknown>
[INFO] [stdout]    8: <unknown>
[INFO] [stdout]    9: <unknown>
[INFO] [stdout]   10: <unknown>
[INFO] [stdout]   11: clone
[INFO] [stdout] stack backtrace:
[INFO] [stdout]    0:     0x63b2ebb811f6 - <unknown>
[INFO] [stdout]    1:     0x63b2eb67dfca - <unknown>
[INFO] [stdout]    2:     0x63b2ebb86f0c - <unknown>
[INFO] [stdout]    3:     0x63b2ebb5cbb2 - <unknown>
[INFO] [stdout]    4:     0x63b2ebb793b1 - <unknown>
[INFO] [stdout]    5:     0x63b2ebb79592 - <unknown>
[INFO] [stdout]    6:     0x63b2ebb5cc62 - <unknown>
[INFO] [stdout]    7:     0x63b2ebb55339 - <unknown>
[INFO] [stdout]    8:     0x63b2ebb5daad - <unknown>
[INFO] [stdout]    9:     0x63b2eb67e72c - <unknown>
[INFO] [stdout]   10:     0x63b2eb67e502 - <unknown>
[INFO] [stdout]   11:     0x63b2eb9cbdf8 - <unknown>
[INFO] [stdout]   12:     0x63b2eba294a9 - <unknown>
[INFO] [stdout]   13:     0x63b2ebbf79ab - <unknown>
[INFO] [stdout]   14:     0x63b2ebc05b01 - <unknown>
[INFO] [stdout]   15:     0x63b2ebbff214 - <unknown>
[INFO] [stdout]   16:     0x63b2ebc09922 - <unknown>
[INFO] [stdout]   17:     0x63b2ebb8003e - <unknown>
[INFO] [stdout]   18:     0x701948326dfa - <unknown>
[INFO] [stdout]   19:     0x7019483ba3d4 - clone
[INFO] [stdout]   20:                0x0 - <unknown>
[INFO] [stdout] 
[INFO] [stdout] ---- exporter::pdf::tests::content_running_off_the_page_is_an_error stdout ----
[INFO] [stdout] 
[INFO] [stdout] thread 'exporter::pdf::tests::content_running_off_the_page_is_an_error' (3635) panicked at src/exporter/pdf.rs:1848:14:
[INFO] [stdout] the default fonts must be installed (see scripts/ci-install-tools.repo.sh): reading regular font /usr/share/fonts/truetype/noto/NotoSans-Regular.ttf
[INFO] [stdout] 
[INFO] [stdout] Caused by:
[INFO] [stdout]     No such file or directory (os error 2)
[INFO] [stdout] 
[INFO] [stdout] Stack backtrace:
[INFO] [stdout]    0: <unknown>
[INFO] [stdout]    1: <unknown>
[INFO] [stdout]    2: <unknown>
[INFO] [stdout]    3: <unknown>
[INFO] [stdout]    4: <unknown>
[INFO] [stdout]    5: <unknown>
[INFO] [stdout]    6: <unknown>
[INFO] [stdout]    7: <unknown>
[INFO] [stdout]    8: <unknown>
[INFO] [stdout]    9: <unknown>
[INFO] [stdout]   10: <unknown>
[INFO] [stdout]   11: clone
[INFO] [stdout] stack backtrace:
[INFO] [stdout]    0:     0x63b2ebb811f6 - <unknown>
[INFO] [stdout]    1:     0x63b2eb67dfca - <unknown>
[INFO] [stdout]    2:     0x63b2ebb86f0c - <unknown>
[INFO] [stdout]    3:     0x63b2ebb5cbb2 - <unknown>
[INFO] [stdout]    4:     0x63b2ebb793b1 - <unknown>
[INFO] [stdout]    5:     0x63b2ebb79592 - <unknown>
[INFO] [stdout]    6:     0x63b2ebb5cc62 - <unknown>
[INFO] [stdout]    7:     0x63b2ebb55339 - <unknown>
[INFO] [stdout]    8:     0x63b2ebb5daad - <unknown>
[INFO] [stdout]    9:     0x63b2eb67e72c - <unknown>
[INFO] [stdout]   10:     0x63b2eb67e502 - <unknown>
[INFO] [stdout]   11:     0x63b2eb9d1092 - <unknown>
[INFO] [stdout]   12:     0x63b2eba295c9 - <unknown>
[INFO] [stdout]   13:     0x63b2ebbf79ab - <unknown>
[INFO] [stdout]   14:     0x63b2ebc05b01 - <unknown>
[INFO] [stdout]   15:     0x63b2ebbff214 - <unknown>
[INFO] [stdout]   16:     0x63b2ebc09922 - <unknown>
[INFO] [stdout]   17:     0x63b2ebb8003e - <unknown>
[INFO] [stdout]   18:     0x701948326dfa - <unknown>
[INFO] [stdout]   19:     0x7019483ba3d4 - clone
[INFO] [stdout]   20:                0x0 - <unknown>
[INFO] [stdout] 
[INFO] [stdout] ---- exporter::pdf::tests::every_code_block_is_drawn_in_order stdout ----
[INFO] [stdout] 
[INFO] [stdout] thread 'exporter::pdf::tests::every_code_block_is_drawn_in_order' (3638) panicked at src/exporter/pdf.rs:1848:14:
[INFO] [stdout] the default fonts must be installed (see scripts/ci-install-tools.repo.sh): reading regular font /usr/share/fonts/truetype/noto/NotoSans-Regular.ttf
[INFO] [stdout] 
[INFO] [stdout] Caused by:
[INFO] [stdout]     No such file or directory (os error 2)
[INFO] [stdout] 
[INFO] [stdout] Stack backtrace:
[INFO] [stdout]    0: <unknown>
[INFO] [stdout]    1: <unknown>
[INFO] [stdout]    2: <unknown>
[INFO] [stdout]    3: <unknown>
[INFO] [stdout]    4: <unknown>
[INFO] [stdout]    5: <unknown>
[INFO] [stdout]    6: <unknown>
[INFO] [stdout]    7: <unknown>
[INFO] [stdout]    8: <unknown>
[INFO] [stdout]    9: <unknown>
[INFO] [stdout]   10: <unknown>
[INFO] [stdout]   11: clone
[INFO] [stdout] stack backtrace:
[INFO] [stdout]    0:     0x63b2ebb811f6 - <unknown>
[INFO] [stdout]    1:     0x63b2eb67dfca - <unknown>
[INFO] [stdout]    2:     0x63b2ebb86f0c - <unknown>
[INFO] [stdout]    3:     0x63b2ebb5cbb2 - <unknown>
[INFO] [stdout]    4:     0x63b2ebb793b1 - <unknown>
[INFO] [stdout]    5:     0x63b2ebb79592 - <unknown>
[INFO] [stdout]    6:     0x63b2ebb5cc62 - <unknown>
[INFO] [stdout]    7:     0x63b2ebb55339 - <unknown>
[INFO] [stdout]    8:     0x63b2ebb5daad - <unknown>
[INFO] [stdout]    9:     0x63b2eb67e72c - <unknown>
[INFO] [stdout]   10:     0x63b2eb67e502 - <unknown>
[INFO] [stdout]   11:     0x63b2eb9cd2c5 - <unknown>
[INFO] [stdout]   12:     0x63b2eba294e9 - <unknown>
[INFO] [stdout]   13:     0x63b2ebbf79ab - <unknown>
[INFO] [stdout]   14:     0x63b2ebc05b01 - <unknown>
[INFO] [stdout]   15:     0x63b2ebbff214 - <unknown>
[INFO] [stdout]   16:     0x63b2ebc09922 - <unknown>
[INFO] [stdout]   17:     0x63b2ebb8003e - <unknown>
[INFO] [stdout]   18:     0x701948326dfa - <unknown>
[INFO] [stdout]   19:     0x7019483ba3d4 - clone
[INFO] [stdout]   20:                0x0 - <unknown>
[INFO] [stdout] 
[INFO] [stdout] ---- exporter::pdf::tests::ink_bottom_counts_descenders_and_boxes stdout ----
[INFO] [stdout] 
[INFO] [stdout] thread 'exporter::pdf::tests::ink_bottom_counts_descenders_and_boxes' (3639) panicked at src/exporter/pdf.rs:1848:14:
[INFO] [stdout] the default fonts must be installed (see scripts/ci-install-tools.repo.sh): reading regular font /usr/share/fonts/truetype/noto/NotoSans-Regular.ttf
[INFO] [stdout] 
[INFO] [stdout] Caused by:
[INFO] [stdout]     No such file or directory (os error 2)
[INFO] [stdout] 
[INFO] [stdout] Stack backtrace:
[INFO] [stdout]    0: <unknown>
[INFO] [stdout]    1: <unknown>
[INFO] [stdout]    2: <unknown>
[INFO] [stdout]    3: <unknown>
[INFO] [stdout]    4: <unknown>
[INFO] [stdout]    5: <unknown>
[INFO] [stdout]    6: <unknown>
[INFO] [stdout]    7: <unknown>
[INFO] [stdout]    8: <unknown>
[INFO] [stdout]    9: <unknown>
[INFO] [stdout]   10: <unknown>
[INFO] [stdout]   11: clone
[INFO] [stdout] stack backtrace:
[INFO] [stdout]    0:     0x63b2ebb811f6 - <unknown>
[INFO] [stdout]    1:     0x63b2eb67dfca - <unknown>
[INFO] [stdout]    2:     0x63b2ebb86f0c - <unknown>
[INFO] [stdout]    3:     0x63b2ebb5cbb2 - <unknown>
[INFO] [stdout]    4:     0x63b2ebb793b1 - <unknown>
[INFO] [stdout]    5:     0x63b2ebb79592 - <unknown>
[INFO] [stdout]    6:     0x63b2ebb5cc62 - <unknown>
[INFO] [stdout]    7:     0x63b2ebb55339 - <unknown>
[INFO] [stdout]    8:     0x63b2ebb5daad - <unknown>
[INFO] [stdout]    9:     0x63b2eb67e72c - <unknown>
[INFO] [stdout]   10:     0x63b2eb67e502 - <unknown>
[INFO] [stdout]   11:     0x63b2eb9d03a5 - <unknown>
[INFO] [stdout]   12:     0x63b2eba29589 - <unknown>
[INFO] [stdout]   13:     0x63b2ebbf79ab - <unknown>
[INFO] [stdout]   14:     0x63b2ebc05b01 - <unknown>
[INFO] [stdout]   15:     0x63b2ebbff214 - <unknown>
[INFO] [stdout]   16:     0x63b2ebc09922 - <unknown>
[INFO] [stdout]   17:     0x63b2ebb8003e - <unknown>
[INFO] [stdout]   18:     0x701948326dfa - <unknown>
[INFO] [stdout]   19:     0x7019483ba3d4 - clone
[INFO] [stdout]   20:                0x0 - <unknown>
[INFO] [stdout] 
[INFO] [stdout] ---- exporter::pdf::tests::picture_is_placed_as_marp_places_it stdout ----
[INFO] [stdout] 
[INFO] [stdout] thread 'exporter::pdf::tests::picture_is_placed_as_marp_places_it' (3647) panicked at src/exporter/pdf.rs:1848:14:
[INFO] [stdout] the default fonts must be installed (see scripts/ci-install-tools.repo.sh): reading regular font /usr/share/fonts/truetype/noto/NotoSans-Regular.ttf
[INFO] [stdout] 
[INFO] [stdout] Caused by:
[INFO] [stdout]     No such file or directory (os error 2)
[INFO] [stdout] 
[INFO] [stdout] Stack backtrace:
[INFO] [stdout]    0: <unknown>
[INFO] [stdout]    1: <unknown>
[INFO] [stdout]    2: <unknown>
[INFO] [stdout]    3: <unknown>
[INFO] [stdout]    4: <unknown>
[INFO] [stdout]    5: <unknown>
[INFO] [stdout]    6: <unknown>
[INFO] [stdout]    7: <unknown>
[INFO] [stdout]    8: <unknown>
[INFO] [stdout]    9: <unknown>
[INFO] [stdout]   10: <unknown>
[INFO] [stdout]   11: clone
[INFO] [stdout] stack backtrace:
[INFO] [stdout]    0:     0x63b2ebb811f6 - <unknown>
[INFO] [stdout]    1:     0x63b2eb67dfca - <unknown>
[INFO] [stdout]    2:     0x63b2ebb86f0c - <unknown>
[INFO] [stdout]    3:     0x63b2ebb5cbb2 - <unknown>
[INFO] [stdout]    4:     0x63b2ebb793b1 - <unknown>
[INFO] [stdout]    5:     0x63b2ebb79592 - <unknown>
[INFO] [stdout]    6:     0x63b2ebb5cc62 - <unknown>
[INFO] [stdout]    7:     0x63b2ebb55339 - <unknown>
[INFO] [stdout]    8:     0x63b2ebb5daad - <unknown>
[INFO] [stdout]    9:     0x63b2eb67e72c - <unknown>
[INFO] [stdout]   10:     0x63b2eb67e502 - <unknown>
[INFO] [stdout]   11:     0x63b2eb9cdc79 - <unknown>
[INFO] [stdout]   12:     0x63b2eba29509 - <unknown>
[INFO] [stdout]   13:     0x63b2ebbf79ab - <unknown>
[INFO] [stdout]   14:     0x63b2ebc05b01 - <unknown>
[INFO] [stdout]   15:     0x63b2ebbff214 - <unknown>
[INFO] [stdout]   16:     0x63b2ebc09922 - <unknown>
[INFO] [stdout]   17:     0x63b2ebb8003e - <unknown>
[INFO] [stdout]   18:     0x701948326dfa - <unknown>
[INFO] [stdout]   19:     0x7019483ba3d4 - clone
[INFO] [stdout]   20:                0x0 - <unknown>
[INFO] [stdout] 
[INFO] [stdout] ---- exporter::pdf::tests::nested_items_indent_and_follow_their_parent_without_a_gap stdout ----
[INFO] [stdout] 
[INFO] [stdout] thread 'exporter::pdf::tests::nested_items_indent_and_follow_their_parent_without_a_gap' (3643) panicked at src/exporter/pdf.rs:1848:14:
[INFO] [stdout] the default fonts must be installed (see scripts/ci-install-tools.repo.sh): reading regular font /usr/share/fonts/truetype/noto/NotoSans-Regular.ttf
[INFO] [stdout] 
[INFO] [stdout] Caused by:
[INFO] [stdout]     No such file or directory (os error 2)
[INFO] [stdout] 
[INFO] [stdout] Stack backtrace:
[INFO] [stdout]    0: <unknown>
[INFO] [stdout]    1: <unknown>
[INFO] [stdout]    2: <unknown>
[INFO] [stdout]    3: <unknown>
[INFO] [stdout]    4: <unknown>
[INFO] [stdout]    5: <unknown>
[INFO] [stdout]    6: <unknown>
[INFO] [stdout]    7: <unknown>
[INFO] [stdout]    8: <unknown>
[INFO] [stdout]    9: <unknown>
[INFO] [stdout]   10: <unknown>
[INFO] [stdout]   11: clone
[INFO] [stdout] stack backtrace:
[INFO] [stdout]    0:     0x63b2ebb811f6 - <unknown>
[INFO] [stdout]    1:     0x63b2eb67dfca - <unknown>
[INFO] [stdout]    2:     0x63b2ebb86f0c - <unknown>
[INFO] [stdout]    3:     0x63b2ebb5cbb2 - <unknown>
[INFO] [stdout]    4:     0x63b2ebb793b1 - <unknown>
[INFO] [stdout]    5:     0x63b2ebb79592 - <unknown>
[INFO] [stdout]    6:     0x63b2ebb5cc62 - <unknown>
[INFO] [stdout]    7:     0x63b2ebb55339 - <unknown>
[INFO] [stdout]    8:     0x63b2ebb5daad - <unknown>
[INFO] [stdout]    9:     0x63b2eb67e72c - <unknown>
[INFO] [stdout]   10:     0x63b2eb67e502 - <unknown>
[INFO] [stdout]   11:     0x63b2eb9e0872 - <unknown>
[INFO] [stdout]   12:     0x63b2eba298e9 - <unknown>
[INFO] [stdout]   13:     0x63b2ebbf79ab - <unknown>
[INFO] [stdout]   14:     0x63b2ebc05b01 - <unknown>
[INFO] [stdout]   15:     0x63b2ebbff214 - <unknown>
[INFO] [stdout]   16:     0x63b2ebc09922 - <unknown>
[INFO] [stdout]   17:     0x63b2ebb8003e - <unknown>
[INFO] [stdout]   18:     0x701948326dfa - <unknown>
[INFO] [stdout]   19:     0x7019483ba3d4 - clone
[INFO] [stdout]   20:                0x0 - <unknown>
[INFO] [stdout] 
[INFO] [stdout] ---- exporter::pdf::tests::page_number_is_right_aligned_at_the_configured_position stdout ----
[INFO] [stdout] 
[INFO] [stdout] thread 'exporter::pdf::tests::page_number_is_right_aligned_at_the_configured_position' (3645) panicked at src/exporter/pdf.rs:1848:14:
[INFO] [stdout] the default fonts must be installed (see scripts/ci-install-tools.repo.sh): reading regular font /usr/share/fonts/truetype/noto/NotoSans-Regular.ttf
[INFO] [stdout] 
[INFO] [stdout] Caused by:
[INFO] [stdout]     No such file or directory (os error 2)
[INFO] [stdout] 
[INFO] [stdout] Stack backtrace:
[INFO] [stdout]    0: <unknown>
[INFO] [stdout]    1: <unknown>
[INFO] [stdout]    2: <unknown>
[INFO] [stdout]    3: <unknown>
[INFO] [stdout]    4: <unknown>
[INFO] [stdout]    5: <unknown>
[INFO] [stdout]    6: <unknown>
[INFO] [stdout]    7: <unknown>
[INFO] [stdout]    8: <unknown>
[INFO] [stdout]    9: <unknown>
[INFO] [stdout]   10: <unknown>
[INFO] [stdout]   11: clone
[INFO] [stdout] stack backtrace:
[INFO] [stdout]    0:     0x63b2ebb811f6 - <unknown>
[INFO] [stdout]    1:     0x63b2eb67dfca - <unknown>
[INFO] [stdout]    2:     0x63b2ebb86f0c - <unknown>
[INFO] [stdout]    3:     0x63b2ebb5cbb2 - <unknown>
[INFO] [stdout]    4:     0x63b2ebb793b1 - <unknown>
[INFO] [stdout]    5:     0x63b2ebb79592 - <unknown>
[INFO] [stdout]    6:     0x63b2ebb5cc62 - <unknown>
[INFO] [stdout]    7:     0x63b2ebb55339 - <unknown>
[INFO] [stdout]    8:     0x63b2ebb5daad - <unknown>
[INFO] [stdout]    9:     0x63b2eb67e72c - <unknown>
[INFO] [stdout]   10:     0x63b2eb67e502 - <unknown>
[INFO] [stdout]   11:     0x63b2eb9de268 - <unknown>
[INFO] [stdout]   12:     0x63b2eba29869 - <unknown>
[INFO] [stdout]   13:     0x63b2ebbf79ab - <unknown>
[INFO] [stdout]   14:     0x63b2ebc05b01 - <unknown>
[INFO] [stdout]   15:     0x63b2ebbff214 - <unknown>
[INFO] [stdout]   16:     0x63b2ebc09922 - <unknown>
[INFO] [stdout]   17:     0x63b2ebb8003e - <unknown>
[INFO] [stdout]   18:     0x701948326dfa - <unknown>
[INFO] [stdout]   19:     0x7019483ba3d4 - clone
[INFO] [stdout]   20:                0x0 - <unknown>
[INFO] [stdout] 
[INFO] [stdout] ---- exporter::pdf::tests::markers_follow_the_nesting_depth stdout ----
[INFO] [stdout] 
[INFO] [stdout] thread 'exporter::pdf::tests::markers_follow_the_nesting_depth' (3642) panicked at src/exporter/pdf.rs:1848:14:
[INFO] [stdout] the default fonts must be installed (see scripts/ci-install-tools.repo.sh): reading regular font /usr/share/fonts/truetype/noto/NotoSans-Regular.ttf
[INFO] [stdout] 
[INFO] [stdout] Caused by:
[INFO] [stdout]     No such file or directory (os error 2)
[INFO] [stdout] 
[INFO] [stdout] Stack backtrace:
[INFO] [stdout]    0: <unknown>
[INFO] [stdout]    1: <unknown>
[INFO] [stdout]    2: <unknown>
[INFO] [stdout]    3: <unknown>
[INFO] [stdout]    4: <unknown>
[INFO] [stdout]    5: <unknown>
[INFO] [stdout]    6: <unknown>
[INFO] [stdout]    7: <unknown>
[INFO] [stdout]    8: <unknown>
[INFO] [stdout]    9: <unknown>
[INFO] [stdout]   10: <unknown>
[INFO] [stdout]   11: clone
[INFO] [stdout] stack backtrace:
[INFO] [stdout]    0:     0x63b2ebb811f6 - <unknown>
[INFO] [stdout]    1:     0x63b2eb67dfca - <unknown>
[INFO] [stdout]    2:     0x63b2ebb86f0c - <unknown>
[INFO] [stdout]    3:     0x63b2ebb5cbb2 - <unknown>
[INFO] [stdout]    4:     0x63b2ebb793b1 - <unknown>
[INFO] [stdout]    5:     0x63b2ebb79592 - <unknown>
[INFO] [stdout]    6:     0x63b2ebb5cc62 - <unknown>
[INFO] [stdout]    7:     0x63b2ebb55339 - <unknown>
[INFO] [stdout]    8:     0x63b2ebb5daad - <unknown>
[INFO] [stdout]    9:     0x63b2eb67e72c - <unknown>
[INFO] [stdout]   10:     0x63b2eb67e502 - <unknown>
[INFO] [stdout]   11:     0x63b2eb9cb457 - <unknown>
[INFO] [stdout]   12:     0x63b2eba29469 - <unknown>
[INFO] [stdout]   13:     0x63b2ebbf79ab - <unknown>
[INFO] [stdout]   14:     0x63b2ebc05b01 - <unknown>
[INFO] [stdout]   15:     0x63b2ebbff214 - <unknown>
[INFO] [stdout]   16:     0x63b2ebc09922 - <unknown>
[INFO] [stdout]   17:     0x63b2ebb8003e - <unknown>
[INFO] [stdout]   18:     0x701948326dfa - <unknown>
[INFO] [stdout]   19:     0x7019483ba3d4 - clone
[INFO] [stdout]   20:                0x0 - <unknown>
[INFO] [stdout] 
[INFO] [stdout] ---- exporter::pdf::tests::numbered_marker_ends_one_space_before_the_text stdout ----
[INFO] [stdout] 
[INFO] [stdout] thread 'exporter::pdf::tests::numbered_marker_ends_one_space_before_the_text' (3644) panicked at src/exporter/pdf.rs:1848:14:
[INFO] [stdout] the default fonts must be installed (see scripts/ci-install-tools.repo.sh): reading regular font /usr/share/fonts/truetype/noto/NotoSans-Regular.ttf
[INFO] [stdout] 
[INFO] [stdout] Caused by:
[INFO] [stdout]     No such file or directory (os error 2)
[INFO] [stdout] 
[INFO] [stdout] Stack backtrace:
[INFO] [stdout]    0: <unknown>
[INFO] [stdout]    1: <unknown>
[INFO] [stdout]    2: <unknown>
[INFO] [stdout]    3: <unknown>
[INFO] [stdout]    4: <unknown>
[INFO] [stdout]    5: <unknown>
[INFO] [stdout]    6: <unknown>
[INFO] [stdout]    7: <unknown>
[INFO] [stdout]    8: <unknown>
[INFO] [stdout]    9: <unknown>
[INFO] [stdout]   10: <unknown>
[INFO] [stdout]   11: clone
[INFO] [stdout] stack backtrace:
[INFO] [stdout]    0:     0x63b2ebb811f6 - <unknown>
[INFO] [stdout]    1:     0x63b2eb67dfca - <unknown>
[INFO] [stdout]    2:     0x63b2ebb86f0c - <unknown>
[INFO] [stdout]    3:     0x63b2ebb5cbb2 - <unknown>
[INFO] [stdout]    4:     0x63b2ebb793b1 - <unknown>
[INFO] [stdout]    5:     0x63b2ebb79592 - <unknown>
[INFO] [stdout]    6:     0x63b2ebb5cc62 - <unknown>
[INFO] [stdout]    7:     0x63b2ebb55339 - <unknown>
[INFO] [stdout]    8:     0x63b2ebb5daad - <unknown>
[INFO] [stdout]    9:     0x63b2eb67e72c - <unknown>
[INFO] [stdout]   10:     0x63b2eb67e502 - <unknown>
[INFO] [stdout]   11:     0x63b2eb9daa58 - <unknown>
[INFO] [stdout]   12:     0x63b2eba297a9 - <unknown>
[INFO] [stdout]   13:     0x63b2ebbf79ab - <unknown>
[INFO] [stdout]   14:     0x63b2ebc05b01 - <unknown>
[INFO] [stdout]   15:     0x63b2ebbff214 - <unknown>
[INFO] [stdout]   16:     0x63b2ebc09922 - <unknown>
[INFO] [stdout]   17:     0x63b2ebb8003e - <unknown>
[INFO] [stdout]   18:     0x701948326dfa - <unknown>
[INFO] [stdout]   19:     0x7019483ba3d4 - clone
[INFO] [stdout]   20:                0x0 - <unknown>
[INFO] [stdout] 
[INFO] [stdout] ---- exporter::pdf::tests::credit_names_the_version_at_the_bottom_left stdout ----
[INFO] [stdout] 
[INFO] [stdout] thread 'exporter::pdf::tests::credit_names_the_version_at_the_bottom_left' (3637) panicked at src/exporter/pdf.rs:1848:14:
[INFO] [stdout] the default fonts must be installed (see scripts/ci-install-tools.repo.sh): reading regular font /usr/share/fonts/truetype/noto/NotoSans-Regular.ttf
[INFO] [stdout] 
[INFO] [stdout] Caused by:
[INFO] [stdout]     No such file or directory (os error 2)
[INFO] [stdout] 
[INFO] [stdout] Stack backtrace:
[INFO] [stdout]    0: <unknown>
[INFO] [stdout]    1: <unknown>
[INFO] [stdout]    2: <unknown>
[INFO] [stdout]    3: <unknown>
[INFO] [stdout]    4: <unknown>
[INFO] [stdout]    5: <unknown>
[INFO] [stdout]    6: <unknown>
[INFO] [stdout]    7: <unknown>
[INFO] [stdout]    8: <unknown>
[INFO] [stdout]    9: <unknown>
[INFO] [stdout]   10: <unknown>
[INFO] [stdout]   11: clone
[INFO] [stdout] stack backtrace:
[INFO] [stdout]    0:     0x63b2ebb811f6 - <unknown>
[INFO] [stdout]    1:     0x63b2eb67dfca - <unknown>
[INFO] [stdout]    2:     0x63b2ebb86f0c - <unknown>
[INFO] [stdout]    3:     0x63b2ebb5cbb2 - <unknown>
[INFO] [stdout]    4:     0x63b2ebb793b1 - <unknown>
[INFO] [stdout]    5:     0x63b2ebb79592 - <unknown>
[INFO] [stdout]    6:     0x63b2ebb5cc62 - <unknown>
[INFO] [stdout]    7:     0x63b2ebb55339 - <unknown>
[INFO] [stdout]    8:     0x63b2ebb5daad - <unknown>
[INFO] [stdout]    9:     0x63b2eb67e72c - <unknown>
[INFO] [stdout]   10:     0x63b2eb67e502 - <unknown>
[INFO] [stdout]   11:     0x63b2eb9d5397 - <unknown>
[INFO] [stdout]   12:     0x63b2eba29669 - <unknown>
[INFO] [stdout]   13:     0x63b2ebbf79ab - <unknown>
[INFO] [stdout]   14:     0x63b2ebc05b01 - <unknown>
[INFO] [stdout]   15:     0x63b2ebbff214 - <unknown>
[INFO] [stdout]   16:     0x63b2ebc09922 - <unknown>
[INFO] [stdout]   17:     0x63b2ebb8003e - <unknown>
[INFO] [stdout]   18:     0x701948326dfa - <unknown>
[INFO] [stdout]   19:     0x7019483ba3d4 - clone
[INFO] [stdout]   20:                0x0 - <unknown>
[INFO] [stdout] 
[INFO] [stdout] ---- exporter::pdf::tests::quote_has_a_bar_and_muted_inset_text stdout ----
[INFO] [stdout] 
[INFO] [stdout] thread 'exporter::pdf::tests::quote_has_a_bar_and_muted_inset_text' (3649) panicked at src/exporter/pdf.rs:1848:14:
[INFO] [stdout] the default fonts must be installed (see scripts/ci-install-tools.repo.sh): reading regular font /usr/share/fonts/truetype/noto/NotoSans-Regular.ttf
[INFO] [stdout] 
[INFO] [stdout] Caused by:
[INFO] [stdout]     No such file or directory (os error 2)
[INFO] [stdout] 
[INFO] [stdout] Stack backtrace:
[INFO] [stdout]    0: <unknown>
[INFO] [stdout]    1: <unknown>
[INFO] [stdout]    2: <unknown>
[INFO] [stdout]    3: <unknown>
[INFO] [stdout]    4: <unknown>
[INFO] [stdout]    5: <unknown>
[INFO] [stdout]    6: <unknown>
[INFO] [stdout]    7: <unknown>
[INFO] [stdout]    8: <unknown>
[INFO] [stdout]    9: <unknown>
[INFO] [stdout]   10: <unknown>
[INFO] [stdout]   11: clone
[INFO] [stdout] stack backtrace:
[INFO] [stdout]    0:     0x63b2ebb811f6 - <unknown>
[INFO] [stdout]    1:     0x63b2eb67dfca - <unknown>
[INFO] [stdout]    2:     0x63b2ebb86f0c - <unknown>
[INFO] [stdout]    3:     0x63b2ebb5cbb2 - <unknown>
[INFO] [stdout]    4:     0x63b2ebb793b1 - <unknown>
[INFO] [stdout]    5:     0x63b2ebb79592 - <unknown>
[INFO] [stdout]    6:     0x63b2ebb5cc62 - <unknown>
[INFO] [stdout]    7:     0x63b2ebb55339 - <unknown>
[INFO] [stdout]    8:     0x63b2ebb5daad - <unknown>
[INFO] [stdout]    9:     0x63b2eb67e72c - <unknown>
[INFO] [stdout]   10:     0x63b2eb67e502 - <unknown>
[INFO] [stdout]   11:     0x63b2eb9ceffa - <unknown>
[INFO] [stdout]   12:     0x63b2eba29549 - <unknown>
[INFO] [stdout]   13:     0x63b2ebbf79ab - <unknown>
[INFO] [stdout]   14:     0x63b2ebc05b01 - <unknown>
[INFO] [stdout]   15:     0x63b2ebbff214 - <unknown>
[INFO] [stdout]   16:     0x63b2ebc09922 - <unknown>
[INFO] [stdout]   17:     0x63b2ebb8003e - <unknown>
[INFO] [stdout]   18:     0x701948326dfa - <unknown>
[INFO] [stdout]   19:     0x7019483ba3d4 - clone
[INFO] [stdout]   20:                0x0 - <unknown>
[INFO] [stdout] 
[INFO] [stdout] ---- exporter::pdf::tests::content_taller_than_the_padding_box_starts_at_the_top stdout ----
[INFO] [stdout] 
[INFO] [stdout] thread 'exporter::pdf::tests::content_taller_than_the_padding_box_starts_at_the_top' (3636) panicked at src/exporter/pdf.rs:1848:14:
[INFO] [stdout] the default fonts must be installed (see scripts/ci-install-tools.repo.sh): reading regular font /usr/share/fonts/truetype/noto/NotoSans-Regular.ttf
[INFO] [stdout] 
[INFO] [stdout] Caused by:
[INFO] [stdout]     No such file or directory (os error 2)
[INFO] [stdout] 
[INFO] [stdout] Stack backtrace:
[INFO] [stdout]    0: <unknown>
[INFO] [stdout]    1: <unknown>
[INFO] [stdout]    2: <unknown>
[INFO] [stdout]    3: <unknown>
[INFO] [stdout]    4: <unknown>
[INFO] [stdout]    5: <unknown>
[INFO] [stdout]    6: <unknown>
[INFO] [stdout]    7: <unknown>
[INFO] [stdout]    8: <unknown>
[INFO] [stdout]    9: <unknown>
[INFO] [stdout]   10: <unknown>
[INFO] [stdout]   11: clone
[INFO] [stdout] stack backtrace:
[INFO] [stdout]    0:     0x63b2ebb811f6 - <unknown>
[INFO] [stdout]    1:     0x63b2eb67dfca - <unknown>
[INFO] [stdout]    2:     0x63b2ebb86f0c - <unknown>
[INFO] [stdout]    3:     0x63b2ebb5cbb2 - <unknown>
[INFO] [stdout]    4:     0x63b2ebb793b1 - <unknown>
[INFO] [stdout]    5:     0x63b2ebb79592 - <unknown>
[INFO] [stdout]    6:     0x63b2ebb5cc62 - <unknown>
[INFO] [stdout]    7:     0x63b2ebb55339 - <unknown>
[INFO] [stdout]    8:     0x63b2ebb5daad - <unknown>
[INFO] [stdout]    9:     0x63b2eb67e72c - <unknown>
[INFO] [stdout]   10:     0x63b2eb67e502 - <unknown>
[INFO] [stdout]   11:     0x63b2eb9ddaaf - <unknown>
[INFO] [stdout]   12:     0x63b2eba29849 - <unknown>
[INFO] [stdout]   13:     0x63b2ebbf79ab - <unknown>
[INFO] [stdout]   14:     0x63b2ebc05b01 - <unknown>
[INFO] [stdout]   15:     0x63b2ebbff214 - <unknown>
[INFO] [stdout]   16:     0x63b2ebc09922 - <unknown>
[INFO] [stdout]   17:     0x63b2ebb8003e - <unknown>
[INFO] [stdout]   18:     0x701948326dfa - <unknown>
[INFO] [stdout]   19:     0x7019483ba3d4 - clone
[INFO] [stdout]   20:                0x0 - <unknown>
[INFO] [stdout] 
[INFO] [stdout] ---- exporter::pdf::tests::layout_scales_exactly_with_the_page_size stdout ----
[INFO] [stdout] 
[INFO] [stdout] thread 'exporter::pdf::tests::layout_scales_exactly_with_the_page_size' (3640) panicked at src/exporter/pdf.rs:1848:14:
[INFO] [stdout] the default fonts must be installed (see scripts/ci-install-tools.repo.sh): reading regular font /usr/share/fonts/truetype/noto/NotoSans-Regular.ttf
[INFO] [stdout] 
[INFO] [stdout] Caused by:
[INFO] [stdout]     No such file or directory (os error 2)
[INFO] [stdout] 
[INFO] [stdout] Stack backtrace:
[INFO] [stdout]    0: <unknown>
[INFO] [stdout]    1: <unknown>
[INFO] [stdout]    2: <unknown>
[INFO] [stdout]    3: <unknown>
[INFO] [stdout]    4: <unknown>
[INFO] [stdout]    5: <unknown>
[INFO] [stdout]    6: <unknown>
[INFO] [stdout]    7: <unknown>
[INFO] [stdout]    8: <unknown>
[INFO] [stdout]    9: <unknown>
[INFO] [stdout]   10: <unknown>
[INFO] [stdout]   11: clone
[INFO] [stdout] stack backtrace:
[INFO] [stdout]    0:     0x63b2ebb811f6 - <unknown>
[INFO] [stdout]    1:     0x63b2eb67dfca - <unknown>
[INFO] [stdout]    2:     0x63b2ebb86f0c - <unknown>
[INFO] [stdout]    3:     0x63b2ebb5cbb2 - <unknown>
[INFO] [stdout]    4:     0x63b2ebb793b1 - <unknown>
[INFO] [stdout]    5:     0x63b2ebb79592 - <unknown>
[INFO] [stdout]    6:     0x63b2ebb5cc62 - <unknown>
[INFO] [stdout]    7:     0x63b2ebb55339 - <unknown>
[INFO] [stdout]    8:     0x63b2ebb5daad - <unknown>
[INFO] [stdout]    9:     0x63b2eb67e72c - <unknown>
[INFO] [stdout]   10:     0x63b2eb67e502 - <unknown>
[INFO] [stdout]   11:     0x63b2eb9d2827 - <unknown>
[INFO] [stdout]   12:     0x63b2eba295e9 - <unknown>
[INFO] [stdout]   13:     0x63b2ebbf79ab - <unknown>
[INFO] [stdout]   14:     0x63b2ebc05b01 - <unknown>
[INFO] [stdout]   15:     0x63b2ebbff214 - <unknown>
[INFO] [stdout]   16:     0x63b2ebc09922 - <unknown>
[INFO] [stdout]   17:     0x63b2ebb8003e - <unknown>
[INFO] [stdout]   18:     0x701948326dfa - <unknown>
[INFO] [stdout]   19:     0x7019483ba3d4 - clone
[INFO] [stdout]   20:                0x0 - <unknown>
[INFO] [stdout] 
[INFO] [stdout] ---- exporter::pdf::tests::render_reports_every_slide_that_does_not_fit stdout ----
[INFO] [stdout] 
[INFO] [stdout] thread 'exporter::pdf::tests::render_reports_every_slide_that_does_not_fit' (3651) panicked at src/exporter/pdf.rs:1848:14:
[INFO] [stdout] the default fonts must be installed (see scripts/ci-install-tools.repo.sh): reading regular font /usr/share/fonts/truetype/noto/NotoSans-Regular.ttf
[INFO] [stdout] 
[INFO] [stdout] Caused by:
[INFO] [stdout]     No such file or directory (os error 2)
[INFO] [stdout] 
[INFO] [stdout] Stack backtrace:
[INFO] [stdout]    0: <unknown>
[INFO] [stdout]    1: <unknown>
[INFO] [stdout]    2: <unknown>
[INFO] [stdout]    3: <unknown>
[INFO] [stdout]    4: <unknown>
[INFO] [stdout]    5: <unknown>
[INFO] [stdout]    6: <unknown>
[INFO] [stdout]    7: <unknown>
[INFO] [stdout]    8: <unknown>
[INFO] [stdout]    9: <unknown>
[INFO] [stdout]   10: <unknown>
[INFO] [stdout]   11: <unknown>
[INFO] [stdout]   12: clone
[INFO] [stdout] stack backtrace:
[INFO] [stdout]    0:     0x63b2ebb811f6 - <unknown>
[INFO] [stdout]    1:     0x63b2eb67dfca - <unknown>
[INFO] [stdout]    2:     0x63b2ebb86f0c - <unknown>
[INFO] [stdout]    3:     0x63b2ebb5cbb2 - <unknown>
[INFO] [stdout]    4:     0x63b2ebb793b1 - <unknown>
[INFO] [stdout]    5:     0x63b2ebb79592 - <unknown>
[INFO] [stdout]    6:     0x63b2ebb5cc62 - <unknown>
[INFO] [stdout]    7:     0x63b2ebb55339 - <unknown>
[INFO] [stdout]    8:     0x63b2ebb5daad - <unknown>
[INFO] [stdout]    9:     0x63b2eb67e72c - <unknown>
[INFO] [stdout]   10:     0x63b2eb67e502 - <unknown>
[INFO] [stdout]   11:     0x63b2eb9c8067 - <unknown>
[INFO] [stdout]   12:     0x63b2eb9d7924 - <unknown>
[INFO] [stdout]   13:     0x63b2eba296e9 - <unknown>
[INFO] [stdout]   14:     0x63b2ebbf79ab - <unknown>
[INFO] [stdout]   15:     0x63b2ebc05b01 - <unknown>
[INFO] [stdout]   16:     0x63b2ebbff214 - <unknown>
[INFO] [stdout]   17:     0x63b2ebc09922 - <unknown>
[INFO] [stdout]   18:     0x63b2ebb8003e - <unknown>
[INFO] [stdout]   19:     0x701948326dfa - <unknown>
[INFO] [stdout]   20:     0x7019483ba3d4 - clone
[INFO] [stdout]   21:                0x0 - <unknown>
[INFO] [stdout] 
[INFO] [stdout] ---- exporter::pdf::tests::content_below_a_picture_follows_it stdout ----
[INFO] [stdout] 
[INFO] [stdout] thread 'exporter::pdf::tests::content_below_a_picture_follows_it' (3634) panicked at src/exporter/pdf.rs:1848:14:
[INFO] [stdout] the default fonts must be installed (see scripts/ci-install-tools.repo.sh): reading regular font /usr/share/fonts/truetype/noto/NotoSans-Regular.ttf
[INFO] [stdout] 
[INFO] [stdout] Caused by:
[INFO] [stdout]     No such file or directory (os error 2)
[INFO] [stdout] 
[INFO] [stdout] Stack backtrace:
[INFO] [stdout]    0: <unknown>
[INFO] [stdout]    1: <unknown>
[INFO] [stdout]    2: <unknown>
[INFO] [stdout]    3: <unknown>
[INFO] [stdout]    4: <unknown>
[INFO] [stdout]    5: <unknown>
[INFO] [stdout]    6: <unknown>
[INFO] [stdout]    7: <unknown>
[INFO] [stdout]    8: <unknown>
[INFO] [stdout]    9: <unknown>
[INFO] [stdout]   10: <unknown>
[INFO] [stdout]   11: clone
[INFO] [stdout] stack backtrace:
[INFO] [stdout]    0:     0x63b2ebb811f6 - <unknown>
[INFO] [stdout]    1:     0x63b2eb67dfca - <unknown>
[INFO] [stdout]    2:     0x63b2ebb86f0c - <unknown>
[INFO] [stdout]    3:     0x63b2ebb5cbb2 - <unknown>
[INFO] [stdout]    4:     0x63b2ebb793b1 - <unknown>
[INFO] [stdout]    5:     0x63b2ebb79592 - <unknown>
[INFO] [stdout]    6:     0x63b2ebb5cc62 - <unknown>
[INFO] [stdout]    7:     0x63b2ebb55339 - <unknown>
[INFO] [stdout]    8:     0x63b2ebb5daad - <unknown>
[INFO] [stdout]    9:     0x63b2eb67e72c - <unknown>
[INFO] [stdout]   10:     0x63b2eb67e502 - <unknown>
[INFO] [stdout]   11:     0x63b2eb9cc9bb - <unknown>
[INFO] [stdout]   12:     0x63b2eba294c9 - <unknown>
[INFO] [stdout]   13:     0x63b2ebbf79ab - <unknown>
[INFO] [stdout]   14:     0x63b2ebc05b01 - <unknown>
[INFO] [stdout]   15:     0x63b2ebbff214 - <unknown>
[INFO] [stdout]   16:     0x63b2ebc09922 - <unknown>
[INFO] [stdout]   17:     0x63b2ebb8003e - <unknown>
[INFO] [stdout]   18:     0x701948326dfa - <unknown>
[INFO] [stdout]   19:     0x7019483ba3d4 - clone
[INFO] [stdout]   20:                0x0 - <unknown>
[INFO] [stdout] 
[INFO] [stdout] ---- exporter::pdf::tests::table_too_wide_even_when_wrapped_is_an_error stdout ----
[INFO] [stdout] 
[INFO] [stdout] thread 'exporter::pdf::tests::table_too_wide_even_when_wrapped_is_an_error' (3656) panicked at src/exporter/pdf.rs:1848:14:
[INFO] [stdout] the default fonts must be installed (see scripts/ci-install-tools.repo.sh): reading regular font /usr/share/fonts/truetype/noto/NotoSans-Regular.ttf
[INFO] [stdout] 
[INFO] [stdout] Caused by:
[INFO] [stdout]     No such file or directory (os error 2)
[INFO] [stdout] 
[INFO] [stdout] Stack backtrace:
[INFO] [stdout]    0: <unknown>
[INFO] [stdout]    1: <unknown>
[INFO] [stdout]    2: <unknown>
[INFO] [stdout]    3: <unknown>
[INFO] [stdout]    4: <unknown>
[INFO] [stdout]    5: <unknown>
[INFO] [stdout]    6: <unknown>
[INFO] [stdout]    7: <unknown>
[INFO] [stdout]    8: <unknown>
[INFO] [stdout]    9: <unknown>
[INFO] [stdout]   10: <unknown>
[INFO] [stdout]   11: clone
[INFO] [stdout] stack backtrace:
[INFO] [stdout]    0:     0x63b2ebb811f6 - <unknown>
[INFO] [stdout]    1:     0x63b2eb67dfca - <unknown>
[INFO] [stdout]    2:     0x63b2ebb86f0c - <unknown>
[INFO] [stdout]    3:     0x63b2ebb5cbb2 - <unknown>
[INFO] [stdout]    4:     0x63b2ebb793b1 - <unknown>
[INFO] [stdout]    5:     0x63b2ebb79592 - <unknown>
[INFO] [stdout]    6:     0x63b2ebb5cc62 - <unknown>
[INFO] [stdout]    7:     0x63b2ebb55339 - <unknown>
[INFO] [stdout]    8:     0x63b2ebb5daad - <unknown>
[INFO] [stdout]    9:     0x63b2eb67e72c - <unknown>
[INFO] [stdout]   10:     0x63b2eb67e502 - <unknown>
[INFO] [stdout]   11:     0x63b2eb9d83a7 - <unknown>
[INFO] [stdout]   12:     0x63b2eba29729 - <unknown>
[INFO] [stdout]   13:     0x63b2ebbf79ab - <unknown>
[INFO] [stdout]   14:     0x63b2ebc05b01 - <unknown>
[INFO] [stdout]   15:     0x63b2ebbff214 - <unknown>
[INFO] [stdout]   16:     0x63b2ebc09922 - <unknown>
[INFO] [stdout]   17:     0x63b2ebb8003e - <unknown>
[INFO] [stdout]   18:     0x701948326dfa - <unknown>
[INFO] [stdout]   19:     0x7019483ba3d4 - clone
[INFO] [stdout]   20:                0x0 - <unknown>
[INFO] [stdout] 
[INFO] [stdout] ---- exporter::pdf::tests::the_last_lines_leading_may_hang_past_the_page stdout ----
[INFO] [stdout] 
[INFO] [stdout] thread 'exporter::pdf::tests::the_last_lines_leading_may_hang_past_the_page' (3657) panicked at src/exporter/pdf.rs:1848:14:
[INFO] [stdout] the default fonts must be installed (see scripts/ci-install-tools.repo.sh): reading regular font /usr/share/fonts/truetype/noto/NotoSans-Regular.ttf
[INFO] [stdout] 
[INFO] [stdout] Caused by:
[INFO] [stdout]     No such file or directory (os error 2)
[INFO] [stdout] 
[INFO] [stdout] Stack backtrace:
[INFO] [stdout]    0: <unknown>
[INFO] [stdout]    1: <unknown>
[INFO] [stdout]    2: <unknown>
[INFO] [stdout]    3: <unknown>
[INFO] [stdout]    4: <unknown>
[INFO] [stdout]    5: <unknown>
[INFO] [stdout]    6: <unknown>
[INFO] [stdout]    7: <unknown>
[INFO] [stdout]    8: <unknown>
[INFO] [stdout]    9: <unknown>
[INFO] [stdout]   10: <unknown>
[INFO] [stdout]   11: clone
[INFO] [stdout] stack backtrace:
[INFO] [stdout]    0:     0x63b2ebb811f6 - <unknown>
[INFO] [stdout]    1:     0x63b2eb67dfca - <unknown>
[INFO] [stdout]    2:     0x63b2ebb86f0c - <unknown>
[INFO] [stdout]    3:     0x63b2ebb5cbb2 - <unknown>
[INFO] [stdout]    4:     0x63b2ebb793b1 - <unknown>
[INFO] [stdout]    5:     0x63b2ebb79592 - <unknown>
[INFO] [stdout]    6:     0x63b2ebb5cc62 - <unknown>
[INFO] [stdout]    7:     0x63b2ebb55339 - <unknown>
[INFO] [stdout]    8:     0x63b2ebb5daad - <unknown>
[INFO] [stdout]    9:     0x63b2eb67e72c - <unknown>
[INFO] [stdout]   10:     0x63b2eb67e502 - <unknown>
[INFO] [stdout]   11:     0x63b2eb9d99ab - <unknown>
[INFO] [stdout]   12:     0x63b2eba29769 - <unknown>
[INFO] [stdout]   13:     0x63b2ebbf79ab - <unknown>
[INFO] [stdout]   14:     0x63b2ebc05b01 - <unknown>
[INFO] [stdout]   15:     0x63b2ebbff214 - <unknown>
[INFO] [stdout]   16:     0x63b2ebc09922 - <unknown>
[INFO] [stdout]   17:     0x63b2ebb8003e - <unknown>
[INFO] [stdout]   18:     0x701948326dfa - <unknown>
[INFO] [stdout]   19:     0x7019483ba3d4 - clone
[INFO] [stdout]   20:                0x0 - <unknown>
[INFO] [stdout] 
[INFO] [stdout] ---- exporter::pdf::tests::table_keeps_its_natural_width_when_it_fits stdout ----
[INFO] [stdout] 
[INFO] [stdout] thread 'exporter::pdf::tests::table_keeps_its_natural_width_when_it_fits' (3655) panicked at src/exporter/pdf.rs:1848:14:
[INFO] [stdout] the default fonts must be installed (see scripts/ci-install-tools.repo.sh): reading regular font /usr/share/fonts/truetype/noto/NotoSans-Regular.ttf
[INFO] [stdout] 
[INFO] [stdout] Caused by:
[INFO] [stdout]     No such file or directory (os error 2)
[INFO] [stdout] 
[INFO] [stdout] Stack backtrace:
[INFO] [stdout]    0: <unknown>
[INFO] [stdout]    1: <unknown>
[INFO] [stdout]    2: <unknown>
[INFO] [stdout]    3: <unknown>
[INFO] [stdout]    4: <unknown>
[INFO] [stdout]    5: <unknown>
[INFO] [stdout]    6: <unknown>
[INFO] [stdout]    7: <unknown>
[INFO] [stdout]    8: <unknown>
[INFO] [stdout]    9: <unknown>
[INFO] [stdout]   10: <unknown>
[INFO] [stdout]   11: clone
[INFO] [stdout] stack backtrace:
[INFO] [stdout]    0:     0x63b2ebb811f6 - <unknown>
[INFO] [stdout]    1:     0x63b2eb67dfca - <unknown>
[INFO] [stdout]    2:     0x63b2ebb86f0c - <unknown>
[INFO] [stdout]    3:     0x63b2ebb5cbb2 - <unknown>
[INFO] [stdout]    4:     0x63b2ebb793b1 - <unknown>
[INFO] [stdout]    5:     0x63b2ebb79592 - <unknown>
[INFO] [stdout]    6:     0x63b2ebb5cc62 - <unknown>
[INFO] [stdout]    7:     0x63b2ebb55339 - <unknown>
[INFO] [stdout]    8:     0x63b2ebb5daad - <unknown>
[INFO] [stdout]    9:     0x63b2eb67e72c - <unknown>
[INFO] [stdout]   10:     0x63b2eb67e502 - <unknown>
[INFO] [stdout]   11:     0x63b2eb9d3a76 - <unknown>
[INFO] [stdout]   12:     0x63b2eba29629 - <unknown>
[INFO] [stdout]   13:     0x63b2ebbf79ab - <unknown>
[INFO] [stdout]   14:     0x63b2ebc05b01 - <unknown>
[INFO] [stdout]   15:     0x63b2ebbff214 - <unknown>
[INFO] [stdout]   16:     0x63b2ebc09922 - <unknown>
[INFO] [stdout]   17:     0x63b2ebb8003e - <unknown>
[INFO] [stdout]   18:     0x701948326dfa - <unknown>
[INFO] [stdout]   19:     0x7019483ba3d4 - clone
[INFO] [stdout]   20:                0x0 - <unknown>
[INFO] [stdout] 
[INFO] [stdout] ---- exporter::pdf::tests::with_overflow_warnings_every_slide_is_drawn_and_reported stdout ----
[INFO] [stdout] 
[INFO] [stdout] thread 'exporter::pdf::tests::with_overflow_warnings_every_slide_is_drawn_and_reported' (3661) panicked at src/exporter/pdf.rs:1848:14:
[INFO] [stdout] the default fonts must be installed (see scripts/ci-install-tools.repo.sh): reading regular font /usr/share/fonts/truetype/noto/NotoSans-Regular.ttf
[INFO] [stdout] 
[INFO] [stdout] Caused by:
[INFO] [stdout]     No such file or directory (os error 2)
[INFO] [stdout] 
[INFO] [stdout] Stack backtrace:
[INFO] [stdout]    0: <unknown>
[INFO] [stdout]    1: <unknown>
[INFO] [stdout]    2: <unknown>
[INFO] [stdout]    3: <unknown>
[INFO] [stdout]    4: <unknown>
[INFO] [stdout]    5: <unknown>
[INFO] [stdout]    6: <unknown>
[INFO] [stdout]    7: <unknown>
[INFO] [stdout]    8: <unknown>
[INFO] [stdout]    9: <unknown>
[INFO] [stdout]   10: <unknown>
[INFO] [stdout]   11: <unknown>
[INFO] [stdout]   12: clone
[INFO] [stdout] stack backtrace:
[INFO] [stdout]    0:     0x63b2ebb811f6 - <unknown>
[INFO] [stdout]    1:     0x63b2eb67dfca - <unknown>
[INFO] [stdout]    2:     0x63b2ebb86f0c - <unknown>
[INFO] [stdout]    3:     0x63b2ebb5cbb2 - <unknown>
[INFO] [stdout]    4:     0x63b2ebb793b1 - <unknown>
[INFO] [stdout]    5:     0x63b2ebb79592 - <unknown>
[INFO] [stdout]    6:     0x63b2ebb5cc62 - <unknown>
[INFO] [stdout]    7:     0x63b2ebb55339 - <unknown>
[INFO] [stdout]    8:     0x63b2ebb5daad - <unknown>
[INFO] [stdout]    9:     0x63b2eb67e72c - <unknown>
[INFO] [stdout]   10:     0x63b2eb67e502 - <unknown>
[INFO] [stdout]   11:     0x63b2eb9c8067 - <unknown>
[INFO] [stdout]   12:     0x63b2eb9df984 - <unknown>
[INFO] [stdout]   13:     0x63b2eba298c9 - <unknown>
[INFO] [stdout]   14:     0x63b2ebbf79ab - <unknown>
[INFO] [stdout]   15:     0x63b2ebc05b01 - <unknown>
[INFO] [stdout]   16:     0x63b2ebbff214 - <unknown>
[INFO] [stdout]   17:     0x63b2ebc09922 - <unknown>
[INFO] [stdout]   18:     0x63b2ebb8003e - <unknown>
[INFO] [stdout]   19:     0x701948326dfa - <unknown>
[INFO] [stdout]   20:     0x7019483ba3d4 - clone
[INFO] [stdout]   21:                0x0 - <unknown>
[INFO] [stdout] 
[INFO] [stdout] ---- exporter::pdf::tests::render_produces_a_pdf_for_every_feature stdout ----
[INFO] [stdout] 
[INFO] [stdout] thread 'exporter::pdf::tests::render_produces_a_pdf_for_every_feature' (3650) panicked at src/exporter/pdf.rs:1848:14:
[INFO] [stdout] the default fonts must be installed (see scripts/ci-install-tools.repo.sh): reading regular font /usr/share/fonts/truetype/noto/NotoSans-Regular.ttf
[INFO] [stdout] 
[INFO] [stdout] Caused by:
[INFO] [stdout]     No such file or directory (os error 2)
[INFO] [stdout] 
[INFO] [stdout] Stack backtrace:
[INFO] [stdout]    0: <unknown>
[INFO] [stdout]    1: <unknown>
[INFO] [stdout]    2: <unknown>
[INFO] [stdout]    3: <unknown>
[INFO] [stdout]    4: <unknown>
[INFO] [stdout]    5: <unknown>
[INFO] [stdout]    6: <unknown>
[INFO] [stdout]    7: <unknown>
[INFO] [stdout]    8: <unknown>
[INFO] [stdout]    9: <unknown>
[INFO] [stdout]   10: <unknown>
[INFO] [stdout]   11: <unknown>
[INFO] [stdout]   12: clone
[INFO] [stdout] stack backtrace:
[INFO] [stdout]    0:     0x63b2ebb811f6 - <unknown>
[INFO] [stdout]    1:     0x63b2eb67dfca - <unknown>
[INFO] [stdout]    2:     0x63b2ebb86f0c - <unknown>
[INFO] [stdout]    3:     0x63b2ebb5cbb2 - <unknown>
[INFO] [stdout]    4:     0x63b2ebb793b1 - <unknown>
[INFO] [stdout]    5:     0x63b2ebb79592 - <unknown>
[INFO] [stdout]    6:     0x63b2ebb5cc62 - <unknown>
[INFO] [stdout]    7:     0x63b2ebb55339 - <unknown>
[INFO] [stdout]    8:     0x63b2ebb5daad - <unknown>
[INFO] [stdout]    9:     0x63b2eb67e72c - <unknown>
[INFO] [stdout]   10:     0x63b2eb67e502 - <unknown>
[INFO] [stdout]   11:     0x63b2eb9c8067 - <unknown>
[INFO] [stdout]   12:     0x63b2eb9d08b3 - <unknown>
[INFO] [stdout]   13:     0x63b2eba295a9 - <unknown>
[INFO] [stdout]   14:     0x63b2ebbf79ab - <unknown>
[INFO] [stdout]   15:     0x63b2ebc05b01 - <unknown>
[INFO] [stdout]   16:     0x63b2ebbff214 - <unknown>
[INFO] [stdout]   17:     0x63b2ebc09922 - <unknown>
[INFO] [stdout]   18:     0x63b2ebb8003e - <unknown>
[INFO] [stdout]   19:     0x701948326dfa - <unknown>
[INFO] [stdout]   20:     0x7019483ba3d4 - clone
[INFO] [stdout]   21:                0x0 - <unknown>
[INFO] [stdout] 
[INFO] [stdout] ---- exporter::text::tests::a_character_no_font_has_is_an_error stdout ----
[INFO] [stdout] 
[INFO] [stdout] thread 'exporter::text::tests::a_character_no_font_has_is_an_error' (3664) panicked at src/exporter/text.rs:1039:14:
[INFO] [stdout] the default fonts must be installed (see scripts/ci-install-tools.repo.sh): reading regular font /usr/share/fonts/truetype/noto/NotoSans-Regular.ttf
[INFO] [stdout] 
[INFO] [stdout] Caused by:
[INFO] [stdout]     No such file or directory (os error 2)
[INFO] [stdout] 
[INFO] [stdout] Stack backtrace:
[INFO] [stdout]    0: <unknown>
[INFO] [stdout]    1: <unknown>
[INFO] [stdout]    2: <unknown>
[INFO] [stdout]    3: <unknown>
[INFO] [stdout]    4: <unknown>
[INFO] [stdout]    5: <unknown>
[INFO] [stdout]    6: <unknown>
[INFO] [stdout]    7: <unknown>
[INFO] [stdout]    8: <unknown>
[INFO] [stdout]    9: <unknown>
[INFO] [stdout]   10: clone
[INFO] [stdout] stack backtrace:
[INFO] [stdout]    0:     0x63b2ebb811f6 - <unknown>
[INFO] [stdout]    1:     0x63b2eb67dfca - <unknown>
[INFO] [stdout]    2:     0x63b2ebb86f0c - <unknown>
[INFO] [stdout]    3:     0x63b2ebb5cbb2 - <unknown>
[INFO] [stdout]    4:     0x63b2ebb793b1 - <unknown>
[INFO] [stdout]    5:     0x63b2ebb79592 - <unknown>
[INFO] [stdout]    6:     0x63b2ebb5cc62 - <unknown>
[INFO] [stdout]    7:     0x63b2ebb55339 - <unknown>
[INFO] [stdout]    8:     0x63b2ebb5daad - <unknown>
[INFO] [stdout]    9:     0x63b2eb67e72c - <unknown>
[INFO] [stdout]   10:     0x63b2eb67e502 - <unknown>
[INFO] [stdout]   11:     0x63b2eba216bb - <unknown>
[INFO] [stdout]   12:     0x63b2eba2c291 - <unknown>
[INFO] [stdout]   13:     0x63b2ebbf79ab - <unknown>
[INFO] [stdout]   14:     0x63b2ebc05b01 - <unknown>
[INFO] [stdout]   15:     0x63b2ebbff214 - <unknown>
[INFO] [stdout]   16:     0x63b2ebc09922 - <unknown>
[INFO] [stdout]   17:     0x63b2ebb8003e - <unknown>
[INFO] [stdout]   18:     0x701948326dfa - <unknown>
[INFO] [stdout]   19:     0x7019483ba3d4 - clone
[INFO] [stdout]   20:                0x0 - <unknown>
[INFO] [stdout] 
[INFO] [stdout] ---- exporter::text::tests::a_word_longer_than_the_line_gets_a_line_of_its_own stdout ----
[INFO] [stdout] 
[INFO] [stdout] thread 'exporter::text::tests::a_word_longer_than_the_line_gets_a_line_of_its_own' (3668) panicked at src/exporter/text.rs:1039:14:
[INFO] [stdout] the default fonts must be installed (see scripts/ci-install-tools.repo.sh): reading regular font /usr/share/fonts/truetype/noto/NotoSans-Regular.ttf
[INFO] [stdout] 
[INFO] [stdout] Caused by:
[INFO] [stdout]     No such file or directory (os error 2)
[INFO] [stdout] 
[INFO] [stdout] Stack backtrace:
[INFO] [stdout]    0: <unknown>
[INFO] [stdout]    1: <unknown>
[INFO] [stdout]    2: <unknown>
[INFO] [stdout]    3: <unknown>
[INFO] [stdout]    4: <unknown>
[INFO] [stdout]    5: <unknown>
[INFO] [stdout]    6: <unknown>
[INFO] [stdout]    7: <unknown>
[INFO] [stdout]    8: <unknown>
[INFO] [stdout]    9: <unknown>
[INFO] [stdout]   10: clone
[INFO] [stdout] stack backtrace:
[INFO] [stdout]    0:     0x63b2ebb811f6 - <unknown>
[INFO] [stdout]    1:     0x63b2eb67dfca - <unknown>
[INFO] [stdout]    2:     0x63b2ebb86f0c - <unknown>
[INFO] [stdout]    3:     0x63b2ebb5cbb2 - <unknown>
[INFO] [stdout]    4:     0x63b2ebb793b1 - <unknown>
[INFO] [stdout]    5:     0x63b2ebb79592 - <unknown>
[INFO] [stdout]    6:     0x63b2ebb5cc62 - <unknown>
[INFO] [stdout]    7:     0x63b2ebb55339 - <unknown>
[INFO] [stdout]    8:     0x63b2ebb5daad - <unknown>
[INFO] [stdout]    9:     0x63b2eb67e72c - <unknown>
[INFO] [stdout]   10:     0x63b2eb67e502 - <unknown>
[INFO] [stdout]   11:     0x63b2eba216bb - <unknown>
[INFO] [stdout]   12:     0x63b2eba2f884 - <unknown>
[INFO] [stdout]   13:     0x63b2ebbf79ab - <unknown>
[INFO] [stdout]   14:     0x63b2ebc05b01 - <unknown>
[INFO] [stdout]   15:     0x63b2ebbff214 - <unknown>
[INFO] [stdout]   16:     0x63b2ebc09922 - <unknown>
[INFO] [stdout]   17:     0x63b2ebb8003e - <unknown>
[INFO] [stdout]   18:     0x701948326dfa - <unknown>
[INFO] [stdout]   19:     0x7019483ba3d4 - clone
[INFO] [stdout]   20:                0x0 - <unknown>
[INFO] [stdout] 
[INFO] [stdout] ---- exporter::text::tests::break_words_splits_only_a_word_that_cannot_fit_a_line stdout ----
[INFO] [stdout] 
[INFO] [stdout] thread 'exporter::text::tests::break_words_splits_only_a_word_that_cannot_fit_a_line' (3671) panicked at src/exporter/text.rs:1039:14:
[INFO] [stdout] the default fonts must be installed (see scripts/ci-install-tools.repo.sh): reading regular font /usr/share/fonts/truetype/noto/NotoSans-Regular.ttf
[INFO] [stdout] 
[INFO] [stdout] Caused by:
[INFO] [stdout]     No such file or directory (os error 2)
[INFO] [stdout] 
[INFO] [stdout] Stack backtrace:
[INFO] [stdout]    0: <unknown>
[INFO] [stdout]    1: <unknown>
[INFO] [stdout]    2: <unknown>
[INFO] [stdout]    3: <unknown>
[INFO] [stdout]    4: <unknown>
[INFO] [stdout]    5: <unknown>
[INFO] [stdout]    6: <unknown>
[INFO] [stdout]    7: <unknown>
[INFO] [stdout]    8: <unknown>
[INFO] [stdout]    9: <unknown>
[INFO] [stdout]   10: clone
[INFO] [stdout] stack backtrace:
[INFO] [stdout]    0:     0x63b2ebb811f6 - <unknown>
[INFO] [stdout]    1:     0x63b2eb67dfca - <unknown>
[INFO] [stdout]    2:     0x63b2ebb86f0c - <unknown>
[INFO] [stdout]    3:     0x63b2ebb5cbb2 - <unknown>
[INFO] [stdout]    4:     0x63b2ebb793b1 - <unknown>
[INFO] [stdout]    5:     0x63b2ebb79592 - <unknown>
[INFO] [stdout]    6:     0x63b2ebb5cc62 - <unknown>
[INFO] [stdout]    7:     0x63b2ebb55339 - <unknown>
[INFO] [stdout]    8:     0x63b2ebb5daad - <unknown>
[INFO] [stdout]    9:     0x63b2eb67e72c - <unknown>
[INFO] [stdout]   10:     0x63b2eb67e502 - <unknown>
[INFO] [stdout]   11:     0x63b2eba216bb - <unknown>
[INFO] [stdout]   12:     0x63b2eba2fcd4 - <unknown>
[INFO] [stdout]   13:     0x63b2ebbf79ab - <unknown>
[INFO] [stdout]   14:     0x63b2ebc05b01 - <unknown>
[INFO] [stdout]   15:     0x63b2ebbff214 - <unknown>
[INFO] [stdout]   16:     0x63b2ebc09922 - <unknown>
[INFO] [stdout]   17:     0x63b2ebb8003e - <unknown>
[INFO] [stdout]   18:     0x701948326dfa - <unknown>
[INFO] [stdout]   19:     0x7019483ba3d4 - clone
[INFO] [stdout]   20:                0x0 - <unknown>
[INFO] [stdout] 
[INFO] [stdout] ---- exporter::text::tests::characters_the_font_lacks_come_from_the_fallbacks stdout ----
[INFO] [stdout] 
[INFO] [stdout] thread 'exporter::text::tests::characters_the_font_lacks_come_from_the_fallbacks' (3673) panicked at src/exporter/text.rs:1039:14:
[INFO] [stdout] the default fonts must be installed (see scripts/ci-install-tools.repo.sh): reading regular font /usr/share/fonts/truetype/noto/NotoSans-Regular.ttf
[INFO] [stdout] 
[INFO] [stdout] Caused by:
[INFO] [stdout]     No such file or directory (os error 2)
[INFO] [stdout] 
[INFO] [stdout] Stack backtrace:
[INFO] [stdout]    0: <unknown>
[INFO] [stdout]    1: <unknown>
[INFO] [stdout]    2: <unknown>
[INFO] [stdout]    3: <unknown>
[INFO] [stdout]    4: <unknown>
[INFO] [stdout]    5: <unknown>
[INFO] [stdout]    6: <unknown>
[INFO] [stdout]    7: <unknown>
[INFO] [stdout]    8: <unknown>
[INFO] [stdout]    9: <unknown>
[INFO] [stdout]   10: clone
[INFO] [stdout] stack backtrace:
[INFO] [stdout]    0:     0x63b2ebb811f6 - <unknown>
[INFO] [stdout]    1:     0x63b2eb67dfca - <unknown>
[INFO] [stdout]    2:     0x63b2ebb86f0c - <unknown>
[INFO] [stdout]    3:     0x63b2ebb5cbb2 - <unknown>
[INFO] [stdout]    4:     0x63b2ebb793b1 - <unknown>
[INFO] [stdout]    5:     0x63b2ebb79592 - <unknown>
[INFO] [stdout]    6:     0x63b2ebb5cc62 - <unknown>
[INFO] [stdout]    7:     0x63b2ebb55339 - <unknown>
[INFO] [stdout]    8:     0x63b2ebb5daad - <unknown>
[INFO] [stdout]    9:     0x63b2eb67e72c - <unknown>
[INFO] [stdout]   10:     0x63b2eb67e502 - <unknown>
[INFO] [stdout]   11:     0x63b2eba216bb - <unknown>
[INFO] [stdout]   12:     0x63b2eba2f0d4 - <unknown>
[INFO] [stdout]   13:     0x63b2ebbf79ab - <unknown>
[INFO] [stdout]   14:     0x63b2ebc05b01 - <unknown>
[INFO] [stdout]   15:     0x63b2ebbff214 - <unknown>
[INFO] [stdout]   16:     0x63b2ebc09922 - <unknown>
[INFO] [stdout]   17:     0x63b2ebb8003e - <unknown>
[INFO] [stdout]   18:     0x701948326dfa - <unknown>
[INFO] [stdout]   19:     0x7019483ba3d4 - clone
[INFO] [stdout]   20:                0x0 - <unknown>
[INFO] [stdout] 
[INFO] [stdout] ---- exporter::text::tests::code_span_breaks_at_spaces_with_padding_on_its_outer_edges stdout ----
[INFO] [stdout] 
[INFO] [stdout] thread 'exporter::text::tests::code_span_breaks_at_spaces_with_padding_on_its_outer_edges' (3675) panicked at src/exporter/text.rs:1039:14:
[INFO] [stdout] the default fonts must be installed (see scripts/ci-install-tools.repo.sh): reading regular font /usr/share/fonts/truetype/noto/NotoSans-Regular.ttf
[INFO] [stdout] 
[INFO] [stdout] Caused by:
[INFO] [stdout]     No such file or directory (os error 2)
[INFO] [stdout] 
[INFO] [stdout] Stack backtrace:
[INFO] [stdout]    0: <unknown>
[INFO] [stdout]    1: <unknown>
[INFO] [stdout]    2: <unknown>
[INFO] [stdout]    3: <unknown>
[INFO] [stdout]    4: <unknown>
[INFO] [stdout]    5: <unknown>
[INFO] [stdout]    6: <unknown>
[INFO] [stdout]    7: <unknown>
[INFO] [stdout]    8: <unknown>
[INFO] [stdout]    9: <unknown>
[INFO] [stdout]   10: clone
[INFO] [stdout] stack backtrace:
[INFO] [stdout]    0:     0x63b2ebb811f6 - <unknown>
[INFO] [stdout]    1:     0x63b2eb67dfca - <unknown>
[INFO] [stdout]    2:     0x63b2ebb86f0c - <unknown>
[INFO] [stdout]    3:     0x63b2ebb5cbb2 - <unknown>
[INFO] [stdout]    4:     0x63b2ebb793b1 - <unknown>
[INFO] [stdout]    5:     0x63b2ebb79592 - <unknown>
[INFO] [stdout]    6:     0x63b2ebb5cc62 - <unknown>
[INFO] [stdout]    7:     0x63b2ebb55339 - <unknown>
[INFO] [stdout]    8:     0x63b2ebb5daad - <unknown>
[INFO] [stdout]    9:     0x63b2eb67e72c - <unknown>
[INFO] [stdout]   10:     0x63b2eb67e502 - <unknown>
[INFO] [stdout]   11:     0x63b2eba216bb - <unknown>
[INFO] [stdout]   12:     0x63b2eba30ab4 - <unknown>
[INFO] [stdout]   13:     0x63b2ebbf79ab - <unknown>
[INFO] [stdout]   14:     0x63b2ebc05b01 - <unknown>
[INFO] [stdout]   15:     0x63b2ebbff214 - <unknown>
[INFO] [stdout]   16:     0x63b2ebc09922 - <unknown>
[INFO] [stdout]   17:     0x63b2ebb8003e - <unknown>
[INFO] [stdout]   18:     0x701948326dfa - <unknown>
[INFO] [stdout]   19:     0x7019483ba3d4 - clone
[INFO] [stdout]   20:                0x0 - <unknown>
[INFO] [stdout] 
[INFO] [stdout] ---- exporter::text::tests::hyphens_that_are_not_inside_a_word_do_not_break stdout ----
[INFO] [stdout] 
[INFO] [stdout] thread 'exporter::text::tests::hyphens_that_are_not_inside_a_word_do_not_break' (3677) panicked at src/exporter/text.rs:1039:14:
[INFO] [stdout] the default fonts must be installed (see scripts/ci-install-tools.repo.sh): reading regular font /usr/share/fonts/truetype/noto/NotoSans-Regular.ttf
[INFO] [stdout] 
[INFO] [stdout] Caused by:
[INFO] [stdout]     No such file or directory (os error 2)
[INFO] [stdout] 
[INFO] [stdout] Stack backtrace:
[INFO] [stdout]    0: <unknown>
[INFO] [stdout]    1: <unknown>
[INFO] [stdout]    2: <unknown>
[INFO] [stdout]    3: <unknown>
[INFO] [stdout]    4: <unknown>
[INFO] [stdout]    5: <unknown>
[INFO] [stdout]    6: <unknown>
[INFO] [stdout]    7: <unknown>
[INFO] [stdout]    8: <unknown>
[INFO] [stdout]    9: <unknown>
[INFO] [stdout]   10: clone
[INFO] [stdout] stack backtrace:
[INFO] [stdout]    0:     0x63b2ebb811f6 - <unknown>
[INFO] [stdout]    1:     0x63b2eb67dfca - <unknown>
[INFO] [stdout]    2:     0x63b2ebb86f0c - <unknown>
[INFO] [stdout]    3:     0x63b2ebb5cbb2 - <unknown>
[INFO] [stdout]    4:     0x63b2ebb793b1 - <unknown>
[INFO] [stdout]    5:     0x63b2ebb79592 - <unknown>
[INFO] [stdout]    6:     0x63b2ebb5cc62 - <unknown>
[INFO] [stdout]    7:     0x63b2ebb55339 - <unknown>
[INFO] [stdout]    8:     0x63b2ebb5daad - <unknown>
[INFO] [stdout]    9:     0x63b2eb67e72c - <unknown>
[INFO] [stdout]   10:     0x63b2eb67e502 - <unknown>
[INFO] [stdout]   11:     0x63b2eba216bb - <unknown>
[INFO] [stdout]   12:     0x63b2eba2def4 - <unknown>
[INFO] [stdout]   13:     0x63b2ebbf79ab - <unknown>
[INFO] [stdout]   14:     0x63b2ebc05b01 - <unknown>
[INFO] [stdout]   15:     0x63b2ebbff214 - <unknown>
[INFO] [stdout]   16:     0x63b2ebc09922 - <unknown>
[INFO] [stdout]   17:     0x63b2ebb8003e - <unknown>
[INFO] [stdout]   18:     0x701948326dfa - <unknown>
[INFO] [stdout]   19:     0x7019483ba3d4 - clone
[INFO] [stdout]   20:                0x0 - <unknown>
[INFO] [stdout] 
[INFO] [stdout] ---- exporter::text::tests::pieces_are_contiguous_and_sum_to_the_line_width stdout ----
[INFO] [stdout] 
[INFO] [stdout] thread 'exporter::text::tests::pieces_are_contiguous_and_sum_to_the_line_width' (3682) panicked at src/exporter/text.rs:1039:14:
[INFO] [stdout] the default fonts must be installed (see scripts/ci-install-tools.repo.sh): reading regular font /usr/share/fonts/truetype/noto/NotoSans-Regular.ttf
[INFO] [stdout] 
[INFO] [stdout] Caused by:
[INFO] [stdout]     No such file or directory (os error 2)
[INFO] [stdout] 
[INFO] [stdout] Stack backtrace:
[INFO] [stdout]    0: <unknown>
[INFO] [stdout]    1: <unknown>
[INFO] [stdout]    2: <unknown>
[INFO] [stdout]    3: <unknown>
[INFO] [stdout]    4: <unknown>
[INFO] [stdout]    5: <unknown>
[INFO] [stdout]    6: <unknown>
[INFO] [stdout]    7: <unknown>
[INFO] [stdout]    8: <unknown>
[INFO] [stdout]    9: <unknown>
[INFO] [stdout]   10: clone
[INFO] [stdout] stack backtrace:
[INFO] [stdout]    0:     0x63b2ebb811f6 - <unknown>
[INFO] [stdout]    1:     0x63b2eb67dfca - <unknown>
[INFO] [stdout]    2:     0x63b2ebb86f0c - <unknown>
[INFO] [stdout]    3:     0x63b2ebb5cbb2 - <unknown>
[INFO] [stdout]    4:     0x63b2ebb793b1 - <unknown>
[INFO] [stdout]    5:     0x63b2ebb79592 - <unknown>
[INFO] [stdout]    6:     0x63b2ebb5cc62 - <unknown>
[INFO] [stdout]    7:     0x63b2ebb55339 - <unknown>
[INFO] [stdout]    8:     0x63b2ebb5daad - <unknown>
[INFO] [stdout]    9:     0x63b2eb67e72c - <unknown>
[INFO] [stdout]   10:     0x63b2eb67e502 - <unknown>
[INFO] [stdout]   11:     0x63b2eba216bb - <unknown>
[INFO] [stdout]   12:     0x63b2eba2eb04 - <unknown>
[INFO] [stdout]   13:     0x63b2ebbf79ab - <unknown>
[INFO] [stdout]   14:     0x63b2ebc05b01 - <unknown>
[INFO] [stdout]   15:     0x63b2ebbff214 - <unknown>
[INFO] [stdout]   16:     0x63b2ebc09922 - <unknown>
[INFO] [stdout]   17:     0x63b2ebb8003e - <unknown>
[INFO] [stdout]   18:     0x701948326dfa - <unknown>
[INFO] [stdout]   19:     0x7019483ba3d4 - clone
[INFO] [stdout]   20:                0x0 - <unknown>
[INFO] [stdout] 
[INFO] [stdout] ---- exporter::text::tests::styled_runs_use_their_own_face stdout ----
[INFO] [stdout] 
[INFO] [stdout] thread 'exporter::text::tests::styled_runs_use_their_own_face' (3684) panicked at src/exporter/text.rs:1039:14:
[INFO] [stdout] the default fonts must be installed (see scripts/ci-install-tools.repo.sh): reading regular font /usr/share/fonts/truetype/noto/NotoSans-Regular.ttf
[INFO] [stdout] 
[INFO] [stdout] Caused by:
[INFO] [stdout]     No such file or directory (os error 2)
[INFO] [stdout] 
[INFO] [stdout] Stack backtrace:
[INFO] [stdout]    0: <unknown>
[INFO] [stdout]    1: <unknown>
[INFO] [stdout]    2: <unknown>
[INFO] [stdout]    3: <unknown>
[INFO] [stdout]    4: <unknown>
[INFO] [stdout]    5: <unknown>
[INFO] [stdout]    6: <unknown>
[INFO] [stdout]    7: <unknown>
[INFO] [stdout]    8: <unknown>
[INFO] [stdout]    9: <unknown>
[INFO] [stdout]   10: clone
[INFO] [stdout] stack backtrace:
[INFO] [stdout]    0:     0x63b2ebb811f6 - <unknown>
[INFO] [stdout]    1:     0x63b2eb67dfca - <unknown>
[INFO] [stdout]    2:     0x63b2ebb86f0c - <unknown>
[INFO] [stdout]    3:     0x63b2ebb5cbb2 - <unknown>
[INFO] [stdout]    4:     0x63b2ebb793b1 - <unknown>
[INFO] [stdout]    5:     0x63b2ebb79592 - <unknown>
[INFO] [stdout]    6:     0x63b2ebb5cc62 - <unknown>
[INFO] [stdout]    7:     0x63b2ebb55339 - <unknown>
[INFO] [stdout]    8:     0x63b2ebb5daad - <unknown>
[INFO] [stdout]    9:     0x63b2eb67e72c - <unknown>
[INFO] [stdout]   10:     0x63b2eb67e502 - <unknown>
[INFO] [stdout]   11:     0x63b2eba216bb - <unknown>
[INFO] [stdout]   12:     0x63b2eba2b306 - <unknown>
[INFO] [stdout]   13:     0x63b2ebbf79ab - <unknown>
[INFO] [stdout]   14:     0x63b2ebc05b01 - <unknown>
[INFO] [stdout]   15:     0x63b2ebbff214 - <unknown>
[INFO] [stdout]   16:     0x63b2ebc09922 - <unknown>
[INFO] [stdout]   17:     0x63b2ebb8003e - <unknown>
[INFO] [stdout]   18:     0x701948326dfa - <unknown>
[INFO] [stdout]   19:     0x7019483ba3d4 - clone
[INFO] [stdout]   20:                0x0 - <unknown>
[INFO] [stdout] 
[INFO] [stdout] ---- exporter::text::tests::a_joined_emoji_stays_in_one_run stdout ----
[INFO] [stdout] 
[INFO] [stdout] thread 'exporter::text::tests::a_joined_emoji_stays_in_one_run' (3666) panicked at src/exporter/text.rs:1039:14:
[INFO] [stdout] the default fonts must be installed (see scripts/ci-install-tools.repo.sh): reading regular font /usr/share/fonts/truetype/noto/NotoSans-Regular.ttf
[INFO] [stdout] 
[INFO] [stdout] Caused by:
[INFO] [stdout]     No such file or directory (os error 2)
[INFO] [stdout] 
[INFO] [stdout] Stack backtrace:
[INFO] [stdout]    0: <unknown>
[INFO] [stdout]    1: <unknown>
[INFO] [stdout]    2: <unknown>
[INFO] [stdout]    3: <unknown>
[INFO] [stdout]    4: <unknown>
[INFO] [stdout]    5: <unknown>
[INFO] [stdout]    6: <unknown>
[INFO] [stdout]    7: <unknown>
[INFO] [stdout]    8: <unknown>
[INFO] [stdout]    9: <unknown>
[INFO] [stdout]   10: clone
[INFO] [stdout] stack backtrace:
[INFO] [stdout]    0:     0x63b2ebb811f6 - <unknown>
[INFO] [stdout]    1:     0x63b2eb67dfca - <unknown>
[INFO] [stdout]    2:     0x63b2ebb86f0c - <unknown>
[INFO] [stdout]    3:     0x63b2ebb5cbb2 - <unknown>
[INFO] [stdout]    4:     0x63b2ebb793b1 - <unknown>
[INFO] [stdout]    5:     0x63b2ebb79592 - <unknown>
[INFO] [stdout]    6:     0x63b2ebb5cc62 - <unknown>
[INFO] [stdout]    7:     0x63b2ebb55339 - <unknown>
[INFO] [stdout]    8:     0x63b2ebb5daad - <unknown>
[INFO] [stdout]    9:     0x63b2eb67e72c - <unknown>
[INFO] [stdout]   10:     0x63b2eb67e502 - <unknown>
[INFO] [stdout]   11:     0x63b2eba216bb - <unknown>
[INFO] [stdout]   12:     0x63b2eba2b7bd - <unknown>
[INFO] [stdout]   13:     0x63b2ebbf79ab - <unknown>
[INFO] [stdout]   14:     0x63b2ebc05b01 - <unknown>
[INFO] [stdout]   15:     0x63b2ebbff214 - <unknown>
[INFO] [stdout]   16:     0x63b2ebc09922 - <unknown>
[INFO] [stdout]   17:     0x63b2ebb8003e - <unknown>
[INFO] [stdout]   18:     0x701948326dfa - <unknown>
[INFO] [stdout]   19:     0x7019483ba3d4 - clone
[INFO] [stdout]   20:                0x0 - <unknown>
[INFO] [stdout] 
[INFO] [stdout] ---- exporter::text::tests::wrapped_lines_fit_the_width stdout ----
[INFO] [stdout] 
[INFO] [stdout] thread 'exporter::text::tests::wrapped_lines_fit_the_width' (3687) panicked at src/exporter/text.rs:1039:14:
[INFO] [stdout] the default fonts must be installed (see scripts/ci-install-tools.repo.sh): reading regular font /usr/share/fonts/truetype/noto/NotoSans-Regular.ttf
[INFO] [stdout] 
[INFO] [stdout] Caused by:
[INFO] [stdout]     No such file or directory (os error 2)
[INFO] [stdout] 
[INFO] [stdout] Stack backtrace:
[INFO] [stdout]    0: <unknown>
[INFO] [stdout]    1: <unknown>
[INFO] [stdout]    2: <unknown>
[INFO] [stdout]    3: <unknown>
[INFO] [stdout]    4: <unknown>
[INFO] [stdout]    5: <unknown>
[INFO] [stdout]    6: <unknown>
[INFO] [stdout]    7: <unknown>
[INFO] [stdout]    8: <unknown>
[INFO] [stdout]    9: <unknown>
[INFO] [stdout]   10: clone
[INFO] [stdout] stack backtrace:
[INFO] [stdout]    0:     0x63b2ebb811f6 - <unknown>
[INFO] [stdout]    1:     0x63b2eb67dfca - <unknown>
[INFO] [stdout]    2:     0x63b2ebb86f0c - <unknown>
[INFO] [stdout]    3:     0x63b2ebb5cbb2 - <unknown>
[INFO] [stdout]    4:     0x63b2ebb793b1 - <unknown>
[INFO] [stdout]    5:     0x63b2ebb79592 - <unknown>
[INFO] [stdout]    6:     0x63b2ebb5cc62 - <unknown>
[INFO] [stdout]    7:     0x63b2ebb55339 - <unknown>
[INFO] [stdout]    8:     0x63b2ebb5daad - <unknown>
[INFO] [stdout]    9:     0x63b2eb67e72c - <unknown>
[INFO] [stdout]   10:     0x63b2eb67e502 - <unknown>
[INFO] [stdout]   11:     0x63b2eba216bb - <unknown>
[INFO] [stdout]   12:     0x63b2eba2a6a4 - <unknown>
[INFO] [stdout]   13:     0x63b2ebbf79ab - <unknown>
[INFO] [stdout]   14:     0x63b2ebc05b01 - <unknown>
[INFO] [stdout]   15:     0x63b2ebbff214 - <unknown>
[INFO] [stdout]   16:     0x63b2ebc09922 - <unknown>
[INFO] [stdout]   17:     0x63b2ebb8003e - <unknown>
[INFO] [stdout]   18:     0x701948326dfa - <unknown>
[INFO] [stdout]   19:     0x7019483ba3d4 - clone
[INFO] [stdout]   20:                0x0 - <unknown>
[INFO] [stdout] 
[INFO] [stdout] ---- exporter::text::tests::a_line_may_break_after_a_hyphen_inside_a_word stdout ----
[INFO] [stdout] 
[INFO] [stdout] thread 'exporter::text::tests::a_line_may_break_after_a_hyphen_inside_a_word' (3667) panicked at src/exporter/text.rs:1039:14:
[INFO] [stdout] the default fonts must be installed (see scripts/ci-install-tools.repo.sh): reading regular font /usr/share/fonts/truetype/noto/NotoSans-Regular.ttf
[INFO] [stdout] 
[INFO] [stdout] Caused by:
[INFO] [stdout]     No such file or directory (os error 2)
[INFO] [stdout] 
[INFO] [stdout] Stack backtrace:
[INFO] [stdout]    0: <unknown>
[INFO] [stdout]    1: <unknown>
[INFO] [stdout]    2: <unknown>
[INFO] [stdout]    3: <unknown>
[INFO] [stdout]    4: <unknown>
[INFO] [stdout]    5: <unknown>
[INFO] [stdout]    6: <unknown>
[INFO] [stdout]    7: <unknown>
[INFO] [stdout]    8: <unknown>
[INFO] [stdout]    9: <unknown>
[INFO] [stdout]   10: clone
[INFO] [stdout] stack backtrace:
[INFO] [stdout]    0:     0x63b2ebb811f6 - <unknown>
[INFO] [stdout]    1:     0x63b2eb67dfca - <unknown>
[INFO] [stdout]    2:     0x63b2ebb86f0c - <unknown>
[INFO] [stdout]    3:     0x63b2ebb5cbb2 - <unknown>
[INFO] [stdout]    4:     0x63b2ebb793b1 - <unknown>
[INFO] [stdout]    5:     0x63b2ebb79592 - <unknown>
[INFO] [stdout]    6:     0x63b2ebb5cc62 - <unknown>
[INFO] [stdout]    7:     0x63b2ebb55339 - <unknown>
[INFO] [stdout]    8:     0x63b2ebb5daad - <unknown>
[INFO] [stdout]    9:     0x63b2eb67e72c - <unknown>
[INFO] [stdout]   10:     0x63b2eb67e502 - <unknown>
[INFO] [stdout]   11:     0x63b2eba216bb - <unknown>
[INFO] [stdout]   12:     0x63b2eba2c556 - <unknown>
[INFO] [stdout]   13:     0x63b2ebbf79ab - <unknown>
[INFO] [stdout]   14:     0x63b2ebc05b01 - <unknown>
[INFO] [stdout]   15:     0x63b2ebbff214 - <unknown>
[INFO] [stdout]   16:     0x63b2ebc09922 - <unknown>
[INFO] [stdout]   17:     0x63b2ebb8003e - <unknown>
[INFO] [stdout]   18:     0x701948326dfa - <unknown>
[INFO] [stdout]   19:     0x7019483ba3d4 - clone
[INFO] [stdout]   20:                0x0 - <unknown>
[INFO] [stdout] 
[INFO] [stdout] ---- exporter::text::tests::width_scales_linearly_with_size stdout ----
[INFO] [stdout] 
[INFO] [stdout] thread 'exporter::text::tests::width_scales_linearly_with_size' (3686) panicked at src/exporter/text.rs:1039:14:
[INFO] [stdout] the default fonts must be installed (see scripts/ci-install-tools.repo.sh): reading regular font /usr/share/fonts/truetype/noto/NotoSans-Regular.ttf
[INFO] [stdout] 
[INFO] [stdout] Caused by:
[INFO] [stdout]     No such file or directory (os error 2)
[INFO] [stdout] 
[INFO] [stdout] Stack backtrace:
[INFO] [stdout]    0: <unknown>
[INFO] [stdout]    1: <unknown>
[INFO] [stdout]    2: <unknown>
[INFO] [stdout]    3: <unknown>
[INFO] [stdout]    4: <unknown>
[INFO] [stdout]    5: <unknown>
[INFO] [stdout]    6: <unknown>
[INFO] [stdout]    7: <unknown>
[INFO] [stdout]    8: <unknown>
[INFO] [stdout]    9: <unknown>
[INFO] [stdout]   10: clone
[INFO] [stdout] stack backtrace:
[INFO] [stdout]    0:     0x63b2ebb811f6 - <unknown>
[INFO] [stdout]    1:     0x63b2eb67dfca - <unknown>
[INFO] [stdout]    2:     0x63b2ebb86f0c - <unknown>
[INFO] [stdout]    3:     0x63b2ebb5cbb2 - <unknown>
[INFO] [stdout]    4:     0x63b2ebb793b1 - <unknown>
[INFO] [stdout]    5:     0x63b2ebb79592 - <unknown>
[INFO] [stdout]    6:     0x63b2ebb5cc62 - <unknown>
[INFO] [stdout]    7:     0x63b2ebb55339 - <unknown>
[INFO] [stdout]    8:     0x63b2ebb5daad - <unknown>
[INFO] [stdout]    9:     0x63b2eb67e72c - <unknown>
[INFO] [stdout]   10:     0x63b2eb67e502 - <unknown>
[INFO] [stdout]   11:     0x63b2eba216bb - <unknown>
[INFO] [stdout]   12:     0x63b2eba2bc0d - <unknown>
[INFO] [stdout]   13:     0x63b2ebbf79ab - <unknown>
[INFO] [stdout]   14:     0x63b2ebc05b01 - <unknown>
[INFO] [stdout]   15:     0x63b2ebbff214 - <unknown>
[INFO] [stdout]   16:     0x63b2ebc09922 - <unknown>
[INFO] [stdout]   17:     0x63b2ebb8003e - <unknown>
[INFO] [stdout]   18:     0x701948326dfa - <unknown>
[INFO] [stdout]   19:     0x7019483ba3d4 - clone
[INFO] [stdout]   20:                0x0 - <unknown>
[INFO] [stdout] 
[INFO] [stdout] ---- exporter::text::tests::inline_code_breaks_after_a_hyphen_too_and_keeps_its_padding_outside stdout ----
[INFO] [stdout] 
[INFO] [stdout] thread 'exporter::text::tests::inline_code_breaks_after_a_hyphen_too_and_keeps_its_padding_outside' (3678) panicked at src/exporter/text.rs:1039:14:
[INFO] [stdout] the default fonts must be installed (see scripts/ci-install-tools.repo.sh): reading regular font /usr/share/fonts/truetype/noto/NotoSans-Regular.ttf
[INFO] [stdout] 
[INFO] [stdout] Caused by:
[INFO] [stdout]     No such file or directory (os error 2)
[INFO] [stdout] 
[INFO] [stdout] Stack backtrace:
[INFO] [stdout]    0: <unknown>
[INFO] [stdout]    1: <unknown>
[INFO] [stdout]    2: <unknown>
[INFO] [stdout]    3: <unknown>
[INFO] [stdout]    4: <unknown>
[INFO] [stdout]    5: <unknown>
[INFO] [stdout]    6: <unknown>
[INFO] [stdout]    7: <unknown>
[INFO] [stdout]    8: <unknown>
[INFO] [stdout]    9: <unknown>
[INFO] [stdout]   10: clone
[INFO] [stdout] stack backtrace:
[INFO] [stdout]    0:     0x63b2ebb811f6 - <unknown>
[INFO] [stdout]    1:     0x63b2eb67dfca - <unknown>
[INFO] [stdout]    2:     0x63b2ebb86f0c - <unknown>
[INFO] [stdout]    3:     0x63b2ebb5cbb2 - <unknown>
[INFO] [stdout]    4:     0x63b2ebb793b1 - <unknown>
[INFO] [stdout]    5:     0x63b2ebb79592 - <unknown>
[INFO] [stdout]    6:     0x63b2ebb5cc62 - <unknown>
[INFO] [stdout]    7:     0x63b2ebb55339 - <unknown>
[INFO] [stdout]    8:     0x63b2ebb5daad - <unknown>
[INFO] [stdout]    9:     0x63b2eb67e72c - <unknown>
[INFO] [stdout]   10:     0x63b2eb67e502 - <unknown>
[INFO] [stdout]   11:     0x63b2eba216bb - <unknown>
[INFO] [stdout]   12:     0x63b2eba314f4 - <unknown>
[INFO] [stdout]   13:     0x63b2ebbf79ab - <unknown>
[INFO] [stdout]   14:     0x63b2ebc05b01 - <unknown>
[INFO] [stdout]   15:     0x63b2ebbff214 - <unknown>
[INFO] [stdout]   16:     0x63b2ebc09922 - <unknown>
[INFO] [stdout]   17:     0x63b2ebb8003e - <unknown>
[INFO] [stdout]   18:     0x701948326dfa - <unknown>
[INFO] [stdout]   19:     0x7019483ba3d4 - clone
[INFO] [stdout]   20:                0x0 - <unknown>
[INFO] [stdout] 
[INFO] [stdout] ---- exporter::text::tests::wrapping_keeps_every_word_and_trims_line_edges stdout ----
[INFO] [stdout] 
[INFO] [stdout] thread 'exporter::text::tests::wrapping_keeps_every_word_and_trims_line_edges' (3688) panicked at src/exporter/text.rs:1039:14:
[INFO] [stdout] the default fonts must be installed (see scripts/ci-install-tools.repo.sh): reading regular font /usr/share/fonts/truetype/noto/NotoSans-Regular.ttf
[INFO] [stdout] 
[INFO] [stdout] Caused by:
[INFO] [stdout]     No such file or directory (os error 2)
[INFO] [stdout] 
[INFO] [stdout] Stack backtrace:
[INFO] [stdout]    0: <unknown>
[INFO] [stdout]    1: <unknown>
[INFO] [stdout]    2: <unknown>
[INFO] [stdout]    3: <unknown>
[INFO] [stdout]    4: <unknown>
[INFO] [stdout]    5: <unknown>
[INFO] [stdout]    6: <unknown>
[INFO] [stdout]    7: <unknown>
[INFO] [stdout]    8: <unknown>
[INFO] [stdout]    9: <unknown>
[INFO] [stdout]   10: clone
[INFO] [stdout] stack backtrace:
[INFO] [stdout]    0:     0x63b2ebb811f6 - <unknown>
[INFO] [stdout]    1:     0x63b2eb67dfca - <unknown>
[INFO] [stdout]    2:     0x63b2ebb86f0c - <unknown>
[INFO] [stdout]    3:     0x63b2ebb5cbb2 - <unknown>
[INFO] [stdout]    4:     0x63b2ebb793b1 - <unknown>
[INFO] [stdout]    5:     0x63b2ebb79592 - <unknown>
[INFO] [stdout]    6:     0x63b2ebb5cc62 - <unknown>
[INFO] [stdout]    7:     0x63b2ebb55339 - <unknown>
[INFO] [stdout]    8:     0x63b2ebb5daad - <unknown>
[INFO] [stdout]    9:     0x63b2eb67e72c - <unknown>
[INFO] [stdout]   10:     0x63b2eb67e502 - <unknown>
[INFO] [stdout]   11:     0x63b2eba216bb - <unknown>
[INFO] [stdout]   12:     0x63b2eba2d444 - <unknown>
[INFO] [stdout]   13:     0x63b2ebbf79ab - <unknown>
[INFO] [stdout]   14:     0x63b2ebc05b01 - <unknown>
[INFO] [stdout]   15:     0x63b2ebbff214 - <unknown>
[INFO] [stdout]   16:     0x63b2ebc09922 - <unknown>
[INFO] [stdout]   17:     0x63b2ebb8003e - <unknown>
[INFO] [stdout]   18:     0x701948326dfa - <unknown>
[INFO] [stdout]   19:     0x7019483ba3d4 - clone
[INFO] [stdout]   20:                0x0 - <unknown>
[INFO] [stdout] 
[INFO] [stdout] ---- exporter::pdf::tests::too_wide_table_fills_the_width_and_wraps_cells stdout ----
[INFO] [stdout] 
[INFO] [stdout] thread 'exporter::pdf::tests::too_wide_table_fills_the_width_and_wraps_cells' (3658) panicked at src/exporter/pdf.rs:1848:14:
[INFO] [stdout] the default fonts must be installed (see scripts/ci-install-tools.repo.sh): reading regular font /usr/share/fonts/truetype/noto/NotoSans-Regular.ttf
[INFO] [stdout] 
[INFO] [stdout] Caused by:
[INFO] [stdout]     No such file or directory (os error 2)
[INFO] [stdout] 
[INFO] [stdout] Stack backtrace:
[INFO] [stdout]    0: <unknown>
[INFO] [stdout]    1: <unknown>
[INFO] [stdout]    2: <unknown>
[INFO] [stdout]    3: <unknown>
[INFO] [stdout]    4: <unknown>
[INFO] [stdout]    5: <unknown>
[INFO] [stdout]    6: <unknown>
[INFO] [stdout]    7: <unknown>
[INFO] [stdout]    8: <unknown>
[INFO] [stdout]    9: <unknown>
[INFO] [stdout]   10: <unknown>
[INFO] [stdout]   11: clone
[INFO] [stdout] stack backtrace:
[INFO] [stdout]    0:     0x63b2ebb811f6 - <unknown>
[INFO] [stdout]    1:     0x63b2eb67dfca - <unknown>
[INFO] [stdout]    2:     0x63b2ebb86f0c - <unknown>
[INFO] [stdout]    3:     0x63b2ebb5cbb2 - <unknown>
[INFO] [stdout]    4:     0x63b2ebb793b1 - <unknown>
[INFO] [stdout]    5:     0x63b2ebb79592 - <unknown>
[INFO] [stdout]    6:     0x63b2ebb5cc62 - <unknown>
[INFO] [stdout]    7:     0x63b2ebb55339 - <unknown>
[INFO] [stdout]    8:     0x63b2ebb5daad - <unknown>
[INFO] [stdout]    9:     0x63b2eb67e72c - <unknown>
[INFO] [stdout]   10:     0x63b2eb67e502 - <unknown>
[INFO] [stdout]   11:     0x63b2eb9db572 - <unknown>
[INFO] [stdout]   12:     0x63b2eba297c9 - <unknown>
[INFO] [stdout]   13:     0x63b2ebbf79ab - <unknown>
[INFO] [stdout]   14:     0x63b2ebc05b01 - <unknown>
[INFO] [stdout]   15:     0x63b2ebbff214 - <unknown>
[INFO] [stdout]   16:     0x63b2ebc09922 - <unknown>
[INFO] [stdout]   17:     0x63b2ebb8003e - <unknown>
[INFO] [stdout]   18:     0x701948326dfa - <unknown>
[INFO] [stdout]   19:     0x7019483ba3d4 - clone
[INFO] [stdout]   20:                0x0 - <unknown>
[INFO] [stdout] 
[INFO] [stdout] ---- exporter::pdf::tests::valign_places_the_stack_top_middle_or_bottom stdout ----
[INFO] [stdout] 
[INFO] [stdout] thread 'exporter::pdf::tests::valign_places_the_stack_top_middle_or_bottom' (3660) panicked at src/exporter/pdf.rs:1848:14:
[INFO] [stdout] the default fonts must be installed (see scripts/ci-install-tools.repo.sh): reading regular font /usr/share/fonts/truetype/noto/NotoSans-Regular.ttf
[INFO] [stdout] 
[INFO] [stdout] Caused by:
[INFO] [stdout]     No such file or directory (os error 2)
[INFO] [stdout] 
[INFO] [stdout] Stack backtrace:
[INFO] [stdout]    0: <unknown>
[INFO] [stdout]    1: <unknown>
[INFO] [stdout]    2: <unknown>
[INFO] [stdout]    3: <unknown>
[INFO] [stdout]    4: <unknown>
[INFO] [stdout]    5: <unknown>
[INFO] [stdout]    6: <unknown>
[INFO] [stdout]    7: <unknown>
[INFO] [stdout]    8: <unknown>
[INFO] [stdout]    9: <unknown>
[INFO] [stdout]   10: <unknown>
[INFO] [stdout]   11: clone
[INFO] [stdout] stack backtrace:
[INFO] [stdout]    0:     0x63b2ebb811f6 - <unknown>
[INFO] [stdout]    1:     0x63b2eb67dfca - <unknown>
[INFO] [stdout]    2:     0x63b2ebb86f0c - <unknown>
[INFO] [stdout]    3:     0x63b2ebb5cbb2 - <unknown>
[INFO] [stdout]    4:     0x63b2ebb793b1 - <unknown>
[INFO] [stdout]    5:     0x63b2ebb79592 - <unknown>
[INFO] [stdout]    6:     0x63b2ebb5cc62 - <unknown>
[INFO] [stdout]    7:     0x63b2ebb55339 - <unknown>
[INFO] [stdout]    8:     0x63b2ebb5daad - <unknown>
[INFO] [stdout]    9:     0x63b2eb67e72c - <unknown>
[INFO] [stdout]   10:     0x63b2eb67e502 - <unknown>
[INFO] [stdout]   11:     0x63b2eb9d8c01 - <unknown>
[INFO] [stdout]   12:     0x63b2eba29749 - <unknown>
[INFO] [stdout]   13:     0x63b2ebbf79ab - <unknown>
[INFO] [stdout]   14:     0x63b2ebc05b01 - <unknown>
[INFO] [stdout]   15:     0x63b2ebbff214 - <unknown>
[INFO] [stdout]   16:     0x63b2ebc09922 - <unknown>
[INFO] [stdout]   17:     0x63b2ebb8003e - <unknown>
[INFO] [stdout]   18:     0x701948326dfa - <unknown>
[INFO] [stdout]   19:     0x7019483ba3d4 - clone
[INFO] [stdout]   20:                0x0 - <unknown>
[INFO] [stdout] 
[INFO] [stdout] 
[INFO] [stdout] failures:
[INFO] [stdout]     exporter::pdf::tests::a_background_that_is_not_a_picture_is_an_error
[INFO] [stdout]     exporter::pdf::tests::a_column_keeps_its_first_and_last_margins_inside
[INFO] [stdout]     exporter::pdf::tests::a_drawing_that_runs_off_the_page_is_an_error
[INFO] [stdout]     exporter::pdf::tests::a_left_background_covers_its_half_and_the_content_takes_the_other
[INFO] [stdout]     exporter::pdf::tests::a_numbered_list_counts_from_its_start
[INFO] [stdout]     exporter::pdf::tests::a_sized_right_background_is_a_share_of_its_side_width
[INFO] [stdout]     exporter::pdf::tests::a_slide_with_a_character_no_font_has_fails
[INFO] [stdout]     exporter::pdf::tests::a_small_picture_keeps_its_size_and_is_centred_with_the_text
[INFO] [stdout]     exporter::pdf::tests::a_table_too_wide_is_an_error_even_with_overflow_warnings
[INFO] [stdout]     exporter::pdf::tests::a_word_too_wide_for_a_line_breaks_as_in_marp
[INFO] [stdout]     exporter::pdf::tests::an_svg_element_outside_its_canvas_is_not_ink
[INFO] [stdout]     exporter::pdf::tests::auto_alignment_centers_the_header_and_left_aligns_the_body
[INFO] [stdout]     exporter::pdf::tests::body_is_drawn_top_to_bottom_in_order
[INFO] [stdout]     exporter::pdf::tests::cells_of_a_table_that_fits_stay_on_one_line
[INFO] [stdout]     exporter::pdf::tests::code_blocks_share_one_scale
[INFO] [stdout]     exporter::pdf::tests::code_in_a_column_fits_the_column
[INFO] [stdout]     exporter::pdf::tests::code_keeps_its_size_when_the_content_only_runs_into_the_bottom_padding
[INFO] [stdout]     exporter::pdf::tests::code_that_fits_is_not_scaled
[INFO] [stdout]     exporter::pdf::tests::code_too_tall_for_the_slide_shrinks_to_fill_the_padded_area
[INFO] [stdout]     exporter::pdf::tests::code_wider_than_the_slide_shrinks_to_fit_its_widest_line
[INFO] [stdout]     exporter::pdf::tests::code_with_no_room_left_is_an_error
[INFO] [stdout]     exporter::pdf::tests::content_below_a_picture_follows_it
[INFO] [stdout]     exporter::pdf::tests::content_running_off_the_page_is_an_error
[INFO] [stdout]     exporter::pdf::tests::content_taller_than_the_padding_box_starts_at_the_top
[INFO] [stdout]     exporter::pdf::tests::credit_names_the_version_at_the_bottom_left
[INFO] [stdout]     exporter::pdf::tests::every_code_block_is_drawn_in_order
[INFO] [stdout]     exporter::pdf::tests::ink_bottom_counts_descenders_and_boxes
[INFO] [stdout]     exporter::pdf::tests::layout_scales_exactly_with_the_page_size
[INFO] [stdout]     exporter::pdf::tests::markers_follow_the_nesting_depth
[INFO] [stdout]     exporter::pdf::tests::nested_items_indent_and_follow_their_parent_without_a_gap
[INFO] [stdout]     exporter::pdf::tests::numbered_marker_ends_one_space_before_the_text
[INFO] [stdout]     exporter::pdf::tests::page_number_is_right_aligned_at_the_configured_position
[INFO] [stdout]     exporter::pdf::tests::picture_is_placed_as_marp_places_it
[INFO] [stdout]     exporter::pdf::tests::quote_has_a_bar_and_muted_inset_text
[INFO] [stdout]     exporter::pdf::tests::render_produces_a_pdf_for_every_feature
[INFO] [stdout]     exporter::pdf::tests::render_reports_every_slide_that_does_not_fit
[INFO] [stdout]     exporter::pdf::tests::table_keeps_its_natural_width_when_it_fits
[INFO] [stdout]     exporter::pdf::tests::table_too_wide_even_when_wrapped_is_an_error
[INFO] [stdout]     exporter::pdf::tests::the_last_lines_leading_may_hang_past_the_page
[INFO] [stdout]     exporter::pdf::tests::too_wide_table_fills_the_width_and_wraps_cells
[INFO] [stdout]     exporter::pdf::tests::valign_places_the_stack_top_middle_or_bottom
[INFO] [stdout]     exporter::pdf::tests::with_overflow_warnings_every_slide_is_drawn_and_reported
[INFO] [stdout]     exporter::text::tests::a_character_no_font_has_is_an_error
[INFO] [stdout]     exporter::text::tests::a_joined_emoji_stays_in_one_run
[INFO] [stdout]     exporter::text::tests::a_line_may_break_after_a_hyphen_inside_a_word
[INFO] [stdout]     exporter::text::tests::a_word_longer_than_the_line_gets_a_line_of_its_own
[INFO] [stdout]     exporter::text::tests::break_words_splits_only_a_word_that_cannot_fit_a_line
[INFO] [stdout]     exporter::text::tests::characters_the_font_lacks_come_from_the_fallbacks
[INFO] [stdout]     exporter::text::tests::code_span_breaks_at_spaces_with_padding_on_its_outer_edges
[INFO] [stdout]     exporter::text::tests::hyphens_that_are_not_inside_a_word_do_not_break
[INFO] [stdout]     exporter::text::tests::inline_code_breaks_after_a_hyphen_too_and_keeps_its_padding_outside
[INFO] [stdout]     exporter::text::tests::pieces_are_contiguous_and_sum_to_the_line_width
[INFO] [stdout]     exporter::text::tests::styled_runs_use_their_own_face
[INFO] [stdout]     exporter::text::tests::width_scales_linearly_with_size
[INFO] [stdout]     exporter::text::tests::wrapped_lines_fit_the_width
[INFO] [stdout]     exporter::text::tests::wrapping_keeps_every_word_and_trims_line_edges
[INFO] [stdout] 
[INFO] [stdout] test result: FAILED. 114 passed; 56 failed; 0 ignored; 0 measured; 0 filtered out; finished in 0.46s
[INFO] [stdout] 
[INFO] running `Command { std: "docker" "inspect" "5b00ccfe603ac1b7b55769ce5e67a83165feda9e5d9ba7cc1a55e9c5fe9cfaa4", kill_on_drop: false }`
[INFO] running `Command { std: "docker" "rm" "-f" "5b00ccfe603ac1b7b55769ce5e67a83165feda9e5d9ba7cc1a55e9c5fe9cfaa4", kill_on_drop: false }`
[INFO] [stdout] 5b00ccfe603ac1b7b55769ce5e67a83165feda9e5d9ba7cc1a55e9c5fe9cfaa4
