[INFO] fetching crate rss_autogen_giscus 0.2.0...
[INFO] testing rss_autogen_giscus-0.2.0 against 1.99.0-beta.8+cargoflags=--release for beta-release-1.100-2
[INFO] extracting crate rss_autogen_giscus 0.2.0 into /workspace/builds/worker-3-tc1/source
[INFO] started tweaking crates.io crate rss_autogen_giscus 0.2.0
[INFO] finished tweaking crates.io crate rss_autogen_giscus 0.2.0
[INFO] tweaked toml for crates.io crate rss_autogen_giscus 0.2.0 written to /workspace/builds/worker-3-tc1/source/Cargo.toml
[INFO] validating manifest of crates.io crate rss_autogen_giscus 0.2.0 on toolchain 1.99.0-beta.8
[INFO] running `Command { std: CARGO_HOME="/workspace/cargo-home" RUSTUP_HOME="/workspace/rustup-home" "/workspace/cargo-home/bin/cargo" "+1.99.0-beta.8" "metadata" "--manifest-path" "Cargo.toml" "--no-deps", kill_on_drop: false }`
[INFO] crate crates.io crate rss_autogen_giscus 0.2.0 already has a lockfile, it will not be regenerated
[INFO] running `Command { std: CARGO_HOME="/workspace/cargo-home" RUSTUP_HOME="/workspace/rustup-home" "/workspace/cargo-home/bin/cargo" "+1.99.0-beta.8" "fetch" "--manifest-path" "Cargo.toml", kill_on_drop: false }`
[INFO] [stderr]     Updating crates.io index
[INFO] [stderr]  Downloading crates ...
[INFO] [stderr]   Downloaded windows-targets v0.48.1
[INFO] [stderr]   Downloaded tokio-test v0.4.2
[INFO] [stderr]   Downloaded tokio-stream v0.1.14
[INFO] [stderr]   Downloaded unreachable v1.0.0
[INFO] [stderr]   Downloaded either v1.8.1
[INFO] [stderr]   Downloaded cynic-proc-macros v3.2.2
[INFO] [stderr]   Downloaded tokio-macros v2.1.0
[INFO] [stderr]   Downloaded phf_codegen v0.10.0
[INFO] [stderr]   Downloaded dtoa-short v0.3.4
[INFO] [stderr]   Downloaded wasm-bindgen-futures v0.4.37
[INFO] [stderr]   Downloaded hermit-abi v0.3.2
[INFO] [stderr]   Downloaded serial_test_derive v2.0.0
[INFO] [stderr]   Downloaded graphql_query_derive v0.13.0
[INFO] [stderr]   Downloaded itoa v1.0.8
[INFO] [stderr]   Downloaded string_cache v0.8.7
[INFO] [stderr]   Downloaded phf_macros v0.10.0
[INFO] [stderr]   Downloaded serial_test v2.0.0
[INFO] [stderr]   Downloaded async-stream v0.3.5
[INFO] [stderr]   Downloaded async-stream-impl v0.3.5
[INFO] [stderr]   Downloaded phf v0.10.1
[INFO] [stderr]   Downloaded ego-tree v0.6.2
[INFO] [stderr]   Downloaded servo_arc v0.3.0
[INFO] [stderr]   Downloaded ref-cast v1.0.18
[INFO] [stderr]   Downloaded quote v1.0.29
[INFO] [stderr]   Downloaded thiserror-impl v1.0.43
[INFO] [stderr]   Downloaded graphql-introspection-query v0.2.0
[INFO] [stderr]   Downloaded dashmap v5.5.0
[INFO] [stderr]   Downloaded scraper v0.17.1
[INFO] [stderr]   Downloaded security-framework-sys v2.9.0
[INFO] [stderr]   Downloaded ouroboros v0.15.6
[INFO] [stderr]   Downloaded bytecheck v0.6.11
[INFO] [stderr]   Downloaded bytecheck_derive v0.6.11
[INFO] [stderr]   Downloaded ref-cast-impl v1.0.18
[INFO] [stderr]   Downloaded rend v0.4.0
[INFO] [stderr]   Downloaded darling_macro v0.14.4
[INFO] [stderr]   Downloaded url v2.4.0
[INFO] [stderr]   Downloaded pin-project-lite v0.2.10
[INFO] [stderr]   Downloaded dtoa v1.0.8
[INFO] [stderr]   Downloaded getopts v0.2.21
[INFO] [stderr]   Downloaded tempfile v3.6.0
[INFO] [stderr]   Downloaded ipnet v2.8.0
[INFO] [stderr]   Downloaded thiserror v1.0.43
[INFO] [stderr]   Downloaded ascii v0.9.3
[INFO] [stderr]   Downloaded rkyv_derive v0.7.42
[INFO] [stderr]   Downloaded ouroboros_macro v0.15.6
[INFO] [stderr]   Downloaded Inflector v0.11.4
[INFO] [stderr]   Downloaded darling v0.14.4
[INFO] [stderr]   Downloaded counter v0.5.7
[INFO] [stderr]   Downloaded iana-time-zone v0.1.57
[INFO] [stderr]   Downloaded unicode-ident v1.0.10
[INFO] [stderr]   Downloaded proc-macro2 v1.0.64
[INFO] [stderr]   Downloaded smallvec v1.11.0
[INFO] [stderr]   Downloaded cssparser v0.31.2
[INFO] [stderr]   Downloaded bitflags v2.3.3
[INFO] [stderr]   Downloaded ryu v1.0.14
[INFO] [stderr]   Downloaded ahash v0.7.6
[INFO] [stderr]   Downloaded graphql_client v0.13.0
[INFO] [stderr]   Downloaded markup5ever v0.11.0
[INFO] [stderr]   Downloaded graphql-parser v0.4.0
[INFO] [stderr]   Downloaded simdutf8 v0.1.4
[INFO] [stderr]   Downloaded darling_core v0.14.4
[INFO] [stderr]   Downloaded serde_derive v1.0.171
[INFO] [stderr]   Downloaded selectors v0.25.0
[INFO] [stderr]   Downloaded tracing-core v0.1.31
[INFO] [stderr]   Downloaded uuid v1.4.0
[INFO] [stderr]   Downloaded cynic v3.2.2
[INFO] [stderr]   Downloaded log v0.4.19
[INFO] [stderr]   Downloaded serde v1.0.171
[INFO] [stderr]   Downloaded bumpalo v3.13.0
[INFO] [stderr]   Downloaded js-sys v0.3.64
[INFO] [stderr]   Downloaded security-framework v2.9.1
[INFO] [stderr]   Downloaded openssl-sys v0.9.90
[INFO] [stderr]   Downloaded base64 v0.21.2
[INFO] [stderr]   Downloaded html5ever v0.26.0
[INFO] [stderr]   Downloaded cynic-codegen v3.2.2
[INFO] [stderr]   Downloaded tokio-util v0.7.8
[INFO] [stderr]   Downloaded combine v3.8.1
[INFO] [stderr]   Downloaded feed-rs v1.3.0
[INFO] [stderr]   Downloaded hashbrown v0.14.0
[INFO] [stderr]   Downloaded rkyv v0.7.42
[INFO] [stderr]   Downloaded graphql_client_codegen v0.13.0
[INFO] [stderr]   Downloaded quick-xml v0.27.1
[INFO] [stderr]   Downloaded reqwest v0.11.18
[INFO] [stderr]   Downloaded serde_json v1.0.102
[INFO] [stderr]   Downloaded gh_gql_schema v0.2.0
[INFO] [stderr]   Downloaded h2 v0.3.20
[INFO] [stderr]   Downloaded aho-corasick v1.0.2
[INFO] [stderr]   Downloaded chrono v0.4.26
[INFO] [stderr]   Downloaded syn v2.0.25
[INFO] [stderr]   Downloaded regex v1.9.1
[INFO] [stderr]   Downloaded openssl v0.10.55
[INFO] [stderr]   Downloaded rustix v0.37.23
[INFO] [stderr]   Downloaded regex-syntax v0.7.4
[INFO] [stderr]   Downloaded tokio v1.28.2
[INFO] [stderr]   Downloaded regex-automata v0.3.3
[INFO] [stderr]   Downloaded libc v0.2.147
[INFO] [stderr]   Downloaded web-sys v0.3.64
[INFO] [stderr]   Downloaded windows v0.48.0
[INFO] running `Command { std: "docker" "create" "-v" "/var/lib/crater-agent-workspace/builds/worker-3-tc1/source:/opt/rustwide/workdir:ro,Z" "-v" "/var/lib/crater-agent-workspace/builds/worker-3-tc1/target:/opt/rustwide/target:rw,Z" "-v" "/var/lib/crater-agent-workspace/cargo-home:/opt/rustwide/cargo-home:ro,Z" "-v" "/var/lib/crater-agent-workspace/rustup-home:/opt/rustwide/rustup-home:ro,Z" "-m" "1610612736" "--network" "none" "ghcr.io/rust-lang/crates-build-env/linux@sha256:77db811e55d90add9212f6832c23229e3de5f1c1f9905e8cb07319ea15df73ac" "sleep" "infinity", kill_on_drop: false }`
[INFO] [stdout] d9b599ce8525c52824cc337949041fcdee9ef8e8b3c4ec177b91bd6f81ce6428
[INFO] running `Command { std: "docker" "start" "d9b599ce8525c52824cc337949041fcdee9ef8e8b3c4ec177b91bd6f81ce6428", kill_on_drop: false }`
[INFO] running `Command { std: "docker" "inspect" "d9b599ce8525c52824cc337949041fcdee9ef8e8b3c4ec177b91bd6f81ce6428", kill_on_drop: false }`
[INFO] running `Command { std: "docker" "exec" "-e" "SOURCE_DIR=/opt/rustwide/workdir" "-e" "CARGO_HOME=/opt/rustwide/cargo-home" "-e" "RUSTUP_HOME=/opt/rustwide/rustup-home" "-e" "CARGO_TARGET_DIR=/opt/rustwide/target" "-w" "/opt/rustwide/workdir" "--user" "0:0" "d9b599ce8525c52824cc337949041fcdee9ef8e8b3c4ec177b91bd6f81ce6428" "/opt/rustwide/cargo-home/bin/cargo" "+1.99.0-beta.8" "metadata" "--no-deps" "--format-version=1", kill_on_drop: false }`
[INFO] running `Command { std: "docker" "inspect" "d9b599ce8525c52824cc337949041fcdee9ef8e8b3c4ec177b91bd6f81ce6428", kill_on_drop: false }`
[INFO] running `Command { std: "docker" "exec" "-e" "SOURCE_DIR=/opt/rustwide/workdir" "-e" "CARGO_HOME=/opt/rustwide/cargo-home" "-e" "RUSTUP_HOME=/opt/rustwide/rustup-home" "-e" "CARGO_TARGET_DIR=/opt/rustwide/target" "-e" "CARGO_INCREMENTAL=0" "-e" "RUST_BACKTRACE=full" "-e" "RUSTFLAGS=--cap-lints=warn" "-e" "RUSTDOCFLAGS=--cap-lints=warn" "-w" "/opt/rustwide/workdir" "--user" "0:0" "d9b599ce8525c52824cc337949041fcdee9ef8e8b3c4ec177b91bd6f81ce6428" "/opt/rustwide/cargo-home/bin/cargo" "+1.99.0-beta.8" "build" "--frozen" "--message-format=json" "--release", kill_on_drop: false }`
[INFO] [stderr]    Compiling proc-macro2 v1.0.64
[INFO] [stderr]    Compiling unicode-ident v1.0.10
[INFO] [stderr]    Compiling quote v1.0.29
[INFO] [stderr]    Compiling syn v1.0.109
[INFO] [stderr]    Compiling libc v0.2.147
[INFO] [stderr]    Compiling serde v1.0.171
[INFO] [stderr]    Compiling once_cell v1.18.0
[INFO] [stderr]    Compiling ppv-lite86 v0.2.17
[INFO] [stderr]    Compiling itoa v1.0.8
[INFO] [stderr]    Compiling siphasher v0.3.10
[INFO] [stderr]    Compiling thiserror v1.0.43
[INFO] [stderr]    Compiling pin-project-lite v0.2.10
[INFO] [stderr]    Compiling memchr v2.5.0
[INFO] [stderr]    Compiling pkg-config v0.3.27
[INFO] [stderr]    Compiling void v1.0.2
[INFO] [stderr]    Compiling phf_shared v0.10.0
[INFO] [stderr]    Compiling unreachable v1.0.0
[INFO] [stderr]    Compiling tokio v1.28.2
[INFO] [stderr]    Compiling ascii v0.9.3
[INFO] [stderr]    Compiling either v1.8.1
[INFO] [stderr]    Compiling serde_json v1.0.102
[INFO] [stderr]    Compiling byteorder v1.4.3
[INFO] [stderr]    Compiling log v0.4.19
[INFO] [stderr]    Compiling socket2 v0.4.9
[INFO] [stderr]    Compiling openssl-sys v0.9.90
[INFO] [stderr]    Compiling mio v0.8.8
[INFO] [stderr]    Compiling syn v2.0.25
[INFO] [stderr]    Compiling getrandom v0.2.10
[INFO] [stderr]    Compiling combine v3.8.1
[INFO] [stderr]    Compiling num_cpus v1.16.0
[INFO] [stderr]    Compiling rand_core v0.6.4
[INFO] [stderr]    Compiling ahash v0.7.6
[INFO] [stderr]    Compiling bytecheck v0.6.11
[INFO] [stderr]    Compiling rand_chacha v0.3.1
[INFO] [stderr]    Compiling futures-task v0.3.28
[INFO] [stderr]    Compiling rand v0.8.5
[INFO] [stderr]    Compiling proc-macro-error-attr v1.0.4
[INFO] [stderr]    Compiling tracing-core v0.1.31
[INFO] [stderr]    Compiling num-traits v0.2.15
[INFO] [stderr]    Compiling ident_case v1.0.1
[INFO] [stderr]    Compiling strsim v0.10.0
[INFO] [stderr]    Compiling rend v0.4.0
[INFO] [stderr]    Compiling simdutf8 v0.1.4
[INFO] [stderr]    Compiling fnv v1.0.7
[INFO] [stderr]    Compiling futures-util v0.3.28
[INFO] [stderr]    Compiling phf_generator v0.10.0
[INFO] [stderr]    Compiling openssl v0.10.55
[INFO] [stderr]    Compiling foreign-types-shared v0.1.1
[INFO] [stderr]    Compiling http v0.2.9
[INFO] [stderr]    Compiling foreign-types v0.3.2
[INFO] [stderr]    Compiling phf_codegen v0.10.0
[INFO] [stderr]    Compiling tracing v0.1.37
[INFO] [stderr]    Compiling percent-encoding v2.3.0
[INFO] [stderr]    Compiling rkyv v0.7.42
[INFO] [stderr]    Compiling futures-sink v0.3.28
[INFO] [stderr]    Compiling native-tls v0.2.11
[INFO] [stderr]    Compiling smallvec v1.11.0
[INFO] [stderr]    Compiling futures-channel v0.3.28
[INFO] [stderr]    Compiling Inflector v0.11.4
[INFO] [stderr]    Compiling httparse v1.8.0
[INFO] [stderr]    Compiling form_urlencoded v1.2.0
[INFO] [stderr]    Compiling unicode-normalization v0.1.22
[INFO] [stderr]    Compiling hashbrown v0.12.3
[INFO] [stderr]    Compiling lock_api v0.4.10
[INFO] [stderr]    Compiling parking_lot_core v0.9.8
[INFO] [stderr]    Compiling seahash v4.1.0
[INFO] [stderr]    Compiling new_debug_unreachable v1.0.4
[INFO] [stderr]    Compiling ryu v1.0.14
[INFO] [stderr]    Compiling unicode-bidi v0.3.13
[INFO] [stderr]    Compiling try-lock v0.2.4
[INFO] [stderr]    Compiling aliasable v0.1.3
[INFO] [stderr]    Compiling want v0.3.1
[INFO] [stderr]    Compiling counter v0.5.7
[INFO] [stderr]    Compiling idna v0.4.0
[INFO] [stderr]    Compiling http-body v0.4.5
[INFO] [stderr]    Compiling encoding_rs v0.8.32
[INFO] [stderr]    Compiling httpdate v1.0.2
[INFO] [stderr]    Compiling tower-service v0.3.2
[INFO] [stderr]    Compiling url v2.4.0
[INFO] [stderr]    Compiling darling_core v0.14.4
[INFO] [stderr]    Compiling proc-macro-error v1.0.4
[INFO] [stderr]    Compiling string_cache_codegen v0.5.2
[INFO] [stderr]    Compiling precomputed-hash v0.1.1
[INFO] [stderr]    Compiling mac v0.1.1
[INFO] [stderr]    Compiling futf v0.1.5
[INFO] [stderr]    Compiling markup5ever v0.11.0
[INFO] [stderr]    Compiling parking_lot v0.12.1
[INFO] [stderr]    Compiling base64 v0.21.2
[INFO] [stderr]    Compiling dtoa v1.0.8
[INFO] [stderr]    Compiling serde_derive v1.0.171
[INFO] [stderr]    Compiling thiserror-impl v1.0.43
[INFO] [stderr]    Compiling tokio-macros v2.1.0
[INFO] [stderr]    Compiling openssl-macros v0.1.1
[INFO] [stderr]    Compiling ptr_meta_derive v0.1.4
[INFO] [stderr]    Compiling ptr_meta v0.1.4
[INFO] [stderr]    Compiling bytecheck_derive v0.6.11
[INFO] [stderr]    Compiling graphql-parser v0.4.0
[INFO] [stderr]    Compiling darling_macro v0.14.4
[INFO] [stderr]    Compiling ouroboros_macro v0.15.6
[INFO] [stderr]    Compiling rkyv_derive v0.7.42
[INFO] [stderr]    Compiling ouroboros v0.15.6
[INFO] [stderr]    Compiling darling v0.14.4
[INFO] [stderr]    Compiling phf_macros v0.10.0
[INFO] [stderr]    Compiling phf v0.10.1
[INFO] [stderr]    Compiling utf-8 v0.7.6
[INFO] [stderr]    Compiling ipnet v2.8.0
[INFO] [stderr]    Compiling ref-cast v1.0.18
[INFO] [stderr]    Compiling tendril v0.4.3
[INFO] [stderr]    Compiling html5ever v0.26.0
[INFO] [stderr]    Compiling dtoa-short v0.3.4
[INFO] [stderr]    Compiling ref-cast-impl v1.0.18
[INFO] [stderr]    Compiling cssparser-macros v0.6.1
[INFO] [stderr]    Compiling aho-corasick v1.0.2
[INFO] [stderr]    Compiling tokio-util v0.7.8
[INFO] [stderr]    Compiling tokio-native-tls v0.3.1
[INFO] [stderr]    Compiling selectors v0.25.0
[INFO] [stderr]    Compiling ahash v0.8.3
[INFO] [stderr]    Compiling heck v0.4.1
[INFO] [stderr]    Compiling h2 v0.3.20
[INFO] [stderr]    Compiling graphql-introspection-query v0.2.0
[INFO] [stderr]    Compiling lazy_static v1.4.0
[INFO] [stderr]    Compiling regex-syntax v0.7.4
[INFO] [stderr]    Compiling serde_urlencoded v0.7.1
[INFO] [stderr]    Compiling string_cache v0.8.7
[INFO] [stderr]    Compiling stable_deref_trait v1.2.0
[INFO] [stderr]    Compiling servo_arc v0.3.0
[INFO] [stderr]    Compiling graphql_client_codegen v0.13.0
[INFO] [stderr]    Compiling cynic-codegen v3.2.2
[INFO] [stderr]    Compiling fxhash v0.2.1
[INFO] [stderr]    Compiling hyper v0.14.27
[INFO] [stderr]    Compiling regex-automata v0.3.3
[INFO] [stderr]    Compiling cssparser v0.31.2
[INFO] [stderr]    Compiling derive_more v0.99.17
[INFO] [stderr]    Compiling time v0.1.45
[INFO] [stderr]    Compiling unicode-width v0.1.10
[INFO] [stderr]    Compiling bitflags v2.3.3
[INFO] [stderr]    Compiling iana-time-zone v0.1.57
[INFO] [stderr]    Compiling chrono v0.4.26
[INFO] [stderr]    Compiling hyper-tls v0.5.0
[INFO] [stderr]    Compiling reqwest v0.11.18
[INFO] [stderr]    Compiling regex v1.9.1
[INFO] [stderr]    Compiling graphql_query_derive v0.13.0
[INFO] [stderr]    Compiling getopts v0.2.21
[INFO] [stderr]    Compiling gh_gql_schema v0.2.0
[INFO] [stderr]    Compiling cynic-proc-macros v3.2.2
[INFO] [stderr]    Compiling cynic v3.2.2
[INFO] [stderr]    Compiling uuid v1.4.0
[INFO] [stderr]    Compiling quick-xml v0.27.1
[INFO] [stderr]    Compiling ego-tree v0.6.2
[INFO] [stderr]    Compiling graphql_client v0.13.0
[INFO] [stderr]    Compiling feed-rs v1.3.0
[INFO] [stderr]    Compiling scraper v0.17.1
[INFO] [stderr]    Compiling rss_autogen_giscus v0.2.0 (/opt/rustwide/workdir)
[INFO] [stderr]     Finished `release` profile [optimized] target(s) in 3m 54s
[INFO] [stderr] warning: the following packages contain code that will be rejected by a future version of Rust: openssl v0.10.55
[INFO] [stderr] note: to see what the problems were, use the option `--future-incompat-report`, or run `cargo report future-incompatibilities --id 1`
[INFO] running `Command { std: "docker" "inspect" "d9b599ce8525c52824cc337949041fcdee9ef8e8b3c4ec177b91bd6f81ce6428", kill_on_drop: false }`
[INFO] running `Command { std: "docker" "exec" "-e" "SOURCE_DIR=/opt/rustwide/workdir" "-e" "CARGO_HOME=/opt/rustwide/cargo-home" "-e" "RUSTUP_HOME=/opt/rustwide/rustup-home" "-e" "CARGO_TARGET_DIR=/opt/rustwide/target" "-e" "CARGO_INCREMENTAL=0" "-e" "RUST_BACKTRACE=full" "-e" "RUSTFLAGS=--cap-lints=warn" "-e" "RUSTDOCFLAGS=--cap-lints=warn" "-w" "/opt/rustwide/workdir" "--user" "0:0" "d9b599ce8525c52824cc337949041fcdee9ef8e8b3c4ec177b91bd6f81ce6428" "/opt/rustwide/cargo-home/bin/cargo" "+1.99.0-beta.8" "test" "--frozen" "--no-run" "--message-format=json" "--release", kill_on_drop: false }`
[INFO] [stderr]    Compiling syn v2.0.25
[INFO] [stderr]    Compiling tokio v1.28.2
[INFO] [stderr]    Compiling futures-channel v0.3.28
[INFO] [stderr]    Compiling futures-util v0.3.28
[INFO] [stderr]    Compiling futures-io v0.3.28
[INFO] [stderr]    Compiling hashbrown v0.14.0
[INFO] [stderr]    Compiling dashmap v5.5.0
[INFO] [stderr]    Compiling futures-executor v0.3.28
[INFO] [stderr]    Compiling futures v0.3.28
[INFO] [stderr]    Compiling serde_derive v1.0.171
[INFO] [stderr]    Compiling tokio-macros v2.1.0
[INFO] [stderr]    Compiling thiserror-impl v1.0.43
[INFO] [stderr]    Compiling openssl-macros v0.1.1
[INFO] [stderr]    Compiling ref-cast-impl v1.0.18
[INFO] [stderr]    Compiling cssparser-macros v0.6.1
[INFO] [stderr]    Compiling async-stream-impl v0.3.5
[INFO] [stderr]    Compiling serial_test_derive v2.0.0
[INFO] [stderr]    Compiling cssparser v0.31.2
[INFO] [stderr]    Compiling openssl v0.10.55
[INFO] [stderr]    Compiling ref-cast v1.0.18
[INFO] [stderr]    Compiling async-stream v0.3.5
[INFO] [stderr]    Compiling serial_test v2.0.0
[INFO] [stderr]    Compiling thiserror v1.0.43
[INFO] [stderr]    Compiling graphql-parser v0.4.0
[INFO] [stderr]    Compiling selectors v0.25.0
[INFO] [stderr]    Compiling serde v1.0.171
[INFO] [stderr]    Compiling cynic-codegen v3.2.2
[INFO] [stderr]    Compiling native-tls v0.2.11
[INFO] [stderr]    Compiling tokio-util v0.7.8
[INFO] [stderr]    Compiling tokio-native-tls v0.3.1
[INFO] [stderr]    Compiling tokio-stream v0.1.14
[INFO] [stderr]    Compiling h2 v0.3.20
[INFO] [stderr]    Compiling serde_json v1.0.102
[INFO] [stderr]    Compiling graphql-introspection-query v0.2.0
[INFO] [stderr]    Compiling tokio-test v0.4.2
[INFO] [stderr]    Compiling serde_urlencoded v0.7.1
[INFO] [stderr]    Compiling string_cache v0.8.7
[INFO] [stderr]    Compiling graphql_client_codegen v0.13.0
[INFO] [stderr]    Compiling markup5ever v0.11.0
[INFO] [stderr]    Compiling feed-rs v1.3.0
[INFO] [stderr]    Compiling html5ever v0.26.0
[INFO] [stderr]    Compiling scraper v0.17.1
[INFO] [stderr]    Compiling hyper v0.14.27
[INFO] [stderr]    Compiling gh_gql_schema v0.2.0
[INFO] [stderr]    Compiling cynic-proc-macros v3.2.2
[INFO] [stderr]    Compiling graphql_query_derive v0.13.0
[INFO] [stderr]    Compiling hyper-tls v0.5.0
[INFO] [stderr]    Compiling reqwest v0.11.18
[INFO] [stderr]    Compiling cynic v3.2.2
[INFO] [stderr]    Compiling graphql_client v0.13.0
[INFO] [stderr]    Compiling rss_autogen_giscus v0.2.0 (/opt/rustwide/workdir)
[INFO] [stderr]     Finished `release` profile [optimized] target(s) in 2m 14s
[INFO] [stderr] warning: the following packages contain code that will be rejected by a future version of Rust: openssl v0.10.55
[INFO] [stderr] note: to see what the problems were, use the option `--future-incompat-report`, or run `cargo report future-incompatibilities --id 1`
[INFO] running `Command { std: "docker" "inspect" "d9b599ce8525c52824cc337949041fcdee9ef8e8b3c4ec177b91bd6f81ce6428", kill_on_drop: false }`
[INFO] running `Command { std: "docker" "exec" "-e" "SOURCE_DIR=/opt/rustwide/workdir" "-e" "CARGO_HOME=/opt/rustwide/cargo-home" "-e" "RUSTUP_HOME=/opt/rustwide/rustup-home" "-e" "CARGO_TARGET_DIR=/opt/rustwide/target" "-e" "CARGO_INCREMENTAL=0" "-e" "RUST_BACKTRACE=full" "-e" "RUSTFLAGS=--cap-lints=warn" "-e" "RUSTDOCFLAGS=--cap-lints=warn" "-w" "/opt/rustwide/workdir" "--user" "0:0" "d9b599ce8525c52824cc337949041fcdee9ef8e8b3c4ec177b91bd6f81ce6428" "/opt/rustwide/cargo-home/bin/cargo" "+1.99.0-beta.8" "test" "--frozen" "--release", kill_on_drop: false }`
[INFO] [stderr]     Finished `release` profile [optimized] target(s) in 0.35s
[INFO] [stderr] warning: the following packages contain code that will be rejected by a future version of Rust: openssl v0.10.55
[INFO] [stderr] note: to see what the problems were, use the option `--future-incompat-report`, or run `cargo report future-incompatibilities --id 1`
[INFO] [stderr]      Running unittests src/lib.rs (/opt/rustwide/target/release/deps/rss_autogen_giscus-5de421bc03a9bc11)
[INFO] [stdout] 
[INFO] [stdout] running 13 tests
[INFO] [stdout] test gql::tests::test_generate_mutation ... FAILED
[INFO] [stdout] test gql::tests::test_blogs_category_query ... FAILED
[INFO] [stdout] test gql::tests::test_missing_category_query - should panic ... ok
[INFO] [stdout] test gql::tests::test_discussion_exists ... FAILED
[INFO] [stdout] test gql::tests::test_qa_category_query ... FAILED
[INFO] [stdout] test gql::tests::test_get_repo_id ... FAILED
[INFO] [stdout] test gql::tests::test_discussion_not_exists ... FAILED
[INFO] [stdout] test post::tests::test_extract_post_details_complex ... FAILED
[INFO] [stdout] test post::tests::test_get_post_url ... FAILED
[INFO] [stdout] test post::tests::test_get_post_url_complex ... FAILED
[INFO] [stdout] test post::tests::test_invalid_rss_url - should panic ... ok
[INFO] [stdout] test post::tests::test_extract_post_details ... FAILED
[INFO] [stdout] test gql::tests::test_discussion_paging ... FAILED
[INFO] [stderr] error: test failed, to rerun pass `--lib`
[INFO] [stdout] 
[INFO] [stdout] failures:
[INFO] [stdout] 
[INFO] [stdout] ---- gql::tests::test_generate_mutation stdout ----
[INFO] [stdout] 
[INFO] [stdout] thread 'gql::tests::test_generate_mutation' (4083) panicked at src/lib.rs:148:47:
[INFO] [stdout] GITHUB_TOKEN env var is required: NotPresent
[INFO] [stdout] stack backtrace:
[INFO] [stdout]    0:     0x59db6bc41281 - <<std[70759c8f55707aa4]::sys::backtrace::BacktraceLock>::print::DisplayBacktrace as core[df12db4294e9bfd3]::fmt::Display>::fmt
[INFO] [stdout]    1:     0x59db6bc5990a - core[df12db4294e9bfd3]::fmt::write
[INFO] [stdout]    2:     0x59db6bc45d9c - <alloc[2182bb758b4b3781]::vec::Vec<u8> as core[df12db4294e9bfd3]::io::write::Write>::write_fmt
[INFO] [stdout]    3:     0x59db6bc1c3d6 - std[70759c8f55707aa4]::panicking::default_hook::{closure#0}
[INFO] [stdout]    4:     0x59db6bc391b9 - std[70759c8f55707aa4]::panicking::default_hook
[INFO] [stdout]    5:     0x59db6b96e110 - test[9d35eded1c95d3be]::test_main_inner::<test[9d35eded1c95d3be]::test_main_static::{closure#0}>::{closure#0}
[INFO] [stdout]    6:     0x59db6bc394e2 - std[70759c8f55707aa4]::panicking::panic_with_hook
[INFO] [stdout]    7:     0x59db6bc1c482 - std[70759c8f55707aa4]::panicking::panic_handler::{closure#0}
[INFO] [stdout]    8:     0x59db6bc14ee9 - std[70759c8f55707aa4]::sys::backtrace::__rust_end_short_backtrace::<std[70759c8f55707aa4]::panicking::panic_handler::{closure#0}, !>
[INFO] [stdout]    9:     0x59db6bc1d30d - __rustc[8fa7c3cbc660c2b3]::rust_begin_unwind
[INFO] [stdout]   10:     0x59db6bc5a0ec - core[df12db4294e9bfd3]::panicking::panic_fmt
[INFO] [stdout]   11:     0x59db6bc59ec2 - core[df12db4294e9bfd3]::result::unwrap_failed
[INFO] [stdout]   12:     0x59db6b9475c6 - <rss_autogen_giscus[6edce4a9fb39a831]::HttpClients>::test_setup
[INFO] [stdout]   13:     0x59db6b90cdda - rss_autogen_giscus[6edce4a9fb39a831]::gql::tests::test_generate_mutation::{closure#0}::{closure#0}
[INFO] [stdout]   14:     0x59db6b944633 - <tokio[d247a5d5ac7a35ca]::runtime::scheduler::current_thread::Context>::enter::<core[df12db4294e9bfd3]::task::poll::Poll<()>, <tokio[d247a5d5ac7a35ca]::runtime::scheduler::current_thread::CoreGuard>::block_on<core[df12db4294e9bfd3]::pin::Pin<&mut core[df12db4294e9bfd3]::pin::Pin<&mut dyn core[df12db4294e9bfd3]::future::future::Future<Output = ()>>>>::{closure#0}::{closure#0}>
[INFO] [stdout]   15:     0x59db6b94e0ce - <tokio[d247a5d5ac7a35ca]::macros::scoped_tls::ScopedKey<tokio[d247a5d5ac7a35ca]::runtime::scheduler::current_thread::Context>>::set::<<tokio[d247a5d5ac7a35ca]::runtime::scheduler::current_thread::CoreGuard>::enter<<tokio[d247a5d5ac7a35ca]::runtime::scheduler::current_thread::CoreGuard>::block_on<core[df12db4294e9bfd3]::pin::Pin<&mut core[df12db4294e9bfd3]::pin::Pin<&mut dyn core[df12db4294e9bfd3]::future::future::Future<Output = ()>>>>::{closure#0}, core[df12db4294e9bfd3]::option::Option<()>>::{closure#0}, (alloc[2182bb758b4b3781]::boxed::Box<tokio[d247a5d5ac7a35ca]::runtime::scheduler::current_thread::Core>, core[df12db4294e9bfd3]::option::Option<()>)>
[INFO] [stdout]   16:     0x59db6b943eab - <tokio[d247a5d5ac7a35ca]::runtime::scheduler::current_thread::CurrentThread>::block_on::<core[df12db4294e9bfd3]::pin::Pin<&mut dyn core[df12db4294e9bfd3]::future::future::Future<Output = ()>>>
[INFO] [stdout]   17:     0x59db6b9206a2 - <tokio[d247a5d5ac7a35ca]::runtime::runtime::Runtime>::block_on::<core[df12db4294e9bfd3]::pin::Pin<&mut dyn core[df12db4294e9bfd3]::future::future::Future<Output = ()>>>
[INFO] [stdout]   18:     0x59db6b915a6b - <rss_autogen_giscus[6edce4a9fb39a831]::gql::tests::test_generate_mutation::{closure#0} as core[df12db4294e9bfd3]::ops::function::FnOnce<()>>::call_once
[INFO] [stdout]   19:     0x59db6bab180a - serial_test[214a799991796130]::serial_code_lock::local_serial_core
[INFO] [stdout]   20:     0x59db6b948cb8 - <rss_autogen_giscus[6edce4a9fb39a831]::gql::tests::test_generate_mutation::{closure#0} as core[df12db4294e9bfd3]::ops::function::FnOnce<()>>::call_once
[INFO] [stdout]   21:     0x59db6b9613fb - test[9d35eded1c95d3be]::__rust_begin_short_backtrace::<core[df12db4294e9bfd3]::result::Result<(), alloc[2182bb758b4b3781]::string::String>, fn() -> core[df12db4294e9bfd3]::result::Result<(), alloc[2182bb758b4b3781]::string::String>>
[INFO] [stdout]   22:     0x59db6b96ea65 - test[9d35eded1c95d3be]::run_test::{closure#0}
[INFO] [stdout]   23:     0x59db6b968324 - std[70759c8f55707aa4]::sys::backtrace::__rust_begin_short_backtrace::<test[9d35eded1c95d3be]::run_test::{closure#1}, ()>
[INFO] [stdout]   24:     0x59db6b971bc2 - <std[70759c8f55707aa4]::thread::lifecycle::spawn_unchecked<test[9d35eded1c95d3be]::run_test::{closure#1}, ()>::{closure#1} as core[df12db4294e9bfd3]::ops::function::FnOnce<()>>::call_once::{shim:vtable#0}
[INFO] [stdout]   25:     0x59db6bc407a9 - <std[70759c8f55707aa4]::sys::thread::unix::Thread>::new::thread_start
[INFO] [stdout]   26:     0x7e25f4e1adfa - <unknown>
[INFO] [stdout]   27:     0x7e25f4eae3d4 - clone
[INFO] [stdout]   28:                0x0 - <unknown>
[INFO] [stdout] 
[INFO] [stdout] ---- gql::tests::test_blogs_category_query stdout ----
[INFO] [stdout] 
[INFO] [stdout] thread 'gql::tests::test_blogs_category_query' (4079) panicked at src/lib.rs:148:47:
[INFO] [stdout] GITHUB_TOKEN env var is required: NotPresent
[INFO] [stdout] stack backtrace:
[INFO] [stdout]    0:     0x59db6bc41281 - <<std[70759c8f55707aa4]::sys::backtrace::BacktraceLock>::print::DisplayBacktrace as core[df12db4294e9bfd3]::fmt::Display>::fmt
[INFO] [stdout]    1:     0x59db6bc5990a - core[df12db4294e9bfd3]::fmt::write
[INFO] [stdout]    2:     0x59db6bc45d9c - <alloc[2182bb758b4b3781]::vec::Vec<u8> as core[df12db4294e9bfd3]::io::write::Write>::write_fmt
[INFO] [stdout]    3:     0x59db6bc1c3d6 - std[70759c8f55707aa4]::panicking::default_hook::{closure#0}
[INFO] [stdout]    4:     0x59db6bc391b9 - std[70759c8f55707aa4]::panicking::default_hook
[INFO] [stdout]    5:     0x59db6b96e110 - test[9d35eded1c95d3be]::test_main_inner::<test[9d35eded1c95d3be]::test_main_static::{closure#0}>::{closure#0}
[INFO] [stdout]    6:     0x59db6bc394e2 - std[70759c8f55707aa4]::panicking::panic_with_hook
[INFO] [stdout]    7:     0x59db6bc1c482 - std[70759c8f55707aa4]::panicking::panic_handler::{closure#0}
[INFO] [stdout]    8:     0x59db6bc14ee9 - std[70759c8f55707aa4]::sys::backtrace::__rust_end_short_backtrace::<std[70759c8f55707aa4]::panicking::panic_handler::{closure#0}, !>
[INFO] [stdout]    9:     0x59db6bc1d30d - __rustc[8fa7c3cbc660c2b3]::rust_begin_unwind
[INFO] [stdout]   10:     0x59db6bc5a0ec - core[df12db4294e9bfd3]::panicking::panic_fmt
[INFO] [stdout]   11:     0x59db6bc59ec2 - core[df12db4294e9bfd3]::result::unwrap_failed
[INFO] [stdout]   12:     0x59db6b9475c6 - <rss_autogen_giscus[6edce4a9fb39a831]::HttpClients>::test_setup
[INFO] [stdout]   13:     0x59db6b90fa6a - rss_autogen_giscus[6edce4a9fb39a831]::gql::tests::test_blogs_category_query::{closure#0}::{closure#0}
[INFO] [stdout]   14:     0x59db6b944633 - <tokio[d247a5d5ac7a35ca]::runtime::scheduler::current_thread::Context>::enter::<core[df12db4294e9bfd3]::task::poll::Poll<()>, <tokio[d247a5d5ac7a35ca]::runtime::scheduler::current_thread::CoreGuard>::block_on<core[df12db4294e9bfd3]::pin::Pin<&mut core[df12db4294e9bfd3]::pin::Pin<&mut dyn core[df12db4294e9bfd3]::future::future::Future<Output = ()>>>>::{closure#0}::{closure#0}>
[INFO] [stdout]   15:     0x59db6b94e0ce - <tokio[d247a5d5ac7a35ca]::macros::scoped_tls::ScopedKey<tokio[d247a5d5ac7a35ca]::runtime::scheduler::current_thread::Context>>::set::<<tokio[d247a5d5ac7a35ca]::runtime::scheduler::current_thread::CoreGuard>::enter<<tokio[d247a5d5ac7a35ca]::runtime::scheduler::current_thread::CoreGuard>::block_on<core[df12db4294e9bfd3]::pin::Pin<&mut core[df12db4294e9bfd3]::pin::Pin<&mut dyn core[df12db4294e9bfd3]::future::future::Future<Output = ()>>>>::{closure#0}, core[df12db4294e9bfd3]::option::Option<()>>::{closure#0}, (alloc[2182bb758b4b3781]::boxed::Box<tokio[d247a5d5ac7a35ca]::runtime::scheduler::current_thread::Core>, core[df12db4294e9bfd3]::option::Option<()>)>
[INFO] [stdout]   16:     0x59db6b943eab - <tokio[d247a5d5ac7a35ca]::runtime::scheduler::current_thread::CurrentThread>::block_on::<core[df12db4294e9bfd3]::pin::Pin<&mut dyn core[df12db4294e9bfd3]::future::future::Future<Output = ()>>>
[INFO] [stdout]   17:     0x59db6b9206a2 - <tokio[d247a5d5ac7a35ca]::runtime::runtime::Runtime>::block_on::<core[df12db4294e9bfd3]::pin::Pin<&mut dyn core[df12db4294e9bfd3]::future::future::Future<Output = ()>>>
[INFO] [stdout]   18:     0x59db6b915d0b - <rss_autogen_giscus[6edce4a9fb39a831]::gql::tests::test_blogs_category_query::{closure#0} as core[df12db4294e9bfd3]::ops::function::FnOnce<()>>::call_once
[INFO] [stdout]   19:     0x59db6bab180a - serial_test[214a799991796130]::serial_code_lock::local_serial_core
[INFO] [stdout]   20:     0x59db6b948d18 - <rss_autogen_giscus[6edce4a9fb39a831]::gql::tests::test_blogs_category_query::{closure#0} as core[df12db4294e9bfd3]::ops::function::FnOnce<()>>::call_once
[INFO] [stdout]   21:     0x59db6b9613fb - test[9d35eded1c95d3be]::__rust_begin_short_backtrace::<core[df12db4294e9bfd3]::result::Result<(), alloc[2182bb758b4b3781]::string::String>, fn() -> core[df12db4294e9bfd3]::result::Result<(), alloc[2182bb758b4b3781]::string::String>>
[INFO] [stdout]   22:     0x59db6b96ea65 - test[9d35eded1c95d3be]::run_test::{closure#0}
[INFO] [stdout]   23:     0x59db6b968324 - std[70759c8f55707aa4]::sys::backtrace::__rust_begin_short_backtrace::<test[9d35eded1c95d3be]::run_test::{closure#1}, ()>
[INFO] [stdout]   24:     0x59db6b971bc2 - <std[70759c8f55707aa4]::thread::lifecycle::spawn_unchecked<test[9d35eded1c95d3be]::run_test::{closure#1}, ()>::{closure#1} as core[df12db4294e9bfd3]::ops::function::FnOnce<()>>::call_once::{shim:vtable#0}
[INFO] [stdout]   25:     0x59db6bc407a9 - <std[70759c8f55707aa4]::sys::thread::unix::Thread>::new::thread_start
[INFO] [stdout]   26:     0x7e25f4e1adfa - <unknown>
[INFO] [stdout]   27:     0x7e25f4eae3d4 - clone
[INFO] [stdout]   28:                0x0 - <unknown>
[INFO] [stdout] 
[INFO] [stdout] ---- gql::tests::test_discussion_exists stdout ----
[INFO] [stdout] 
[INFO] [stdout] thread 'gql::tests::test_discussion_exists' (4080) panicked at src/lib.rs:148:47:
[INFO] [stdout] GITHUB_TOKEN env var is required: NotPresent
[INFO] [stdout] stack backtrace:
[INFO] [stdout]    0:     0x59db6bc41281 - <<std[70759c8f55707aa4]::sys::backtrace::BacktraceLock>::print::DisplayBacktrace as core[df12db4294e9bfd3]::fmt::Display>::fmt
[INFO] [stdout]    1:     0x59db6bc5990a - core[df12db4294e9bfd3]::fmt::write
[INFO] [stdout]    2:     0x59db6bc45d9c - <alloc[2182bb758b4b3781]::vec::Vec<u8> as core[df12db4294e9bfd3]::io::write::Write>::write_fmt
[INFO] [stdout]    3:     0x59db6bc1c3d6 - std[70759c8f55707aa4]::panicking::default_hook::{closure#0}
[INFO] [stdout]    4:     0x59db6bc391b9 - std[70759c8f55707aa4]::panicking::default_hook
[INFO] [stdout]    5:     0x59db6b96e110 - test[9d35eded1c95d3be]::test_main_inner::<test[9d35eded1c95d3be]::test_main_static::{closure#0}>::{closure#0}
[INFO] [stdout]    6:     0x59db6bc394e2 - std[70759c8f55707aa4]::panicking::panic_with_hook
[INFO] [stdout]    7:     0x59db6bc1c482 - std[70759c8f55707aa4]::panicking::panic_handler::{closure#0}
[INFO] [stdout]    8:     0x59db6bc14ee9 - std[70759c8f55707aa4]::sys::backtrace::__rust_end_short_backtrace::<std[70759c8f55707aa4]::panicking::panic_handler::{closure#0}, !>
[INFO] [stdout]    9:     0x59db6bc1d30d - __rustc[8fa7c3cbc660c2b3]::rust_begin_unwind
[INFO] [stdout]   10:     0x59db6bc5a0ec - core[df12db4294e9bfd3]::panicking::panic_fmt
[INFO] [stdout]   11:     0x59db6bc59ec2 - core[df12db4294e9bfd3]::result::unwrap_failed
[INFO] [stdout]   12:     0x59db6b9475c6 - <rss_autogen_giscus[6edce4a9fb39a831]::HttpClients>::test_setup
[INFO] [stdout]   13:     0x59db6b90bbd3 - rss_autogen_giscus[6edce4a9fb39a831]::gql::tests::test_discussion_exists::{closure#0}::{closure#0}
[INFO] [stdout]   14:     0x59db6b944633 - <tokio[d247a5d5ac7a35ca]::runtime::scheduler::current_thread::Context>::enter::<core[df12db4294e9bfd3]::task::poll::Poll<()>, <tokio[d247a5d5ac7a35ca]::runtime::scheduler::current_thread::CoreGuard>::block_on<core[df12db4294e9bfd3]::pin::Pin<&mut core[df12db4294e9bfd3]::pin::Pin<&mut dyn core[df12db4294e9bfd3]::future::future::Future<Output = ()>>>>::{closure#0}::{closure#0}>
[INFO] [stdout]   15:     0x59db6b94e0ce - <tokio[d247a5d5ac7a35ca]::macros::scoped_tls::ScopedKey<tokio[d247a5d5ac7a35ca]::runtime::scheduler::current_thread::Context>>::set::<<tokio[d247a5d5ac7a35ca]::runtime::scheduler::current_thread::CoreGuard>::enter<<tokio[d247a5d5ac7a35ca]::runtime::scheduler::current_thread::CoreGuard>::block_on<core[df12db4294e9bfd3]::pin::Pin<&mut core[df12db4294e9bfd3]::pin::Pin<&mut dyn core[df12db4294e9bfd3]::future::future::Future<Output = ()>>>>::{closure#0}, core[df12db4294e9bfd3]::option::Option<()>>::{closure#0}, (alloc[2182bb758b4b3781]::boxed::Box<tokio[d247a5d5ac7a35ca]::runtime::scheduler::current_thread::Core>, core[df12db4294e9bfd3]::option::Option<()>)>
[INFO] [stdout]   16:     0x59db6b943eab - <tokio[d247a5d5ac7a35ca]::runtime::scheduler::current_thread::CurrentThread>::block_on::<core[df12db4294e9bfd3]::pin::Pin<&mut dyn core[df12db4294e9bfd3]::future::future::Future<Output = ()>>>
[INFO] [stdout]   17:     0x59db6b9206a2 - <tokio[d247a5d5ac7a35ca]::runtime::runtime::Runtime>::block_on::<core[df12db4294e9bfd3]::pin::Pin<&mut dyn core[df12db4294e9bfd3]::future::future::Future<Output = ()>>>
[INFO] [stdout]   18:     0x59db6b9157ab - <rss_autogen_giscus[6edce4a9fb39a831]::gql::tests::test_discussion_exists::{closure#0} as core[df12db4294e9bfd3]::ops::function::FnOnce<()>>::call_once
[INFO] [stdout]   19:     0x59db6bab180a - serial_test[214a799991796130]::serial_code_lock::local_serial_core
[INFO] [stdout]   20:     0x59db6b948c58 - <rss_autogen_giscus[6edce4a9fb39a831]::gql::tests::test_discussion_exists::{closure#0} as core[df12db4294e9bfd3]::ops::function::FnOnce<()>>::call_once
[INFO] [stdout]   21:     0x59db6b9613fb - test[9d35eded1c95d3be]::__rust_begin_short_backtrace::<core[df12db4294e9bfd3]::result::Result<(), alloc[2182bb758b4b3781]::string::String>, fn() -> core[df12db4294e9bfd3]::result::Result<(), alloc[2182bb758b4b3781]::string::String>>
[INFO] [stdout]   22:     0x59db6b96ea65 - test[9d35eded1c95d3be]::run_test::{closure#0}
[INFO] [stdout]   23:     0x59db6b968324 - std[70759c8f55707aa4]::sys::backtrace::__rust_begin_short_backtrace::<test[9d35eded1c95d3be]::run_test::{closure#1}, ()>
[INFO] [stdout]   24:     0x59db6b971bc2 - <std[70759c8f55707aa4]::thread::lifecycle::spawn_unchecked<test[9d35eded1c95d3be]::run_test::{closure#1}, ()>::{closure#1} as core[df12db4294e9bfd3]::ops::function::FnOnce<()>>::call_once::{shim:vtable#0}
[INFO] [stdout]   25:     0x59db6bc407a9 - <std[70759c8f55707aa4]::sys::thread::unix::Thread>::new::thread_start
[INFO] [stdout]   26:     0x7e25f4e1adfa - <unknown>
[INFO] [stdout]   27:     0x7e25f4eae3d4 - clone
[INFO] [stdout]   28:                0x0 - <unknown>
[INFO] [stdout] 
[INFO] [stdout] ---- gql::tests::test_qa_category_query stdout ----
[INFO] [stdout] 
[INFO] [stdout] thread 'gql::tests::test_qa_category_query' (4086) panicked at src/lib.rs:148:47:
[INFO] [stdout] GITHUB_TOKEN env var is required: NotPresent
[INFO] [stdout] stack backtrace:
[INFO] [stdout]    0:     0x59db6bc41281 - <<std[70759c8f55707aa4]::sys::backtrace::BacktraceLock>::print::DisplayBacktrace as core[df12db4294e9bfd3]::fmt::Display>::fmt
[INFO] [stdout]    1:     0x59db6bc5990a - core[df12db4294e9bfd3]::fmt::write
[INFO] [stdout]    2:     0x59db6bc45d9c - <alloc[2182bb758b4b3781]::vec::Vec<u8> as core[df12db4294e9bfd3]::io::write::Write>::write_fmt
[INFO] [stdout]    3:     0x59db6bc1c3d6 - std[70759c8f55707aa4]::panicking::default_hook::{closure#0}
[INFO] [stdout]    4:     0x59db6bc391b9 - std[70759c8f55707aa4]::panicking::default_hook
[INFO] [stdout]    5:     0x59db6b96e110 - test[9d35eded1c95d3be]::test_main_inner::<test[9d35eded1c95d3be]::test_main_static::{closure#0}>::{closure#0}
[INFO] [stdout]    6:     0x59db6bc394e2 - std[70759c8f55707aa4]::panicking::panic_with_hook
[INFO] [stdout]    7:     0x59db6bc1c482 - std[70759c8f55707aa4]::panicking::panic_handler::{closure#0}
[INFO] [stdout]    8:     0x59db6bc14ee9 - std[70759c8f55707aa4]::sys::backtrace::__rust_end_short_backtrace::<std[70759c8f55707aa4]::panicking::panic_handler::{closure#0}, !>
[INFO] [stdout]    9:     0x59db6bc1d30d - __rustc[8fa7c3cbc660c2b3]::rust_begin_unwind
[INFO] [stdout]   10:     0x59db6bc5a0ec - core[df12db4294e9bfd3]::panicking::panic_fmt
[INFO] [stdout]   11:     0x59db6bc59ec2 - core[df12db4294e9bfd3]::result::unwrap_failed
[INFO] [stdout]   12:     0x59db6b9475c6 - <rss_autogen_giscus[6edce4a9fb39a831]::HttpClients>::test_setup
[INFO] [stdout]   13:     0x59db6b90f4ac - rss_autogen_giscus[6edce4a9fb39a831]::gql::tests::test_qa_category_query::{closure#0}::{closure#0}
[INFO] [stdout]   14:     0x59db6b944633 - <tokio[d247a5d5ac7a35ca]::runtime::scheduler::current_thread::Context>::enter::<core[df12db4294e9bfd3]::task::poll::Poll<()>, <tokio[d247a5d5ac7a35ca]::runtime::scheduler::current_thread::CoreGuard>::block_on<core[df12db4294e9bfd3]::pin::Pin<&mut core[df12db4294e9bfd3]::pin::Pin<&mut dyn core[df12db4294e9bfd3]::future::future::Future<Output = ()>>>>::{closure#0}::{closure#0}>
[INFO] [stdout]   15:     0x59db6b94e0ce - <tokio[d247a5d5ac7a35ca]::macros::scoped_tls::ScopedKey<tokio[d247a5d5ac7a35ca]::runtime::scheduler::current_thread::Context>>::set::<<tokio[d247a5d5ac7a35ca]::runtime::scheduler::current_thread::CoreGuard>::enter<<tokio[d247a5d5ac7a35ca]::runtime::scheduler::current_thread::CoreGuard>::block_on<core[df12db4294e9bfd3]::pin::Pin<&mut core[df12db4294e9bfd3]::pin::Pin<&mut dyn core[df12db4294e9bfd3]::future::future::Future<Output = ()>>>>::{closure#0}, core[df12db4294e9bfd3]::option::Option<()>>::{closure#0}, (alloc[2182bb758b4b3781]::boxed::Box<tokio[d247a5d5ac7a35ca]::runtime::scheduler::current_thread::Core>, core[df12db4294e9bfd3]::option::Option<()>)>
[INFO] [stdout]   16:     0x59db6b943eab - <tokio[d247a5d5ac7a35ca]::runtime::scheduler::current_thread::CurrentThread>::block_on::<core[df12db4294e9bfd3]::pin::Pin<&mut dyn core[df12db4294e9bfd3]::future::future::Future<Output = ()>>>
[INFO] [stdout]   17:     0x59db6b9206a2 - <tokio[d247a5d5ac7a35ca]::runtime::runtime::Runtime>::block_on::<core[df12db4294e9bfd3]::pin::Pin<&mut dyn core[df12db4294e9bfd3]::future::future::Future<Output = ()>>>
[INFO] [stdout]   18:     0x59db6b915bbb - <rss_autogen_giscus[6edce4a9fb39a831]::gql::tests::test_qa_category_query::{closure#0} as core[df12db4294e9bfd3]::ops::function::FnOnce<()>>::call_once
[INFO] [stdout]   19:     0x59db6bab180a - serial_test[214a799991796130]::serial_code_lock::local_serial_core
[INFO] [stdout]   20:     0x59db6b948ce8 - <rss_autogen_giscus[6edce4a9fb39a831]::gql::tests::test_qa_category_query::{closure#0} as core[df12db4294e9bfd3]::ops::function::FnOnce<()>>::call_once
[INFO] [stdout]   21:     0x59db6b9613fb - test[9d35eded1c95d3be]::__rust_begin_short_backtrace::<core[df12db4294e9bfd3]::result::Result<(), alloc[2182bb758b4b3781]::string::String>, fn() -> core[df12db4294e9bfd3]::result::Result<(), alloc[2182bb758b4b3781]::string::String>>
[INFO] [stdout]   22:     0x59db6b96ea65 - test[9d35eded1c95d3be]::run_test::{closure#0}
[INFO] [stdout]   23:     0x59db6b968324 - std[70759c8f55707aa4]::sys::backtrace::__rust_begin_short_backtrace::<test[9d35eded1c95d3be]::run_test::{closure#1}, ()>
[INFO] [stdout]   24:     0x59db6b971bc2 - <std[70759c8f55707aa4]::thread::lifecycle::spawn_unchecked<test[9d35eded1c95d3be]::run_test::{closure#1}, ()>::{closure#1} as core[df12db4294e9bfd3]::ops::function::FnOnce<()>>::call_once::{shim:vtable#0}
[INFO] [stdout]   25:     0x59db6bc407a9 - <std[70759c8f55707aa4]::sys::thread::unix::Thread>::new::thread_start
[INFO] [stdout]   26:     0x7e25f4e1adfa - <unknown>
[INFO] [stdout]   27:     0x7e25f4eae3d4 - clone
[INFO] [stdout]   28:                0x0 - <unknown>
[INFO] [stdout] 
[INFO] [stdout] ---- gql::tests::test_get_repo_id stdout ----
[INFO] [stdout] 
[INFO] [stdout] thread 'gql::tests::test_get_repo_id' (4084) panicked at src/lib.rs:148:47:
[INFO] [stdout] GITHUB_TOKEN env var is required: NotPresent
[INFO] [stdout] stack backtrace:
[INFO] [stdout]    0:     0x59db6bc41281 - <<std[70759c8f55707aa4]::sys::backtrace::BacktraceLock>::print::DisplayBacktrace as core[df12db4294e9bfd3]::fmt::Display>::fmt
[INFO] [stdout]    1:     0x59db6bc5990a - core[df12db4294e9bfd3]::fmt::write
[INFO] [stdout]    2:     0x59db6bc45d9c - <alloc[2182bb758b4b3781]::vec::Vec<u8> as core[df12db4294e9bfd3]::io::write::Write>::write_fmt
[INFO] [stdout]    3:     0x59db6bc1c3d6 - std[70759c8f55707aa4]::panicking::default_hook::{closure#0}
[INFO] [stdout]    4:     0x59db6bc391b9 - std[70759c8f55707aa4]::panicking::default_hook
[INFO] [stdout]    5:     0x59db6b96e110 - test[9d35eded1c95d3be]::test_main_inner::<test[9d35eded1c95d3be]::test_main_static::{closure#0}>::{closure#0}
[INFO] [stdout]    6:     0x59db6bc394e2 - std[70759c8f55707aa4]::panicking::panic_with_hook
[INFO] [stdout]    7:     0x59db6bc1c482 - std[70759c8f55707aa4]::panicking::panic_handler::{closure#0}
[INFO] [stdout]    8:     0x59db6bc14ee9 - std[70759c8f55707aa4]::sys::backtrace::__rust_end_short_backtrace::<std[70759c8f55707aa4]::panicking::panic_handler::{closure#0}, !>
[INFO] [stdout]    9:     0x59db6bc1d30d - __rustc[8fa7c3cbc660c2b3]::rust_begin_unwind
[INFO] [stdout]   10:     0x59db6bc5a0ec - core[df12db4294e9bfd3]::panicking::panic_fmt
[INFO] [stdout]   11:     0x59db6bc59ec2 - core[df12db4294e9bfd3]::result::unwrap_failed
[INFO] [stdout]   12:     0x59db6b9475c6 - <rss_autogen_giscus[6edce4a9fb39a831]::HttpClients>::test_setup
[INFO] [stdout]   13:     0x59db6b90b86a - rss_autogen_giscus[6edce4a9fb39a831]::gql::tests::test_get_repo_id::{closure#0}::{closure#0}
[INFO] [stdout]   14:     0x59db6b944633 - <tokio[d247a5d5ac7a35ca]::runtime::scheduler::current_thread::Context>::enter::<core[df12db4294e9bfd3]::task::poll::Poll<()>, <tokio[d247a5d5ac7a35ca]::runtime::scheduler::current_thread::CoreGuard>::block_on<core[df12db4294e9bfd3]::pin::Pin<&mut core[df12db4294e9bfd3]::pin::Pin<&mut dyn core[df12db4294e9bfd3]::future::future::Future<Output = ()>>>>::{closure#0}::{closure#0}>
[INFO] [stdout]   15:     0x59db6b94e0ce - <tokio[d247a5d5ac7a35ca]::macros::scoped_tls::ScopedKey<tokio[d247a5d5ac7a35ca]::runtime::scheduler::current_thread::Context>>::set::<<tokio[d247a5d5ac7a35ca]::runtime::scheduler::current_thread::CoreGuard>::enter<<tokio[d247a5d5ac7a35ca]::runtime::scheduler::current_thread::CoreGuard>::block_on<core[df12db4294e9bfd3]::pin::Pin<&mut core[df12db4294e9bfd3]::pin::Pin<&mut dyn core[df12db4294e9bfd3]::future::future::Future<Output = ()>>>>::{closure#0}, core[df12db4294e9bfd3]::option::Option<()>>::{closure#0}, (alloc[2182bb758b4b3781]::boxed::Box<tokio[d247a5d5ac7a35ca]::runtime::scheduler::current_thread::Core>, core[df12db4294e9bfd3]::option::Option<()>)>
[INFO] [stdout]   16:     0x59db6b943eab - <tokio[d247a5d5ac7a35ca]::runtime::scheduler::current_thread::CurrentThread>::block_on::<core[df12db4294e9bfd3]::pin::Pin<&mut dyn core[df12db4294e9bfd3]::future::future::Future<Output = ()>>>
[INFO] [stdout]   17:     0x59db6b9206a2 - <tokio[d247a5d5ac7a35ca]::runtime::runtime::Runtime>::block_on::<core[df12db4294e9bfd3]::pin::Pin<&mut dyn core[df12db4294e9bfd3]::future::future::Future<Output = ()>>>
[INFO] [stdout]   18:     0x59db6b9155ee - <rss_autogen_giscus[6edce4a9fb39a831]::gql::tests::test_get_repo_id::{closure#0} as core[df12db4294e9bfd3]::ops::function::FnOnce<()>>::call_once
[INFO] [stdout]   19:     0x59db6bab180a - serial_test[214a799991796130]::serial_code_lock::local_serial_core
[INFO] [stdout]   20:     0x59db6b948c28 - <rss_autogen_giscus[6edce4a9fb39a831]::gql::tests::test_get_repo_id::{closure#0} as core[df12db4294e9bfd3]::ops::function::FnOnce<()>>::call_once
[INFO] [stdout]   21:     0x59db6b9613fb - test[9d35eded1c95d3be]::__rust_begin_short_backtrace::<core[df12db4294e9bfd3]::result::Result<(), alloc[2182bb758b4b3781]::string::String>, fn() -> core[df12db4294e9bfd3]::result::Result<(), alloc[2182bb758b4b3781]::string::String>>
[INFO] [stdout]   22:     0x59db6b96ea65 - test[9d35eded1c95d3be]::run_test::{closure#0}
[INFO] [stdout]   23:     0x59db6b968324 - std[70759c8f55707aa4]::sys::backtrace::__rust_begin_short_backtrace::<test[9d35eded1c95d3be]::run_test::{closure#1}, ()>
[INFO] [stdout]   24:     0x59db6b971bc2 - <std[70759c8f55707aa4]::thread::lifecycle::spawn_unchecked<test[9d35eded1c95d3be]::run_test::{closure#1}, ()>::{closure#1} as core[df12db4294e9bfd3]::ops::function::FnOnce<()>>::call_once::{shim:vtable#0}
[INFO] [stdout]   25:     0x59db6bc407a9 - <std[70759c8f55707aa4]::sys::thread::unix::Thread>::new::thread_start
[INFO] [stdout]   26:     0x7e25f4e1adfa - <unknown>
[INFO] [stdout]   27:     0x7e25f4eae3d4 - clone
[INFO] [stdout]   28:                0x0 - <unknown>
[INFO] [stdout] 
[INFO] [stdout] ---- gql::tests::test_discussion_not_exists stdout ----
[INFO] [stdout] 
[INFO] [stdout] thread 'gql::tests::test_discussion_not_exists' (4081) panicked at src/lib.rs:148:47:
[INFO] [stdout] GITHUB_TOKEN env var is required: NotPresent
[INFO] [stdout] stack backtrace:
[INFO] [stdout]    0:     0x59db6bc41281 - <<std[70759c8f55707aa4]::sys::backtrace::BacktraceLock>::print::DisplayBacktrace as core[df12db4294e9bfd3]::fmt::Display>::fmt
[INFO] [stdout]    1:     0x59db6bc5990a - core[df12db4294e9bfd3]::fmt::write
[INFO] [stdout]    2:     0x59db6bc45d9c - <alloc[2182bb758b4b3781]::vec::Vec<u8> as core[df12db4294e9bfd3]::io::write::Write>::write_fmt
[INFO] [stdout]    3:     0x59db6bc1c3d6 - std[70759c8f55707aa4]::panicking::default_hook::{closure#0}
[INFO] [stdout]    4:     0x59db6bc391b9 - std[70759c8f55707aa4]::panicking::default_hook
[INFO] [stdout]    5:     0x59db6b96e110 - test[9d35eded1c95d3be]::test_main_inner::<test[9d35eded1c95d3be]::test_main_static::{closure#0}>::{closure#0}
[INFO] [stdout]    6:     0x59db6bc394e2 - std[70759c8f55707aa4]::panicking::panic_with_hook
[INFO] [stdout]    7:     0x59db6bc1c482 - std[70759c8f55707aa4]::panicking::panic_handler::{closure#0}
[INFO] [stdout]    8:     0x59db6bc14ee9 - std[70759c8f55707aa4]::sys::backtrace::__rust_end_short_backtrace::<std[70759c8f55707aa4]::panicking::panic_handler::{closure#0}, !>
[INFO] [stdout]    9:     0x59db6bc1d30d - __rustc[8fa7c3cbc660c2b3]::rust_begin_unwind
[INFO] [stdout]   10:     0x59db6bc5a0ec - core[df12db4294e9bfd3]::panicking::panic_fmt
[INFO] [stdout]   11:     0x59db6bc59ec2 - core[df12db4294e9bfd3]::result::unwrap_failed
[INFO] [stdout]   12:     0x59db6b9475c6 - <rss_autogen_giscus[6edce4a9fb39a831]::HttpClients>::test_setup
[INFO] [stdout]   13:     0x59db6b90fe23 - rss_autogen_giscus[6edce4a9fb39a831]::gql::tests::test_discussion_not_exists::{closure#0}::{closure#0}
[INFO] [stdout]   14:     0x59db6b944633 - <tokio[d247a5d5ac7a35ca]::runtime::scheduler::current_thread::Context>::enter::<core[df12db4294e9bfd3]::task::poll::Poll<()>, <tokio[d247a5d5ac7a35ca]::runtime::scheduler::current_thread::CoreGuard>::block_on<core[df12db4294e9bfd3]::pin::Pin<&mut core[df12db4294e9bfd3]::pin::Pin<&mut dyn core[df12db4294e9bfd3]::future::future::Future<Output = ()>>>>::{closure#0}::{closure#0}>
[INFO] [stdout]   15:     0x59db6b94e0ce - <tokio[d247a5d5ac7a35ca]::macros::scoped_tls::ScopedKey<tokio[d247a5d5ac7a35ca]::runtime::scheduler::current_thread::Context>>::set::<<tokio[d247a5d5ac7a35ca]::runtime::scheduler::current_thread::CoreGuard>::enter<<tokio[d247a5d5ac7a35ca]::runtime::scheduler::current_thread::CoreGuard>::block_on<core[df12db4294e9bfd3]::pin::Pin<&mut core[df12db4294e9bfd3]::pin::Pin<&mut dyn core[df12db4294e9bfd3]::future::future::Future<Output = ()>>>>::{closure#0}, core[df12db4294e9bfd3]::option::Option<()>>::{closure#0}, (alloc[2182bb758b4b3781]::boxed::Box<tokio[d247a5d5ac7a35ca]::runtime::scheduler::current_thread::Core>, core[df12db4294e9bfd3]::option::Option<()>)>
[INFO] [stdout]   16:     0x59db6b943eab - <tokio[d247a5d5ac7a35ca]::runtime::scheduler::current_thread::CurrentThread>::block_on::<core[df12db4294e9bfd3]::pin::Pin<&mut dyn core[df12db4294e9bfd3]::future::future::Future<Output = ()>>>
[INFO] [stdout]   17:     0x59db6b9206a2 - <tokio[d247a5d5ac7a35ca]::runtime::runtime::Runtime>::block_on::<core[df12db4294e9bfd3]::pin::Pin<&mut dyn core[df12db4294e9bfd3]::future::future::Future<Output = ()>>>
[INFO] [stdout]   18:     0x59db6b915edb - <rss_autogen_giscus[6edce4a9fb39a831]::gql::tests::test_discussion_not_exists::{closure#0} as core[df12db4294e9bfd3]::ops::function::FnOnce<()>>::call_once
[INFO] [stdout]   19:     0x59db6bab180a - serial_test[214a799991796130]::serial_code_lock::local_serial_core
[INFO] [stdout]   20:     0x59db6b948d48 - <rss_autogen_giscus[6edce4a9fb39a831]::gql::tests::test_discussion_not_exists::{closure#0} as core[df12db4294e9bfd3]::ops::function::FnOnce<()>>::call_once
[INFO] [stdout]   21:     0x59db6b9613fb - test[9d35eded1c95d3be]::__rust_begin_short_backtrace::<core[df12db4294e9bfd3]::result::Result<(), alloc[2182bb758b4b3781]::string::String>, fn() -> core[df12db4294e9bfd3]::result::Result<(), alloc[2182bb758b4b3781]::string::String>>
[INFO] [stdout]   22:     0x59db6b96ea65 - test[9d35eded1c95d3be]::run_test::{closure#0}
[INFO] [stdout]   23:     0x59db6b968324 - std[70759c8f55707aa4]::sys::backtrace::__rust_begin_short_backtrace::<test[9d35eded1c95d3be]::run_test::{closure#1}, ()>
[INFO] [stdout]   24:     0x59db6b971bc2 - <std[70759c8f55707aa4]::thread::lifecycle::spawn_unchecked<test[9d35eded1c95d3be]::run_test::{closure#1}, ()>::{closure#1} as core[df12db4294e9bfd3]::ops::function::FnOnce<()>>::call_once::{shim:vtable#0}
[INFO] [stdout]   25:     0x59db6bc407a9 - <std[70759c8f55707aa4]::sys::thread::unix::Thread>::new::thread_start
[INFO] [stdout]   26:     0x7e25f4e1adfa - <unknown>
[INFO] [stdout]   27:     0x7e25f4eae3d4 - clone
[INFO] [stdout]   28:                0x0 - <unknown>
[INFO] [stdout] 
[INFO] [stdout] ---- post::tests::test_extract_post_details_complex stdout ----
[INFO] [stdout] 
[INFO] [stdout] thread 'post::tests::test_extract_post_details_complex' (4088) panicked at src/post.rs:152:9:
[INFO] [stdout] assertion failed: Err(reqwest::Error { kind: Request, url: Url { scheme: "https", cannot_be_a_base: false, username: "", password: None, host: Some(Domain("rss.cbc.ca")), port: None, path: "/lineup/topstories.xml", query: None, fragment: None }, source: hyper::Error(Connect, ConnectError("dns error", Custom { kind: Uncategorized, error: "failed to lookup address information: Temporary failure in name resolution" })) })
[INFO] [stdout] stack backtrace:
[INFO] [stdout]    0:     0x59db6bc41281 - <<std[70759c8f55707aa4]::sys::backtrace::BacktraceLock>::print::DisplayBacktrace as core[df12db4294e9bfd3]::fmt::Display>::fmt
[INFO] [stdout]    1:     0x59db6bc5990a - core[df12db4294e9bfd3]::fmt::write
[INFO] [stdout]    2:     0x59db6bc45d9c - <alloc[2182bb758b4b3781]::vec::Vec<u8> as core[df12db4294e9bfd3]::io::write::Write>::write_fmt
[INFO] [stdout]    3:     0x59db6bc1c3d6 - std[70759c8f55707aa4]::panicking::default_hook::{closure#0}
[INFO] [stdout]    4:     0x59db6bc391b9 - std[70759c8f55707aa4]::panicking::default_hook
[INFO] [stdout]    5:     0x59db6b96e110 - test[9d35eded1c95d3be]::test_main_inner::<test[9d35eded1c95d3be]::test_main_static::{closure#0}>::{closure#0}
[INFO] [stdout]    6:     0x59db6bc394e2 - std[70759c8f55707aa4]::panicking::panic_with_hook
[INFO] [stdout]    7:     0x59db6bc1c482 - std[70759c8f55707aa4]::panicking::panic_handler::{closure#0}
[INFO] [stdout]    8:     0x59db6bc14ee9 - std[70759c8f55707aa4]::sys::backtrace::__rust_end_short_backtrace::<std[70759c8f55707aa4]::panicking::panic_handler::{closure#0}, !>
[INFO] [stdout]    9:     0x59db6bc1d30d - __rustc[8fa7c3cbc660c2b3]::rust_begin_unwind
[INFO] [stdout]   10:     0x59db6bc5a0ec - core[df12db4294e9bfd3]::panicking::panic_fmt
[INFO] [stdout]   11:     0x59db6b935fa0 - rss_autogen_giscus[6edce4a9fb39a831]::post::tests::post_details_internal::{closure#0}
[INFO] [stdout]   12:     0x59db6b937033 - rss_autogen_giscus[6edce4a9fb39a831]::post::tests::test_extract_post_details_complex::{closure#0}
[INFO] [stdout]   13:     0x59db6b944633 - <tokio[d247a5d5ac7a35ca]::runtime::scheduler::current_thread::Context>::enter::<core[df12db4294e9bfd3]::task::poll::Poll<()>, <tokio[d247a5d5ac7a35ca]::runtime::scheduler::current_thread::CoreGuard>::block_on<core[df12db4294e9bfd3]::pin::Pin<&mut core[df12db4294e9bfd3]::pin::Pin<&mut dyn core[df12db4294e9bfd3]::future::future::Future<Output = ()>>>>::{closure#0}::{closure#0}>
[INFO] [stdout]   14:     0x59db6b94e0ce - <tokio[d247a5d5ac7a35ca]::macros::scoped_tls::ScopedKey<tokio[d247a5d5ac7a35ca]::runtime::scheduler::current_thread::Context>>::set::<<tokio[d247a5d5ac7a35ca]::runtime::scheduler::current_thread::CoreGuard>::enter<<tokio[d247a5d5ac7a35ca]::runtime::scheduler::current_thread::CoreGuard>::block_on<core[df12db4294e9bfd3]::pin::Pin<&mut core[df12db4294e9bfd3]::pin::Pin<&mut dyn core[df12db4294e9bfd3]::future::future::Future<Output = ()>>>>::{closure#0}, core[df12db4294e9bfd3]::option::Option<()>>::{closure#0}, (alloc[2182bb758b4b3781]::boxed::Box<tokio[d247a5d5ac7a35ca]::runtime::scheduler::current_thread::Core>, core[df12db4294e9bfd3]::option::Option<()>)>
[INFO] [stdout]   15:     0x59db6b943eab - <tokio[d247a5d5ac7a35ca]::runtime::scheduler::current_thread::CurrentThread>::block_on::<core[df12db4294e9bfd3]::pin::Pin<&mut dyn core[df12db4294e9bfd3]::future::future::Future<Output = ()>>>
[INFO] [stdout]   16:     0x59db6b9206a2 - <tokio[d247a5d5ac7a35ca]::runtime::runtime::Runtime>::block_on::<core[df12db4294e9bfd3]::pin::Pin<&mut dyn core[df12db4294e9bfd3]::future::future::Future<Output = ()>>>
[INFO] [stdout]   17:     0x59db6b9379ae - rss_autogen_giscus[6edce4a9fb39a831]::post::tests::test_extract_post_details_complex
[INFO] [stdout]   18:     0x59db6b948e19 - <rss_autogen_giscus[6edce4a9fb39a831]::post::tests::test_extract_post_details_complex::{closure#0} as core[df12db4294e9bfd3]::ops::function::FnOnce<()>>::call_once
[INFO] [stdout]   19:     0x59db6b9613fb - test[9d35eded1c95d3be]::__rust_begin_short_backtrace::<core[df12db4294e9bfd3]::result::Result<(), alloc[2182bb758b4b3781]::string::String>, fn() -> core[df12db4294e9bfd3]::result::Result<(), alloc[2182bb758b4b3781]::string::String>>
[INFO] [stdout]   20:     0x59db6b96ea65 - test[9d35eded1c95d3be]::run_test::{closure#0}
[INFO] [stdout]   21:     0x59db6b968324 - std[70759c8f55707aa4]::sys::backtrace::__rust_begin_short_backtrace::<test[9d35eded1c95d3be]::run_test::{closure#1}, ()>
[INFO] [stdout]   22:     0x59db6b971bc2 - <std[70759c8f55707aa4]::thread::lifecycle::spawn_unchecked<test[9d35eded1c95d3be]::run_test::{closure#1}, ()>::{closure#1} as core[df12db4294e9bfd3]::ops::function::FnOnce<()>>::call_once::{shim:vtable#0}
[INFO] [stdout]   23:     0x59db6bc407a9 - <std[70759c8f55707aa4]::sys::thread::unix::Thread>::new::thread_start
[INFO] [stdout]   24:     0x7e25f4e1adfa - <unknown>
[INFO] [stdout]   25:     0x7e25f4eae3d4 - clone
[INFO] [stdout]   26:                0x0 - <unknown>
[INFO] [stdout] 
[INFO] [stdout] ---- post::tests::test_get_post_url stdout ----
[INFO] [stdout] 
[INFO] [stdout] thread 'post::tests::test_get_post_url' (4089) panicked at src/post.rs:106:9:
[INFO] [stdout] assertion failed: Err(reqwest::Error { kind: Request, url: Url { scheme: "https", cannot_be_a_base: false, username: "", password: None, host: Some(Domain("team-role-org-testing.github.io")), port: None, path: "/feed.xml", query: None, fragment: None }, source: hyper::Error(Connect, ConnectError("dns error", Custom { kind: Uncategorized, error: "failed to lookup address information: Temporary failure in name resolution" })) })
[INFO] [stdout] stack backtrace:
[INFO] [stdout]    0:     0x59db6bc41281 - <<std[70759c8f55707aa4]::sys::backtrace::BacktraceLock>::print::DisplayBacktrace as core[df12db4294e9bfd3]::fmt::Display>::fmt
[INFO] [stdout]    1:     0x59db6bc5990a - core[df12db4294e9bfd3]::fmt::write
[INFO] [stdout]    2:     0x59db6bc45d9c - <alloc[2182bb758b4b3781]::vec::Vec<u8> as core[df12db4294e9bfd3]::io::write::Write>::write_fmt
[INFO] [stdout]    3:     0x59db6bc1c3d6 - std[70759c8f55707aa4]::panicking::default_hook::{closure#0}
[INFO] [stdout]    4:     0x59db6bc391b9 - std[70759c8f55707aa4]::panicking::default_hook
[INFO] [stdout]    5:     0x59db6b96e110 - test[9d35eded1c95d3be]::test_main_inner::<test[9d35eded1c95d3be]::test_main_static::{closure#0}>::{closure#0}
[INFO] [stdout]    6:     0x59db6bc394e2 - std[70759c8f55707aa4]::panicking::panic_with_hook
[INFO] [stdout]    7:     0x59db6bc1c482 - std[70759c8f55707aa4]::panicking::panic_handler::{closure#0}
[INFO] [stdout]    8:     0x59db6bc14ee9 - std[70759c8f55707aa4]::sys::backtrace::__rust_end_short_backtrace::<std[70759c8f55707aa4]::panicking::panic_handler::{closure#0}, !>
[INFO] [stdout]    9:     0x59db6bc1d30d - __rustc[8fa7c3cbc660c2b3]::rust_begin_unwind
[INFO] [stdout]   10:     0x59db6bc5a0ec - core[df12db4294e9bfd3]::panicking::panic_fmt
[INFO] [stdout]   11:     0x59db6b936561 - rss_autogen_giscus[6edce4a9fb39a831]::post::tests::test_get_post_url::{closure#0}
[INFO] [stdout]   12:     0x59db6b944633 - <tokio[d247a5d5ac7a35ca]::runtime::scheduler::current_thread::Context>::enter::<core[df12db4294e9bfd3]::task::poll::Poll<()>, <tokio[d247a5d5ac7a35ca]::runtime::scheduler::current_thread::CoreGuard>::block_on<core[df12db4294e9bfd3]::pin::Pin<&mut core[df12db4294e9bfd3]::pin::Pin<&mut dyn core[df12db4294e9bfd3]::future::future::Future<Output = ()>>>>::{closure#0}::{closure#0}>
[INFO] [stdout]   13:     0x59db6b94e0ce - <tokio[d247a5d5ac7a35ca]::macros::scoped_tls::ScopedKey<tokio[d247a5d5ac7a35ca]::runtime::scheduler::current_thread::Context>>::set::<<tokio[d247a5d5ac7a35ca]::runtime::scheduler::current_thread::CoreGuard>::enter<<tokio[d247a5d5ac7a35ca]::runtime::scheduler::current_thread::CoreGuard>::block_on<core[df12db4294e9bfd3]::pin::Pin<&mut core[df12db4294e9bfd3]::pin::Pin<&mut dyn core[df12db4294e9bfd3]::future::future::Future<Output = ()>>>>::{closure#0}, core[df12db4294e9bfd3]::option::Option<()>>::{closure#0}, (alloc[2182bb758b4b3781]::boxed::Box<tokio[d247a5d5ac7a35ca]::runtime::scheduler::current_thread::Core>, core[df12db4294e9bfd3]::option::Option<()>)>
[INFO] [stdout]   14:     0x59db6b943eab - <tokio[d247a5d5ac7a35ca]::runtime::scheduler::current_thread::CurrentThread>::block_on::<core[df12db4294e9bfd3]::pin::Pin<&mut dyn core[df12db4294e9bfd3]::future::future::Future<Output = ()>>>
[INFO] [stdout]   15:     0x59db6b9206a2 - <tokio[d247a5d5ac7a35ca]::runtime::runtime::Runtime>::block_on::<core[df12db4294e9bfd3]::pin::Pin<&mut dyn core[df12db4294e9bfd3]::future::future::Future<Output = ()>>>
[INFO] [stdout]   16:     0x59db6b93720b - rss_autogen_giscus[6edce4a9fb39a831]::post::tests::test_get_post_url
[INFO] [stdout]   17:     0x59db6b948d99 - <rss_autogen_giscus[6edce4a9fb39a831]::post::tests::test_get_post_url::{closure#0} as core[df12db4294e9bfd3]::ops::function::FnOnce<()>>::call_once
[INFO] [stdout]   18:     0x59db6b9613fb - test[9d35eded1c95d3be]::__rust_begin_short_backtrace::<core[df12db4294e9bfd3]::result::Result<(), alloc[2182bb758b4b3781]::string::String>, fn() -> core[df12db4294e9bfd3]::result::Result<(), alloc[2182bb758b4b3781]::string::String>>
[INFO] [stdout]   19:     0x59db6b96ea65 - test[9d35eded1c95d3be]::run_test::{closure#0}
[INFO] [stdout]   20:     0x59db6b968324 - std[70759c8f55707aa4]::sys::backtrace::__rust_begin_short_backtrace::<test[9d35eded1c95d3be]::run_test::{closure#1}, ()>
[INFO] [stdout]   21:     0x59db6b971bc2 - <std[70759c8f55707aa4]::thread::lifecycle::spawn_unchecked<test[9d35eded1c95d3be]::run_test::{closure#1}, ()>::{closure#1} as core[df12db4294e9bfd3]::ops::function::FnOnce<()>>::call_once::{shim:vtable#0}
[INFO] [stdout]   22:     0x59db6bc407a9 - <std[70759c8f55707aa4]::sys::thread::unix::Thread>::new::thread_start
[INFO] [stdout]   23:     0x7e25f4e1adfa - <unknown>
[INFO] [stdout]   24:     0x7e25f4eae3d4 - clone
[INFO] [stdout]   25:                0x0 - <unknown>
[INFO] [stdout] 
[INFO] [stdout] ---- post::tests::test_get_post_url_complex stdout ----
[INFO] [stdout] 
[INFO] [stdout] thread 'post::tests::test_get_post_url_complex' (4090) panicked at src/post.rs:119:9:
[INFO] [stdout] assertion failed: Err(reqwest::Error { kind: Request, url: Url { scheme: "https", cannot_be_a_base: false, username: "", password: None, host: Some(Domain("rss.cbc.ca")), port: None, path: "/lineup/topstories.xml", query: None, fragment: None }, source: hyper::Error(Connect, ConnectError("dns error", Custom { kind: Uncategorized, error: "failed to lookup address information: Temporary failure in name resolution" })) })
[INFO] [stdout] stack backtrace:
[INFO] [stdout]    0:     0x59db6bc41281 - <<std[70759c8f55707aa4]::sys::backtrace::BacktraceLock>::print::DisplayBacktrace as core[df12db4294e9bfd3]::fmt::Display>::fmt
[INFO] [stdout]    1:     0x59db6bc5990a - core[df12db4294e9bfd3]::fmt::write
[INFO] [stdout]    2:     0x59db6bc45d9c - <alloc[2182bb758b4b3781]::vec::Vec<u8> as core[df12db4294e9bfd3]::io::write::Write>::write_fmt
[INFO] [stdout]    3:     0x59db6bc1c3d6 - std[70759c8f55707aa4]::panicking::default_hook::{closure#0}
[INFO] [stdout]    4:     0x59db6bc391b9 - std[70759c8f55707aa4]::panicking::default_hook
[INFO] [stdout]    5:     0x59db6b96e110 - test[9d35eded1c95d3be]::test_main_inner::<test[9d35eded1c95d3be]::test_main_static::{closure#0}>::{closure#0}
[INFO] [stdout]    6:     0x59db6bc394e2 - std[70759c8f55707aa4]::panicking::panic_with_hook
[INFO] [stdout]    7:     0x59db6bc1c482 - std[70759c8f55707aa4]::panicking::panic_handler::{closure#0}
[INFO] [stdout]    8:     0x59db6bc14ee9 - std[70759c8f55707aa4]::sys::backtrace::__rust_end_short_backtrace::<std[70759c8f55707aa4]::panicking::panic_handler::{closure#0}, !>
[INFO] [stdout]    9:     0x59db6bc1d30d - __rustc[8fa7c3cbc660c2b3]::rust_begin_unwind
[INFO] [stdout]   10:     0x59db6bc5a0ec - core[df12db4294e9bfd3]::panicking::panic_fmt
[INFO] [stdout]   11:     0x59db6b936db8 - rss_autogen_giscus[6edce4a9fb39a831]::post::tests::test_get_post_url_complex::{closure#0}
[INFO] [stdout]   12:     0x59db6b944633 - <tokio[d247a5d5ac7a35ca]::runtime::scheduler::current_thread::Context>::enter::<core[df12db4294e9bfd3]::task::poll::Poll<()>, <tokio[d247a5d5ac7a35ca]::runtime::scheduler::current_thread::CoreGuard>::block_on<core[df12db4294e9bfd3]::pin::Pin<&mut core[df12db4294e9bfd3]::pin::Pin<&mut dyn core[df12db4294e9bfd3]::future::future::Future<Output = ()>>>>::{closure#0}::{closure#0}>
[INFO] [stdout]   13:     0x59db6b94e0ce - <tokio[d247a5d5ac7a35ca]::macros::scoped_tls::ScopedKey<tokio[d247a5d5ac7a35ca]::runtime::scheduler::current_thread::Context>>::set::<<tokio[d247a5d5ac7a35ca]::runtime::scheduler::current_thread::CoreGuard>::enter<<tokio[d247a5d5ac7a35ca]::runtime::scheduler::current_thread::CoreGuard>::block_on<core[df12db4294e9bfd3]::pin::Pin<&mut core[df12db4294e9bfd3]::pin::Pin<&mut dyn core[df12db4294e9bfd3]::future::future::Future<Output = ()>>>>::{closure#0}, core[df12db4294e9bfd3]::option::Option<()>>::{closure#0}, (alloc[2182bb758b4b3781]::boxed::Box<tokio[d247a5d5ac7a35ca]::runtime::scheduler::current_thread::Core>, core[df12db4294e9bfd3]::option::Option<()>)>
[INFO] [stdout]   14:     0x59db6b943eab - <tokio[d247a5d5ac7a35ca]::runtime::scheduler::current_thread::CurrentThread>::block_on::<core[df12db4294e9bfd3]::pin::Pin<&mut dyn core[df12db4294e9bfd3]::future::future::Future<Output = ()>>>
[INFO] [stdout]   15:     0x59db6b9206a2 - <tokio[d247a5d5ac7a35ca]::runtime::runtime::Runtime>::block_on::<core[df12db4294e9bfd3]::pin::Pin<&mut dyn core[df12db4294e9bfd3]::future::future::Future<Output = ()>>>
[INFO] [stdout]   16:     0x59db6b9377ab - rss_autogen_giscus[6edce4a9fb39a831]::post::tests::test_get_post_url_complex
[INFO] [stdout]   17:     0x59db6b948df9 - <rss_autogen_giscus[6edce4a9fb39a831]::post::tests::test_get_post_url_complex::{closure#0} as core[df12db4294e9bfd3]::ops::function::FnOnce<()>>::call_once
[INFO] [stdout]   18:     0x59db6b9613fb - test[9d35eded1c95d3be]::__rust_begin_short_backtrace::<core[df12db4294e9bfd3]::result::Result<(), alloc[2182bb758b4b3781]::string::String>, fn() -> core[df12db4294e9bfd3]::result::Result<(), alloc[2182bb758b4b3781]::string::String>>
[INFO] [stdout]   19:     0x59db6b96ea65 - test[9d35eded1c95d3be]::run_test::{closure#0}
[INFO] [stdout]   20:     0x59db6b968324 - std[70759c8f55707aa4]::sys::backtrace::__rust_begin_short_backtrace::<test[9d35eded1c95d3be]::run_test::{closure#1}, ()>
[INFO] [stdout]   21:     0x59db6b971bc2 - <std[70759c8f55707aa4]::thread::lifecycle::spawn_unchecked<test[9d35eded1c95d3be]::run_test::{closure#1}, ()>::{closure#1} as core[df12db4294e9bfd3]::ops::function::FnOnce<()>>::call_once::{shim:vtable#0}
[INFO] [stdout]   22:     0x59db6bc407a9 - <std[70759c8f55707aa4]::sys::thread::unix::Thread>::new::thread_start
[INFO] [stdout]   23:     0x7e25f4e1adfa - <unknown>
[INFO] [stdout]   24:     0x7e25f4eae3d4 - clone
[INFO] [stdout]   25:                0x0 - <unknown>
[INFO] [stdout] 
[INFO] [stdout] ---- post::tests::test_extract_post_details stdout ----
[INFO] [stdout] 
[INFO] [stdout] thread 'post::tests::test_extract_post_details' (4087) panicked at src/post.rs:152:9:
[INFO] [stdout] assertion failed: Err(reqwest::Error { kind: Request, url: Url { scheme: "https", cannot_be_a_base: false, username: "", password: None, host: Some(Domain("team-role-org-testing.github.io")), port: None, path: "/feed.xml", query: None, fragment: None }, source: hyper::Error(Connect, ConnectError("dns error", Custom { kind: Uncategorized, error: "failed to lookup address information: Temporary failure in name resolution" })) })
[INFO] [stdout] stack backtrace:
[INFO] [stdout]    0:     0x59db6bc41281 - <<std[70759c8f55707aa4]::sys::backtrace::BacktraceLock>::print::DisplayBacktrace as core[df12db4294e9bfd3]::fmt::Display>::fmt
[INFO] [stdout]    1:     0x59db6bc5990a - core[df12db4294e9bfd3]::fmt::write
[INFO] [stdout]    2:     0x59db6bc45d9c - <alloc[2182bb758b4b3781]::vec::Vec<u8> as core[df12db4294e9bfd3]::io::write::Write>::write_fmt
[INFO] [stdout]    3:     0x59db6bc1c3d6 - std[70759c8f55707aa4]::panicking::default_hook::{closure#0}
[INFO] [stdout]    4:     0x59db6bc391b9 - std[70759c8f55707aa4]::panicking::default_hook
[INFO] [stdout]    5:     0x59db6b96e110 - test[9d35eded1c95d3be]::test_main_inner::<test[9d35eded1c95d3be]::test_main_static::{closure#0}>::{closure#0}
[INFO] [stdout]    6:     0x59db6bc394e2 - std[70759c8f55707aa4]::panicking::panic_with_hook
[INFO] [stdout]    7:     0x59db6bc1c482 - std[70759c8f55707aa4]::panicking::panic_handler::{closure#0}
[INFO] [stdout]    8:     0x59db6bc14ee9 - std[70759c8f55707aa4]::sys::backtrace::__rust_end_short_backtrace::<std[70759c8f55707aa4]::panicking::panic_handler::{closure#0}, !>
[INFO] [stdout]    9:     0x59db6bc1d30d - __rustc[8fa7c3cbc660c2b3]::rust_begin_unwind
[INFO] [stdout]   10:     0x59db6bc5a0ec - core[df12db4294e9bfd3]::panicking::panic_fmt
[INFO] [stdout]   11:     0x59db6b935fa0 - rss_autogen_giscus[6edce4a9fb39a831]::post::tests::post_details_internal::{closure#0}
[INFO] [stdout]   12:     0x59db6b936995 - rss_autogen_giscus[6edce4a9fb39a831]::post::tests::test_extract_post_details::{closure#0}
[INFO] [stdout]   13:     0x59db6b944633 - <tokio[d247a5d5ac7a35ca]::runtime::scheduler::current_thread::Context>::enter::<core[df12db4294e9bfd3]::task::poll::Poll<()>, <tokio[d247a5d5ac7a35ca]::runtime::scheduler::current_thread::CoreGuard>::block_on<core[df12db4294e9bfd3]::pin::Pin<&mut core[df12db4294e9bfd3]::pin::Pin<&mut dyn core[df12db4294e9bfd3]::future::future::Future<Output = ()>>>>::{closure#0}::{closure#0}>
[INFO] [stdout]   14:     0x59db6b94e0ce - <tokio[d247a5d5ac7a35ca]::macros::scoped_tls::ScopedKey<tokio[d247a5d5ac7a35ca]::runtime::scheduler::current_thread::Context>>::set::<<tokio[d247a5d5ac7a35ca]::runtime::scheduler::current_thread::CoreGuard>::enter<<tokio[d247a5d5ac7a35ca]::runtime::scheduler::current_thread::CoreGuard>::block_on<core[df12db4294e9bfd3]::pin::Pin<&mut core[df12db4294e9bfd3]::pin::Pin<&mut dyn core[df12db4294e9bfd3]::future::future::Future<Output = ()>>>>::{closure#0}, core[df12db4294e9bfd3]::option::Option<()>>::{closure#0}, (alloc[2182bb758b4b3781]::boxed::Box<tokio[d247a5d5ac7a35ca]::runtime::scheduler::current_thread::Core>, core[df12db4294e9bfd3]::option::Option<()>)>
[INFO] [stdout]   15:     0x59db6b943eab - <tokio[d247a5d5ac7a35ca]::runtime::scheduler::current_thread::CurrentThread>::block_on::<core[df12db4294e9bfd3]::pin::Pin<&mut dyn core[df12db4294e9bfd3]::future::future::Future<Output = ()>>>
[INFO] [stdout]   16:     0x59db6b9206a2 - <tokio[d247a5d5ac7a35ca]::runtime::runtime::Runtime>::block_on::<core[df12db4294e9bfd3]::pin::Pin<&mut dyn core[df12db4294e9bfd3]::future::future::Future<Output = ()>>>
[INFO] [stdout]   17:     0x59db6b93760e - rss_autogen_giscus[6edce4a9fb39a831]::post::tests::test_extract_post_details
[INFO] [stdout]   18:     0x59db6b948dd9 - <rss_autogen_giscus[6edce4a9fb39a831]::post::tests::test_extract_post_details::{closure#0} as core[df12db4294e9bfd3]::ops::function::FnOnce<()>>::call_once
[INFO] [stdout]   19:     0x59db6b9613fb - test[9d35eded1c95d3be]::__rust_begin_short_backtrace::<core[df12db4294e9bfd3]::result::Result<(), alloc[2182bb758b4b3781]::string::String>, fn() -> core[df12db4294e9bfd3]::result::Result<(), alloc[2182bb758b4b3781]::string::String>>
[INFO] [stdout]   20:     0x59db6b96ea65 - test[9d35eded1c95d3be]::run_test::{closure#0}
[INFO] [stdout]   21:     0x59db6b968324 - std[70759c8f55707aa4]::sys::backtrace::__rust_begin_short_backtrace::<test[9d35eded1c95d3be]::run_test::{closure#1}, ()>
[INFO] [stdout]   22:     0x59db6b971bc2 - <std[70759c8f55707aa4]::thread::lifecycle::spawn_unchecked<test[9d35eded1c95d3be]::run_test::{closure#1}, ()>::{closure#1} as core[df12db4294e9bfd3]::ops::function::FnOnce<()>>::call_once::{shim:vtable#0}
[INFO] [stdout]   23:     0x59db6bc407a9 - <std[70759c8f55707aa4]::sys::thread::unix::Thread>::new::thread_start
[INFO] [stdout]   24:     0x7e25f4e1adfa - <unknown>
[INFO] [stdout]   25:     0x7e25f4eae3d4 - clone
[INFO] [stdout]   26:                0x0 - <unknown>
[INFO] [stdout] 
[INFO] [stdout] ---- gql::tests::test_discussion_paging stdout ----
[INFO] [stdout] 
[INFO] [stdout] thread 'gql::tests::test_discussion_paging' (4082) panicked at src/lib.rs:148:47:
[INFO] [stdout] GITHUB_TOKEN env var is required: NotPresent
[INFO] [stdout] stack backtrace:
[INFO] [stdout]    0:     0x59db6bc41281 - <<std[70759c8f55707aa4]::sys::backtrace::BacktraceLock>::print::DisplayBacktrace as core[df12db4294e9bfd3]::fmt::Display>::fmt
[INFO] [stdout]    1:     0x59db6bc5990a - core[df12db4294e9bfd3]::fmt::write
[INFO] [stdout]    2:     0x59db6bc45d9c - <alloc[2182bb758b4b3781]::vec::Vec<u8> as core[df12db4294e9bfd3]::io::write::Write>::write_fmt
[INFO] [stdout]    3:     0x59db6bc1c3d6 - std[70759c8f55707aa4]::panicking::default_hook::{closure#0}
[INFO] [stdout]    4:     0x59db6bc391b9 - std[70759c8f55707aa4]::panicking::default_hook
[INFO] [stdout]    5:     0x59db6b96e110 - test[9d35eded1c95d3be]::test_main_inner::<test[9d35eded1c95d3be]::test_main_static::{closure#0}>::{closure#0}
[INFO] [stdout]    6:     0x59db6bc394e2 - std[70759c8f55707aa4]::panicking::panic_with_hook
[INFO] [stdout]    7:     0x59db6bc1c482 - std[70759c8f55707aa4]::panicking::panic_handler::{closure#0}
[INFO] [stdout]    8:     0x59db6bc14ee9 - std[70759c8f55707aa4]::sys::backtrace::__rust_end_short_backtrace::<std[70759c8f55707aa4]::panicking::panic_handler::{closure#0}, !>
[INFO] [stdout]    9:     0x59db6bc1d30d - __rustc[8fa7c3cbc660c2b3]::rust_begin_unwind
[INFO] [stdout]   10:     0x59db6bc5a0ec - core[df12db4294e9bfd3]::panicking::panic_fmt
[INFO] [stdout]   11:     0x59db6bc59ec2 - core[df12db4294e9bfd3]::result::unwrap_failed
[INFO] [stdout]   12:     0x59db6b9475c6 - <rss_autogen_giscus[6edce4a9fb39a831]::HttpClients>::test_setup
[INFO] [stdout]   13:     0x59db6b90c426 - rss_autogen_giscus[6edce4a9fb39a831]::gql::tests::test_discussion_paging::{closure#0}::{closure#0}
[INFO] [stdout]   14:     0x59db6b944633 - <tokio[d247a5d5ac7a35ca]::runtime::scheduler::current_thread::Context>::enter::<core[df12db4294e9bfd3]::task::poll::Poll<()>, <tokio[d247a5d5ac7a35ca]::runtime::scheduler::current_thread::CoreGuard>::block_on<core[df12db4294e9bfd3]::pin::Pin<&mut core[df12db4294e9bfd3]::pin::Pin<&mut dyn core[df12db4294e9bfd3]::future::future::Future<Output = ()>>>>::{closure#0}::{closure#0}>
[INFO] [stdout]   15:     0x59db6b94e0ce - <tokio[d247a5d5ac7a35ca]::macros::scoped_tls::ScopedKey<tokio[d247a5d5ac7a35ca]::runtime::scheduler::current_thread::Context>>::set::<<tokio[d247a5d5ac7a35ca]::runtime::scheduler::current_thread::CoreGuard>::enter<<tokio[d247a5d5ac7a35ca]::runtime::scheduler::current_thread::CoreGuard>::block_on<core[df12db4294e9bfd3]::pin::Pin<&mut core[df12db4294e9bfd3]::pin::Pin<&mut dyn core[df12db4294e9bfd3]::future::future::Future<Output = ()>>>>::{closure#0}, core[df12db4294e9bfd3]::option::Option<()>>::{closure#0}, (alloc[2182bb758b4b3781]::boxed::Box<tokio[d247a5d5ac7a35ca]::runtime::scheduler::current_thread::Core>, core[df12db4294e9bfd3]::option::Option<()>)>
[INFO] [stdout]   16:     0x59db6b943eab - <tokio[d247a5d5ac7a35ca]::runtime::scheduler::current_thread::CurrentThread>::block_on::<core[df12db4294e9bfd3]::pin::Pin<&mut dyn core[df12db4294e9bfd3]::future::future::Future<Output = ()>>>
[INFO] [stdout]   17:     0x59db6b9206a2 - <tokio[d247a5d5ac7a35ca]::runtime::runtime::Runtime>::block_on::<core[df12db4294e9bfd3]::pin::Pin<&mut dyn core[df12db4294e9bfd3]::future::future::Future<Output = ()>>>
[INFO] [stdout]   18:     0x59db6b91591b - <rss_autogen_giscus[6edce4a9fb39a831]::gql::tests::test_discussion_paging::{closure#0} as core[df12db4294e9bfd3]::ops::function::FnOnce<()>>::call_once
[INFO] [stdout]   19:     0x59db6bab180a - serial_test[214a799991796130]::serial_code_lock::local_serial_core
[INFO] [stdout]   20:     0x59db6b948c88 - <rss_autogen_giscus[6edce4a9fb39a831]::gql::tests::test_discussion_paging::{closure#0} as core[df12db4294e9bfd3]::ops::function::FnOnce<()>>::call_once
[INFO] [stdout]   21:     0x59db6b9613fb - test[9d35eded1c95d3be]::__rust_begin_short_backtrace::<core[df12db4294e9bfd3]::result::Result<(), alloc[2182bb758b4b3781]::string::String>, fn() -> core[df12db4294e9bfd3]::result::Result<(), alloc[2182bb758b4b3781]::string::String>>
[INFO] [stdout]   22:     0x59db6b96ea65 - test[9d35eded1c95d3be]::run_test::{closure#0}
[INFO] [stdout]   23:     0x59db6b968324 - std[70759c8f55707aa4]::sys::backtrace::__rust_begin_short_backtrace::<test[9d35eded1c95d3be]::run_test::{closure#1}, ()>
[INFO] [stdout]   24:     0x59db6b971bc2 - <std[70759c8f55707aa4]::thread::lifecycle::spawn_unchecked<test[9d35eded1c95d3be]::run_test::{closure#1}, ()>::{closure#1} as core[df12db4294e9bfd3]::ops::function::FnOnce<()>>::call_once::{shim:vtable#0}
[INFO] [stdout]   25:     0x59db6bc407a9 - <std[70759c8f55707aa4]::sys::thread::unix::Thread>::new::thread_start
[INFO] [stdout]   26:     0x7e25f4e1adfa - <unknown>
[INFO] [stdout]   27:     0x7e25f4eae3d4 - clone
[INFO] [stdout]   28:                0x0 - <unknown>
[INFO] [stdout] 
[INFO] [stdout] 
[INFO] [stdout] failures:
[INFO] [stdout]     gql::tests::test_blogs_category_query
[INFO] [stdout]     gql::tests::test_discussion_exists
[INFO] [stdout]     gql::tests::test_discussion_not_exists
[INFO] [stdout]     gql::tests::test_discussion_paging
[INFO] [stdout]     gql::tests::test_generate_mutation
[INFO] [stdout]     gql::tests::test_get_repo_id
[INFO] [stdout]     gql::tests::test_qa_category_query
[INFO] [stdout]     post::tests::test_extract_post_details
[INFO] [stdout]     post::tests::test_extract_post_details_complex
[INFO] [stdout]     post::tests::test_get_post_url
[INFO] [stdout]     post::tests::test_get_post_url_complex
[INFO] [stdout] 
[INFO] [stdout] test result: FAILED. 2 passed; 11 failed; 0 ignored; 0 measured; 0 filtered out; finished in 1.07s
[INFO] [stdout] 
[INFO] running `Command { std: "docker" "inspect" "d9b599ce8525c52824cc337949041fcdee9ef8e8b3c4ec177b91bd6f81ce6428", kill_on_drop: false }`
[INFO] running `Command { std: "docker" "rm" "-f" "d9b599ce8525c52824cc337949041fcdee9ef8e8b3c4ec177b91bd6f81ce6428", kill_on_drop: false }`
[INFO] [stdout] d9b599ce8525c52824cc337949041fcdee9ef8e8b3c4ec177b91bd6f81ce6428
