[INFO] fetching crate rspotify 0.16.1...
[INFO] testing rspotify-0.16.1 against 1.99.0-beta.8+cargoflags=--release for beta-release-1.100-2
[INFO] extracting crate rspotify 0.16.1 into /workspace/builds/worker-2-tc1/source
[INFO] started tweaking crates.io crate rspotify 0.16.1
[INFO] removed 0 missing examples
[INFO] removed 0 missing tests
[INFO] finished tweaking crates.io crate rspotify 0.16.1
[INFO] tweaked toml for crates.io crate rspotify 0.16.1 written to /workspace/builds/worker-2-tc1/source/Cargo.toml
[INFO] validating manifest of crates.io crate rspotify 0.16.1 on toolchain 1.99.0-beta.8
[INFO] running `Command { std: CARGO_HOME="/workspace/cargo-home" RUSTUP_HOME="/workspace/rustup-home" "/workspace/cargo-home/bin/cargo" "+1.99.0-beta.8" "metadata" "--manifest-path" "Cargo.toml" "--no-deps", kill_on_drop: false }`
[INFO] crate crates.io crate rspotify 0.16.1 already has a lockfile, it will not be regenerated
[INFO] running `Command { std: CARGO_HOME="/workspace/cargo-home" RUSTUP_HOME="/workspace/rustup-home" "/workspace/cargo-home/bin/cargo" "+1.99.0-beta.8" "fetch" "--manifest-path" "Cargo.toml", kill_on_drop: false }`
[INFO] [stderr]     Updating crates.io index
[INFO] [stderr]  Downloading crates ...
[INFO] [stderr]   Downloaded rspotify-http v0.16.1
[INFO] [stderr]   Downloaded rspotify-macros v0.16.1
[INFO] [stderr]   Downloaded rspotify-model v0.16.1
[INFO] [stderr]   Downloaded dotenvy_macro v0.15.7
[INFO] [stderr]   Downloaded cookie_store v0.21.1
[INFO] [stderr]   Downloaded maybe-async v0.2.10
[INFO] [stderr]   Downloaded rustls v0.23.39
[INFO] [stderr]   Downloaded tokio v1.52.1
[INFO] running `Command { std: "docker" "create" "-v" "/var/lib/crater-agent-workspace/builds/worker-2-tc1/source:/opt/rustwide/workdir:ro,Z" "-v" "/var/lib/crater-agent-workspace/builds/worker-2-tc1/target:/opt/rustwide/target:rw,Z" "-v" "/var/lib/crater-agent-workspace/cargo-home:/opt/rustwide/cargo-home:ro,Z" "-v" "/var/lib/crater-agent-workspace/rustup-home:/opt/rustwide/rustup-home:ro,Z" "-m" "1610612736" "--network" "none" "ghcr.io/rust-lang/crates-build-env/linux@sha256:77db811e55d90add9212f6832c23229e3de5f1c1f9905e8cb07319ea15df73ac" "sleep" "infinity", kill_on_drop: false }`
[INFO] [stdout] b294ca0e3cb966ed7982a6ddffa30a1345952c23ab09e6a271b448fc573f26d5
[INFO] running `Command { std: "docker" "start" "b294ca0e3cb966ed7982a6ddffa30a1345952c23ab09e6a271b448fc573f26d5", kill_on_drop: false }`
[INFO] running `Command { std: "docker" "inspect" "b294ca0e3cb966ed7982a6ddffa30a1345952c23ab09e6a271b448fc573f26d5", kill_on_drop: false }`
[INFO] running `Command { std: "docker" "exec" "-e" "SOURCE_DIR=/opt/rustwide/workdir" "-e" "CARGO_HOME=/opt/rustwide/cargo-home" "-e" "RUSTUP_HOME=/opt/rustwide/rustup-home" "-e" "CARGO_TARGET_DIR=/opt/rustwide/target" "-w" "/opt/rustwide/workdir" "--user" "0:0" "b294ca0e3cb966ed7982a6ddffa30a1345952c23ab09e6a271b448fc573f26d5" "/opt/rustwide/cargo-home/bin/cargo" "+1.99.0-beta.8" "metadata" "--no-deps" "--format-version=1", kill_on_drop: false }`
[INFO] running `Command { std: "docker" "inspect" "b294ca0e3cb966ed7982a6ddffa30a1345952c23ab09e6a271b448fc573f26d5", kill_on_drop: false }`
[INFO] running `Command { std: "docker" "exec" "-e" "SOURCE_DIR=/opt/rustwide/workdir" "-e" "CARGO_HOME=/opt/rustwide/cargo-home" "-e" "RUSTUP_HOME=/opt/rustwide/rustup-home" "-e" "CARGO_TARGET_DIR=/opt/rustwide/target" "-e" "CARGO_INCREMENTAL=0" "-e" "RUST_BACKTRACE=full" "-e" "RUSTFLAGS=--cap-lints=warn" "-e" "RUSTDOCFLAGS=--cap-lints=warn" "-w" "/opt/rustwide/workdir" "--user" "0:0" "b294ca0e3cb966ed7982a6ddffa30a1345952c23ab09e6a271b448fc573f26d5" "/opt/rustwide/cargo-home/bin/cargo" "+1.99.0-beta.8" "build" "--frozen" "--message-format=json" "--release", kill_on_drop: false }`
[INFO] [stderr]    Compiling futures-sink v0.3.32
[INFO] [stderr]    Compiling cc v1.2.61
[INFO] [stderr]    Compiling futures-io v0.3.32
[INFO] [stderr]    Compiling syn v2.0.117
[INFO] [stderr]    Compiling openssl v0.10.78
[INFO] [stderr]    Compiling bitflags v2.11.1
[INFO] [stderr]    Compiling tokio v1.52.1
[INFO] [stderr]    Compiling tracing v0.1.44
[INFO] [stderr]    Compiling generic-array v0.14.7
[INFO] [stderr]    Compiling serde_json v1.0.149
[INFO] [stderr]    Compiling iri-string v0.7.12
[INFO] [stderr]    Compiling rspotify-macros v0.16.1
[INFO] [stderr]    Compiling futures-channel v0.3.32
[INFO] [stderr]    Compiling block-buffer v0.10.4
[INFO] [stderr]    Compiling crypto-common v0.1.7
[INFO] [stderr]    Compiling digest v0.10.7
[INFO] [stderr]    Compiling sha2 v0.10.9
[INFO] [stderr]    Compiling openssl-sys v0.9.114
[INFO] [stderr]    Compiling native-tls v0.2.18
[INFO] [stderr]    Compiling synstructure v0.13.2
[INFO] [stderr]    Compiling hyper v1.9.0
[INFO] [stderr]    Compiling zerofrom-derive v0.1.7
[INFO] [stderr]    Compiling yoke-derive v0.8.2
[INFO] [stderr]    Compiling zerovec-derive v0.11.3
[INFO] [stderr]    Compiling displaydoc v0.2.5
[INFO] [stderr]    Compiling futures-macro v0.3.32
[INFO] [stderr]    Compiling serde_derive v1.0.228
[INFO] [stderr]    Compiling openssl-macros v0.1.1
[INFO] [stderr]    Compiling thiserror-impl v2.0.18
[INFO] [stderr]    Compiling strum_macros v0.27.2
[INFO] [stderr]    Compiling enum_dispatch v0.3.13
[INFO] [stderr]    Compiling maybe-async v0.2.10
[INFO] [stderr]    Compiling async-stream-impl v0.3.6
[INFO] [stderr]    Compiling async-trait v0.1.89
[INFO] [stderr]    Compiling async-stream v0.3.6
[INFO] [stderr]    Compiling futures-util v0.3.32
[INFO] [stderr]    Compiling zerofrom v0.1.7
[INFO] [stderr]    Compiling yoke v0.8.2
[INFO] [stderr]    Compiling thiserror v2.0.18
[INFO] [stderr]    Compiling zerovec v0.11.6
[INFO] [stderr]    Compiling zerotrie v0.2.4
[INFO] [stderr]    Compiling strum v0.27.2
[INFO] [stderr]    Compiling tinystr v0.8.3
[INFO] [stderr]    Compiling potential_utf v0.1.5
[INFO] [stderr]    Compiling icu_locale_core v2.2.0
[INFO] [stderr]    Compiling icu_collections v2.2.0
[INFO] [stderr]    Compiling serde v1.0.228
[INFO] [stderr]    Compiling serde_urlencoded v0.7.1
[INFO] [stderr]    Compiling chrono v0.4.44
[INFO] [stderr]    Compiling icu_provider v2.2.0
[INFO] [stderr]    Compiling tokio-native-tls v0.3.1
[INFO] [stderr]    Compiling icu_normalizer v2.2.0
[INFO] [stderr]    Compiling icu_properties v2.2.0
[INFO] [stderr]    Compiling hyper-util v0.1.20
[INFO] [stderr]    Compiling tower v0.5.3
[INFO] [stderr]    Compiling futures-executor v0.3.32
[INFO] [stderr]    Compiling futures v0.3.32
[INFO] [stderr]    Compiling tower-http v0.6.8
[INFO] [stderr]    Compiling idna_adapter v1.2.1
[INFO] [stderr]    Compiling idna v1.1.0
[INFO] [stderr]    Compiling rspotify-model v0.16.1
[INFO] [stderr]    Compiling hyper-tls v0.6.0
[INFO] [stderr]    Compiling url v2.5.8
[INFO] [stderr]    Compiling reqwest v0.12.28
[INFO] [stderr]    Compiling rspotify-http v0.16.1
[INFO] [stderr]    Compiling rspotify v0.16.1 (/opt/rustwide/workdir)
[INFO] [stderr]     Finished `release` profile [optimized] target(s) in 1m 01s
[INFO] running `Command { std: "docker" "inspect" "b294ca0e3cb966ed7982a6ddffa30a1345952c23ab09e6a271b448fc573f26d5", kill_on_drop: false }`
[INFO] running `Command { std: "docker" "exec" "-e" "SOURCE_DIR=/opt/rustwide/workdir" "-e" "CARGO_HOME=/opt/rustwide/cargo-home" "-e" "RUSTUP_HOME=/opt/rustwide/rustup-home" "-e" "CARGO_TARGET_DIR=/opt/rustwide/target" "-e" "CARGO_INCREMENTAL=0" "-e" "RUST_BACKTRACE=full" "-e" "RUSTFLAGS=--cap-lints=warn" "-e" "RUSTDOCFLAGS=--cap-lints=warn" "-w" "/opt/rustwide/workdir" "--user" "0:0" "b294ca0e3cb966ed7982a6ddffa30a1345952c23ab09e6a271b448fc573f26d5" "/opt/rustwide/cargo-home/bin/cargo" "+1.99.0-beta.8" "test" "--frozen" "--no-run" "--message-format=json" "--release", kill_on_drop: false }`
[INFO] [stderr]    Compiling wasm-bindgen-shared v0.2.118
[INFO] [stderr]    Compiling serde_json v1.0.149
[INFO] [stderr]    Compiling bumpalo v3.20.2
[INFO] [stderr]    Compiling tokio-macros v2.7.0
[INFO] [stderr]    Compiling num-traits v0.2.19
[INFO] [stderr]    Compiling futures-util v0.3.32
[INFO] [stderr]    Compiling serde v1.0.228
[INFO] [stderr]    Compiling wasm-bindgen v0.2.118
[INFO] [stderr]    Compiling native-tls v0.2.18
[INFO] [stderr]    Compiling wasm-bindgen-test-macro v0.3.68
[INFO] [stderr]    Compiling env_filter v1.0.1
[INFO] [stderr]    Compiling wasm-bindgen-test-shared v0.2.118
[INFO] [stderr]    Compiling nu-ansi-term v0.50.3
[INFO] [stderr]    Compiling wasm-bindgen-macro-support v0.2.118
[INFO] [stderr]    Compiling env_logger v0.11.10
[INFO] [stderr]    Compiling tokio v1.52.1
[INFO] [stderr]    Compiling serde_urlencoded v0.7.1
[INFO] [stderr]    Compiling chrono v0.4.44
[INFO] [stderr]    Compiling wasm-bindgen-macro v0.2.118
[INFO] [stderr]    Compiling rspotify-model v0.16.1
[INFO] [stderr]    Compiling futures-executor v0.3.32
[INFO] [stderr]    Compiling futures v0.3.32
[INFO] [stderr]    Compiling js-sys v0.3.95
[INFO] [stderr]    Compiling hyper v1.9.0
[INFO] [stderr]    Compiling tower v0.5.3
[INFO] [stderr]    Compiling tokio-native-tls v0.3.1
[INFO] [stderr]    Compiling tower-http v0.6.8
[INFO] [stderr]    Compiling hyper-util v0.1.20
[INFO] [stderr]    Compiling hyper-tls v0.6.0
[INFO] [stderr]    Compiling reqwest v0.12.28
[INFO] [stderr]    Compiling rspotify-http v0.16.1
[INFO] [stderr]    Compiling rspotify v0.16.1 (/opt/rustwide/workdir)
[INFO] [stderr]    Compiling wasm-bindgen-futures v0.4.68
[INFO] [stderr]    Compiling wasm-bindgen-test v0.3.68
[INFO] [stderr]     Finished `release` profile [optimized] target(s) in 1m 14s
[INFO] running `Command { std: "docker" "inspect" "b294ca0e3cb966ed7982a6ddffa30a1345952c23ab09e6a271b448fc573f26d5", kill_on_drop: false }`
[INFO] running `Command { std: "docker" "exec" "-e" "SOURCE_DIR=/opt/rustwide/workdir" "-e" "CARGO_HOME=/opt/rustwide/cargo-home" "-e" "RUSTUP_HOME=/opt/rustwide/rustup-home" "-e" "CARGO_TARGET_DIR=/opt/rustwide/target" "-e" "CARGO_INCREMENTAL=0" "-e" "RUST_BACKTRACE=full" "-e" "RUSTFLAGS=--cap-lints=warn" "-e" "RUSTDOCFLAGS=--cap-lints=warn" "-w" "/opt/rustwide/workdir" "--user" "0:0" "b294ca0e3cb966ed7982a6ddffa30a1345952c23ab09e6a271b448fc573f26d5" "/opt/rustwide/cargo-home/bin/cargo" "+1.99.0-beta.8" "test" "--frozen" "--release", kill_on_drop: false }`
[INFO] [stderr]     Finished `release` profile [optimized] target(s) in 0.24s
[INFO] [stderr]      Running unittests src/lib.rs (/opt/rustwide/target/release/deps/rspotify-7c44839c4873296b)
[INFO] [stdout] 
[INFO] [stdout] running 9 tests
[INFO] [stdout] test clients::pagination::stream::test::test_mt_scheduling ... ok
[INFO] [stdout] test clients::test::test_append_device_id_without_question_mark ... ok
[INFO] [stdout] test test::test_generate_random_string ... ok
[INFO] [stdout] test test::test_basic_auth ... ok
[INFO] [stdout] test clients::test::test_auth_headers ... ok
[INFO] [stdout] test clients::test::test_append_device_id_with_question_mark ... ok
[INFO] [stdout] test clients::test::test_api_url ... ok
[INFO] [stdout] test clients::test::test_auth_url ... ok
[INFO] [stdout] test clients::oauth::tests::get_socket_address_localhost ... ok
[INFO] [stderr]      Running tests/test_enums.rs (/opt/rustwide/target/release/deps/test_enums-350e3f7b7bf24726)
[INFO] [stdout] 
[INFO] [stdout] test result: ok. 9 passed; 0 failed; 0 ignored; 0 measured; 0 filtered out; finished in 0.07s
[INFO] [stdout] 
[INFO] [stdout] 
[INFO] [stdout] running 12 tests
[INFO] [stdout] test test_additional_type ... ok
[INFO] [stdout] test test_current_playing_type ... ok
[INFO] [stdout] test test_convert_country_from_str ... ok
[INFO] [stdout] test test_album_type_convert_from_str ... ok
[INFO] [stdout] test test_disallow_key ... ok
[INFO] [stdout] test test_include_external ... ok
[INFO] [stdout] test test_search_type ... ok
[INFO] [stdout] test test_time_range ... ok
[INFO] [stdout] test test_date_precision ... ok
[INFO] [stdout] test test_repeat_state ... ok
[INFO] [stdout] test test_type_convert_from_str ... ok
[INFO] [stdout] test test_convert_search_type_from_str ... ok
[INFO] [stdout] 
[INFO] [stdout] test result: ok. 12 passed; 0 failed; 0 ignored; 0 measured; 0 filtered out; finished in 0.01s
[INFO] [stdout] 
[INFO] [stderr]      Running tests/test_models.rs (/opt/rustwide/target/release/deps/test_models-9016e39d670244f5)
[INFO] [stdout] 
[INFO] [stdout] running 27 tests
[INFO] [stdout] test test_full_playlist_accepts_items_field ... ok
[INFO] [stdout] test test_actions ... ok
[INFO] [stdout] test test_audio_analysis_segments ... ok
[INFO] [stdout] test test_current_playback_context ... ok
[INFO] [stdout] test test_currently_playing_context ... ok
[INFO] [stdout] test test_full_track ... ok
[INFO] [stdout] test test_null_id_in_tracklink ... ok
[INFO] [stdout] test test_public_user ... ok
[INFO] [stdout] test test_recommendations_seed ... ok
[INFO] [stdout] test test_resume_point ... ok
[INFO] [stdout] test test_simplified_episode ... ok
[INFO] [stdout] test test_simplified_track ... ok
[INFO] [stdout] test test_resume_point_negative ... ok
[INFO] [stdout] test test_simplified_playlist ... ok
[INFO] [stdout] test test_full_artist ... ok
[INFO] [stdout] test test_null_item_in_page ... ok
[INFO] [stdout] test test_private_user ... ok
[INFO] [stdout] test test_fallback_variant_type_to_capture_new_type ... ok
[INFO] [stdout] test test_full_episode ... ok
[INFO] [stdout] test test_deserialization_playlist_item_with_malformed_episodes ... ok
[INFO] [stdout] test test_full_playlist ... ok
[INFO] [stdout] test test_current_user_queue ... ok
[INFO] [stdout] test test_copyright ... ok
[INFO] [stdout] test test_audio_analysis_section ... ok
[INFO] [stdout] test test_collectionyourepisodes_type ... ok
[INFO] [stdout] test test_audio_analysis_track ... ok
[INFO] [stdout] test test_audio_features ... ok
[INFO] [stdout] 
[INFO] [stdout] test result: ok. 27 passed; 0 failed; 0 ignored; 0 measured; 0 filtered out; finished in 0.02s
[INFO] [stdout] 
[INFO] [stderr]      Running tests/test_oauth2.rs (/opt/rustwide/target/release/deps/test_oauth2-35f1093435ca5037)
[INFO] [stdout] 
[INFO] [stdout] running 5 tests
[INFO] [stdout] test test_token_is_expired ... ok
[INFO] [stdout] test test_get_authorize_url ... ok
[INFO] [stdout] test test_parse_response_code ... ok
[INFO] [stdout] test test_read_token_cache ... FAILED
[INFO] [stdout] test test_write_token ... FAILED
[INFO] [stdout] 
[INFO] [stdout] failures:
[INFO] [stdout] 
[INFO] [stdout] ---- test_read_token_cache stdout ----
[INFO] [stdout] 
[INFO] [stdout] thread 'test_read_token_cache' (2421) panicked at tests/test_oauth2.rs:60:50:
[INFO] [stdout] called `Result::unwrap()` on an `Err` value: Model(Io(Os { code: 30, kind: ReadOnlyFilesystem, message: "Read-only file system" }))
[INFO] [stdout] stack backtrace:
[INFO] [stdout]    0:     0x5a63b4fcf2a1 - <<std[70759c8f55707aa4]::sys::backtrace::BacktraceLock>::print::DisplayBacktrace as core[df12db4294e9bfd3]::fmt::Display>::fmt
[INFO] [stdout]    1:     0x5a63b4fe508a - core[df12db4294e9bfd3]::fmt::write
[INFO] [stdout]    2:     0x5a63b4fd3e6c - <alloc[2182bb758b4b3781]::vec::Vec<u8> as core[df12db4294e9bfd3]::io::write::Write>::write_fmt
[INFO] [stdout]    3:     0x5a63b4faa316 - std[70759c8f55707aa4]::panicking::default_hook::{closure#0}
[INFO] [stdout]    4:     0x5a63b4fc70c9 - std[70759c8f55707aa4]::panicking::default_hook
[INFO] [stdout]    5:     0x5a63b4ec3580 - test[9d35eded1c95d3be]::test_main_inner::<test[9d35eded1c95d3be]::test_main_static::{closure#0}>::{closure#0}
[INFO] [stdout]    6:     0x5a63b4fc73f2 - std[70759c8f55707aa4]::panicking::panic_with_hook
[INFO] [stdout]    7:     0x5a63b4faa3c2 - std[70759c8f55707aa4]::panicking::panic_handler::{closure#0}
[INFO] [stdout]    8:     0x5a63b4fa2fb9 - std[70759c8f55707aa4]::sys::backtrace::__rust_end_short_backtrace::<std[70759c8f55707aa4]::panicking::panic_handler::{closure#0}, !>
[INFO] [stdout]    9:     0x5a63b4fab1ad - __rustc[8fa7c3cbc660c2b3]::rust_begin_unwind
[INFO] [stdout]   10:     0x5a63b4fe57ec - core[df12db4294e9bfd3]::panicking::panic_fmt
[INFO] [stdout]   11:     0x5a63b4fe55c2 - core[df12db4294e9bfd3]::result::unwrap_failed
[INFO] [stdout]   12:     0x5a63b4ea7083 - test_oauth2[968b29fc360b9024]::test_read_token_cache::{closure#0}
[INFO] [stdout]   13:     0x5a63b4eb3563 - <tokio[c69af1a37ed0878c]::runtime::scheduler::current_thread::Context>::enter::<core[df12db4294e9bfd3]::task::poll::Poll<()>, <tokio[c69af1a37ed0878c]::runtime::scheduler::current_thread::CoreGuard>::block_on<core[df12db4294e9bfd3]::pin::Pin<&mut core[df12db4294e9bfd3]::pin::Pin<&mut dyn core[df12db4294e9bfd3]::future::future::Future<Output = ()>>>>::{closure#0}::{closure#0}>
[INFO] [stdout]   14:     0x5a63b4ea9cbc - <tokio[c69af1a37ed0878c]::runtime::context::scoped::Scoped<tokio[c69af1a37ed0878c]::runtime::scheduler::Context>>::set::<<tokio[c69af1a37ed0878c]::runtime::scheduler::current_thread::CoreGuard>::enter<<tokio[c69af1a37ed0878c]::runtime::scheduler::current_thread::CoreGuard>::block_on<core[df12db4294e9bfd3]::pin::Pin<&mut core[df12db4294e9bfd3]::pin::Pin<&mut dyn core[df12db4294e9bfd3]::future::future::Future<Output = ()>>>>::{closure#0}, core[df12db4294e9bfd3]::option::Option<()>>::{closure#0}, (alloc[2182bb758b4b3781]::boxed::Box<tokio[c69af1a37ed0878c]::runtime::scheduler::current_thread::Core>, core[df12db4294e9bfd3]::option::Option<()>)>
[INFO] [stdout]   15:     0x5a63b4eb38b7 - <tokio[c69af1a37ed0878c]::runtime::scheduler::current_thread::CoreGuard>::block_on::<core[df12db4294e9bfd3]::pin::Pin<&mut core[df12db4294e9bfd3]::pin::Pin<&mut dyn core[df12db4294e9bfd3]::future::future::Future<Output = ()>>>>
[INFO] [stdout]   16:     0x5a63b4eaada7 - tokio[c69af1a37ed0878c]::runtime::context::runtime::enter_runtime::<<tokio[c69af1a37ed0878c]::runtime::scheduler::current_thread::CurrentThread>::block_on<core[df12db4294e9bfd3]::pin::Pin<&mut dyn core[df12db4294e9bfd3]::future::future::Future<Output = ()>>>::{closure#0}, ()>
[INFO] [stdout]   17:     0x5a63b4eb57d5 - <tokio[c69af1a37ed0878c]::runtime::runtime::Runtime>::block_on::<core[df12db4294e9bfd3]::pin::Pin<&mut dyn core[df12db4294e9bfd3]::future::future::Future<Output = ()>>>
[INFO] [stdout]   18:     0x5a63b4ea7b0e - <test_oauth2[968b29fc360b9024]::test_read_token_cache::{closure#0} as core[df12db4294e9bfd3]::ops::function::FnOnce<()>>::call_once
[INFO] [stdout]   19:     0x5a63b4eb686b - test[9d35eded1c95d3be]::__rust_begin_short_backtrace::<core[df12db4294e9bfd3]::result::Result<(), alloc[2182bb758b4b3781]::string::String>, fn() -> core[df12db4294e9bfd3]::result::Result<(), alloc[2182bb758b4b3781]::string::String>>
[INFO] [stdout]   20:     0x5a63b4ec3ed5 - test[9d35eded1c95d3be]::run_test::{closure#0}
[INFO] [stdout]   21:     0x5a63b4ebd794 - std[70759c8f55707aa4]::sys::backtrace::__rust_begin_short_backtrace::<test[9d35eded1c95d3be]::run_test::{closure#1}, ()>
[INFO] [stdout]   22:     0x5a63b4ec7032 - <std[70759c8f55707aa4]::thread::lifecycle::spawn_unchecked<test[9d35eded1c95d3be]::run_test::{closure#1}, ()>::{closure#1} as core[df12db4294e9bfd3]::ops::function::FnOnce<()>>::call_once::{shim:vtable#0}
[INFO] [stdout]   23:     0x5a63b4fce7c9 - <std[70759c8f55707aa4]::sys::thread::unix::Thread>::new::thread_start
[INFO] [stdout]   24:     0x749e64be4dfa - <unknown>
[INFO] [stdout]   25:     0x749e64c783d4 - clone
[INFO] [stdout]   26:                0x0 - <unknown>
[INFO] [stdout] 
[INFO] [stdout] ---- test_write_token stdout ----
[INFO] [stdout] 
[INFO] [stdout] thread 'test_write_token' (2423) panicked at tests/test_oauth2.rs:102:39:
[INFO] [stdout] called `Result::unwrap()` on an `Err` value: Model(Io(Os { code: 30, kind: ReadOnlyFilesystem, message: "Read-only file system" }))
[INFO] [stdout] stack backtrace:
[INFO] [stdout]    0:     0x5a63b4fcf2a1 - <<std[70759c8f55707aa4]::sys::backtrace::BacktraceLock>::print::DisplayBacktrace as core[df12db4294e9bfd3]::fmt::Display>::fmt
[INFO] [stdout]    1:     0x5a63b4fe508a - core[df12db4294e9bfd3]::fmt::write
[INFO] [stdout]    2:     0x5a63b4fd3e6c - <alloc[2182bb758b4b3781]::vec::Vec<u8> as core[df12db4294e9bfd3]::io::write::Write>::write_fmt
[INFO] [stdout]    3:     0x5a63b4faa316 - std[70759c8f55707aa4]::panicking::default_hook::{closure#0}
[INFO] [stdout]    4:     0x5a63b4fc70c9 - std[70759c8f55707aa4]::panicking::default_hook
[INFO] [stdout]    5:     0x5a63b4ec3580 - test[9d35eded1c95d3be]::test_main_inner::<test[9d35eded1c95d3be]::test_main_static::{closure#0}>::{closure#0}
[INFO] [stdout]    6:     0x5a63b4fc73f2 - std[70759c8f55707aa4]::panicking::panic_with_hook
[INFO] [stdout]    7:     0x5a63b4faa3c2 - std[70759c8f55707aa4]::panicking::panic_handler::{closure#0}
[INFO] [stdout]    8:     0x5a63b4fa2fb9 - std[70759c8f55707aa4]::sys::backtrace::__rust_end_short_backtrace::<std[70759c8f55707aa4]::panicking::panic_handler::{closure#0}, !>
[INFO] [stdout]    9:     0x5a63b4fab1ad - __rustc[8fa7c3cbc660c2b3]::rust_begin_unwind
[INFO] [stdout]   10:     0x5a63b4fe57ec - core[df12db4294e9bfd3]::panicking::panic_fmt
[INFO] [stdout]   11:     0x5a63b4fe55c2 - core[df12db4294e9bfd3]::result::unwrap_failed
[INFO] [stdout]   12:     0x5a63b4ea585a - test_oauth2[968b29fc360b9024]::test_write_token::{closure#0}
[INFO] [stdout]   13:     0x5a63b4eb3563 - <tokio[c69af1a37ed0878c]::runtime::scheduler::current_thread::Context>::enter::<core[df12db4294e9bfd3]::task::poll::Poll<()>, <tokio[c69af1a37ed0878c]::runtime::scheduler::current_thread::CoreGuard>::block_on<core[df12db4294e9bfd3]::pin::Pin<&mut core[df12db4294e9bfd3]::pin::Pin<&mut dyn core[df12db4294e9bfd3]::future::future::Future<Output = ()>>>>::{closure#0}::{closure#0}>
[INFO] [stdout]   14:     0x5a63b4ea9cbc - <tokio[c69af1a37ed0878c]::runtime::context::scoped::Scoped<tokio[c69af1a37ed0878c]::runtime::scheduler::Context>>::set::<<tokio[c69af1a37ed0878c]::runtime::scheduler::current_thread::CoreGuard>::enter<<tokio[c69af1a37ed0878c]::runtime::scheduler::current_thread::CoreGuard>::block_on<core[df12db4294e9bfd3]::pin::Pin<&mut core[df12db4294e9bfd3]::pin::Pin<&mut dyn core[df12db4294e9bfd3]::future::future::Future<Output = ()>>>>::{closure#0}, core[df12db4294e9bfd3]::option::Option<()>>::{closure#0}, (alloc[2182bb758b4b3781]::boxed::Box<tokio[c69af1a37ed0878c]::runtime::scheduler::current_thread::Core>, core[df12db4294e9bfd3]::option::Option<()>)>
[INFO] [stdout]   15:     0x5a63b4eb38b7 - <tokio[c69af1a37ed0878c]::runtime::scheduler::current_thread::CoreGuard>::block_on::<core[df12db4294e9bfd3]::pin::Pin<&mut core[df12db4294e9bfd3]::pin::Pin<&mut dyn core[df12db4294e9bfd3]::future::future::Future<Output = ()>>>>
[INFO] [stdout]   16:     0x5a63b4eaada7 - tokio[c69af1a37ed0878c]::runtime::context::runtime::enter_runtime::<<tokio[c69af1a37ed0878c]::runtime::scheduler::current_thread::CurrentThread>::block_on<core[df12db4294e9bfd3]::pin::Pin<&mut dyn core[df12db4294e9bfd3]::future::future::Future<Output = ()>>>::{closure#0}, ()>
[INFO] [stdout]   17:     0x5a63b4eb57d5 - <tokio[c69af1a37ed0878c]::runtime::runtime::Runtime>::block_on::<core[df12db4294e9bfd3]::pin::Pin<&mut dyn core[df12db4294e9bfd3]::future::future::Future<Output = ()>>>
[INFO] [stdout]   18:     0x5a63b4ea79ae - <test_oauth2[968b29fc360b9024]::test_write_token::{closure#0} as core[df12db4294e9bfd3]::ops::function::FnOnce<()>>::call_once
[INFO] [stdout]   19:     0x5a63b4eb686b - test[9d35eded1c95d3be]::__rust_begin_short_backtrace::<core[df12db4294e9bfd3]::result::Result<(), alloc[2182bb758b4b3781]::string::String>, fn() -> core[df12db4294e9bfd3]::result::Result<(), alloc[2182bb758b4b3781]::string::String>>
[INFO] [stdout]   20:     0x5a63b4ec3ed5 - test[9d35eded1c95d3be]::run_test::{closure#0}
[INFO] [stdout]   21:     0x5a63b4ebd794 - std[70759c8f55707aa4]::sys::backtrace::__rust_begin_short_backtrace::<test[9d35eded1c95d3be]::run_test::{closure#1}, ()>
[INFO] [stdout]   22:     0x5a63b4ec7032 - <std[70759c8f55707aa4]::thread::lifecycle::spawn_unchecked<test[9d35eded1c95d3be]::run_test::{closure#1}, ()>::{closure#1} as core[df12db4294e9bfd3]::ops::function::FnOnce<()>>::call_once::{shim:vtable#0}
[INFO] [stdout]   23:     0x5a63b4fce7c9 - <std[70759c8f55707aa4]::sys::thread::unix::Thread>::new::thread_start
[INFO] [stdout]   24:     0x749e64be4dfa - <unknown>
[INFO] [stdout]   25:     0x749e64c783d4 - clone
[INFO] [stdout]   26:                0x0 - <unknown>
[INFO] [stdout] 
[INFO] [stdout] 
[INFO] [stdout] failures:
[INFO] [stdout]     test_read_token_cache
[INFO] [stdout]     test_write_token
[INFO] [stdout] 
[INFO] [stdout] test result: FAILED. 3 passed; 2 failed; 0 ignored; 0 measured; 0 filtered out; finished in 0.12s
[INFO] [stdout] 
[INFO] [stderr] error: test failed, to rerun pass `--test test_oauth2`
[INFO] running `Command { std: "docker" "inspect" "b294ca0e3cb966ed7982a6ddffa30a1345952c23ab09e6a271b448fc573f26d5", kill_on_drop: false }`
[INFO] running `Command { std: "docker" "rm" "-f" "b294ca0e3cb966ed7982a6ddffa30a1345952c23ab09e6a271b448fc573f26d5", kill_on_drop: false }`
[INFO] [stdout] b294ca0e3cb966ed7982a6ddffa30a1345952c23ab09e6a271b448fc573f26d5
