[INFO] fetching crate rsomics-vcf 0.5.0...
[INFO] testing rsomics-vcf-0.5.0 against 1.100.0-beta.1+cargoflags=--release for beta-release-1.100-2
[INFO] extracting crate rsomics-vcf 0.5.0 into /workspace/builds/worker-6-tc2/source
[INFO] started tweaking crates.io crate rsomics-vcf 0.5.0
[INFO] removed 0 missing tests
[INFO] finished tweaking crates.io crate rsomics-vcf 0.5.0
[INFO] tweaked toml for crates.io crate rsomics-vcf 0.5.0 written to /workspace/builds/worker-6-tc2/source/Cargo.toml
[INFO] validating manifest of crates.io crate rsomics-vcf 0.5.0 on toolchain 1.100.0-beta.1
[INFO] running `Command { std: CARGO_HOME="/workspace/cargo-home" RUSTUP_HOME="/workspace/rustup-home" "/workspace/cargo-home/bin/cargo" "+1.100.0-beta.1" "metadata" "--manifest-path" "Cargo.toml" "--no-deps", kill_on_drop: false }`
[INFO] crate crates.io crate rsomics-vcf 0.5.0 already has a lockfile, it will not be regenerated
[INFO] running `Command { std: CARGO_HOME="/workspace/cargo-home" RUSTUP_HOME="/workspace/rustup-home" "/workspace/cargo-home/bin/cargo" "+1.100.0-beta.1" "fetch" "--manifest-path" "Cargo.toml", kill_on_drop: false }`
[INFO] [stderr] warning: `package.homepage` is redundant with `package.repository`
[INFO] [stderr]    --> Cargo.toml:95:12
[INFO] [stderr]     |
[INFO] [stderr]  95 | homepage = "https://github.com/omics-rust/rsomics-vcf"
[INFO] [stderr]     |            ^^^^^^^^^^^^^^^^^^^^^^^^^^^^^^^^^^^^^^^^^^^
[INFO] [stderr] ...
[INFO] [stderr] 100 | repository = "https://github.com/omics-rust/rsomics-vcf"
[INFO] [stderr]     |              -------------------------------------------
[INFO] [stderr]     |
[INFO] [stderr]     = note: `cargo::redundant_homepage` is set to `warn` by default
[INFO] [stderr] help: consider removing `package.homepage`
[INFO] [stderr] warning: `rsomics-vcf` (manifest) generated 1 warning
[INFO] running `Command { std: "docker" "create" "-v" "/var/lib/crater-agent-workspace/builds/worker-6-tc2/source:/opt/rustwide/workdir:ro,Z" "-v" "/var/lib/crater-agent-workspace/builds/worker-6-tc2/target:/opt/rustwide/target:rw,Z" "-v" "/var/lib/crater-agent-workspace/cargo-home:/opt/rustwide/cargo-home:ro,Z" "-v" "/var/lib/crater-agent-workspace/rustup-home:/opt/rustwide/rustup-home:ro,Z" "-m" "1610612736" "--network" "none" "ghcr.io/rust-lang/crates-build-env/linux@sha256:77db811e55d90add9212f6832c23229e3de5f1c1f9905e8cb07319ea15df73ac" "sleep" "infinity", kill_on_drop: false }`
[INFO] [stdout] 643fecd4b40a06fdd99e7fca2b7ba34ea9ea69d0d694dd2a6c728cdedc7c8d99
[INFO] running `Command { std: "docker" "start" "643fecd4b40a06fdd99e7fca2b7ba34ea9ea69d0d694dd2a6c728cdedc7c8d99", kill_on_drop: false }`
[INFO] running `Command { std: "docker" "inspect" "643fecd4b40a06fdd99e7fca2b7ba34ea9ea69d0d694dd2a6c728cdedc7c8d99", kill_on_drop: false }`
[INFO] running `Command { std: "docker" "exec" "-e" "SOURCE_DIR=/opt/rustwide/workdir" "-e" "CARGO_HOME=/opt/rustwide/cargo-home" "-e" "RUSTUP_HOME=/opt/rustwide/rustup-home" "-e" "CARGO_TARGET_DIR=/opt/rustwide/target" "-w" "/opt/rustwide/workdir" "--user" "0:0" "643fecd4b40a06fdd99e7fca2b7ba34ea9ea69d0d694dd2a6c728cdedc7c8d99" "/opt/rustwide/cargo-home/bin/cargo" "+1.100.0-beta.1" "metadata" "--no-deps" "--format-version=1", kill_on_drop: false }`
[INFO] running `Command { std: "docker" "inspect" "643fecd4b40a06fdd99e7fca2b7ba34ea9ea69d0d694dd2a6c728cdedc7c8d99", kill_on_drop: false }`
[INFO] running `Command { std: "docker" "exec" "-e" "SOURCE_DIR=/opt/rustwide/workdir" "-e" "CARGO_HOME=/opt/rustwide/cargo-home" "-e" "RUSTUP_HOME=/opt/rustwide/rustup-home" "-e" "CARGO_TARGET_DIR=/opt/rustwide/target" "-e" "CARGO_INCREMENTAL=0" "-e" "RUST_BACKTRACE=full" "-e" "RUSTFLAGS=--cap-lints=warn" "-e" "RUSTDOCFLAGS=--cap-lints=warn" "-w" "/opt/rustwide/workdir" "--user" "0:0" "643fecd4b40a06fdd99e7fca2b7ba34ea9ea69d0d694dd2a6c728cdedc7c8d99" "/opt/rustwide/cargo-home/bin/cargo" "+1.100.0-beta.1" "build" "--frozen" "--message-format=json" "--release", kill_on_drop: false }`
[INFO] [stderr] warning: `package.homepage` is redundant with `package.repository`
[INFO] [stderr]    --> Cargo.toml:95:12
[INFO] [stderr]     |
[INFO] [stderr]  95 | homepage = "https://github.com/omics-rust/rsomics-vcf"
[INFO] [stderr]     |            ^^^^^^^^^^^^^^^^^^^^^^^^^^^^^^^^^^^^^^^^^^^
[INFO] [stderr] ...
[INFO] [stderr] 100 | repository = "https://github.com/omics-rust/rsomics-vcf"
[INFO] [stderr]     |              -------------------------------------------
[INFO] [stderr]     |
[INFO] [stderr]     = note: `cargo::redundant_homepage` is set to `warn` by default
[INFO] [stderr] help: consider removing `package.homepage`
[INFO] [stderr] warning: `rsomics-vcf` (manifest) generated 1 warning
[INFO] [stderr]    Compiling zlib-rs v0.6.6
[INFO] [stderr]    Compiling rustix v1.1.4
[INFO] [stderr]    Compiling regex-automata v0.4.16
[INFO] [stderr]    Compiling crossbeam-channel v0.5.16
[INFO] [stderr]    Compiling libdeflate-sys v1.25.2
[INFO] [stderr]    Compiling bit-vec v0.10.1
[INFO] [stderr]    Compiling clap_derive v4.6.4
[INFO] [stderr]    Compiling serde v1.0.229
[INFO] [stderr]    Compiling noodles-bgzf v0.49.0
[INFO] [stderr]    Compiling flate2 v1.1.9
[INFO] [stderr]    Compiling terminal_size v0.4.4
[INFO] [stderr]    Compiling tempfile v3.27.0
[INFO] [stderr]    Compiling clap_builder v4.6.2
[INFO] [stderr]    Compiling bstr v1.13.0
[INFO] [stderr]    Compiling regex v1.13.1
[INFO] [stderr]    Compiling noodles-core v0.20.0
[INFO] [stderr]    Compiling noodles-csi v0.58.0
[INFO] [stderr]    Compiling noodles-tabix v0.64.0
[INFO] [stderr]    Compiling noodles-vcf v0.90.0
[INFO] [stderr]    Compiling clap v4.6.4
[INFO] [stderr]    Compiling rsomics-common v0.12.3
[INFO] [stderr]    Compiling rsomics-help v0.4.0
[INFO] [stderr]    Compiling noodles-bcf v0.88.0
[INFO] [stderr]    Compiling libdeflater v1.25.2
[INFO] [stderr]    Compiling noodles-bgzf v0.47.0
[INFO] [stderr]    Compiling noodles-fasta v0.61.0
[INFO] [stderr]    Compiling rsomics-seqio v0.6.0
[INFO] [stderr]    Compiling noodles-util v0.82.0
[INFO] [stderr]    Compiling rsomics-vcf v0.5.0 (/opt/rustwide/workdir)
[INFO] [stderr]     Finished `release` profile [optimized] target(s) in 1m 34s
[INFO] running `Command { std: "docker" "inspect" "643fecd4b40a06fdd99e7fca2b7ba34ea9ea69d0d694dd2a6c728cdedc7c8d99", kill_on_drop: false }`
[INFO] running `Command { std: "docker" "exec" "-e" "SOURCE_DIR=/opt/rustwide/workdir" "-e" "CARGO_HOME=/opt/rustwide/cargo-home" "-e" "RUSTUP_HOME=/opt/rustwide/rustup-home" "-e" "CARGO_TARGET_DIR=/opt/rustwide/target" "-e" "CARGO_INCREMENTAL=0" "-e" "RUST_BACKTRACE=full" "-e" "RUSTFLAGS=--cap-lints=warn" "-e" "RUSTDOCFLAGS=--cap-lints=warn" "-w" "/opt/rustwide/workdir" "--user" "0:0" "643fecd4b40a06fdd99e7fca2b7ba34ea9ea69d0d694dd2a6c728cdedc7c8d99" "/opt/rustwide/cargo-home/bin/cargo" "+1.100.0-beta.1" "test" "--frozen" "--no-run" "--message-format=json" "--release", kill_on_drop: false }`
[INFO] [stderr] warning: `package.homepage` is redundant with `package.repository`
[INFO] [stderr]    --> Cargo.toml:95:12
[INFO] [stderr]     |
[INFO] [stderr]  95 | homepage = "https://github.com/omics-rust/rsomics-vcf"
[INFO] [stderr]     |            ^^^^^^^^^^^^^^^^^^^^^^^^^^^^^^^^^^^^^^^^^^^
[INFO] [stderr] ...
[INFO] [stderr] 100 | repository = "https://github.com/omics-rust/rsomics-vcf"
[INFO] [stderr]     |              -------------------------------------------
[INFO] [stderr]     |
[INFO] [stderr]     = note: `cargo::redundant_homepage` is set to `warn` by default
[INFO] [stderr] help: consider removing `package.homepage`
[INFO] [stderr] warning: `rsomics-vcf` (manifest) generated 1 warning
[INFO] [stderr]    Compiling criterion-plot v0.6.0
[INFO] [stderr]    Compiling noodles-bgzf v0.49.0
[INFO] [stderr]    Compiling rsomics-common v0.12.3
[INFO] [stderr]    Compiling ciborium v0.2.2
[INFO] [stderr]    Compiling noodles-csi v0.58.0
[INFO] [stderr]    Compiling rsomics-seqio v0.6.0
[INFO] [stderr]    Compiling criterion v0.7.0
[INFO] [stderr]    Compiling noodles-tabix v0.64.0
[INFO] [stderr]    Compiling noodles-vcf v0.90.0
[INFO] [stderr]    Compiling noodles-bcf v0.88.0
[INFO] [stderr]    Compiling noodles-util v0.82.0
[INFO] [stderr]    Compiling rsomics-vcf v0.5.0 (/opt/rustwide/workdir)
[INFO] [stderr]     Finished `release` profile [optimized] target(s) in 2m 22s
[INFO] running `Command { std: "docker" "inspect" "643fecd4b40a06fdd99e7fca2b7ba34ea9ea69d0d694dd2a6c728cdedc7c8d99", kill_on_drop: false }`
[INFO] running `Command { std: "docker" "exec" "-e" "SOURCE_DIR=/opt/rustwide/workdir" "-e" "CARGO_HOME=/opt/rustwide/cargo-home" "-e" "RUSTUP_HOME=/opt/rustwide/rustup-home" "-e" "CARGO_TARGET_DIR=/opt/rustwide/target" "-e" "CARGO_INCREMENTAL=0" "-e" "RUST_BACKTRACE=full" "-e" "RUSTFLAGS=--cap-lints=warn" "-e" "RUSTDOCFLAGS=--cap-lints=warn" "-w" "/opt/rustwide/workdir" "--user" "0:0" "643fecd4b40a06fdd99e7fca2b7ba34ea9ea69d0d694dd2a6c728cdedc7c8d99" "/opt/rustwide/cargo-home/bin/cargo" "+1.100.0-beta.1" "test" "--frozen" "--release", kill_on_drop: false }`
[INFO] [stderr] warning: `package.homepage` is redundant with `package.repository`
[INFO] [stderr]    --> Cargo.toml:95:12
[INFO] [stderr]     |
[INFO] [stderr]  95 | homepage = "https://github.com/omics-rust/rsomics-vcf"
[INFO] [stderr]     |            ^^^^^^^^^^^^^^^^^^^^^^^^^^^^^^^^^^^^^^^^^^^
[INFO] [stderr] ...
[INFO] [stderr] 100 | repository = "https://github.com/omics-rust/rsomics-vcf"
[INFO] [stderr]     |              -------------------------------------------
[INFO] [stderr]     |
[INFO] [stderr]     = note: `cargo::redundant_homepage` is set to `warn` by default
[INFO] [stderr] help: consider removing `package.homepage`
[INFO] [stderr] warning: `rsomics-vcf` (manifest) generated 1 warning
[INFO] [stderr]     Finished `release` profile [optimized] target(s) in 0.20s
[INFO] [stderr]      Running unittests src/lib.rs (/opt/rustwide/target/release/build/rsomics-vcf/5ea2a02a3b7f3038/out/rsomics_vcf-5ea2a02a3b7f3038)
[INFO] [stdout] 
[INFO] [stdout] running 226 tests
[INFO] [stdout] test annotate::columns::tests::infers_bare_rename_destination_namespace ... ok
[INFO] [stdout] test annotate::edit::tests::format_namespace_excludes_gt_and_initializes_new_keys ... ok
[INFO] [stdout] test annotate::edit::tests::applies_replace_add_missing_and_existing_modes ... ok
[INFO] [stdout] test annotate::edit::tests::format_preserves_gt_separators_and_rejects_unmapped_alleles ... ok
[INFO] [stdout] test annotate::edit::tests::editor_remaps_typed_allele_fields ... ok
[INFO] [stdout] test annotate::columns::tests::parses_match_and_transfer_columns ... ok
[INFO] [stdout] test annotate::columns::tests::parses_variant_source_fields_without_coordinates ... ok
[INFO] [stdout] test annotate::columns::tests::binds_only_to_the_matching_source_kind ... ok
[INFO] [stdout] test annotate::columns::tests::accepts_ignored_and_end_match_columns ... ok
[INFO] [stdout] test annotate::edit::tests::format_replace_existing_does_not_create_an_absent_key ... ok
[INFO] [stdout] test annotate::edit::tests::format_rejects_invalid_schema_and_cardinality ... ok
[INFO] [stdout] test annotate::columns::tests::rejects_incomplete_or_interval_tabular_allele_keys ... ok
[INFO] [stdout] test annotate::edit::tests::format_respects_selection_and_write_modes ... ok
[INFO] [stdout] test annotate::edit::tests::format_transfers_samples_by_name_and_remaps_gt_r_and_g ... ok
[INFO] [stdout] test annotate::columns::tests::parses_every_write_mode ... ok
[INFO] [stdout] test annotate::columns::tests::binds_tabular_transfer_sources_to_column_positions ... ok
[INFO] [stdout] test annotate::columns::tests::reads_columns_file_in_order ... ok
[INFO] [stdout] test annotate::edit::tests::rejects_incompatible_existing_info_schema ... ok
[INFO] [stdout] test annotate::edit::tests::format_remaps_a_r_g_for_mixed_ploidy ... ok
[INFO] [stdout] test annotate::columns::tests::rejects_ambiguous_coordinate_and_mode_grammar ... ok
[INFO] [stdout] test annotate::edit::tests::parses_tabular_fixed_fields_and_deduplicates_sets ... ok
[INFO] [stdout] test annotate::edit::tests::parses_tabular_values_and_applies_append_modes ... ok
[INFO] [stdout] test annotate::edit::tests::header_preparation_is_atomic_and_rejects_effective_duplicates ... ok
[INFO] [stdout] test annotate::edit::tests::copies_renamed_info_and_filter_definitions ... ok
[INFO] [stdout] test annotate::edit::tests::remaps_float_character_and_string_arrays_without_coercion ... ok
[INFO] [stdout] test annotate::edit::tests::selects_samples_by_name_in_source_order ... ok
[INFO] [stdout] test annotate::edit::tests::transfers_all_info_fields_and_missing_values ... ok
[INFO] [stdout] test annotate::edit::tests::tabular_matches_accumulate_allele_indexed_values ... ok
[INFO] [stdout] test annotate::edit::tests::validates_sample_selection_and_files ... ok
[INFO] [stdout] test annotate::edit::tests::rejects_invalid_allele_cardinality_and_value_types ... ok
[INFO] [stdout] test annotate::edit::tests::tabular_missing_values_require_dot_write_modes ... ok
[INFO] [stdout] test annotate::edit::tests::remaps_number_a_r_and_g_for_reordered_alleles ... ok
[INFO] [stdout] test annotate::edit::tests::remaps_subset_extended_and_multiple_ploidies ... ok
[INFO] [stdout] test annotate::edit::tests::transfers_fixed_and_typed_info_fields ... ok
[INFO] [stdout] test annotate::header::tests::appends_supported_header_definitions ... ok
[INFO] [stdout] test annotate::header::tests::removes_gt_when_requested_explicitly ... ok
[INFO] [stdout] test annotate::edit::tests::tabular_flags_follow_bcftools_three_state_semantics ... ok
[INFO] [stdout] test annotate::header::tests::rejects_record_level_rename_collisions ... ok
[INFO] [stdout] test annotate::header::tests::rejects_invalid_appended_lines_and_missing_names ... ok
[INFO] [stdout] test annotate::header::tests::renames_header_and_record_keys_together ... ok
[INFO] [stdout] test annotate::matching::tests::variant_stream_uses_pair_logic_and_returns_the_allele_map ... ok
[INFO] [stdout] test annotate::matching::tests::reciprocal_overlap_thresholds_include_exact_boundaries ... ok
[INFO] [stdout] test annotate::set_id::tests::rejects_invalid_rendered_ids ... ok
[INFO] [stdout] test annotate::matching::tests::pair_logic_matches_bcftools_1_24_categories ... ok
[INFO] [stdout] test annotate::matching::tests::matches_bed_and_tabular_intervals_with_distinct_coordinates ... ok
[INFO] [stdout] test annotate::matching::tests::pair_logic_handles_symbolic_breakend_overlap_ref_and_mixed_records ... ok
[INFO] [stdout] test annotate::matching::tests::target_ref_and_end_spans_match_source_points ... ok
[INFO] [stdout] test annotate::matching::tests::enforces_tabular_ref_alt_id_and_end_constraints ... ok
[INFO] [stdout] test annotate::header::tests::rejects_rename_collisions_and_duplicate_targets ... ok
[INFO] [stdout] test annotate::set_id::tests::plus_sets_only_missing_ids ... ok
[INFO] [stdout] test annotate::source::tests::rejects_empty_bed_intervals_and_standard_input ... ok
[INFO] [stdout] test annotate::matching::tests::repeated_coordinates_preserve_source_order_across_contigs ... ok
[INFO] [stdout] test annotate::source::tests::bed_and_tab_coordinates_remain_distinct ... ok
[INFO] [stdout] test annotate::matching::tests::tabular_symbolic_alleles_need_end_only_when_requested ... ok
[INFO] [stdout] test annotate::source::tests::rejects_variant_coordinate_regressions_and_unknown_contigs ... ok
[INFO] [stdout] test annotate::tests::propagates_output_finish_failures ... ok
[INFO] [stdout] test annotate::tests::propagates_output_write_failures ... ok
[INFO] [stdout] test cli::tests::head_help_uses_family_layout ... ok
[INFO] [stdout] test annotate::matching::tests::rejects_target_coordinate_regressions_and_invalid_fractions ... ok
[INFO] [stdout] test annotate::source::tests::rejects_malformed_and_unsorted_tabular_records ... ok
[INFO] [stdout] test cli::tests::index_help_uses_family_layout ... ok
[INFO] [stdout] test cli::tests::annotate_help_uses_family_layout ... ok
[INFO] [stdout] test cli::tests::filter_help_uses_family_layout ... ok
[INFO] [stdout] test cli::tests::command_tree_is_valid ... ok
[INFO] [stdout] test cli::tests::view_help_uses_family_layout ... ok
[INFO] [stdout] test commands::filter::tests::parses_filter_modes_genotype_replacements_and_gap_types ... ok
[INFO] [stdout] test expression::bind::tests::ambiguous_undefined_and_invalid_subscripts_fail_during_binding ... ok
[INFO] [stdout] test cli::tests::norm_help_uses_family_layout ... ok
[INFO] [stdout] test cli::tests::query_help_uses_family_layout ... ok
[INFO] [stdout] test expression::bind::tests::fixed_and_calculated_fields_have_stable_types ... ok
[INFO] [stdout] test expression::evaluate::function::fisher::tests::matches_htslib_reference_probabilities ... ok
[INFO] [stdout] test expression::bind::tests::function_names_are_bound_case_insensitively ... ok
[INFO] [stdout] test expression::evaluate::function::binomial::tests::matches_reference_two_sided_probabilities ... ok
[INFO] [stdout] test expression::evaluate::tests::binomial_supports_site_sample_and_explicit_count_pairs ... ok
[INFO] [stdout] test expression::bind::tests::header_binding_retains_namespace_type_number_and_subscript ... ok
[INFO] [stdout] test expression::evaluate::tests::count_functions_distinguish_site_slots_sample_values_and_absence ... ok
[INFO] [stdout] test annotate::set_id::tests::replaces_ids_from_site_fields ... ok
[INFO] [stdout] test expression::evaluate::tests::elementwise_functions_preserve_vectors_samples_and_missing_values ... ok
[INFO] [stdout] test expression::evaluate::tests::fisher_supports_four_counts_paired_vectors_and_genotype_selection ... ok
[INFO] [stdout] test expression::evaluate::tests::format_arithmetic_retains_per_sample_truth ... ok
[INFO] [stdout] test expression::evaluate::tests::fisher_distinguishes_unindexed_number_r_from_explicit_pairs ... ok
[INFO] [stdout] test expression::evaluate::tests::genotype_subscripts_select_called_alleles_per_sample ... ok
[INFO] [stdout] test annotate::source::tests::reads_committed_plain_bed_asset_in_target_order ... ok
[INFO] [stdout] test expression::evaluate::tests::incompatible_arithmetic_vectors_fail ... ok
[INFO] [stdout] test expression::evaluate::tests::format_subscripts_keep_sample_and_value_axes_distinct ... ok
[INFO] [stdout] test annotate::source::tests::reads_plain_gzip_and_bgzf_tabular_sources ... ok
[INFO] [stdout] test expression::evaluate::tests::global_numeric_functions_reduce_sites_and_selected_samples ... ok
[INFO] [stdout] test annotate::source::tests::reads_every_variant_encoding ... ok
[INFO] [stdout] test expression::evaluate::tests::invalid_or_non_string_regexes_fail ... ok
[INFO] [stdout] test expression::evaluate::tests::passing_sample_functions_count_and_fraction_all_samples ... ok
[INFO] [stdout] test expression::evaluate::tests::phred_maps_numeric_values_and_preserves_shape ... ok
[INFO] [stdout] test expression::evaluate::tests::sample_numeric_functions_reduce_each_selected_sample ... ok
[INFO] [stdout] test annotate::source::tests::extracts_tabular_match_fields_and_long_payloads ... ok
[INFO] [stdout] test expression::evaluate::tests::site_arithmetic_broadcasts_scalars_and_comparisons_match_any_pair ... ok
[INFO] [stdout] test expression::evaluate::tests::passing_sample_fraction_uses_the_expression_selection ... ok
[INFO] [stdout] test expression::syntax::tests::functions_files_wildcards_and_regexes_parse ... ok
[INFO] [stdout] test expression::evaluate::tests::regex_comparisons_support_vectors_samples_and_case_suffixes ... ok
[INFO] [stdout] test expression::evaluate::tests::site_truth_controls_mixed_logical_sample_masks ... ok
[INFO] [stdout] test expression::syntax::tests::malformed_expressions_fail_at_the_boundary ... ok
[INFO] [stdout] test expression::syntax::tests::arithmetic_precedence_and_unary_negation_are_explicit ... ok
[INFO] [stdout] test expression::syntax::tests::missing_values_use_the_bcftools_quoted_spelling ... ok
[INFO] [stdout] test cli::tests::validate_help_uses_family_layout ... ok
[INFO] [stdout] test expression::evaluate::tests::equality_has_explicit_missing_and_string_semantics ... ok
[INFO] [stdout] test expression::evaluate::tests::info_subscripts_select_indices_ranges_and_missing_values ... ok
[INFO] [stdout] test expression::evaluate::tests::logical_operators_keep_sample_and_site_semantics_distinct ... ok
[INFO] [stdout] test expression::value::tests::fixed_and_info_fields_preserve_typed_vectors_and_missing_values ... ok
[INFO] [stdout] test expression::syntax::tests::namespaces_and_subscripts_cover_samples_values_ranges_and_gt ... ok
[INFO] [stdout] test expression::value::tests::format_fields_retain_sample_and_value_dimensions ... ok
[INFO] [stdout] test expression::value::tests::missing_sample_metrics_require_a_genotype_column ... ok
[INFO] [stdout] test filter::gaps::tests::chromosome_changes_flush_pending_clusters ... ok
[INFO] [stdout] test expression::value::tests::genotype_calculations_match_bcftools_1_24_semantics ... ok
[INFO] [stdout] test filter::gaps::tests::indel_gap_prefers_positive_quality_then_first_alt_count_then_input_order ... ok
[INFO] [stdout] test expression::syntax::tests::sample_and_site_logical_operators_remain_distinct ... ok
[INFO] [stdout] test filter::gaps::tests::snp_gap_marks_snps_on_both_sides_of_indels ... ok
[INFO] [stdout] test filter::gaps::tests::soft_gap_filters_annotate_without_dropping_and_state_is_bounded ... ok
[INFO] [stdout] test annotate::source::tests::truncated_compressed_sources_fail_loud ... ok
[INFO] [stdout] test filter::stream::tests::targets_are_selected_before_expression_and_gap_filters ... ok
[INFO] [stdout] test filter::tests::failed_samples_can_be_set_missing_and_update_valid_ac_an ... ok
[INFO] [stdout] test filter::tests::failed_samples_can_be_set_reference_and_count_missing_alleles ... ok
[INFO] [stdout] test filter::tests::generated_soft_filter_name_skips_existing_header_ids ... ok
[INFO] [stdout] test filter::tests::hard_include_and_exclude_choose_record_disposition ... ok
[INFO] [stdout] test filter::tests::malformed_ac_an_are_preserved_while_genotypes_change ... ok
[INFO] [stdout] test filter::tests::mask_only_failure_rewrites_every_sample ... ok
[INFO] [stdout] test filter::tests::masks_require_soft_filters_and_mask_only_headers_are_explicit ... ok
[INFO] [stdout] test filter::tests::negated_masks_and_expressions_both_must_pass ... ok
[INFO] [stdout] test filter::tests::processor_accepts_gap_only_filters ... ok
[INFO] [stdout] test filter::tests::processor_filters_records_before_gap_context ... ok
[INFO] [stdout] test filter::tests::processor_keeps_soft_failures_in_gap_context ... ok
[INFO] [stdout] test filter::tests::sample_decisions_follow_include_and_exclude_logic ... ok
[INFO] [stdout] test filter::tests::site_failure_rewrites_every_sample_and_single_alt_ac ... ok
[INFO] [stdout] test filter::tests::soft_filter_replaces_adds_and_resets_filters ... ok
[INFO] [stdout] test expression::evaluate::tests::sample_files_are_resolved_during_binding ... FAILED
[INFO] [stdout] test expression::evaluate::tests::missing_value_files_fail_during_binding ... FAILED
[INFO] [stdout] test format::bgzf::tests::exposes_data_and_eof_frames_in_order ... ok
[INFO] [stdout] test expression::evaluate::tests::value_files_match_id_and_format_strings_as_sets ... FAILED
[INFO] [stdout] test format::reader::tests::header_replaces_pass_and_removes_bcf_indices ... ok
[INFO] [stdout] test format::bgzf::tests::copies_complete_frames_through_one_canonical_eof ... ok
[INFO] [stdout] test format::record::tests::malformed_position_and_sample_cardinality_fail ... ok
[INFO] [stdout] test format::record::tests::malformed_typed_values_fail ... ok
[INFO] [stdout] test format::bgzf::tests::rejects_invalid_frame_headers_and_sizes ... ok
[INFO] [stdout] test format::record::tests::record_is_reformatted_without_allocation_per_field ... ok
[INFO] [stdout] test format::value::tests::integers_use_int32_and_missing_sentinels ... ok
[INFO] [stdout] test format::value::tests::floats_round_through_f32_and_g6 ... ok
[INFO] [stdout] test format::writer::tests::bcf_preserves_nonsequential_dictionary_indices ... ok
[INFO] [stdout] test filter::tests::masks_share_position_record_and_variant_overlap_semantics ... ok
[INFO] [stdout] test format::bgzf::tests::accepts_a_noncanonical_empty_data_frame_before_eof ... ok
[INFO] [stdout] test format::writer::tests::parallel_bgzf_rejects_unbounded_or_uncompressed_requests ... ok
[INFO] [stdout] test format::bgzf::tests::rejects_partial_headers_and_payloads ... ok
[INFO] [stdout] test format::writer::tests::bcf_encodes_missing_genotypes_and_text_fields ... ok
[INFO] [stdout] test head::tests::header_limit_counts_complete_lines ... ok
[INFO] [stdout] test format::writer::tests::parallel_bcf_finishes_and_decodes ... ok
[INFO] [stdout] test head::tests::samples_mode_adds_chrom_line_after_limited_metadata ... ok
[INFO] [stdout] test format::writer::tests::single_threaded_bgzf_writes_one_eof_block ... ok
[INFO] [stdout] test format::reader::tests::header_preserves_order_and_inserts_pass ... ok
[INFO] [stdout] test format::writer::tests::parallel_bgzf_uses_the_requested_bounded_pool ... ok
[INFO] [stdout] test norm::atomize::tests::decomposes_mnvs_and_skips_matching_bases ... ok
[INFO] [stdout] test head::tests::samples_zero_writes_only_chrom_line ... ok
[INFO] [stdout] test index::csi::tests::settings_match_htslib_defaults ... ok
[INFO] [stdout] test norm::atomize::tests::extends_allele_indexed_fields_for_spanning_deletions ... ok
[INFO] [stdout] test norm::gff::tests::malformed_or_empty_annotations_fail ... ok
[INFO] [stdout] test norm::atomize::tests::decomposes_complex_indels_and_marks_overlapping_atoms ... ok
[INFO] [stdout] test norm::gff::tests::forward_only_overlap_selects_right_alignment ... ok
[INFO] [stdout] test norm::atomize::tests::remaps_multiallelic_genotypes_across_overlapping_atoms ... ok
[INFO] [stdout] test format::writer::tests::bcf_encodes_explicitly_missing_info_values ... ok
[INFO] [stdout] test norm::reference::tests::reference_iupac_and_mismatch_policies_are_explicit ... ok
[INFO] [stdout] test norm::reference::tests::left_aligns_indels_and_trims_substitutions_with_shared_reference_access ... ok
[INFO] [stdout] test norm::reference::tests::right_aligns_forward_transcript_indels_by_the_hgvs_rule ... ok
[INFO] [stdout] test norm::reference::tests::reference_mismatch_and_invalid_range_fail_with_record_context ... ok
[INFO] [stdout] test norm::gff::tests::reverse_or_conflicting_overlap_selects_left_alignment ... ok
[INFO] [stdout] test norm::split::tests::malformed_allele_cardinality_fails ... ok
[INFO] [stdout] test norm::split::tests::preserves_ad_sums_when_requested ... ok
[INFO] [stdout] test norm::split::tests::remaps_typed_allele_fields_and_mixed_ploidy ... ok
[INFO] [stdout] test filter::stream::tests::indexed_regions_deduplicate_before_target_filtering ... ok
[INFO] [stdout] test norm::tests::normalizes_and_reorders_records_within_the_site_window ... ok
[INFO] [stdout] test query_format::tests::newline_anywhere_disables_automatic_newline ... ok
[INFO] [stdout] test filter::stream::tests::parallel_filter_commits_owned_bgzf_output ... ok
[INFO] [stdout] test query_format::tests::parses_site_and_sample_fields ... ok
[INFO] [stdout] test query_format::tests::rejects_incomplete_and_expression_syntax ... ok
[INFO] [stdout] test query_format::tests::site_format_rejects_sample_fields_and_invalid_literals ... ok
[INFO] [stdout] test query_format::tests::site_format_renders_fixed_info_and_escaped_literals ... ok
[INFO] [stdout] test regions::tests::literal_insertions_and_absent_alternates_have_no_reference_span ... ok
[INFO] [stdout] test regions::tests::literal_variant_overlap_keeps_the_reference_suffix ... ok
[INFO] [stdout] test regions::tests::region_selection_can_include_or_exclude_matches ... ok
[INFO] [stdout] test norm::tests::rejects_unsorted_input_without_partial_success ... ok
[INFO] [stdout] test regions::tests::single_coordinate_regions_are_not_open_ended ... ok
[INFO] [stdout] test reheader::bcf::tests::retained_indices_stay_fixed_and_new_ids_follow_the_original_maps ... ok
[INFO] [stdout] test reheader::fai::tests::duplicate_header_contigs_fail_before_synchronization ... ok
[INFO] [stdout] test reheader::fai::tests::parses_first_two_columns_and_u64_boundaries ... ok
[INFO] [stdout] test reheader::header::tests::exposes_samples_contigs_and_a_noodles_header ... ok
[INFO] [stdout] test reheader::header::tests::rejects_non_utf8_and_disallowed_controls ... ok
[INFO] [stdout] test reheader::header::tests::replacement_rejects_a_different_sample_count ... ok
[INFO] [stdout] test reheader::header::tests::sample_edits_replace_only_the_terminal_columns ... ok
[INFO] [stdout] test reheader::samples::tests::a_partial_pair_map_retains_unmentioned_samples ... ok
[INFO] [stdout] test reheader::samples::tests::escaped_pairs_rename_known_samples ... ok
[INFO] [stdout] test reheader::header::tests::replacement_preserves_unknown_lines_and_normalizes_newlines ... ok
[INFO] [stdout] test reheader::samples::tests::file_grammar_rejects_invalid_encoding_and_escapes ... ok
[INFO] [stdout] test reheader::samples::tests::list_and_one_column_file_replace_positionally ... ok
[INFO] [stdout] test reheader::fai::tests::rejects_empty_duplicate_and_malformed_rows ... ok
[INFO] [stdout] test reheader::samples::tests::mappings_reject_unknown_duplicate_and_conflicting_names ... ok
[INFO] [stdout] test reheader::samples::tests::positional_edits_require_exactly_unique_nonempty_names ... ok
[INFO] [stdout] test reheader::samples::tests::sites_only_headers_reject_sample_edits ... ok
[INFO] [stdout] test reheader::fai::tests::updates_length_in_place_and_revalidates_the_header ... ok
[INFO] [stdout] test reheader::fai::tests::replaces_contigs_without_losing_other_metadata ... ok
[INFO] [stdout] test reheader::header::tests::header_shape_is_strict ... ok
[INFO] [stdout] test validate::tests::evidence_is_an_explicit_policy ... ok
[INFO] [stdout] test validate::tests::invalid_cardinality_and_genotype_are_reported ... ok
[INFO] [stdout] test validate::tests::float_keywords_are_case_insensitive ... ok
[INFO] [stdout] test validate::tests::modern_info_keys_require_a_valid_prefix ... ok
[INFO] [stdout] test validate::tests::missing_alt_has_zero_alternate_values ... ok
[INFO] [stdout] test validate::tests::normalized_duplicate_variants_are_rejected ... ok
[INFO] [stdout] test validate::tests::non_structural_symbolic_alleles_do_not_require_svlen ... ok
[INFO] [stdout] test validate::tests::invalid_float_is_not_accepted_for_oracle_compatibility ... ok
[INFO] [stdout] test validate::tests::records_are_sorted_in_contiguous_contig_blocks ... ok
[INFO] [stdout] test validate::tests::valid_typed_record_passes ... ok
[INFO] [stdout] test validation::record::tests::genotype_cardinality_uses_ploidy_and_allele_count ... ok
[INFO] [stdout] test variant_type::tests::reports_current_bcftools_categories ... ok
[INFO] [stdout] test validate::tests::v44_cross_field_invariants_are_enforced ... ok
[INFO] [stdout] test format::bgzf::tests::rejects_bytes_or_a_second_frame_after_eof ... ok
[INFO] [stdout] test format::bgzf::tests::rejects_a_stream_without_the_canonical_eof ... ok
[INFO] [stdout] test expression::value::tests::calculated_fields_preserve_empty_monomorphic_and_symbolic_semantics ... ok
[INFO] [stdout] test annotate::matching::tests::allele_maps_follow_source_order_and_reference_extension ... ok
[INFO] [stdout] test annotate::header::tests::removes_selected_tags_and_retains_complements ... ok
[INFO] [stdout] test annotate::header::tests::removes_fixed_fields_and_whole_namespaces ... ok
[INFO] [stdout] test index::vcf::tests::parses_reference_spans ... ok
[INFO] [stdout] test index::vcf::tests::parses_reference_block_lengths ... ok
[INFO] [stdout] test annotate::matching::tests::forward_join_discards_expired_annotations ... ok
[INFO] [stdout] 
[INFO] [stdout] failures:
[INFO] [stdout] 
[INFO] [stdout] ---- expression::evaluate::tests::sample_files_are_resolved_during_binding stdout ----
[INFO] [stdout] 
[INFO] [stdout] thread 'expression::evaluate::tests::sample_files_are_resolved_during_binding' (2030) panicked at src/expression/evaluate.rs:564:64:
[INFO] [stdout] called `Result::unwrap()` on an `Err` value: Custom { kind: ReadOnlyFilesystem, error: PathError { path: "/opt/rustwide/workdir/./.tmpNY6JCd", err: Os { code: 30, kind: ReadOnlyFilesystem, message: "Read-only file system" } } }
[INFO] [stdout] stack backtrace:
[INFO] [stdout]    0:     0x5ed485890081 - <<std[617be2ca0a6fd877]::sys::backtrace::BacktraceLock>::print::DisplayBacktrace as core[a373ad73a504971]::fmt::Display>::fmt
[INFO] [stdout]    1:     0x5ed4858a8e1a - core[a373ad73a504971]::fmt::write
[INFO] [stdout]    2:     0x5ed485895a7c - <alloc[2e1b2a31b91974c5]::vec::Vec<u8> as core[a373ad73a504971]::io::write::Write>::write_fmt
[INFO] [stdout]    3:     0x5ed4858696b6 - std[617be2ca0a6fd877]::panicking::default_hook::{closure#0}
[INFO] [stdout]    4:     0x5ed485887039 - std[617be2ca0a6fd877]::panicking::default_hook
[INFO] [stdout]    5:     0x5ed48566d5d0 - test[aada8e7e76ba119b]::test_main_inner::{closure#0}
[INFO] [stdout]    6:     0x5ed485887362 - std[617be2ca0a6fd877]::panicking::panic_with_hook
[INFO] [stdout]    7:     0x5ed485869762 - std[617be2ca0a6fd877]::panicking::panic_handler::{closure#0}
[INFO] [stdout]    8:     0x5ed485861f19 - std[617be2ca0a6fd877]::sys::backtrace::__rust_end_short_backtrace::<std[617be2ca0a6fd877]::panicking::panic_handler::{closure#0}, !>
[INFO] [stdout]    9:     0x5ed48586a4dd - __rustc[ea4f61d10b84890b]::rust_begin_unwind
[INFO] [stdout]   10:     0x5ed4858a95fc - core[a373ad73a504971]::panicking::panic_fmt
[INFO] [stdout]   11:     0x5ed4858a93d2 - core[a373ad73a504971]::result::unwrap_failed
[INFO] [stdout]   12:     0x5ed4853e3713 - <rsomics_vcf[65b1bf1fcd625872]::expression::evaluate::tests::sample_files_are_resolved_during_binding::{closure#0} as core[a373ad73a504971]::ops::function::FnOnce<()>>::call_once
[INFO] [stdout]   13:     0x5ed485660a1b - test[aada8e7e76ba119b]::__rust_begin_short_backtrace::<core[a373ad73a504971]::result::Result<(), alloc[2e1b2a31b91974c5]::string::String>, fn() -> core[a373ad73a504971]::result::Result<(), alloc[2e1b2a31b91974c5]::string::String>>
[INFO] [stdout]   14:     0x5ed48566dbf5 - test[aada8e7e76ba119b]::run_test::{closure#0}
[INFO] [stdout]   15:     0x5ed4856674e4 - std[617be2ca0a6fd877]::sys::backtrace::__rust_begin_short_backtrace::<test[aada8e7e76ba119b]::run_test::{closure#1}, ()>
[INFO] [stdout]   16:     0x5ed485670c82 - <std[617be2ca0a6fd877]::thread::lifecycle::spawn_unchecked<test[aada8e7e76ba119b]::run_test::{closure#1}, ()>::{closure#1} as core[a373ad73a504971]::ops::function::FnOnce<()>>::call_once::{shim:vtable#0}
[INFO] [stdout]   17:     0x5ed48588f04f - <std[617be2ca0a6fd877]::sys::thread::unix::Thread>::new::thread_start
[INFO] [stdout]   18:     0x78e3d199edfa - <unknown>
[INFO] [stdout]   19:     0x78e3d1a323d4 - clone
[INFO] [stdout]   20:                0x0 - <unknown>
[INFO] [stdout] 
[INFO] [stdout] ---- expression::evaluate::tests::missing_value_files_fail_during_binding stdout ----
[INFO] [stdout] 
[INFO] [stdout] thread 'expression::evaluate::tests::missing_value_files_fail_during_binding' (2025) panicked at src/expression/evaluate.rs:793:51:
[INFO] [stdout] called `Result::unwrap()` on an `Err` value: Custom { kind: ReadOnlyFilesystem, error: PathError { path: "/opt/rustwide/workdir/./.tmpzSk3EU", err: Os { code: 30, kind: ReadOnlyFilesystem, message: "Read-only file system" } } }
[INFO] [stdout] stack backtrace:
[INFO] [stdout]    0:     0x5ed485890081 - <<std[617be2ca0a6fd877]::sys::backtrace::BacktraceLock>::print::DisplayBacktrace as core[a373ad73a504971]::fmt::Display>::fmt
[INFO] [stdout]    1:     0x5ed4858a8e1a - core[a373ad73a504971]::fmt::write
[INFO] [stdout]    2:     0x5ed485895a7c - <alloc[2e1b2a31b91974c5]::vec::Vec<u8> as core[a373ad73a504971]::io::write::Write>::write_fmt
[INFO] [stdout]    3:     0x5ed4858696b6 - std[617be2ca0a6fd877]::panicking::default_hook::{closure#0}
[INFO] [stdout]    4:     0x5ed485887039 - std[617be2ca0a6fd877]::panicking::default_hook
[INFO] [stdout]    5:     0x5ed48566d5d0 - test[aada8e7e76ba119b]::test_main_inner::{closure#0}
[INFO] [stdout]    6:     0x5ed485887362 - std[617be2ca0a6fd877]::panicking::panic_with_hook
[INFO] [stdout]    7:     0x5ed485869762 - std[617be2ca0a6fd877]::panicking::panic_handler::{closure#0}
[INFO] [stdout]    8:     0x5ed485861f19 - std[617be2ca0a6fd877]::sys::backtrace::__rust_end_short_backtrace::<std[617be2ca0a6fd877]::panicking::panic_handler::{closure#0}, !>
[INFO] [stdout]    9:     0x5ed48586a4dd - __rustc[ea4f61d10b84890b]::rust_begin_unwind
[INFO] [stdout]   10:     0x5ed4858a95fc - core[a373ad73a504971]::panicking::panic_fmt
[INFO] [stdout]   11:     0x5ed4858a93d2 - core[a373ad73a504971]::result::unwrap_failed
[INFO] [stdout]   12:     0x5ed4853e3090 - <rsomics_vcf[65b1bf1fcd625872]::expression::evaluate::tests::missing_value_files_fail_during_binding::{closure#0} as core[a373ad73a504971]::ops::function::FnOnce<()>>::call_once
[INFO] [stdout]   13:     0x5ed485660a1b - test[aada8e7e76ba119b]::__rust_begin_short_backtrace::<core[a373ad73a504971]::result::Result<(), alloc[2e1b2a31b91974c5]::string::String>, fn() -> core[a373ad73a504971]::result::Result<(), alloc[2e1b2a31b91974c5]::string::String>>
[INFO] [stdout]   14:     0x5ed48566dbf5 - test[aada8e7e76ba119b]::run_test::{closure#0}
[INFO] [stdout]   15:     0x5ed4856674e4 - std[617be2ca0a6fd877]::sys::backtrace::__rust_begin_short_backtrace::<test[aada8e7e76ba119b]::run_test::{closure#1}, ()>
[INFO] [stdout]   16:     0x5ed485670c82 - <std[617be2ca0a6fd877]::thread::lifecycle::spawn_unchecked<test[aada8e7e76ba119b]::run_test::{closure#1}, ()>::{closure#1} as core[a373ad73a504971]::ops::function::FnOnce<()>>::call_once::{shim:vtable#0}
[INFO] [stdout]   17:     0x5ed48588f04f - <std[617be2ca0a6fd877]::sys::thread::unix::Thread>::new::thread_start
[INFO] [stdout]   18:     0x78e3d199edfa - <unknown>
[INFO] [stdout]   19:     0x78e3d1a323d4 - clone
[INFO] [stdout]   20:                0x0 - <unknown>
[INFO] [stdout] 
[INFO] [stdout] ---- expression::evaluate::tests::value_files_match_id_and_format_strings_as_sets stdout ----
[INFO] [stdout] 
[INFO] [stdout] thread 'expression::evaluate::tests::value_files_match_id_and_format_strings_as_sets' (2034) panicked at src/expression/evaluate.rs:768:61:
[INFO] [stdout] called `Result::unwrap()` on an `Err` value: Custom { kind: ReadOnlyFilesystem, error: PathError { path: "/opt/rustwide/workdir/./.tmpqBkKIB", err: Os { code: 30, kind: ReadOnlyFilesystem, message: "Read-only file system" } } }
[INFO] [stdout] stack backtrace:
[INFO] [stdout]    0:     0x5ed485890081 - <<std[617be2ca0a6fd877]::sys::backtrace::BacktraceLock>::print::DisplayBacktrace as core[a373ad73a504971]::fmt::Display>::fmt
[INFO] [stdout]    1:     0x5ed4858a8e1a - core[a373ad73a504971]::fmt::write
[INFO] [stdout]    2:     0x5ed485895a7c - <alloc[2e1b2a31b91974c5]::vec::Vec<u8> as core[a373ad73a504971]::io::write::Write>::write_fmt
[INFO] [stdout]    3:     0x5ed4858696b6 - std[617be2ca0a6fd877]::panicking::default_hook::{closure#0}
[INFO] [stdout]    4:     0x5ed485887039 - std[617be2ca0a6fd877]::panicking::default_hook
[INFO] [stdout]    5:     0x5ed48566d5d0 - test[aada8e7e76ba119b]::test_main_inner::{closure#0}
[INFO] [stdout]    6:     0x5ed485887362 - std[617be2ca0a6fd877]::panicking::panic_with_hook
[INFO] [stdout]    7:     0x5ed485869762 - std[617be2ca0a6fd877]::panicking::panic_handler::{closure#0}
[INFO] [stdout]    8:     0x5ed485861f19 - std[617be2ca0a6fd877]::sys::backtrace::__rust_end_short_backtrace::<std[617be2ca0a6fd877]::panicking::panic_handler::{closure#0}, !>
[INFO] [stdout]    9:     0x5ed48586a4dd - __rustc[ea4f61d10b84890b]::rust_begin_unwind
[INFO] [stdout]   10:     0x5ed4858a95fc - core[a373ad73a504971]::panicking::panic_fmt
[INFO] [stdout]   11:     0x5ed4858a93d2 - core[a373ad73a504971]::result::unwrap_failed
[INFO] [stdout]   12:     0x5ed4853e5dfb - <rsomics_vcf[65b1bf1fcd625872]::expression::evaluate::tests::value_files_match_id_and_format_strings_as_sets::{closure#0} as core[a373ad73a504971]::ops::function::FnOnce<()>>::call_once
[INFO] [stdout]   13:     0x5ed485660a1b - test[aada8e7e76ba119b]::__rust_begin_short_backtrace::<core[a373ad73a504971]::result::Result<(), alloc[2e1b2a31b91974c5]::string::String>, fn() -> core[a373ad73a504971]::result::Result<(), alloc[2e1b2a31b91974c5]::string::String>>
[INFO] [stdout]   14:     0x5ed48566dbf5 - test[aada8e7e76ba119b]::run_test::{closure#0}
[INFO] [stdout]   15:     0x5ed4856674e4 - std[617be2ca0a6fd877]::sys::backtrace::__rust_begin_short_backtrace::<test[aada8e7e76ba119b]::run_test::{closure#1}, ()>
[INFO] [stdout]   16:     0x5ed485670c82 - <std[617be2ca0a6fd877]::thread::lifecycle::spawn_unchecked<test[aada8e7e76ba119b]::run_test::{closure#1}, ()>::{closure#1} as core[a373ad73a504971]::ops::function::FnOnce<()>>::call_once::{shim:vtable#0}
[INFO] [stdout]   17:     0x5ed48588f04f - <std[617be2ca0a6fd877]::sys::thread::unix::Thread>::new::thread_start
[INFO] [stdout]   18:     0x78e3d199edfa - <unknown>
[INFO] [stdout]   19:     0x78e3d1a323d4 - clone
[INFO] [stdout]   20:                0x0 - <unknown>
[INFO] [stdout] 
[INFO] [stdout] 
[INFO] [stdout] failures:
[INFO] [stdout]     expression::evaluate::tests::missing_value_files_fail_during_binding
[INFO] [stdout]     expression::evaluate::tests::sample_files_are_resolved_during_binding
[INFO] [stdout]     expression::evaluate::tests::value_files_match_id_and_format_strings_as_sets
[INFO] [stdout] 
[INFO] [stdout] test result: FAILED. 223 passed; 3 failed; 0 ignored; 0 measured; 0 filtered out; finished in 1.01s
[INFO] [stdout] 
[INFO] [stderr] error: test failed, to rerun pass `--lib`
[INFO] running `Command { std: "docker" "inspect" "643fecd4b40a06fdd99e7fca2b7ba34ea9ea69d0d694dd2a6c728cdedc7c8d99", kill_on_drop: false }`
[INFO] running `Command { std: "docker" "rm" "-f" "643fecd4b40a06fdd99e7fca2b7ba34ea9ea69d0d694dd2a6c728cdedc7c8d99", kill_on_drop: false }`
[INFO] [stdout] 643fecd4b40a06fdd99e7fca2b7ba34ea9ea69d0d694dd2a6c728cdedc7c8d99
