[INFO] fetching crate rsneat 0.1.0...
[INFO] testing rsneat-0.1.0 against 1.100.0-beta.1+cargoflags=--release for beta-release-1.100-2
[INFO] extracting crate rsneat 0.1.0 into /workspace/builds/worker-5-tc2/source
[INFO] started tweaking crates.io crate rsneat 0.1.0
[INFO] finished tweaking crates.io crate rsneat 0.1.0
[INFO] tweaked toml for crates.io crate rsneat 0.1.0 written to /workspace/builds/worker-5-tc2/source/Cargo.toml
[INFO] validating manifest of crates.io crate rsneat 0.1.0 on toolchain 1.100.0-beta.1
[INFO] running `Command { std: CARGO_HOME="/workspace/cargo-home" RUSTUP_HOME="/workspace/rustup-home" "/workspace/cargo-home/bin/cargo" "+1.100.0-beta.1" "metadata" "--manifest-path" "Cargo.toml" "--no-deps", kill_on_drop: false }`
[INFO] running `Command { std: CARGO_HOME="/workspace/cargo-home" RUSTUP_HOME="/workspace/rustup-home" "/workspace/cargo-home/bin/cargo" "+1.100.0-beta.1" "generate-lockfile" "--manifest-path" "Cargo.toml", kill_on_drop: false }`
[INFO] [stderr]     Updating crates.io index
[INFO] [stderr]      Locking 26 packages to highest compatible versions
[INFO] [stderr]       Adding rand v0.6.5 (available: v0.10.3)
[INFO] running `Command { std: CARGO_HOME="/workspace/cargo-home" RUSTUP_HOME="/workspace/rustup-home" "/workspace/cargo-home/bin/cargo" "+1.100.0-beta.1" "fetch" "--manifest-path" "Cargo.toml", kill_on_drop: false }`
[INFO] running `Command { std: "docker" "create" "-v" "/var/lib/crater-agent-workspace/builds/worker-5-tc2/source:/opt/rustwide/workdir:ro,Z" "-v" "/var/lib/crater-agent-workspace/builds/worker-5-tc2/target:/opt/rustwide/target:rw,Z" "-v" "/var/lib/crater-agent-workspace/cargo-home:/opt/rustwide/cargo-home:ro,Z" "-v" "/var/lib/crater-agent-workspace/rustup-home:/opt/rustwide/rustup-home:ro,Z" "-m" "1610612736" "--network" "none" "ghcr.io/rust-lang/crates-build-env/linux@sha256:77db811e55d90add9212f6832c23229e3de5f1c1f9905e8cb07319ea15df73ac" "sleep" "infinity", kill_on_drop: false }`
[INFO] [stdout] e214121ca19af1c62fd00686b8c34b762c66f157b2ba8f6b2161f349d8c4539d
[INFO] running `Command { std: "docker" "start" "e214121ca19af1c62fd00686b8c34b762c66f157b2ba8f6b2161f349d8c4539d", kill_on_drop: false }`
[INFO] running `Command { std: "docker" "inspect" "e214121ca19af1c62fd00686b8c34b762c66f157b2ba8f6b2161f349d8c4539d", kill_on_drop: false }`
[INFO] running `Command { std: "docker" "exec" "-e" "SOURCE_DIR=/opt/rustwide/workdir" "-e" "CARGO_HOME=/opt/rustwide/cargo-home" "-e" "RUSTUP_HOME=/opt/rustwide/rustup-home" "-e" "CARGO_TARGET_DIR=/opt/rustwide/target" "-w" "/opt/rustwide/workdir" "--user" "0:0" "e214121ca19af1c62fd00686b8c34b762c66f157b2ba8f6b2161f349d8c4539d" "/opt/rustwide/cargo-home/bin/cargo" "+1.100.0-beta.1" "metadata" "--no-deps" "--format-version=1", kill_on_drop: false }`
[INFO] running `Command { std: "docker" "inspect" "e214121ca19af1c62fd00686b8c34b762c66f157b2ba8f6b2161f349d8c4539d", kill_on_drop: false }`
[INFO] running `Command { std: "docker" "exec" "-e" "SOURCE_DIR=/opt/rustwide/workdir" "-e" "CARGO_HOME=/opt/rustwide/cargo-home" "-e" "RUSTUP_HOME=/opt/rustwide/rustup-home" "-e" "CARGO_TARGET_DIR=/opt/rustwide/target" "-e" "CARGO_INCREMENTAL=0" "-e" "RUST_BACKTRACE=full" "-e" "RUSTFLAGS=--cap-lints=warn" "-e" "RUSTDOCFLAGS=--cap-lints=warn" "-w" "/opt/rustwide/workdir" "--user" "0:0" "e214121ca19af1c62fd00686b8c34b762c66f157b2ba8f6b2161f349d8c4539d" "/opt/rustwide/cargo-home/bin/cargo" "+1.100.0-beta.1" "build" "--frozen" "--message-format=json" "--release", kill_on_drop: false }`
[INFO] [stderr]    Compiling autocfg v0.1.8
[INFO] [stderr]    Compiling rand_core v0.4.3
[INFO] [stderr]    Compiling rayon v1.12.0
[INFO] [stderr]    Compiling rand_chacha v0.1.1
[INFO] [stderr]    Compiling rand_pcg v0.1.2
[INFO] [stderr]    Compiling rand v0.6.5
[INFO] [stderr]    Compiling rand_core v0.3.2
[INFO] [stderr]    Compiling rand_jitter v0.1.4
[INFO] [stderr]    Compiling rand_os v0.1.3
[INFO] [stderr]    Compiling rand_xorshift v0.1.1
[INFO] [stderr]    Compiling rand_hc v0.1.0
[INFO] [stderr]    Compiling rand_isaac v0.1.1
[INFO] [stderr]    Compiling rsneat v0.1.0 (/opt/rustwide/workdir)
[INFO] [stdout] warning: field `max_fitness` is never read
[INFO] [stdout]   --> src/population.rs:15:6
[INFO] [stdout]    |
[INFO] [stdout] 12 | struct Species {
[INFO] [stdout]    |        ------- field in this struct
[INFO] [stdout] ...
[INFO] [stdout] 15 |     pub max_fitness: f64,
[INFO] [stdout]    |         ^^^^^^^^^^^
[INFO] [stdout]    |
[INFO] [stdout]    = note: `#[warn(dead_code)]` (part of `#[warn(unused)]`) on by default
[INFO] [stdout] 
[INFO] [stdout] 
[INFO] [stderr]     Finished `release` profile [optimized] target(s) in 5.30s
[INFO] running `Command { std: "docker" "inspect" "e214121ca19af1c62fd00686b8c34b762c66f157b2ba8f6b2161f349d8c4539d", kill_on_drop: false }`
[INFO] running `Command { std: "docker" "exec" "-e" "SOURCE_DIR=/opt/rustwide/workdir" "-e" "CARGO_HOME=/opt/rustwide/cargo-home" "-e" "RUSTUP_HOME=/opt/rustwide/rustup-home" "-e" "CARGO_TARGET_DIR=/opt/rustwide/target" "-e" "CARGO_INCREMENTAL=0" "-e" "RUST_BACKTRACE=full" "-e" "RUSTFLAGS=--cap-lints=warn" "-e" "RUSTDOCFLAGS=--cap-lints=warn" "-w" "/opt/rustwide/workdir" "--user" "0:0" "e214121ca19af1c62fd00686b8c34b762c66f157b2ba8f6b2161f349d8c4539d" "/opt/rustwide/cargo-home/bin/cargo" "+1.100.0-beta.1" "test" "--frozen" "--no-run" "--message-format=json" "--release", kill_on_drop: false }`
[INFO] [stderr]    Compiling rsneat v0.1.0 (/opt/rustwide/workdir)
[INFO] [stdout] warning: field `max_fitness` is never read
[INFO] [stdout]   --> src/population.rs:15:6
[INFO] [stdout]    |
[INFO] [stdout] 12 | struct Species {
[INFO] [stdout]    |        ------- field in this struct
[INFO] [stdout] ...
[INFO] [stdout] 15 |     pub max_fitness: f64,
[INFO] [stdout]    |         ^^^^^^^^^^^
[INFO] [stdout]    |
[INFO] [stdout]    = note: `#[warn(dead_code)]` (part of `#[warn(unused)]`) on by default
[INFO] [stdout] 
[INFO] [stdout] 
[INFO] [stdout] warning: field `max_fitness` is never read
[INFO] [stdout]   --> src/population.rs:15:6
[INFO] [stdout]    |
[INFO] [stdout] 12 | struct Species {
[INFO] [stdout]    |        ------- field in this struct
[INFO] [stdout] ...
[INFO] [stdout] 15 |     pub max_fitness: f64,
[INFO] [stdout]    |         ^^^^^^^^^^^
[INFO] [stdout]    |
[INFO] [stdout]    = note: `#[warn(dead_code)]` (part of `#[warn(unused)]`) on by default
[INFO] [stdout] 
[INFO] [stdout] 
[INFO] [stderr]     Finished `release` profile [optimized] target(s) in 1.29s
[INFO] running `Command { std: "docker" "inspect" "e214121ca19af1c62fd00686b8c34b762c66f157b2ba8f6b2161f349d8c4539d", kill_on_drop: false }`
[INFO] running `Command { std: "docker" "exec" "-e" "SOURCE_DIR=/opt/rustwide/workdir" "-e" "CARGO_HOME=/opt/rustwide/cargo-home" "-e" "RUSTUP_HOME=/opt/rustwide/rustup-home" "-e" "CARGO_TARGET_DIR=/opt/rustwide/target" "-e" "CARGO_INCREMENTAL=0" "-e" "RUST_BACKTRACE=full" "-e" "RUSTFLAGS=--cap-lints=warn" "-e" "RUSTDOCFLAGS=--cap-lints=warn" "-w" "/opt/rustwide/workdir" "--user" "0:0" "e214121ca19af1c62fd00686b8c34b762c66f157b2ba8f6b2161f349d8c4539d" "/opt/rustwide/cargo-home/bin/cargo" "+1.100.0-beta.1" "test" "--frozen" "--release", kill_on_drop: false }`
[INFO] [stderr] warning: field `max_fitness` is never read
[INFO] [stderr]   --> src/population.rs:15:6
[INFO] [stderr]    |
[INFO] [stderr] 12 | struct Species {
[INFO] [stderr]    |        ------- field in this struct
[INFO] [stderr] ...
[INFO] [stderr] 15 |     pub max_fitness: f64,
[INFO] [stderr]    |         ^^^^^^^^^^^
[INFO] [stderr]    |
[INFO] [stderr]    = note: `#[warn(dead_code)]` (part of `#[warn(unused)]`) on by default
[INFO] [stderr] 
[INFO] [stderr] warning: `rsneat` (lib) generated 1 warning
[INFO] [stderr] warning: `rsneat` (lib test) generated 1 warning (1 duplicate)
[INFO] [stderr]     Finished `release` profile [optimized] target(s) in 0.05s
[INFO] [stderr]      Running unittests src/lib.rs (/opt/rustwide/target/release/build/rsneat/882e3559617b74e1/out/rsneat-882e3559617b74e1)
[INFO] [stdout] 
[INFO] [stdout] running 9 tests
[INFO] [stdout] test util::matrix::tests::matrix_bounds1 - should panic ... ok
[INFO] [stdout] test genome::tests::genome_simple ... ok
[INFO] [stdout] test network::tests::network_test ... ok
[INFO] [stdout] test util::matrix::tests::matrix_identity ... ok
[INFO] [stdout] test util::matrix::tests::matrix_zero ... ok
[INFO] [stdout] test util::matrix::tests::matrix_bounds3 - should panic ... ok
[INFO] [stdout] test util::matrix::tests::matrix_bounds4 - should panic ... ok
[INFO] [stdout] test util::matrix::tests::matrix_bounds2 - should panic ... ok
[INFO] [stdout] test genome::tests::are_compatible_test ... FAILED
[INFO] [stdout] 
[INFO] [stdout] failures:
[INFO] [stdout] 
[INFO] [stdout] ---- genome::tests::are_compatible_test stdout ----
[INFO] [stdout] Mutations: 100
[INFO] [stdout] 
[INFO] [stdout] thread 'genome::tests::are_compatible_test' (434) panicked at src/genome.rs:484:9:
[INFO] [stdout] assertion failed: count < limit
[INFO] [stdout] stack backtrace:
[INFO] [stdout]    0:     0x64d9ddf4e6c1 - <<std[617be2ca0a6fd877]::sys::backtrace::BacktraceLock>::print::DisplayBacktrace as core[a373ad73a504971]::fmt::Display>::fmt
[INFO] [stdout]    1:     0x64d9ddf62c2a - core[a373ad73a504971]::fmt::write
[INFO] [stdout]    2:     0x64d9ddf5298c - <alloc[2e1b2a31b91974c5]::vec::Vec<u8> as core[a373ad73a504971]::io::write::Write>::write_fmt
[INFO] [stdout]    3:     0x64d9ddf2ab26 - std[617be2ca0a6fd877]::panicking::default_hook::{closure#0}
[INFO] [stdout]    4:     0x64d9ddf46d59 - std[617be2ca0a6fd877]::panicking::default_hook
[INFO] [stdout]    5:     0x64d9ddedf310 - test[aada8e7e76ba119b]::test_main_inner::{closure#0}
[INFO] [stdout]    6:     0x64d9ddf46f12 - std[617be2ca0a6fd877]::panicking::panic_with_hook
[INFO] [stdout]    7:     0x64d9ddf2ac04 - std[617be2ca0a6fd877]::panicking::panic_handler::{closure#0}
[INFO] [stdout]    8:     0x64d9ddf238b9 - std[617be2ca0a6fd877]::sys::backtrace::__rust_end_short_backtrace::<std[617be2ca0a6fd877]::panicking::panic_handler::{closure#0}, !>
[INFO] [stdout]    9:     0x64d9ddf2b7dd - __rustc[ea4f61d10b84890b]::rust_begin_unwind
[INFO] [stdout]   10:     0x64d9ddf6335c - core[a373ad73a504971]::panicking::panic_fmt
[INFO] [stdout]   11:     0x64d9ddf63322 - core[a373ad73a504971]::panicking::panic
[INFO] [stdout]   12:     0x64d9dded1729 - <rsneat[510537d805baf80a]::genome::tests::are_compatible_test::{closure#0} as core[a373ad73a504971]::ops::function::FnOnce<()>>::call_once
[INFO] [stdout]   13:     0x64d9dded275b - test[aada8e7e76ba119b]::__rust_begin_short_backtrace::<core[a373ad73a504971]::result::Result<(), alloc[2e1b2a31b91974c5]::string::String>, fn() -> core[a373ad73a504971]::result::Result<(), alloc[2e1b2a31b91974c5]::string::String>>
[INFO] [stdout]   14:     0x64d9ddedf935 - test[aada8e7e76ba119b]::run_test::{closure#0}
[INFO] [stdout]   15:     0x64d9dded9224 - std[617be2ca0a6fd877]::sys::backtrace::__rust_begin_short_backtrace::<test[aada8e7e76ba119b]::run_test::{closure#1}, ()>
[INFO] [stdout]   16:     0x64d9ddee29c2 - <std[617be2ca0a6fd877]::thread::lifecycle::spawn_unchecked<test[aada8e7e76ba119b]::run_test::{closure#1}, ()>::{closure#1} as core[a373ad73a504971]::ops::function::FnOnce<()>>::call_once::{shim:vtable#0}
[INFO] [stdout]   17:     0x64d9ddf4df1f - <std[617be2ca0a6fd877]::sys::thread::unix::Thread>::new::thread_start
[INFO] [stdout]   18:     0x712d38036dfa - <unknown>
[INFO] [stdout]   19:     0x712d380ca3d4 - clone
[INFO] [stdout]   20:                0x0 - <unknown>
[INFO] [stdout] 
[INFO] [stdout] 
[INFO] [stdout] failures:
[INFO] [stdout]     genome::tests::are_compatible_test
[INFO] [stdout] 
[INFO] [stdout] test result: FAILED. 8 passed; 1 failed; 0 ignored; 0 measured; 0 filtered out; finished in 0.01s
[INFO] [stdout] 
[INFO] [stderr] error: test failed, to rerun pass `--lib`
[INFO] running `Command { std: "docker" "inspect" "e214121ca19af1c62fd00686b8c34b762c66f157b2ba8f6b2161f349d8c4539d", kill_on_drop: false }`
[INFO] running `Command { std: "docker" "rm" "-f" "e214121ca19af1c62fd00686b8c34b762c66f157b2ba8f6b2161f349d8c4539d", kill_on_drop: false }`
[INFO] [stdout] e214121ca19af1c62fd00686b8c34b762c66f157b2ba8f6b2161f349d8c4539d
