[INFO] fetching crate rsnaker 0.4.2...
[INFO] testing rsnaker-0.4.2 against 1.100.0-beta.1+cargoflags=--release for beta-release-1.100-2
[INFO] extracting crate rsnaker 0.4.2 into /workspace/builds/worker-2-tc2/source
[INFO] removed /workspace/builds/worker-2-tc2/source/rust-toolchain.toml
[INFO] started tweaking crates.io crate rsnaker 0.4.2
[INFO] removed 0 missing tests
[INFO] finished tweaking crates.io crate rsnaker 0.4.2
[INFO] tweaked toml for crates.io crate rsnaker 0.4.2 written to /workspace/builds/worker-2-tc2/source/Cargo.toml
[INFO] validating manifest of crates.io crate rsnaker 0.4.2 on toolchain 1.100.0-beta.1
[INFO] running `Command { std: CARGO_HOME="/workspace/cargo-home" RUSTUP_HOME="/workspace/rustup-home" "/workspace/cargo-home/bin/cargo" "+1.100.0-beta.1" "metadata" "--manifest-path" "Cargo.toml" "--no-deps", kill_on_drop: false }`
[INFO] crate crates.io crate rsnaker 0.4.2 already has a lockfile, it will not be regenerated
[INFO] running `Command { std: CARGO_HOME="/workspace/cargo-home" RUSTUP_HOME="/workspace/rustup-home" "/workspace/cargo-home/bin/cargo" "+1.100.0-beta.1" "fetch" "--manifest-path" "Cargo.toml", kill_on_drop: false }`
[INFO] running `Command { std: "docker" "create" "-v" "/var/lib/crater-agent-workspace/builds/worker-2-tc2/source:/opt/rustwide/workdir:ro,Z" "-v" "/var/lib/crater-agent-workspace/builds/worker-2-tc2/target:/opt/rustwide/target:rw,Z" "-v" "/var/lib/crater-agent-workspace/cargo-home:/opt/rustwide/cargo-home:ro,Z" "-v" "/var/lib/crater-agent-workspace/rustup-home:/opt/rustwide/rustup-home:ro,Z" "-m" "1610612736" "--network" "none" "ghcr.io/rust-lang/crates-build-env/linux@sha256:77db811e55d90add9212f6832c23229e3de5f1c1f9905e8cb07319ea15df73ac" "sleep" "infinity", kill_on_drop: false }`
[INFO] [stdout] b11634634454fde8739328abde5982fab2ea6999269a73500715f3f04d823489
[INFO] running `Command { std: "docker" "start" "b11634634454fde8739328abde5982fab2ea6999269a73500715f3f04d823489", kill_on_drop: false }`
[INFO] running `Command { std: "docker" "inspect" "b11634634454fde8739328abde5982fab2ea6999269a73500715f3f04d823489", kill_on_drop: false }`
[INFO] running `Command { std: "docker" "exec" "-e" "SOURCE_DIR=/opt/rustwide/workdir" "-e" "CARGO_HOME=/opt/rustwide/cargo-home" "-e" "RUSTUP_HOME=/opt/rustwide/rustup-home" "-e" "CARGO_TARGET_DIR=/opt/rustwide/target" "-w" "/opt/rustwide/workdir" "--user" "0:0" "b11634634454fde8739328abde5982fab2ea6999269a73500715f3f04d823489" "/opt/rustwide/cargo-home/bin/cargo" "+1.100.0-beta.1" "metadata" "--no-deps" "--format-version=1", kill_on_drop: false }`
[INFO] running `Command { std: "docker" "inspect" "b11634634454fde8739328abde5982fab2ea6999269a73500715f3f04d823489", kill_on_drop: false }`
[INFO] running `Command { std: "docker" "exec" "-e" "SOURCE_DIR=/opt/rustwide/workdir" "-e" "CARGO_HOME=/opt/rustwide/cargo-home" "-e" "RUSTUP_HOME=/opt/rustwide/rustup-home" "-e" "CARGO_TARGET_DIR=/opt/rustwide/target" "-e" "CARGO_INCREMENTAL=0" "-e" "RUST_BACKTRACE=full" "-e" "RUSTFLAGS=--cap-lints=warn" "-e" "RUSTDOCFLAGS=--cap-lints=warn" "-w" "/opt/rustwide/workdir" "--user" "0:0" "b11634634454fde8739328abde5982fab2ea6999269a73500715f3f04d823489" "/opt/rustwide/cargo-home/bin/cargo" "+1.100.0-beta.1" "build" "--frozen" "--message-format=json" "--release", kill_on_drop: false }`
[INFO] [stderr]    Compiling cfg-if v1.0.4
[INFO] [stderr]    Compiling smallvec v1.15.1
[INFO] [stderr]    Compiling thiserror v2.0.18
[INFO] [stderr]    Compiling log v0.4.29
[INFO] [stderr]    Compiling equivalent v1.0.2
[INFO] [stderr]    Compiling foldhash v0.2.0
[INFO] [stderr]    Compiling allocator-api2 v0.2.21
[INFO] [stderr]    Compiling bitflags v2.13.1
[INFO] [stderr]    Compiling libc v0.2.186
[INFO] [stderr]    Compiling time-core v0.1.9
[INFO] [stderr]    Compiling num-conv v0.2.2
[INFO] [stderr]    Compiling either v1.15.0
[INFO] [stderr]    Compiling serde_core v1.0.229
[INFO] [stderr]    Compiling scopeguard v1.2.0
[INFO] [stderr]    Compiling castaway v0.2.4
[INFO] [stderr]    Compiling thiserror-impl v2.0.18
[INFO] [stderr]    Compiling darling_core v0.23.0
[INFO] [stderr]    Compiling strum_macros v0.28.0
[INFO] [stderr]    Compiling lock_api v0.4.14
[INFO] [stderr]    Compiling unicode-segmentation v1.13.3
[INFO] [stderr]    Compiling static_assertions v1.1.0
[INFO] [stderr]    Compiling itoa v1.0.18
[INFO] [stderr]    Compiling deranged v0.5.8
[INFO] [stderr]    Compiling itertools v0.14.0
[INFO] [stderr]    Compiling num_threads v0.1.7
[INFO] [stderr]    Compiling powerfmt v0.2.0
[INFO] [stderr]    Compiling crossbeam-utils v0.8.21
[INFO] [stderr]    Compiling instability v0.3.12
[INFO] [stderr]    Compiling time-macros v0.2.32
[INFO] [stderr]    Compiling hashbrown v0.17.1
[INFO] [stderr]    Compiling hashbrown v0.16.1
[INFO] [stderr]    Compiling ryu v1.0.23
[INFO] [stderr]    Compiling unicode-width v0.2.2
[INFO] [stderr]    Compiling signal-hook v0.3.18
[INFO] [stderr]    Compiling parking_lot_core v0.9.12
[INFO] [stderr]    Compiling syn v3.0.3
[INFO] [stderr]    Compiling critical-section v1.2.0
[INFO] [stderr]    Compiling convert_case v0.10.0
[INFO] [stderr]    Compiling once_cell v1.21.4
[INFO] [stderr]    Compiling rustix v1.1.4
[INFO] [stderr]    Compiling compact_str v0.9.0
[INFO] [stderr]    Compiling tracing-core v0.1.36
[INFO] [stderr]    Compiling derive_more-impl v2.1.1
[INFO] [stderr]    Compiling regex-syntax v0.8.10
[INFO] [stderr]    Compiling lru v0.18.2
[INFO] [stderr]    Compiling utf8parse v0.2.2
[INFO] [stderr]    Compiling linux-raw-sys v0.12.1
[INFO] [stderr]    Compiling parking_lot_core v0.8.6
[INFO] [stderr]    Compiling litrs v1.0.0
[INFO] [stderr]    Compiling kasuari v0.4.12
[INFO] [stderr]    Compiling anstyle-parse v1.0.0
[INFO] [stderr]    Compiling errno v0.3.14
[INFO] [stderr]    Compiling unicode-truncate v2.0.1
[INFO] [stderr]    Compiling mio v1.2.0
[INFO] [stderr]    Compiling derive_more v2.1.1
[INFO] [stderr]    Compiling line-clipping v0.3.7
[INFO] [stderr]    Compiling signal-hook-registry v1.4.8
[INFO] [stderr]    Compiling instant v0.1.13
[INFO] [stderr]    Compiling time v0.3.55
[INFO] [stderr]    Compiling crc32fast v1.5.0
[INFO] [stderr]    Compiling document-features v0.2.12
[INFO] [stderr]    Compiling parking_lot v0.12.5
[INFO] [stderr]    Compiling crossbeam-epoch v0.9.20
[INFO] [stderr]    Compiling lazy_static v1.5.0
[INFO] [stderr]    Compiling rand_core v0.10.1
[INFO] [stderr]    Compiling serde v1.0.229
[INFO] [stderr]    Compiling pin-project-lite v0.2.17
[INFO] [stderr]    Compiling is_terminal_polyfill v1.70.2
[INFO] [stderr]    Compiling getrandom v0.4.2
[INFO] [stderr]    Compiling signal-hook-mio v0.2.5
[INFO] [stderr]    Compiling anstyle v1.0.14
[INFO] [stderr]    Compiling colorchoice v1.0.5
[INFO] [stderr]    Compiling anstyle-query v1.1.5
[INFO] [stderr]    Compiling tracing v0.1.44
[INFO] [stderr]    Compiling sharded-slab v0.1.7
[INFO] [stderr]    Compiling num-traits v0.2.19
[INFO] [stderr]    Compiling tracing-log v0.2.0
[INFO] [stderr]    Compiling thread_local v1.1.9
[INFO] [stderr]    Compiling clap_lex v1.1.0
[INFO] [stderr]    Compiling cpufeatures v0.3.0
[INFO] [stderr]    Compiling regex-automata v0.4.14
[INFO] [stderr]    Compiling winnow v1.0.3
[INFO] [stderr]    Compiling anstream v1.0.0
[INFO] [stderr]    Compiling byteorder v1.5.0
[INFO] [stderr]    Compiling strsim v0.11.1
[INFO] [stderr]    Compiling nu-ansi-term v0.50.3
[INFO] [stderr]    Compiling parking_lot v0.11.2
[INFO] [stderr]    Compiling chacha20 v0.10.0
[INFO] [stderr]    Compiling clap_builder v4.6.6
[INFO] [stderr]    Compiling crossterm v0.29.0
[INFO] [stderr]    Compiling strum v0.28.0
[INFO] [stderr]    Compiling ratatui-core v0.1.2
[INFO] [stderr]    Compiling toml_parser v1.1.3+spec-1.1.0
[INFO] [stderr]    Compiling fxhash v0.2.1
[INFO] [stderr]    Compiling fs2 v0.4.3
[INFO] [stderr]    Compiling crossbeam-channel v0.5.15
[INFO] [stderr]    Compiling symlink v0.1.0
[INFO] [stderr]    Compiling toml_writer v1.1.2+spec-1.1.0
[INFO] [stderr]    Compiling iana-time-zone v0.1.65
[INFO] [stderr]    Compiling rand v0.10.2
[INFO] [stderr]    Compiling sled v0.34.7
[INFO] [stderr]    Compiling darling_macro v0.23.0
[INFO] [stderr]    Compiling serde_derive v1.0.229
[INFO] [stderr]    Compiling clap_derive v4.6.4
[INFO] [stderr]    Compiling darling v0.23.0
[INFO] [stderr]    Compiling serde_spanned v1.1.1
[INFO] [stderr]    Compiling toml_datetime v1.1.1+spec-1.1.0
[INFO] [stderr]    Compiling ratatui-crossterm v0.1.2
[INFO] [stderr]    Compiling toml v1.1.4+spec-1.1.0
[INFO] [stderr]    Compiling matchers v0.2.0
[INFO] [stderr]    Compiling ratatui-widgets v0.3.2
[INFO] [stderr]    Compiling tracing-subscriber v0.3.23
[INFO] [stderr]    Compiling clap v4.6.6
[INFO] [stderr]    Compiling ratatui-macros v0.7.2
[INFO] [stderr]    Compiling ratatui v0.30.2
[INFO] [stderr]    Compiling chrono v0.4.45
[INFO] [stderr]    Compiling tracing-appender v0.2.5
[INFO] [stderr]    Compiling rsnaker v0.4.2 (/opt/rustwide/workdir)
[INFO] [stderr]     Finished `release` profile [optimized] target(s) in 1m 08s
[INFO] running `Command { std: "docker" "inspect" "b11634634454fde8739328abde5982fab2ea6999269a73500715f3f04d823489", kill_on_drop: false }`
[INFO] running `Command { std: "docker" "exec" "-e" "SOURCE_DIR=/opt/rustwide/workdir" "-e" "CARGO_HOME=/opt/rustwide/cargo-home" "-e" "RUSTUP_HOME=/opt/rustwide/rustup-home" "-e" "CARGO_TARGET_DIR=/opt/rustwide/target" "-e" "CARGO_INCREMENTAL=0" "-e" "RUST_BACKTRACE=full" "-e" "RUSTFLAGS=--cap-lints=warn" "-e" "RUSTDOCFLAGS=--cap-lints=warn" "-w" "/opt/rustwide/workdir" "--user" "0:0" "b11634634454fde8739328abde5982fab2ea6999269a73500715f3f04d823489" "/opt/rustwide/cargo-home/bin/cargo" "+1.100.0-beta.1" "test" "--frozen" "--no-run" "--message-format=json" "--release", kill_on_drop: false }`
[INFO] [stderr]    Compiling cfg-if v1.0.4
[INFO] [stderr]    Compiling libc v0.2.186
[INFO] [stderr]    Compiling rustix v1.1.4
[INFO] [stderr]    Compiling smallvec v1.15.1
[INFO] [stderr]    Compiling memchr v2.8.0
[INFO] [stderr]    Compiling bitflags v2.13.1
[INFO] [stderr]    Compiling allocator-api2 v0.2.21
[INFO] [stderr]    Compiling equivalent v1.0.2
[INFO] [stderr]    Compiling foldhash v0.2.0
[INFO] [stderr]    Compiling log v0.4.29
[INFO] [stderr]    Compiling regex-syntax v0.8.10
[INFO] [stderr]    Compiling thiserror v2.0.18
[INFO] [stderr]    Compiling either v1.15.0
[INFO] [stderr]    Compiling scopeguard v1.2.0
[INFO] [stderr]    Compiling castaway v0.2.4
[INFO] [stderr]    Compiling deranged v0.5.8
[INFO] [stderr]    Compiling num-conv v0.2.2
[INFO] [stderr]    Compiling ryu v1.0.23
[INFO] [stderr]    Compiling num_threads v0.1.7
[INFO] [stderr]    Compiling lock_api v0.4.14
[INFO] [stderr]    Compiling static_assertions v1.1.0
[INFO] [stderr]    Compiling once_cell v1.21.4
[INFO] [stderr]    Compiling itoa v1.0.18
[INFO] [stderr]    Compiling powerfmt v0.2.0
[INFO] [stderr]    Compiling time-core v0.1.9
[INFO] [stderr]    Compiling unicode-width v0.2.2
[INFO] [stderr]    Compiling itertools v0.14.0
[INFO] [stderr]    Compiling unicode-segmentation v1.13.3
[INFO] [stderr]    Compiling strum v0.28.0
[INFO] [stderr]    Compiling serde_core v1.0.229
[INFO] [stderr]    Compiling critical-section v1.2.0
[INFO] [stderr]    Compiling anstyle v1.0.14
[INFO] [stderr]    Compiling compact_str v0.9.0
[INFO] [stderr]    Compiling linux-raw-sys v0.12.1
[INFO] [stderr]    Compiling tracing-core v0.1.36
[INFO] [stderr]    Compiling num-traits v0.2.19
[INFO] [stderr]    Compiling crossbeam-utils v0.8.21
[INFO] [stderr]    Compiling hashbrown v0.16.1
[INFO] [stderr]    Compiling hashbrown v0.17.1
[INFO] [stderr]    Compiling utf8parse v0.2.2
[INFO] [stderr]    Compiling aho-corasick v1.1.4
[INFO] [stderr]    Compiling rand_core v0.10.1
[INFO] [stderr]    Compiling anstyle-parse v1.0.0
[INFO] [stderr]    Compiling line-clipping v0.3.7
[INFO] [stderr]    Compiling instant v0.1.13
[INFO] [stderr]    Compiling derive_more v2.1.1
[INFO] [stderr]    Compiling pin-project-lite v0.2.17
[INFO] [stderr]    Compiling is_terminal_polyfill v1.70.2
[INFO] [stderr]    Compiling lru v0.18.2
[INFO] [stderr]    Compiling lazy_static v1.5.0
[INFO] [stderr]    Compiling anstyle-query v1.1.5
[INFO] [stderr]    Compiling colorchoice v1.0.5
[INFO] [stderr]    Compiling sharded-slab v0.1.7
[INFO] [stderr]    Compiling tracing-log v0.2.0
[INFO] [stderr]    Compiling anstream v1.0.0
[INFO] [stderr]    Compiling tracing v0.1.44
[INFO] [stderr]    Compiling thread_local v1.1.9
[INFO] [stderr]    Compiling byteorder v1.5.0
[INFO] [stderr]    Compiling clap_lex v1.1.0
[INFO] [stderr]    Compiling strsim v0.11.1
[INFO] [stderr]    Compiling kasuari v0.4.12
[INFO] [stderr]    Compiling winnow v1.0.3
[INFO] [stderr]    Compiling predicates-core v1.0.10
[INFO] [stderr]    Compiling cpufeatures v0.3.0
[INFO] [stderr]    Compiling nu-ansi-term v0.50.3
[INFO] [stderr]    Compiling chacha20 v0.10.0
[INFO] [stderr]    Compiling toml_parser v1.1.3+spec-1.1.0
[INFO] [stderr]    Compiling clap_builder v4.6.6
[INFO] [stderr]    Compiling errno v0.3.14
[INFO] [stderr]    Compiling mio v1.2.0
[INFO] [stderr]    Compiling signal-hook-registry v1.4.8
[INFO] [stderr]    Compiling parking_lot_core v0.9.12
[INFO] [stderr]    Compiling signal-hook v0.3.18
[INFO] [stderr]    Compiling parking_lot_core v0.8.6
[INFO] [stderr]    Compiling parking_lot v0.12.5
[INFO] [stderr]    Compiling getrandom v0.4.2
[INFO] [stderr]    Compiling time v0.3.55
[INFO] [stderr]    Compiling fs2 v0.4.3
[INFO] [stderr]    Compiling parking_lot v0.11.2
[INFO] [stderr]    Compiling unicode-truncate v2.0.1
[INFO] [stderr]    Compiling signal-hook-mio v0.2.5
[INFO] [stderr]    Compiling fxhash v0.2.1
[INFO] [stderr]    Compiling ratatui-core v0.1.2
[INFO] [stderr]    Compiling float-cmp v0.10.0
[INFO] [stderr]    Compiling crossbeam-epoch v0.9.20
[INFO] [stderr]    Compiling crossbeam-channel v0.5.15
[INFO] [stderr]    Compiling crc32fast v1.5.0
[INFO] [stderr]    Compiling iana-time-zone v0.1.65
[INFO] [stderr]    Compiling assert_cmd v2.2.2
[INFO] [stderr]    Compiling termtree v0.5.1
[INFO] [stderr]    Compiling difflib v0.4.0
[INFO] [stderr]    Compiling normalize-line-endings v0.3.0
[INFO] [stderr]    Compiling regex-automata v0.4.14
[INFO] [stderr]    Compiling toml_writer v1.1.2+spec-1.1.0
[INFO] [stderr]    Compiling symlink v0.1.0
[INFO] [stderr]    Compiling predicates-tree v1.0.13
[INFO] [stderr]    Compiling sled v0.34.7
[INFO] [stderr]    Compiling rand v0.10.2
[INFO] [stderr]    Compiling wait-timeout v0.2.1
[INFO] [stderr]    Compiling fastrand v2.4.1
[INFO] [stderr]    Compiling serde_spanned v1.1.1
[INFO] [stderr]    Compiling toml_datetime v1.1.1+spec-1.1.0
[INFO] [stderr]    Compiling serde v1.0.229
[INFO] [stderr]    Compiling toml v1.1.4+spec-1.1.0
[INFO] [stderr]    Compiling chrono v0.4.45
[INFO] [stderr]    Compiling crossterm v0.29.0
[INFO] [stderr]    Compiling tempfile v3.27.0
[INFO] [stderr]    Compiling clap v4.6.6
[INFO] [stderr]    Compiling ratatui-crossterm v0.1.2
[INFO] [stderr]    Compiling ratatui-widgets v0.3.2
[INFO] [stderr]    Compiling ratatui v0.30.2
[INFO] [stderr]    Compiling matchers v0.2.0
[INFO] [stderr]    Compiling regex v1.12.3
[INFO] [stderr]    Compiling bstr v1.12.1
[INFO] [stderr]    Compiling tracing-subscriber v0.3.23
[INFO] [stderr]    Compiling ratatui-macros v0.7.2
[INFO] [stderr]    Compiling predicates v3.1.4
[INFO] [stderr]    Compiling tracing-appender v0.2.5
[INFO] [stderr]    Compiling rsnaker v0.4.2 (/opt/rustwide/workdir)
[INFO] [stderr]     Finished `release` profile [optimized] target(s) in 1m 44s
[INFO] running `Command { std: "docker" "inspect" "b11634634454fde8739328abde5982fab2ea6999269a73500715f3f04d823489", kill_on_drop: false }`
[INFO] running `Command { std: "docker" "exec" "-e" "SOURCE_DIR=/opt/rustwide/workdir" "-e" "CARGO_HOME=/opt/rustwide/cargo-home" "-e" "RUSTUP_HOME=/opt/rustwide/rustup-home" "-e" "CARGO_TARGET_DIR=/opt/rustwide/target" "-e" "CARGO_INCREMENTAL=0" "-e" "RUST_BACKTRACE=full" "-e" "RUSTFLAGS=--cap-lints=warn" "-e" "RUSTDOCFLAGS=--cap-lints=warn" "-w" "/opt/rustwide/workdir" "--user" "0:0" "b11634634454fde8739328abde5982fab2ea6999269a73500715f3f04d823489" "/opt/rustwide/cargo-home/bin/cargo" "+1.100.0-beta.1" "test" "--frozen" "--release", kill_on_drop: false }`
[INFO] [stderr]     Finished `release` profile [optimized] target(s) in 0.56s
[INFO] [stderr]      Running unittests src/lib.rs (/opt/rustwide/target/release/build/rsnaker/5f48d8d6f8b8491f/out/rsnaker-5f48d8d6f8b8491f)
[INFO] [stdout] 
[INFO] [stdout] running 20 tests
[INFO] [stdout] test game_logic::game_options::tests::test_validates ... ok
[INFO] [stdout] test game_logic::logger::log_configuration::tests::test_log_config_deserialization ... FAILED
[INFO] [stdout] test game_logic::high_score::tests::test_old_high_score_defaults_growth_factor ... ok
[INFO] [stdout] test game_logic::fruits_manager::tests::test_replace_fruits_removes_and_adds_new ... ok
[INFO] [stdout] test game_logic::fruits_manager::tests::test_eat_some_fruits_returns_correct_fruit ... ok
[INFO] [stdout] test game_logic::game_options::tests::test_validate_symbols ... ok
[INFO] [stdout] test game_logic::game_options::tests::test_save_load_preset ... FAILED
[INFO] [stdout] test game_logic::fruits_manager::tests::test_new_creates_correct_number_of_fruits ... ok
[INFO] [stdout] test game_logic::game_options::tests::test_load_invalid_toml_clamped ... FAILED
[INFO] [stdout] test game_logic::logger::log_configuration::tests::test_log_config_missing_file_uses_defaults ... ok
[INFO] [stdout] test graphics::menus::edge_snake::tests::head_wraps_from_the_right_edge_to_the_left_edge ... ok
[INFO] [stdout] test game_logic::fruits_manager::tests::test_update_replaces_expired_fruit ... ok
[INFO] [stdout] test game_logic::logger::log_configuration::tests::test_default_log_level ... ok
[INFO] [stdout] test graphics::menus::edge_snake::tests::body_stays_on_the_top_row_and_wraps_horizontally ... ok
[INFO] [stdout] test game_logic::logger::log_configuration::tests::test_log_config_defaults ... ok
[INFO] [stdout] test game_logic::fruits_manager::tests::test_eat_some_fruits_returns_none_if_no_fruit ... ok
[INFO] [stdout] test game_logic::random_helper::tests::test_generate_random_game_options ... ok
[INFO] [stdout] test game_logic::random_helper::tests::test_weighted_range_bounds ... ok
[INFO] [stdout] test game_logic::high_score::tests::test_ranking ... ok
[INFO] [stdout] test game_logic::high_score::tests::test_high_score_save_and_load ... ok
[INFO] [stdout] 
[INFO] [stdout] failures:
[INFO] [stdout] 
[INFO] [stdout] ---- game_logic::logger::log_configuration::tests::test_log_config_deserialization stdout ----
[INFO] [stdout] 
[INFO] [stdout] thread 'game_logic::logger::log_configuration::tests::test_log_config_deserialization' (2702) panicked at src/game_logic/logger/log_configuration.rs:234:34:
[INFO] [stdout] called `Result::unwrap()` on an `Err` value: Os { code: 30, kind: ReadOnlyFilesystem, message: "Read-only file system" }
[INFO] [stdout] stack backtrace:
[INFO] [stdout]    0:     0x562e31ca2115 - <unknown>
[INFO] [stdout]    1:     0x562e31c44254 - <unknown>
[INFO] [stdout]    2:     0x562e31ca17bb - <unknown>
[INFO] [stdout]    3:     0x562e31ca13b9 - <unknown>
[INFO] [stdout]    4:     0x562e31ca103a - <unknown>
[INFO] [stdout]    5:     0x562e31ca0b6b - <unknown>
[INFO] [stdout]    6:     0x562e31cc6ca1 - <unknown>
[INFO] [stdout]    7:     0x562e31cc6c59 - <unknown>
[INFO] [stdout]    8:     0x562e31cc714c - <unknown>
[INFO] [stdout]    9:     0x562e31c440eb - <unknown>
[INFO] [stdout]   10:     0x562e31c48531 - <unknown>
[INFO] [stdout]   11:     0x562e31c3edc5 - <unknown>
[INFO] [stdout]   12:     0x562e31ce0c5b - <unknown>
[INFO] [stdout]   13:     0x562e31cdc312 - <unknown>
[INFO] [stdout]   14:     0x562e31cdbdbc - <unknown>
[INFO] [stdout]   15:     0x562e31cfa49c - <unknown>
[INFO] [stdout]   16:     0x562e31cc8a08 - <unknown>
[INFO] [stdout]   17:     0x70716592cdfa - <unknown>
[INFO] [stdout]   18:     0x7071659c03d4 - clone
[INFO] [stdout]   19:                0x0 - <unknown>
[INFO] [stdout] 
[INFO] [stdout] ---- game_logic::game_options::tests::test_save_load_preset stdout ----
[INFO] [stdout] 
[INFO] [stdout] thread 'game_logic::game_options::tests::test_save_load_preset' (2694) panicked at src/game_logic/game_options.rs:545:49:
[INFO] [stdout] called `Result::unwrap()` on an `Err` value: Os { code: 30, kind: ReadOnlyFilesystem, message: "Read-only file system" }
[INFO] [stdout] stack backtrace:
[INFO] [stdout]    0:     0x562e31ca2115 - <unknown>
[INFO] [stdout]    1:     0x562e31c44254 - <unknown>
[INFO] [stdout]    2:     0x562e31ca17bb - <unknown>
[INFO] [stdout]    3:     0x562e31ca13b9 - <unknown>
[INFO] [stdout]    4:     0x562e31ca103a - <unknown>
[INFO] [stdout]    5:     0x562e31ca0b6b - <unknown>
[INFO] [stdout]    6:     0x562e31cc6ca1 - <unknown>
[INFO] [stdout]    7:     0x562e31cc6c59 - <unknown>
[INFO] [stdout]    8:     0x562e31cc714c - <unknown>
[INFO] [stdout]    9:     0x562e31c440eb - <unknown>
[INFO] [stdout]   10:     0x562e31c48531 - <unknown>
[INFO] [stdout]   11:     0x562e31c3d5cf - <unknown>
[INFO] [stdout]   12:     0x562e31ce0c5b - <unknown>
[INFO] [stdout]   13:     0x562e31cdc312 - <unknown>
[INFO] [stdout]   14:     0x562e31cdbdbc - <unknown>
[INFO] [stdout]   15:     0x562e31cfa49c - <unknown>
[INFO] [stdout]   16:     0x562e31cc8a08 - <unknown>
[INFO] [stdout]   17:     0x70716592cdfa - <unknown>
[INFO] [stdout]   18:     0x7071659c03d4 - clone
[INFO] [stdout]   19:                0x0 - <unknown>
[INFO] [stdout] 
[INFO] [stdout] ---- game_logic::game_options::tests::test_load_invalid_toml_clamped stdout ----
[INFO] [stdout] 
[INFO] [stdout] thread 'game_logic::game_options::tests::test_load_invalid_toml_clamped' (2693) panicked at src/game_logic/game_options.rs:561:44:
[INFO] [stdout] called `Result::unwrap()` on an `Err` value: Os { code: 30, kind: ReadOnlyFilesystem, message: "Read-only file system" }
[INFO] [stdout] stack backtrace:
[INFO] [stdout]    0:     0x562e31ca2115 - <unknown>
[INFO] [stdout]    1:     0x562e31c44254 - <unknown>
[INFO] [stdout]    2:     0x562e31ca17bb - <unknown>
[INFO] [stdout]    3:     0x562e31ca13b9 - <unknown>
[INFO] [stdout]    4:     0x562e31ca103a - <unknown>
[INFO] [stdout]    5:     0x562e31ca0b6b - <unknown>
[INFO] [stdout]    6:     0x562e31cc6ca1 - <unknown>
[INFO] [stdout]    7:     0x562e31cc6c59 - <unknown>
[INFO] [stdout]    8:     0x562e31cc714c - <unknown>
[INFO] [stdout]    9:     0x562e31c440eb - <unknown>
[INFO] [stdout]   10:     0x562e31c48531 - <unknown>
[INFO] [stdout]   11:     0x562e31c3dbbf - <unknown>
[INFO] [stdout]   12:     0x562e31ce0c5b - <unknown>
[INFO] [stdout]   13:     0x562e31cdc312 - <unknown>
[INFO] [stdout]   14:     0x562e31cdbdbc - <unknown>
[INFO] [stdout]   15:     0x562e31cfa49c - <unknown>
[INFO] [stdout]   16:     0x562e31cc8a08 - <unknown>
[INFO] [stdout]   17:     0x70716592cdfa - <unknown>
[INFO] [stdout]   18:     0x7071659c03d4 - clone
[INFO] [stdout]   19:                0x0 - <unknown>
[INFO] [stdout] 
[INFO] [stdout] 
[INFO] [stdout] failures:
[INFO] [stdout]     game_logic::game_options::tests::test_load_invalid_toml_clamped
[INFO] [stdout]     game_logic::game_options::tests::test_save_load_preset
[INFO] [stdout]     game_logic::logger::log_configuration::tests::test_log_config_deserialization
[INFO] [stdout] 
[INFO] [stdout] test result: FAILED. 17 passed; 3 failed; 0 ignored; 0 measured; 0 filtered out; finished in 0.07s
[INFO] [stdout] 
[INFO] [stderr] error: test failed, to rerun pass `--lib`
[INFO] running `Command { std: "docker" "inspect" "b11634634454fde8739328abde5982fab2ea6999269a73500715f3f04d823489", kill_on_drop: false }`
[INFO] running `Command { std: "docker" "rm" "-f" "b11634634454fde8739328abde5982fab2ea6999269a73500715f3f04d823489", kill_on_drop: false }`
[INFO] [stdout] b11634634454fde8739328abde5982fab2ea6999269a73500715f3f04d823489
