[INFO] fetching crate rsmc-tokio 0.4.0...
[INFO] testing rsmc-tokio-0.4.0 against 1.99.0-beta.8+cargoflags=--release for beta-release-1.100-2
[INFO] extracting crate rsmc-tokio 0.4.0 into /workspace/builds/worker-4-tc1/source
[INFO] started tweaking crates.io crate rsmc-tokio 0.4.0
[INFO] finished tweaking crates.io crate rsmc-tokio 0.4.0
[INFO] tweaked toml for crates.io crate rsmc-tokio 0.4.0 written to /workspace/builds/worker-4-tc1/source/Cargo.toml
[INFO] validating manifest of crates.io crate rsmc-tokio 0.4.0 on toolchain 1.99.0-beta.8
[INFO] running `Command { std: CARGO_HOME="/workspace/cargo-home" RUSTUP_HOME="/workspace/rustup-home" "/workspace/cargo-home/bin/cargo" "+1.99.0-beta.8" "metadata" "--manifest-path" "Cargo.toml" "--no-deps", kill_on_drop: false }`
[INFO] running `Command { std: CARGO_HOME="/workspace/cargo-home" RUSTUP_HOME="/workspace/rustup-home" "/workspace/cargo-home/bin/cargo" "+1.99.0-beta.8" "generate-lockfile" "--manifest-path" "Cargo.toml", kill_on_drop: false }`
[INFO] [stderr]     Updating crates.io index
[INFO] [stderr]      Locking 63 packages to highest compatible versions
[INFO] [stderr]       Adding rand v0.8.8 (available: v0.10.3)
[INFO] running `Command { std: CARGO_HOME="/workspace/cargo-home" RUSTUP_HOME="/workspace/rustup-home" "/workspace/cargo-home/bin/cargo" "+1.99.0-beta.8" "fetch" "--manifest-path" "Cargo.toml", kill_on_drop: false }`
[INFO] [stderr]  Downloading crates ...
[INFO] [stderr]   Downloaded murmur3 v0.5.2
[INFO] [stderr]   Downloaded retain_mut v0.1.9
[INFO] [stderr]   Downloaded deadpool v0.9.5
[INFO] [stderr]   Downloaded rsmc-core v0.4.0
[INFO] running `Command { std: "docker" "create" "-v" "/var/lib/crater-agent-workspace/builds/worker-4-tc1/source:/opt/rustwide/workdir:ro,Z" "-v" "/var/lib/crater-agent-workspace/builds/worker-4-tc1/target:/opt/rustwide/target:rw,Z" "-v" "/var/lib/crater-agent-workspace/cargo-home:/opt/rustwide/cargo-home:ro,Z" "-v" "/var/lib/crater-agent-workspace/rustup-home:/opt/rustwide/rustup-home:ro,Z" "-m" "1610612736" "--network" "none" "ghcr.io/rust-lang/crates-build-env/linux@sha256:77db811e55d90add9212f6832c23229e3de5f1c1f9905e8cb07319ea15df73ac" "sleep" "infinity", kill_on_drop: false }`
[INFO] [stdout] 0a8bf9228317a6ec3b8f74ae182cdb981330bca217b54318c531c1f37cd814fa
[INFO] running `Command { std: "docker" "start" "0a8bf9228317a6ec3b8f74ae182cdb981330bca217b54318c531c1f37cd814fa", kill_on_drop: false }`
[INFO] running `Command { std: "docker" "inspect" "0a8bf9228317a6ec3b8f74ae182cdb981330bca217b54318c531c1f37cd814fa", kill_on_drop: false }`
[INFO] running `Command { std: "docker" "exec" "-e" "SOURCE_DIR=/opt/rustwide/workdir" "-e" "CARGO_HOME=/opt/rustwide/cargo-home" "-e" "RUSTUP_HOME=/opt/rustwide/rustup-home" "-e" "CARGO_TARGET_DIR=/opt/rustwide/target" "-w" "/opt/rustwide/workdir" "--user" "0:0" "0a8bf9228317a6ec3b8f74ae182cdb981330bca217b54318c531c1f37cd814fa" "/opt/rustwide/cargo-home/bin/cargo" "+1.99.0-beta.8" "metadata" "--no-deps" "--format-version=1", kill_on_drop: false }`
[INFO] running `Command { std: "docker" "inspect" "0a8bf9228317a6ec3b8f74ae182cdb981330bca217b54318c531c1f37cd814fa", kill_on_drop: false }`
[INFO] running `Command { std: "docker" "exec" "-e" "SOURCE_DIR=/opt/rustwide/workdir" "-e" "CARGO_HOME=/opt/rustwide/cargo-home" "-e" "RUSTUP_HOME=/opt/rustwide/rustup-home" "-e" "CARGO_TARGET_DIR=/opt/rustwide/target" "-e" "CARGO_INCREMENTAL=0" "-e" "RUST_BACKTRACE=full" "-e" "RUSTFLAGS=--cap-lints=warn" "-e" "RUSTDOCFLAGS=--cap-lints=warn" "-w" "/opt/rustwide/workdir" "--user" "0:0" "0a8bf9228317a6ec3b8f74ae182cdb981330bca217b54318c531c1f37cd814fa" "/opt/rustwide/cargo-home/bin/cargo" "+1.99.0-beta.8" "build" "--frozen" "--message-format=json" "--release", kill_on_drop: false }`
[INFO] [stderr]    Compiling proc-macro2 v1.0.107
[INFO] [stderr]    Compiling smallvec v1.16.3
[INFO] [stderr]    Compiling futures-sink v0.3.34
[INFO] [stderr]    Compiling futures-core v0.3.34
[INFO] [stderr]    Compiling errno v0.3.14
[INFO] [stderr]    Compiling futures-io v0.3.34
[INFO] [stderr]    Compiling futures-task v0.3.34
[INFO] [stderr]    Compiling socket2 v0.6.5
[INFO] [stderr]    Compiling mio v1.2.4
[INFO] [stderr]    Compiling futures-channel v0.3.34
[INFO] [stderr]    Compiling signal-hook-registry v1.4.8
[INFO] [stderr]    Compiling simd-adler32 v0.3.10
[INFO] [stderr]    Compiling num_cpus v1.17.0
[INFO] [stderr]    Compiling parking_lot_core v0.9.12
[INFO] [stderr]    Compiling miniz_oxide v0.9.1
[INFO] [stderr]    Compiling retain_mut v0.1.9
[INFO] [stderr]    Compiling quote v1.0.47
[INFO] [stderr]    Compiling parking_lot v0.12.5
[INFO] [stderr]    Compiling deadpool-runtime v0.1.4
[INFO] [stderr]    Compiling syn v3.0.9
[INFO] [stderr]    Compiling bincode v1.3.3
[INFO] [stderr]    Compiling murmur3 v0.5.2
[INFO] [stderr]    Compiling flate2 v1.1.10
[INFO] [stderr]    Compiling futures-macro v0.3.34
[INFO] [stderr]    Compiling tokio-macros v2.7.2
[INFO] [stderr]    Compiling async-trait v0.1.92
[INFO] [stderr]    Compiling serde_derive v1.0.229
[INFO] [stderr]    Compiling tokio v1.53.3
[INFO] [stderr]    Compiling futures-util v0.3.34
[INFO] [stderr]    Compiling futures-executor v0.3.34
[INFO] [stderr]    Compiling futures v0.3.34
[INFO] [stderr]    Compiling deadpool v0.9.5
[INFO] [stderr]    Compiling rsmc-core v0.4.0
[INFO] [stderr]    Compiling rsmc-tokio v0.4.0 (/opt/rustwide/workdir)
[INFO] [stderr]     Finished `release` profile [optimized] target(s) in 39.92s
[INFO] running `Command { std: "docker" "inspect" "0a8bf9228317a6ec3b8f74ae182cdb981330bca217b54318c531c1f37cd814fa", kill_on_drop: false }`
[INFO] running `Command { std: "docker" "exec" "-e" "SOURCE_DIR=/opt/rustwide/workdir" "-e" "CARGO_HOME=/opt/rustwide/cargo-home" "-e" "RUSTUP_HOME=/opt/rustwide/rustup-home" "-e" "CARGO_TARGET_DIR=/opt/rustwide/target" "-e" "CARGO_INCREMENTAL=0" "-e" "RUST_BACKTRACE=full" "-e" "RUSTFLAGS=--cap-lints=warn" "-e" "RUSTDOCFLAGS=--cap-lints=warn" "-w" "/opt/rustwide/workdir" "--user" "0:0" "0a8bf9228317a6ec3b8f74ae182cdb981330bca217b54318c531c1f37cd814fa" "/opt/rustwide/cargo-home/bin/cargo" "+1.99.0-beta.8" "test" "--frozen" "--no-run" "--message-format=json" "--release", kill_on_drop: false }`
[INFO] [stderr]    Compiling getrandom v0.2.17
[INFO] [stderr]    Compiling ppv-lite86 v0.2.21
[INFO] [stderr]    Compiling tokio-stream v0.1.19
[INFO] [stderr]    Compiling rand_core v0.6.4
[INFO] [stderr]    Compiling rand_chacha v0.3.1
[INFO] [stderr]    Compiling rand v0.8.8
[INFO] [stderr]    Compiling tokio-test v0.4.6
[INFO] [stderr]    Compiling rsmc-tokio v0.4.0 (/opt/rustwide/workdir)
[INFO] [stderr]     Finished `release` profile [optimized] target(s) in 13.40s
[INFO] running `Command { std: "docker" "inspect" "0a8bf9228317a6ec3b8f74ae182cdb981330bca217b54318c531c1f37cd814fa", kill_on_drop: false }`
[INFO] running `Command { std: "docker" "exec" "-e" "SOURCE_DIR=/opt/rustwide/workdir" "-e" "CARGO_HOME=/opt/rustwide/cargo-home" "-e" "RUSTUP_HOME=/opt/rustwide/rustup-home" "-e" "CARGO_TARGET_DIR=/opt/rustwide/target" "-e" "CARGO_INCREMENTAL=0" "-e" "RUST_BACKTRACE=full" "-e" "RUSTFLAGS=--cap-lints=warn" "-e" "RUSTDOCFLAGS=--cap-lints=warn" "-w" "/opt/rustwide/workdir" "--user" "0:0" "0a8bf9228317a6ec3b8f74ae182cdb981330bca217b54318c531c1f37cd814fa" "/opt/rustwide/cargo-home/bin/cargo" "+1.99.0-beta.8" "test" "--frozen" "--release", kill_on_drop: false }`
[INFO] [stderr]     Finished `release` profile [optimized] target(s) in 0.08s
[INFO] [stderr]      Running unittests src/lib.rs (/opt/rustwide/target/release/deps/rsmc_tokio-60b457d90bd36cb7)
[INFO] [stdout] 
[INFO] [stdout] running 3 tests
[INFO] [stderr] failed to connect to the docker API at unix:///var/run/docker.sock; check if the path is correct and if the daemon is running: dial unix /var/run/docker.sock: connect: no such file or directory
[INFO] [stderr] failed to connect to the docker API at unix:///var/run/docker.sock; check if the path is correct and if the daemon is running: dial unix /var/run/docker.sock: connect: no such file or directory
[INFO] [stderr] failed to connect to the docker API at unix:///var/run/docker.sock; check if the path is correct and if the daemon is running: dial unix /var/run/docker.sock: connect: no such file or directory
[INFO] [stderr] failed to connect to the docker API at unix:///var/run/docker.sock; check if the path is correct and if the daemon is running: dial unix /var/run/docker.sock: connect: no such file or directory
[INFO] [stderr] failed to connect to the docker API at unix:///var/run/docker.sock; check if the path is correct and if the daemon is running: dial unix /var/run/docker.sock: connect: no such file or directory
[INFO] [stdout] test test::test_connect ... FAILED
[INFO] [stdout] test test::test_single_connection ... FAILED
[INFO] [stdout] test test::test_cluster ... FAILED
[INFO] [stdout] 
[INFO] [stdout] failures:
[INFO] [stdout] 
[INFO] [stdout] ---- test::test_connect stdout ----
[INFO] [stdout] 
[INFO] [stdout] thread 'test::test_connect' (658) panicked at src/lib.rs:151:50:
[INFO] [stdout] called `Result::unwrap()` on an `Err` value: IoError(Os { code: 111, kind: ConnectionRefused, message: "Connection refused" })
[INFO] [stdout] stack backtrace:
[INFO] [stdout]    0:     0x62eed7961d51 - <<std[70759c8f55707aa4]::sys::backtrace::BacktraceLock>::print::DisplayBacktrace as core[df12db4294e9bfd3]::fmt::Display>::fmt
[INFO] [stdout]    1:     0x62eed79775ca - core[df12db4294e9bfd3]::fmt::write
[INFO] [stdout]    2:     0x62eed79667ac - <alloc[2182bb758b4b3781]::vec::Vec<u8> as core[df12db4294e9bfd3]::io::write::Write>::write_fmt
[INFO] [stdout]    3:     0x62eed793d3f6 - std[70759c8f55707aa4]::panicking::default_hook::{closure#0}
[INFO] [stdout]    4:     0x62eed7959ed9 - std[70759c8f55707aa4]::panicking::default_hook
[INFO] [stdout]    5:     0x62eed78bd380 - test[9d35eded1c95d3be]::test_main_inner::<test[9d35eded1c95d3be]::test_main_static::{closure#0}>::{closure#0}
[INFO] [stdout]    6:     0x62eed795a202 - std[70759c8f55707aa4]::panicking::panic_with_hook
[INFO] [stdout]    7:     0x62eed793d4a2 - std[70759c8f55707aa4]::panicking::panic_handler::{closure#0}
[INFO] [stdout]    8:     0x62eed7936179 - std[70759c8f55707aa4]::sys::backtrace::__rust_end_short_backtrace::<std[70759c8f55707aa4]::panicking::panic_handler::{closure#0}, !>
[INFO] [stdout]    9:     0x62eed793e28d - __rustc[8fa7c3cbc660c2b3]::rust_begin_unwind
[INFO] [stdout]   10:     0x62eed7977d2c - core[df12db4294e9bfd3]::panicking::panic_fmt
[INFO] [stdout]   11:     0x62eed7977b02 - core[df12db4294e9bfd3]::result::unwrap_failed
[INFO] [stdout]   12:     0x62eed788dcb0 - rsmc_tokio[9fba2d893a696871]::test::test_connect::{closure#0}
[INFO] [stdout]   13:     0x62eed788e5ee - <tokio[bb8e2cf02d880e2e]::runtime::scheduler::current_thread::Context>::enter::<core[df12db4294e9bfd3]::task::poll::Poll<()>, <tokio[bb8e2cf02d880e2e]::runtime::scheduler::current_thread::CoreGuard>::block_on<core[df12db4294e9bfd3]::pin::Pin<&mut rsmc_tokio[9fba2d893a696871]::test::test_connect::{closure#0}>>::{closure#0}::{closure#0}>
[INFO] [stdout]   14:     0x62eed78aa3bc - <tokio[bb8e2cf02d880e2e]::runtime::context::scoped::Scoped<tokio[bb8e2cf02d880e2e]::runtime::scheduler::Context>>::set::<<tokio[bb8e2cf02d880e2e]::runtime::scheduler::current_thread::CoreGuard>::enter<<tokio[bb8e2cf02d880e2e]::runtime::scheduler::current_thread::CoreGuard>::block_on<core[df12db4294e9bfd3]::pin::Pin<&mut rsmc_tokio[9fba2d893a696871]::test::test_connect::{closure#0}>>::{closure#0}, core[df12db4294e9bfd3]::option::Option<()>>::{closure#0}, (alloc[2182bb758b4b3781]::boxed::Box<tokio[bb8e2cf02d880e2e]::runtime::scheduler::current_thread::Core>, core[df12db4294e9bfd3]::option::Option<()>)>
[INFO] [stdout]   15:     0x62eed788eb07 - <tokio[bb8e2cf02d880e2e]::runtime::scheduler::current_thread::CoreGuard>::block_on::<core[df12db4294e9bfd3]::pin::Pin<&mut rsmc_tokio[9fba2d893a696871]::test::test_connect::{closure#0}>>
[INFO] [stdout]   16:     0x62eed7895506 - tokio[bb8e2cf02d880e2e]::runtime::context::runtime::enter_runtime::<<tokio[bb8e2cf02d880e2e]::runtime::scheduler::current_thread::CurrentThread>::block_on<rsmc_tokio[9fba2d893a696871]::test::test_connect::{closure#0}>::{closure#0}, ()>
[INFO] [stdout]   17:     0x62eed7899b25 - <tokio[bb8e2cf02d880e2e]::runtime::runtime::Runtime>::block_on::<rsmc_tokio[9fba2d893a696871]::test::test_connect::{closure#0}>
[INFO] [stdout]   18:     0x62eed789c5cb - tokio_test[e8487bc2e09096b4]::block_on::<rsmc_tokio[9fba2d893a696871]::test::test_connect::{closure#0}>
[INFO] [stdout]   19:     0x62eed78a98d2 - rsmc_tokio[9fba2d893a696871]::test::test_connect
[INFO] [stdout]   20:     0x62eed78b05d9 - <rsmc_tokio[9fba2d893a696871]::test::test_connect::{closure#0} as core[df12db4294e9bfd3]::ops::function::FnOnce<()>>::call_once
[INFO] [stdout]   21:     0x62eed78b066b - test[9d35eded1c95d3be]::__rust_begin_short_backtrace::<core[df12db4294e9bfd3]::result::Result<(), alloc[2182bb758b4b3781]::string::String>, fn() -> core[df12db4294e9bfd3]::result::Result<(), alloc[2182bb758b4b3781]::string::String>>
[INFO] [stdout]   22:     0x62eed78bdcd5 - test[9d35eded1c95d3be]::run_test::{closure#0}
[INFO] [stdout]   23:     0x62eed78b7594 - std[70759c8f55707aa4]::sys::backtrace::__rust_begin_short_backtrace::<test[9d35eded1c95d3be]::run_test::{closure#1}, ()>
[INFO] [stdout]   24:     0x62eed78c0e32 - <std[70759c8f55707aa4]::thread::lifecycle::spawn_unchecked<test[9d35eded1c95d3be]::run_test::{closure#1}, ()>::{closure#1} as core[df12db4294e9bfd3]::ops::function::FnOnce<()>>::call_once::{shim:vtable#0}
[INFO] [stdout]   25:     0x62eed79612a9 - <std[70759c8f55707aa4]::sys::thread::unix::Thread>::new::thread_start
[INFO] [stdout]   26:     0x7e9e4917cdfa - <unknown>
[INFO] [stdout]   27:     0x7e9e492103d4 - clone
[INFO] [stdout]   28:                0x0 - <unknown>
[INFO] [stdout] 
[INFO] [stdout] ---- test::test_single_connection stdout ----
[INFO] [stdout] 
[INFO] [stdout] thread 'test::test_single_connection' (659) panicked at src/lib.rs:156:43:
[INFO] [stdout] called `Result::unwrap()` on an `Err` value: Backend(IoError(Os { code: 111, kind: ConnectionRefused, message: "Connection refused" }))
[INFO] [stdout] stack backtrace:
[INFO] [stdout]    0:     0x62eed7961d51 - <<std[70759c8f55707aa4]::sys::backtrace::BacktraceLock>::print::DisplayBacktrace as core[df12db4294e9bfd3]::fmt::Display>::fmt
[INFO] [stdout]    1:     0x62eed79775ca - core[df12db4294e9bfd3]::fmt::write
[INFO] [stdout]    2:     0x62eed79667ac - <alloc[2182bb758b4b3781]::vec::Vec<u8> as core[df12db4294e9bfd3]::io::write::Write>::write_fmt
[INFO] [stdout]    3:     0x62eed793d3f6 - std[70759c8f55707aa4]::panicking::default_hook::{closure#0}
[INFO] [stdout]    4:     0x62eed7959ed9 - std[70759c8f55707aa4]::panicking::default_hook
[INFO] [stdout]    5:     0x62eed78bd380 - test[9d35eded1c95d3be]::test_main_inner::<test[9d35eded1c95d3be]::test_main_static::{closure#0}>::{closure#0}
[INFO] [stdout]    6:     0x62eed795a202 - std[70759c8f55707aa4]::panicking::panic_with_hook
[INFO] [stdout]    7:     0x62eed793d4a2 - std[70759c8f55707aa4]::panicking::panic_handler::{closure#0}
[INFO] [stdout]    8:     0x62eed7936179 - std[70759c8f55707aa4]::sys::backtrace::__rust_end_short_backtrace::<std[70759c8f55707aa4]::panicking::panic_handler::{closure#0}, !>
[INFO] [stdout]    9:     0x62eed793e28d - __rustc[8fa7c3cbc660c2b3]::rust_begin_unwind
[INFO] [stdout]   10:     0x62eed7977d2c - core[df12db4294e9bfd3]::panicking::panic_fmt
[INFO] [stdout]   11:     0x62eed7977b02 - core[df12db4294e9bfd3]::result::unwrap_failed
[INFO] [stdout]   12:     0x62eed7889af5 - rsmc_tokio[9fba2d893a696871]::test::test_run::<rsmc_core[df5fa673b88b28f5]::client::NoCompressor>::{closure#0}
[INFO] [stdout]   13:     0x62eed788e003 - rsmc_tokio[9fba2d893a696871]::test::test_single_connection::{closure#0}
[INFO] [stdout]   14:     0x62eed788e77e - <tokio[bb8e2cf02d880e2e]::runtime::scheduler::current_thread::Context>::enter::<core[df12db4294e9bfd3]::task::poll::Poll<()>, <tokio[bb8e2cf02d880e2e]::runtime::scheduler::current_thread::CoreGuard>::block_on<core[df12db4294e9bfd3]::pin::Pin<&mut rsmc_tokio[9fba2d893a696871]::test::test_single_connection::{closure#0}>>::{closure#0}::{closure#0}>
[INFO] [stdout]   15:     0x62eed78aa59c - <tokio[bb8e2cf02d880e2e]::runtime::context::scoped::Scoped<tokio[bb8e2cf02d880e2e]::runtime::scheduler::Context>>::set::<<tokio[bb8e2cf02d880e2e]::runtime::scheduler::current_thread::CoreGuard>::enter<<tokio[bb8e2cf02d880e2e]::runtime::scheduler::current_thread::CoreGuard>::block_on<core[df12db4294e9bfd3]::pin::Pin<&mut rsmc_tokio[9fba2d893a696871]::test::test_single_connection::{closure#0}>>::{closure#0}, core[df12db4294e9bfd3]::option::Option<()>>::{closure#0}, (alloc[2182bb758b4b3781]::boxed::Box<tokio[bb8e2cf02d880e2e]::runtime::scheduler::current_thread::Core>, core[df12db4294e9bfd3]::option::Option<()>)>
[INFO] [stdout]   16:     0x62eed788ecf7 - <tokio[bb8e2cf02d880e2e]::runtime::scheduler::current_thread::CoreGuard>::block_on::<core[df12db4294e9bfd3]::pin::Pin<&mut rsmc_tokio[9fba2d893a696871]::test::test_single_connection::{closure#0}>>
[INFO] [stdout]   17:     0x62eed7895966 - tokio[bb8e2cf02d880e2e]::runtime::context::runtime::enter_runtime::<<tokio[bb8e2cf02d880e2e]::runtime::scheduler::current_thread::CurrentThread>::block_on<rsmc_tokio[9fba2d893a696871]::test::test_single_connection::{closure#0}>::{closure#0}, ()>
[INFO] [stdout]   18:     0x62eed7899c7f - <tokio[bb8e2cf02d880e2e]::runtime::runtime::Runtime>::block_on::<rsmc_tokio[9fba2d893a696871]::test::test_single_connection::{closure#0}>
[INFO] [stdout]   19:     0x62eed789c6fb - tokio_test[e8487bc2e09096b4]::block_on::<rsmc_tokio[9fba2d893a696871]::test::test_single_connection::{closure#0}>
[INFO] [stdout]   20:     0x62eed78a9ac2 - rsmc_tokio[9fba2d893a696871]::test::test_single_connection
[INFO] [stdout]   21:     0x62eed78b05f9 - <rsmc_tokio[9fba2d893a696871]::test::test_single_connection::{closure#0} as core[df12db4294e9bfd3]::ops::function::FnOnce<()>>::call_once
[INFO] [stdout]   22:     0x62eed78b066b - test[9d35eded1c95d3be]::__rust_begin_short_backtrace::<core[df12db4294e9bfd3]::result::Result<(), alloc[2182bb758b4b3781]::string::String>, fn() -> core[df12db4294e9bfd3]::result::Result<(), alloc[2182bb758b4b3781]::string::String>>
[INFO] [stdout]   23:     0x62eed78bdcd5 - test[9d35eded1c95d3be]::run_test::{closure#0}
[INFO] [stdout]   24:     0x62eed78b7594 - std[70759c8f55707aa4]::sys::backtrace::__rust_begin_short_backtrace::<test[9d35eded1c95d3be]::run_test::{closure#1}, ()>
[INFO] [stdout]   25:     0x62eed78c0e32 - <std[70759c8f55707aa4]::thread::lifecycle::spawn_unchecked<test[9d35eded1c95d3be]::run_test::{closure#1}, ()>::{closure#1} as core[df12db4294e9bfd3]::ops::function::FnOnce<()>>::call_once::{shim:vtable#0}
[INFO] [stdout]   26:     0x62eed79612a9 - <std[70759c8f55707aa4]::sys::thread::unix::Thread>::new::thread_start
[INFO] [stdout]   27:     0x7e9e4917cdfa - <unknown>
[INFO] [stdout]   28:     0x7e9e492103d4 - clone
[INFO] [stdout]   29:                0x0 - <unknown>
[INFO] [stdout] 
[INFO] [stdout] ---- test::test_cluster stdout ----
[INFO] [stdout] 
[INFO] [stdout] thread 'test::test_cluster' (657) panicked at src/lib.rs:156:43:
[INFO] [stdout] called `Result::unwrap()` on an `Err` value: Backend(IoError(Os { code: 111, kind: ConnectionRefused, message: "Connection refused" }))
[INFO] [stdout] stack backtrace:
[INFO] [stdout]    0:     0x62eed7961d51 - <<std[70759c8f55707aa4]::sys::backtrace::BacktraceLock>::print::DisplayBacktrace as core[df12db4294e9bfd3]::fmt::Display>::fmt
[INFO] [stdout]    1:     0x62eed79775ca - core[df12db4294e9bfd3]::fmt::write
[INFO] [stdout]    2:     0x62eed79667ac - <alloc[2182bb758b4b3781]::vec::Vec<u8> as core[df12db4294e9bfd3]::io::write::Write>::write_fmt
[INFO] [stdout]    3:     0x62eed793d3f6 - std[70759c8f55707aa4]::panicking::default_hook::{closure#0}
[INFO] [stdout]    4:     0x62eed7959ed9 - std[70759c8f55707aa4]::panicking::default_hook
[INFO] [stdout]    5:     0x62eed78bd380 - test[9d35eded1c95d3be]::test_main_inner::<test[9d35eded1c95d3be]::test_main_static::{closure#0}>::{closure#0}
[INFO] [stdout]    6:     0x62eed795a202 - std[70759c8f55707aa4]::panicking::panic_with_hook
[INFO] [stdout]    7:     0x62eed793d4a2 - std[70759c8f55707aa4]::panicking::panic_handler::{closure#0}
[INFO] [stdout]    8:     0x62eed7936179 - std[70759c8f55707aa4]::sys::backtrace::__rust_end_short_backtrace::<std[70759c8f55707aa4]::panicking::panic_handler::{closure#0}, !>
[INFO] [stdout]    9:     0x62eed793e28d - __rustc[8fa7c3cbc660c2b3]::rust_begin_unwind
[INFO] [stdout]   10:     0x62eed7977d2c - core[df12db4294e9bfd3]::panicking::panic_fmt
[INFO] [stdout]   11:     0x62eed7977b02 - core[df12db4294e9bfd3]::result::unwrap_failed
[INFO] [stdout]   12:     0x62eed78826a9 - rsmc_tokio[9fba2d893a696871]::test::test_run::<rsmc_core[df5fa673b88b28f5]::zlib::ZlibCompressor>::{closure#0}
[INFO] [stdout]   13:     0x62eed788d8ee - rsmc_tokio[9fba2d893a696871]::test::test_cluster::{closure#0}
[INFO] [stdout]   14:     0x62eed788e45e - <tokio[bb8e2cf02d880e2e]::runtime::scheduler::current_thread::Context>::enter::<core[df12db4294e9bfd3]::task::poll::Poll<()>, <tokio[bb8e2cf02d880e2e]::runtime::scheduler::current_thread::CoreGuard>::block_on<core[df12db4294e9bfd3]::pin::Pin<&mut rsmc_tokio[9fba2d893a696871]::test::test_cluster::{closure#0}>>::{closure#0}::{closure#0}>
[INFO] [stdout]   15:     0x62eed78aa1dc - <tokio[bb8e2cf02d880e2e]::runtime::context::scoped::Scoped<tokio[bb8e2cf02d880e2e]::runtime::scheduler::Context>>::set::<<tokio[bb8e2cf02d880e2e]::runtime::scheduler::current_thread::CoreGuard>::enter<<tokio[bb8e2cf02d880e2e]::runtime::scheduler::current_thread::CoreGuard>::block_on<core[df12db4294e9bfd3]::pin::Pin<&mut rsmc_tokio[9fba2d893a696871]::test::test_cluster::{closure#0}>>::{closure#0}, core[df12db4294e9bfd3]::option::Option<()>>::{closure#0}, (alloc[2182bb758b4b3781]::boxed::Box<tokio[bb8e2cf02d880e2e]::runtime::scheduler::current_thread::Core>, core[df12db4294e9bfd3]::option::Option<()>)>
[INFO] [stderr] error: test failed, to rerun pass `--lib`
[INFO] [stdout]   16:     0x62eed788e917 - <tokio[bb8e2cf02d880e2e]::runtime::scheduler::current_thread::CoreGuard>::block_on::<core[df12db4294e9bfd3]::pin::Pin<&mut rsmc_tokio[9fba2d893a696871]::test::test_cluster::{closure#0}>>
[INFO] [stdout]   17:     0x62eed78950a6 - tokio[bb8e2cf02d880e2e]::runtime::context::runtime::enter_runtime::<<tokio[bb8e2cf02d880e2e]::runtime::scheduler::current_thread::CurrentThread>::block_on<rsmc_tokio[9fba2d893a696871]::test::test_cluster::{closure#0}>::{closure#0}, ()>
[INFO] [stdout]   18:     0x62eed78998ef - <tokio[bb8e2cf02d880e2e]::runtime::runtime::Runtime>::block_on::<rsmc_tokio[9fba2d893a696871]::test::test_cluster::{closure#0}>
[INFO] [stdout]   19:     0x62eed789c49b - tokio_test[e8487bc2e09096b4]::block_on::<rsmc_tokio[9fba2d893a696871]::test::test_cluster::{closure#0}>
[INFO] [stdout]   20:     0x62eed78a964e - rsmc_tokio[9fba2d893a696871]::test::test_cluster
[INFO] [stdout]   21:     0x62eed78b05b9 - <rsmc_tokio[9fba2d893a696871]::test::test_cluster::{closure#0} as core[df12db4294e9bfd3]::ops::function::FnOnce<()>>::call_once
[INFO] [stdout]   22:     0x62eed78b066b - test[9d35eded1c95d3be]::__rust_begin_short_backtrace::<core[df12db4294e9bfd3]::result::Result<(), alloc[2182bb758b4b3781]::string::String>, fn() -> core[df12db4294e9bfd3]::result::Result<(), alloc[2182bb758b4b3781]::string::String>>
[INFO] [stdout]   23:     0x62eed78bdcd5 - test[9d35eded1c95d3be]::run_test::{closure#0}
[INFO] [stdout]   24:     0x62eed78b7594 - std[70759c8f55707aa4]::sys::backtrace::__rust_begin_short_backtrace::<test[9d35eded1c95d3be]::run_test::{closure#1}, ()>
[INFO] [stdout]   25:     0x62eed78c0e32 - <std[70759c8f55707aa4]::thread::lifecycle::spawn_unchecked<test[9d35eded1c95d3be]::run_test::{closure#1}, ()>::{closure#1} as core[df12db4294e9bfd3]::ops::function::FnOnce<()>>::call_once::{shim:vtable#0}
[INFO] [stdout]   26:     0x62eed79612a9 - <std[70759c8f55707aa4]::sys::thread::unix::Thread>::new::thread_start
[INFO] [stdout]   27:     0x7e9e4917cdfa - <unknown>
[INFO] [stdout]   28:     0x7e9e492103d4 - clone
[INFO] [stdout]   29:                0x0 - <unknown>
[INFO] [stdout] 
[INFO] [stdout] 
[INFO] [stdout] failures:
[INFO] [stdout]     test::test_cluster
[INFO] [stdout]     test::test_connect
[INFO] [stdout]     test::test_single_connection
[INFO] [stdout] 
[INFO] [stdout] test result: FAILED. 0 passed; 3 failed; 0 ignored; 0 measured; 0 filtered out; finished in 5.38s
[INFO] [stdout] 
[INFO] running `Command { std: "docker" "inspect" "0a8bf9228317a6ec3b8f74ae182cdb981330bca217b54318c531c1f37cd814fa", kill_on_drop: false }`
[INFO] running `Command { std: "docker" "rm" "-f" "0a8bf9228317a6ec3b8f74ae182cdb981330bca217b54318c531c1f37cd814fa", kill_on_drop: false }`
[INFO] [stdout] 0a8bf9228317a6ec3b8f74ae182cdb981330bca217b54318c531c1f37cd814fa
