[INFO] fetching crate rsmap 0.1.1...
[INFO] testing rsmap-0.1.1 against 1.99.0-beta.8+cargoflags=--release for beta-release-1.100-2
[INFO] extracting crate rsmap 0.1.1 into /workspace/builds/worker-0-tc1/source
[INFO] started tweaking crates.io crate rsmap 0.1.1
[INFO] removed 0 missing tests
[INFO] finished tweaking crates.io crate rsmap 0.1.1
[INFO] tweaked toml for crates.io crate rsmap 0.1.1 written to /workspace/builds/worker-0-tc1/source/Cargo.toml
[INFO] validating manifest of crates.io crate rsmap 0.1.1 on toolchain 1.99.0-beta.8
[INFO] running `Command { std: CARGO_HOME="/workspace/cargo-home" RUSTUP_HOME="/workspace/rustup-home" "/workspace/cargo-home/bin/cargo" "+1.99.0-beta.8" "metadata" "--manifest-path" "Cargo.toml" "--no-deps", kill_on_drop: false }`
[INFO] crate crates.io crate rsmap 0.1.1 already has a lockfile, it will not be regenerated
[INFO] running `Command { std: CARGO_HOME="/workspace/cargo-home" RUSTUP_HOME="/workspace/rustup-home" "/workspace/cargo-home/bin/cargo" "+1.99.0-beta.8" "fetch" "--manifest-path" "Cargo.toml", kill_on_drop: false }`
[INFO] [stderr]  Downloading crates ...
[INFO] [stderr]   Downloaded cargo_metadata v0.18.1
[INFO] [stderr]   Downloaded zmij v1.0.18
[INFO] [stderr]   Downloaded clap v4.5.56
[INFO] [stderr]   Downloaded clap_builder v4.5.56
[INFO] running `Command { std: "docker" "create" "-v" "/var/lib/crater-agent-workspace/builds/worker-0-tc1/source:/opt/rustwide/workdir:ro,Z" "-v" "/var/lib/crater-agent-workspace/builds/worker-0-tc1/target:/opt/rustwide/target:rw,Z" "-v" "/var/lib/crater-agent-workspace/cargo-home:/opt/rustwide/cargo-home:ro,Z" "-v" "/var/lib/crater-agent-workspace/rustup-home:/opt/rustwide/rustup-home:ro,Z" "-m" "1610612736" "--network" "none" "ghcr.io/rust-lang/crates-build-env/linux@sha256:77db811e55d90add9212f6832c23229e3de5f1c1f9905e8cb07319ea15df73ac" "sleep" "infinity", kill_on_drop: false }`
[INFO] [stdout] 50f629440296017b0895e56087165cf28e64145e5d55af1c9cfe44f975864331
[INFO] running `Command { std: "docker" "start" "50f629440296017b0895e56087165cf28e64145e5d55af1c9cfe44f975864331", kill_on_drop: false }`
[INFO] running `Command { std: "docker" "inspect" "50f629440296017b0895e56087165cf28e64145e5d55af1c9cfe44f975864331", kill_on_drop: false }`
[INFO] running `Command { std: "docker" "exec" "-e" "SOURCE_DIR=/opt/rustwide/workdir" "-e" "CARGO_HOME=/opt/rustwide/cargo-home" "-e" "RUSTUP_HOME=/opt/rustwide/rustup-home" "-e" "CARGO_TARGET_DIR=/opt/rustwide/target" "-w" "/opt/rustwide/workdir" "--user" "0:0" "50f629440296017b0895e56087165cf28e64145e5d55af1c9cfe44f975864331" "/opt/rustwide/cargo-home/bin/cargo" "+1.99.0-beta.8" "metadata" "--no-deps" "--format-version=1", kill_on_drop: false }`
[INFO] running `Command { std: "docker" "inspect" "50f629440296017b0895e56087165cf28e64145e5d55af1c9cfe44f975864331", kill_on_drop: false }`
[INFO] running `Command { std: "docker" "exec" "-e" "SOURCE_DIR=/opt/rustwide/workdir" "-e" "CARGO_HOME=/opt/rustwide/cargo-home" "-e" "RUSTUP_HOME=/opt/rustwide/rustup-home" "-e" "CARGO_TARGET_DIR=/opt/rustwide/target" "-e" "CARGO_INCREMENTAL=0" "-e" "RUST_BACKTRACE=full" "-e" "RUSTFLAGS=--cap-lints=warn" "-e" "RUSTDOCFLAGS=--cap-lints=warn" "-w" "/opt/rustwide/workdir" "--user" "0:0" "50f629440296017b0895e56087165cf28e64145e5d55af1c9cfe44f975864331" "/opt/rustwide/cargo-home/bin/cargo" "+1.99.0-beta.8" "build" "--frozen" "--message-format=json" "--release", kill_on_drop: false }`
[INFO] [stderr]    Compiling serde_core v1.0.228
[INFO] [stderr]    Compiling proc-macro2 v1.0.106
[INFO] [stderr]    Compiling zmij v1.0.18
[INFO] [stderr]    Compiling unicode-ident v1.0.22
[INFO] [stderr]    Compiling anstyle-parse v0.2.7
[INFO] [stderr]    Compiling cc v1.2.55
[INFO] [stderr]    Compiling serde_json v1.0.149
[INFO] [stderr]    Compiling camino v1.2.2
[INFO] [stderr]    Compiling quote v1.0.44
[INFO] [stderr]    Compiling memchr v2.7.6
[INFO] [stderr]    Compiling clap_lex v0.7.7
[INFO] [stderr]    Compiling winnow v0.7.14
[INFO] [stderr]    Compiling toml_write v0.1.2
[INFO] [stderr]    Compiling syn v2.0.114
[INFO] [stderr]    Compiling constant_time_eq v0.4.2
[INFO] [stderr]    Compiling anstream v0.6.21
[INFO] [stderr]    Compiling clap_builder v4.5.56
[INFO] [stderr]    Compiling blake3 v1.8.3
[INFO] [stderr]    Compiling serde_derive v1.0.228
[INFO] [stderr]    Compiling thiserror-impl v1.0.69
[INFO] [stderr]    Compiling clap_derive v4.5.55
[INFO] [stderr]    Compiling semver v1.0.27
[INFO] [stderr]    Compiling thiserror v1.0.69
[INFO] [stderr]    Compiling clap v4.5.56
[INFO] [stderr]    Compiling serde v1.0.228
[INFO] [stderr]    Compiling toml_datetime v0.6.11
[INFO] [stderr]    Compiling serde_spanned v0.6.9
[INFO] [stderr]    Compiling cargo-platform v0.1.9
[INFO] [stderr]    Compiling chrono v0.4.43
[INFO] [stderr]    Compiling cargo_metadata v0.18.1
[INFO] [stderr]    Compiling toml_edit v0.22.27
[INFO] [stderr]    Compiling toml v0.8.23
[INFO] [stderr]    Compiling rsmap v0.1.1 (/opt/rustwide/workdir)
[INFO] [stderr]     Finished `release` profile [optimized] target(s) in 47.43s
[INFO] running `Command { std: "docker" "inspect" "50f629440296017b0895e56087165cf28e64145e5d55af1c9cfe44f975864331", kill_on_drop: false }`
[INFO] running `Command { std: "docker" "exec" "-e" "SOURCE_DIR=/opt/rustwide/workdir" "-e" "CARGO_HOME=/opt/rustwide/cargo-home" "-e" "RUSTUP_HOME=/opt/rustwide/rustup-home" "-e" "CARGO_TARGET_DIR=/opt/rustwide/target" "-e" "CARGO_INCREMENTAL=0" "-e" "RUST_BACKTRACE=full" "-e" "RUSTFLAGS=--cap-lints=warn" "-e" "RUSTDOCFLAGS=--cap-lints=warn" "-w" "/opt/rustwide/workdir" "--user" "0:0" "50f629440296017b0895e56087165cf28e64145e5d55af1c9cfe44f975864331" "/opt/rustwide/cargo-home/bin/cargo" "+1.99.0-beta.8" "test" "--frozen" "--no-run" "--message-format=json" "--release", kill_on_drop: false }`
[INFO] [stderr]    Compiling libc v0.2.180
[INFO] [stderr]    Compiling yansi v1.0.1
[INFO] [stderr]    Compiling diff v0.1.13
[INFO] [stderr]    Compiling once_cell v1.21.3
[INFO] [stderr]    Compiling pretty_assertions v1.4.1
[INFO] [stderr]    Compiling getrandom v0.3.4
[INFO] [stderr]    Compiling tempfile v3.24.0
[INFO] [stderr]    Compiling rsmap v0.1.1 (/opt/rustwide/workdir)
[INFO] [stderr]     Finished `release` profile [optimized] target(s) in 8.42s
[INFO] running `Command { std: "docker" "inspect" "50f629440296017b0895e56087165cf28e64145e5d55af1c9cfe44f975864331", kill_on_drop: false }`
[INFO] running `Command { std: "docker" "exec" "-e" "SOURCE_DIR=/opt/rustwide/workdir" "-e" "CARGO_HOME=/opt/rustwide/cargo-home" "-e" "RUSTUP_HOME=/opt/rustwide/rustup-home" "-e" "CARGO_TARGET_DIR=/opt/rustwide/target" "-e" "CARGO_INCREMENTAL=0" "-e" "RUST_BACKTRACE=full" "-e" "RUSTFLAGS=--cap-lints=warn" "-e" "RUSTDOCFLAGS=--cap-lints=warn" "-w" "/opt/rustwide/workdir" "--user" "0:0" "50f629440296017b0895e56087165cf28e64145e5d55af1c9cfe44f975864331" "/opt/rustwide/cargo-home/bin/cargo" "+1.99.0-beta.8" "test" "--frozen" "--release", kill_on_drop: false }`
[INFO] [stderr]     Finished `release` profile [optimized] target(s) in 0.09s
[INFO] [stderr]      Running unittests src/main.rs (/opt/rustwide/target/release/deps/rsmap-e702e2b845d509d9)
[INFO] [stdout] 
[INFO] [stdout] running 25 tests
[INFO] [stdout] test layer1::tests::test_generate_api_surface ... ok
[INFO] [stdout] test annotations::tests::test_update_annotations_new ... ok
[INFO] [stdout] test layer2::tests::test_extract_internal_module_dep ... ok
[INFO] [stdout] test layer2::tests::test_extract_type_names ... ok
[INFO] [stdout] test annotations::tests::test_update_annotations_stale ... ok
[INFO] [stdout] test layer0::tests::test_generate_overview ... ok
[INFO] [stdout] test layer2::tests::test_clean_type_name ... ok
[INFO] [stdout] test layer3::tests::test_generate_index ... ok
[INFO] [stdout] test cache::tests::test_cache_roundtrip ... ok
[INFO] [stdout] test cache::tests::test_staleness_detection ... ok
[INFO] [stdout] test output::tests::test_display_module_path ... ok
[INFO] [stdout] test layer2::tests::test_extract_from_source ... ok
[INFO] [stdout] test cache::tests::test_is_file_unchanged ... ok
[INFO] [stdout] test parse::tests::test_parse_use_statements ... ok
[INFO] [stdout] test annotations::tests::test_export_for_annotation ... ok
[INFO] [stdout] test output::tests::test_tree_entry ... ok
[INFO] [stdout] test resolve::tests::test_resolve_mod_file ... ok
[INFO] [stdout] test annotations::tests::test_import_annotations ... ok
[INFO] [stdout] test layer2::tests::test_build_error_chains ... ok
[INFO] [stdout] test parse::tests::test_parse_function ... ok
[INFO] [stdout] test output::tests::test_indent ... ok
[INFO] [stdout] test parse::tests::test_parse_enum ... ok
[INFO] [stdout] test resolve::tests::test_is_cfg_test ... ok
[INFO] [stdout] test parse::tests::test_parse_doc_comments ... ok
[INFO] [stderr]      Running tests/integration_test.rs (/opt/rustwide/target/release/deps/integration_test-13e2fcf3acbbae1e)
[INFO] [stdout] test parse::tests::test_parse_struct ... ok
[INFO] [stdout] 
[INFO] [stdout] test result: ok. 25 passed; 0 failed; 0 ignored; 0 measured; 0 filtered out; finished in 0.02s
[INFO] [stdout] 
[INFO] [stdout] 
[INFO] [stdout] running 4 tests
[INFO] [stderr]     Blocking waiting for file lock on build directory
[INFO] [stderr]     Blocking waiting for file lock on build directory
[INFO] [stderr]     Blocking waiting for file lock on build directory
[INFO] [stderr]    Compiling unicode-ident v1.0.22
[INFO] [stderr]    Compiling quote v1.0.44
[INFO] [stderr]    Compiling proc-macro2 v1.0.106
[INFO] [stderr]    Compiling serde_core v1.0.228
[INFO] [stderr]    Compiling serde v1.0.228
[INFO] [stderr]    Compiling shlex v1.3.0
[INFO] [stderr]    Compiling find-msvc-tools v0.1.9
[INFO] [stderr]    Compiling autocfg v1.5.0
[INFO] [stderr]    Compiling zmij v1.0.18
[INFO] [stderr]    Compiling utf8parse v0.2.2
[INFO] [stderr]    Compiling anstyle-query v1.1.5
[INFO] [stderr]    Compiling anstyle v1.0.13
[INFO] [stderr]    Compiling thiserror v1.0.69
[INFO] [stderr]    Compiling camino v1.2.2
[INFO] [stderr]    Compiling is_terminal_polyfill v1.70.2
[INFO] [stderr]    Compiling anstyle-parse v0.2.7
[INFO] [stderr]    Compiling hashbrown v0.16.1
[INFO] [stderr]    Compiling serde_json v1.0.149
[INFO] [stderr]    Compiling equivalent v1.0.2
[INFO] [stderr]    Compiling colorchoice v1.0.4
[INFO] [stderr]    Compiling winnow v0.7.14
[INFO] [stderr]    Compiling strsim v0.11.1
[INFO] [stderr]    Compiling cc v1.2.55
[INFO] [stderr]    Compiling clap_lex v0.7.7
[INFO] [stderr]    Compiling toml_write v0.1.2
[INFO] [stderr]    Compiling anstream v0.6.21
[INFO] [stderr]    Compiling itoa v1.0.17
[INFO] [stderr]    Compiling heck v0.5.0
[INFO] [stderr]    Compiling anyhow v1.0.100
[INFO] [stderr]    Compiling memchr v2.7.6
[INFO] [stderr]    Compiling indexmap v2.13.0
[INFO] [stderr]    Compiling cpufeatures v0.2.17
[INFO] [stderr]    Compiling num-traits v0.2.19
[INFO] [stderr]    Compiling clap_builder v4.5.56
[INFO] [stderr]    Compiling constant_time_eq v0.4.2
[INFO] [stderr]    Compiling cfg-if v1.0.4
[INFO] [stderr]    Compiling same-file v1.0.6
[INFO] [stderr]    Compiling iana-time-zone v0.1.65
[INFO] [stderr]    Compiling arrayvec v0.7.6
[INFO] [stderr]    Compiling arrayref v0.3.9
[INFO] [stderr]    Compiling walkdir v2.5.0
[INFO] [stderr]    Compiling syn v2.0.114
[INFO] [stderr]    Compiling blake3 v1.8.3
[INFO] [stderr]    Compiling semver v1.0.27
[INFO] [stderr]    Compiling serde_derive v1.0.228
[INFO] [stderr]    Compiling thiserror-impl v1.0.69
[INFO] [stderr]    Compiling clap_derive v4.5.55
[INFO] [stderr]    Compiling clap v4.5.56
[INFO] [stderr]    Compiling toml_datetime v0.6.11
[INFO] [stderr]    Compiling serde_spanned v0.6.9
[INFO] [stderr]    Compiling cargo-platform v0.1.9
[INFO] [stderr]    Compiling chrono v0.4.43
[INFO] [stderr]    Compiling cargo_metadata v0.18.1
[INFO] [stderr]    Compiling toml_edit v0.22.27
[INFO] [stderr]    Compiling toml v0.8.23
[INFO] [stderr]    Compiling rsmap v0.1.1 (/opt/rustwide/workdir)
[INFO] [stderr]     Finished `dev` profile [unoptimized + debuginfo] target(s) in 24.99s
[INFO] [stderr]     Finished `dev` profile [unoptimized + debuginfo] target(s) in 25.00s
[INFO] [stdout] test test_annotate_import ... FAILED
[INFO] [stdout] test test_incremental_rebuild ... FAILED
[INFO] [stderr]     Finished `dev` profile [unoptimized + debuginfo] target(s) in 25.03s
[INFO] [stderr]     Finished `dev` profile [unoptimized + debuginfo] target(s) in 25.05s
[INFO] [stdout] test test_generate_on_fixture ... FAILED
[INFO] [stdout] test test_annotate_export ... FAILED
[INFO] [stdout] 
[INFO] [stdout] failures:
[INFO] [stdout] 
[INFO] [stdout] ---- test_annotate_import stdout ----
[INFO] [stdout] 
[INFO] [stdout] thread 'test_annotate_import' (1152) panicked at tests/integration_test.rs:239:10:
[INFO] [stdout] Failed to run generate: Os { code: 2, kind: NotFound, message: "No such file or directory" }
[INFO] [stdout] stack backtrace:
[INFO] [stdout]    0:     0x649669497ab1 - <<std[70759c8f55707aa4]::sys::backtrace::BacktraceLock>::print::DisplayBacktrace as core[df12db4294e9bfd3]::fmt::Display>::fmt
[INFO] [stdout]    1:     0x6496694ac9fa - core[df12db4294e9bfd3]::fmt::write
[INFO] [stdout]    2:     0x64966949c1ac - <alloc[2182bb758b4b3781]::vec::Vec<u8> as core[df12db4294e9bfd3]::io::write::Write>::write_fmt
[INFO] [stdout]    3:     0x6496694724c6 - std[70759c8f55707aa4]::panicking::default_hook::{closure#0}
[INFO] [stdout]    4:     0x64966948f5a9 - std[70759c8f55707aa4]::panicking::default_hook
[INFO] [stdout]    5:     0x64966942a330 - test[9d35eded1c95d3be]::test_main_inner::<test[9d35eded1c95d3be]::test_main_static::{closure#0}>::{closure#0}
[INFO] [stdout]    6:     0x64966948f762 - std[70759c8f55707aa4]::panicking::panic_with_hook
[INFO] [stdout]    7:     0x649669472572 - std[70759c8f55707aa4]::panicking::panic_handler::{closure#0}
[INFO] [stdout]    8:     0x64966946b049 - std[70759c8f55707aa4]::sys::backtrace::__rust_end_short_backtrace::<std[70759c8f55707aa4]::panicking::panic_handler::{closure#0}, !>
[INFO] [stdout]    9:     0x64966947316d - __rustc[8fa7c3cbc660c2b3]::rust_begin_unwind
[INFO] [stdout]   10:     0x6496694ad12c - core[df12db4294e9bfd3]::panicking::panic_fmt
[INFO] [stdout]   11:     0x6496694acf02 - core[df12db4294e9bfd3]::result::unwrap_failed
[INFO] [stdout]   12:     0x649669413fc1 - <integration_test[55cb22127127d47]::test_annotate_import::{closure#0} as core[df12db4294e9bfd3]::ops::function::FnOnce<()>>::call_once
[INFO] [stdout]   13:     0x64966941d61b - test[9d35eded1c95d3be]::__rust_begin_short_backtrace::<core[df12db4294e9bfd3]::result::Result<(), alloc[2182bb758b4b3781]::string::String>, fn() -> core[df12db4294e9bfd3]::result::Result<(), alloc[2182bb758b4b3781]::string::String>>
[INFO] [stdout]   14:     0x64966942ac85 - test[9d35eded1c95d3be]::run_test::{closure#0}
[INFO] [stdout]   15:     0x649669424544 - std[70759c8f55707aa4]::sys::backtrace::__rust_begin_short_backtrace::<test[9d35eded1c95d3be]::run_test::{closure#1}, ()>
[INFO] [stdout]   16:     0x64966942dde2 - <std[70759c8f55707aa4]::thread::lifecycle::spawn_unchecked<test[9d35eded1c95d3be]::run_test::{closure#1}, ()>::{closure#1} as core[df12db4294e9bfd3]::ops::function::FnOnce<()>>::call_once::{shim:vtable#0}
[INFO] [stdout]   17:     0x649669496e29 - <std[70759c8f55707aa4]::sys::thread::unix::Thread>::new::thread_start
[INFO] [stdout]   18:     0x79ae3ebcfdfa - <unknown>
[INFO] [stdout]   19:     0x79ae3ec633d4 - clone
[INFO] [stdout]   20:                0x0 - <unknown>
[INFO] [stdout] 
[INFO] [stdout] ---- test_incremental_rebuild stdout ----
[INFO] [stdout] 
[INFO] [stdout] thread 'test_incremental_rebuild' (1154) panicked at tests/integration_test.rs:165:10:
[INFO] [stdout] Failed to run generate: Os { code: 2, kind: NotFound, message: "No such file or directory" }
[INFO] [stdout] stack backtrace:
[INFO] [stdout]    0:     0x649669497ab1 - <<std[70759c8f55707aa4]::sys::backtrace::BacktraceLock>::print::DisplayBacktrace as core[df12db4294e9bfd3]::fmt::Display>::fmt
[INFO] [stdout]    1:     0x6496694ac9fa - core[df12db4294e9bfd3]::fmt::write
[INFO] [stdout]    2:     0x64966949c1ac - <alloc[2182bb758b4b3781]::vec::Vec<u8> as core[df12db4294e9bfd3]::io::write::Write>::write_fmt
[INFO] [stdout]    3:     0x6496694724c6 - std[70759c8f55707aa4]::panicking::default_hook::{closure#0}
[INFO] [stdout]    4:     0x64966948f5a9 - std[70759c8f55707aa4]::panicking::default_hook
[INFO] [stdout]    5:     0x64966942a330 - test[9d35eded1c95d3be]::test_main_inner::<test[9d35eded1c95d3be]::test_main_static::{closure#0}>::{closure#0}
[INFO] [stdout]    6:     0x64966948f762 - std[70759c8f55707aa4]::panicking::panic_with_hook
[INFO] [stderr] error: test failed, to rerun pass `--test integration_test`
[INFO] [stdout]    7:     0x649669472572 - std[70759c8f55707aa4]::panicking::panic_handler::{closure#0}
[INFO] [stdout]    8:     0x64966946b049 - std[70759c8f55707aa4]::sys::backtrace::__rust_end_short_backtrace::<std[70759c8f55707aa4]::panicking::panic_handler::{closure#0}, !>
[INFO] [stdout]    9:     0x64966947316d - __rustc[8fa7c3cbc660c2b3]::rust_begin_unwind
[INFO] [stdout]   10:     0x6496694ad12c - core[df12db4294e9bfd3]::panicking::panic_fmt
[INFO] [stdout]   11:     0x6496694acf02 - core[df12db4294e9bfd3]::result::unwrap_failed
[INFO] [stdout]   12:     0x6496694160ca - <integration_test[55cb22127127d47]::test_incremental_rebuild::{closure#0} as core[df12db4294e9bfd3]::ops::function::FnOnce<()>>::call_once
[INFO] [stdout]   13:     0x64966941d61b - test[9d35eded1c95d3be]::__rust_begin_short_backtrace::<core[df12db4294e9bfd3]::result::Result<(), alloc[2182bb758b4b3781]::string::String>, fn() -> core[df12db4294e9bfd3]::result::Result<(), alloc[2182bb758b4b3781]::string::String>>
[INFO] [stdout]   14:     0x64966942ac85 - test[9d35eded1c95d3be]::run_test::{closure#0}
[INFO] [stdout]   15:     0x649669424544 - std[70759c8f55707aa4]::sys::backtrace::__rust_begin_short_backtrace::<test[9d35eded1c95d3be]::run_test::{closure#1}, ()>
[INFO] [stdout]   16:     0x64966942dde2 - <std[70759c8f55707aa4]::thread::lifecycle::spawn_unchecked<test[9d35eded1c95d3be]::run_test::{closure#1}, ()>::{closure#1} as core[df12db4294e9bfd3]::ops::function::FnOnce<()>>::call_once::{shim:vtable#0}
[INFO] [stdout]   17:     0x649669496e29 - <std[70759c8f55707aa4]::sys::thread::unix::Thread>::new::thread_start
[INFO] [stdout]   18:     0x79ae3ebcfdfa - <unknown>
[INFO] [stdout]   19:     0x79ae3ec633d4 - clone
[INFO] [stdout]   20:                0x0 - <unknown>
[INFO] [stdout] 
[INFO] [stdout] ---- test_generate_on_fixture stdout ----
[INFO] [stdout] 
[INFO] [stdout] thread 'test_generate_on_fixture' (1153) panicked at tests/integration_test.rs:40:10:
[INFO] [stdout] Failed to run generate: Os { code: 2, kind: NotFound, message: "No such file or directory" }
[INFO] [stdout] stack backtrace:
[INFO] [stdout]    0:     0x649669497ab1 - <<std[70759c8f55707aa4]::sys::backtrace::BacktraceLock>::print::DisplayBacktrace as core[df12db4294e9bfd3]::fmt::Display>::fmt
[INFO] [stdout]    1:     0x6496694ac9fa - core[df12db4294e9bfd3]::fmt::write
[INFO] [stdout]    2:     0x64966949c1ac - <alloc[2182bb758b4b3781]::vec::Vec<u8> as core[df12db4294e9bfd3]::io::write::Write>::write_fmt
[INFO] [stdout]    3:     0x6496694724c6 - std[70759c8f55707aa4]::panicking::default_hook::{closure#0}
[INFO] [stdout]    4:     0x64966948f5a9 - std[70759c8f55707aa4]::panicking::default_hook
[INFO] [stdout]    5:     0x64966942a330 - test[9d35eded1c95d3be]::test_main_inner::<test[9d35eded1c95d3be]::test_main_static::{closure#0}>::{closure#0}
[INFO] [stdout]    6:     0x64966948f762 - std[70759c8f55707aa4]::panicking::panic_with_hook
[INFO] [stdout]    7:     0x649669472572 - std[70759c8f55707aa4]::panicking::panic_handler::{closure#0}
[INFO] [stdout]    8:     0x64966946b049 - std[70759c8f55707aa4]::sys::backtrace::__rust_end_short_backtrace::<std[70759c8f55707aa4]::panicking::panic_handler::{closure#0}, !>
[INFO] [stdout]    9:     0x64966947316d - __rustc[8fa7c3cbc660c2b3]::rust_begin_unwind
[INFO] [stdout]   10:     0x6496694ad12c - core[df12db4294e9bfd3]::panicking::panic_fmt
[INFO] [stdout]   11:     0x6496694acf02 - core[df12db4294e9bfd3]::result::unwrap_failed
[INFO] [stdout]   12:     0x64966941519d - <integration_test[55cb22127127d47]::test_generate_on_fixture::{closure#0} as core[df12db4294e9bfd3]::ops::function::FnOnce<()>>::call_once
[INFO] [stdout]   13:     0x64966941d61b - test[9d35eded1c95d3be]::__rust_begin_short_backtrace::<core[df12db4294e9bfd3]::result::Result<(), alloc[2182bb758b4b3781]::string::String>, fn() -> core[df12db4294e9bfd3]::result::Result<(), alloc[2182bb758b4b3781]::string::String>>
[INFO] [stdout]   14:     0x64966942ac85 - test[9d35eded1c95d3be]::run_test::{closure#0}
[INFO] [stdout]   15:     0x649669424544 - std[70759c8f55707aa4]::sys::backtrace::__rust_begin_short_backtrace::<test[9d35eded1c95d3be]::run_test::{closure#1}, ()>
[INFO] [stdout]   16:     0x64966942dde2 - <std[70759c8f55707aa4]::thread::lifecycle::spawn_unchecked<test[9d35eded1c95d3be]::run_test::{closure#1}, ()>::{closure#1} as core[df12db4294e9bfd3]::ops::function::FnOnce<()>>::call_once::{shim:vtable#0}
[INFO] [stdout]   17:     0x649669496e29 - <std[70759c8f55707aa4]::sys::thread::unix::Thread>::new::thread_start
[INFO] [stdout]   18:     0x79ae3ebcfdfa - <unknown>
[INFO] [stdout]   19:     0x79ae3ec633d4 - clone
[INFO] [stdout]   20:                0x0 - <unknown>
[INFO] [stdout] 
[INFO] [stdout] ---- test_annotate_export stdout ----
[INFO] [stdout] 
[INFO] [stdout] thread 'test_annotate_export' (1151) panicked at tests/integration_test.rs:202:10:
[INFO] [stdout] Failed to run generate: Os { code: 2, kind: NotFound, message: "No such file or directory" }
[INFO] [stdout] stack backtrace:
[INFO] [stdout]    0:     0x649669497ab1 - <<std[70759c8f55707aa4]::sys::backtrace::BacktraceLock>::print::DisplayBacktrace as core[df12db4294e9bfd3]::fmt::Display>::fmt
[INFO] [stdout]    1:     0x6496694ac9fa - core[df12db4294e9bfd3]::fmt::write
[INFO] [stdout]    2:     0x64966949c1ac - <alloc[2182bb758b4b3781]::vec::Vec<u8> as core[df12db4294e9bfd3]::io::write::Write>::write_fmt
[INFO] [stdout]    3:     0x6496694724c6 - std[70759c8f55707aa4]::panicking::default_hook::{closure#0}
[INFO] [stdout]    4:     0x64966948f5a9 - std[70759c8f55707aa4]::panicking::default_hook
[INFO] [stdout]    5:     0x64966942a330 - test[9d35eded1c95d3be]::test_main_inner::<test[9d35eded1c95d3be]::test_main_static::{closure#0}>::{closure#0}
[INFO] [stdout]    6:     0x64966948f762 - std[70759c8f55707aa4]::panicking::panic_with_hook
[INFO] [stdout]    7:     0x649669472572 - std[70759c8f55707aa4]::panicking::panic_handler::{closure#0}
[INFO] [stdout]    8:     0x64966946b049 - std[70759c8f55707aa4]::sys::backtrace::__rust_end_short_backtrace::<std[70759c8f55707aa4]::panicking::panic_handler::{closure#0}, !>
[INFO] [stdout]    9:     0x64966947316d - __rustc[8fa7c3cbc660c2b3]::rust_begin_unwind
[INFO] [stdout]   10:     0x6496694ad12c - core[df12db4294e9bfd3]::panicking::panic_fmt
[INFO] [stdout]   11:     0x6496694acf02 - core[df12db4294e9bfd3]::result::unwrap_failed
[INFO] [stdout]   12:     0x6496694138b8 - <integration_test[55cb22127127d47]::test_annotate_export::{closure#0} as core[df12db4294e9bfd3]::ops::function::FnOnce<()>>::call_once
[INFO] [stdout]   13:     0x64966941d61b - test[9d35eded1c95d3be]::__rust_begin_short_backtrace::<core[df12db4294e9bfd3]::result::Result<(), alloc[2182bb758b4b3781]::string::String>, fn() -> core[df12db4294e9bfd3]::result::Result<(), alloc[2182bb758b4b3781]::string::String>>
[INFO] [stdout]   14:     0x64966942ac85 - test[9d35eded1c95d3be]::run_test::{closure#0}
[INFO] [stdout]   15:     0x649669424544 - std[70759c8f55707aa4]::sys::backtrace::__rust_begin_short_backtrace::<test[9d35eded1c95d3be]::run_test::{closure#1}, ()>
[INFO] [stdout]   16:     0x64966942dde2 - <std[70759c8f55707aa4]::thread::lifecycle::spawn_unchecked<test[9d35eded1c95d3be]::run_test::{closure#1}, ()>::{closure#1} as core[df12db4294e9bfd3]::ops::function::FnOnce<()>>::call_once::{shim:vtable#0}
[INFO] [stdout]   17:     0x649669496e29 - <std[70759c8f55707aa4]::sys::thread::unix::Thread>::new::thread_start
[INFO] [stdout]   18:     0x79ae3ebcfdfa - <unknown>
[INFO] [stdout]   19:     0x79ae3ec633d4 - clone
[INFO] [stdout]   20:                0x0 - <unknown>
[INFO] [stdout] 
[INFO] [stdout] 
[INFO] [stdout] failures:
[INFO] [stdout]     test_annotate_export
[INFO] [stdout]     test_annotate_import
[INFO] [stdout]     test_generate_on_fixture
[INFO] [stdout]     test_incremental_rebuild
[INFO] [stdout] 
[INFO] [stdout] test result: FAILED. 0 passed; 4 failed; 0 ignored; 0 measured; 0 filtered out; finished in 25.10s
[INFO] [stdout] 
[INFO] running `Command { std: "docker" "inspect" "50f629440296017b0895e56087165cf28e64145e5d55af1c9cfe44f975864331", kill_on_drop: false }`
[INFO] running `Command { std: "docker" "rm" "-f" "50f629440296017b0895e56087165cf28e64145e5d55af1c9cfe44f975864331", kill_on_drop: false }`
[INFO] [stdout] 50f629440296017b0895e56087165cf28e64145e5d55af1c9cfe44f975864331
