[INFO] fetching crate rskit-media-ffmpeg 0.2.0-alpha.5...
[INFO] testing rskit-media-ffmpeg-0.2.0-alpha.5 against 1.99.0-beta.8+cargoflags=--release for beta-release-1.100-2
[INFO] extracting crate rskit-media-ffmpeg 0.2.0-alpha.5 into /workspace/builds/worker-0-tc1/source
[INFO] started tweaking crates.io crate rskit-media-ffmpeg 0.2.0-alpha.5
[INFO] removed 0 missing tests
[INFO] finished tweaking crates.io crate rskit-media-ffmpeg 0.2.0-alpha.5
[INFO] tweaked toml for crates.io crate rskit-media-ffmpeg 0.2.0-alpha.5 written to /workspace/builds/worker-0-tc1/source/Cargo.toml
[INFO] validating manifest of crates.io crate rskit-media-ffmpeg 0.2.0-alpha.5 on toolchain 1.99.0-beta.8
[INFO] running `Command { std: CARGO_HOME="/workspace/cargo-home" RUSTUP_HOME="/workspace/rustup-home" "/workspace/cargo-home/bin/cargo" "+1.99.0-beta.8" "metadata" "--manifest-path" "Cargo.toml" "--no-deps", kill_on_drop: false }`
[INFO] crate crates.io crate rskit-media-ffmpeg 0.2.0-alpha.5 already has a lockfile, it will not be regenerated
[INFO] running `Command { std: CARGO_HOME="/workspace/cargo-home" RUSTUP_HOME="/workspace/rustup-home" "/workspace/cargo-home/bin/cargo" "+1.99.0-beta.8" "fetch" "--manifest-path" "Cargo.toml", kill_on_drop: false }`
[INFO] [stderr]     Blocking waiting for file lock on package cache
[INFO] [stderr]     Updating crates.io index
[INFO] [stderr]     Blocking waiting for file lock on package cache
[INFO] [stderr]  Downloading crates ...
[INFO] [stderr]   Downloaded rskit-fs v0.2.0-alpha.8
[INFO] [stderr]   Downloaded which v8.0.3
[INFO] [stderr]   Downloaded rskit-storage v0.2.0-alpha.5
[INFO] [stderr]   Downloaded rskit-errors v0.2.0-alpha.5
[INFO] [stderr]   Downloaded ignore v0.4.28
[INFO] [stderr]   Downloaded rskit-media v0.2.0-alpha.5
[INFO] [stderr]   Downloaded rskit-util v0.2.0-alpha.6
[INFO] [stderr]   Downloaded rskit-process v0.2.0-alpha.7
[INFO] [stderr]   Downloaded bstr v1.12.3
[INFO] running `Command { std: "docker" "create" "-v" "/var/lib/crater-agent-workspace/builds/worker-0-tc1/source:/opt/rustwide/workdir:ro,Z" "-v" "/var/lib/crater-agent-workspace/builds/worker-0-tc1/target:/opt/rustwide/target:rw,Z" "-v" "/var/lib/crater-agent-workspace/cargo-home:/opt/rustwide/cargo-home:ro,Z" "-v" "/var/lib/crater-agent-workspace/rustup-home:/opt/rustwide/rustup-home:ro,Z" "-m" "1610612736" "--network" "none" "ghcr.io/rust-lang/crates-build-env/linux@sha256:77db811e55d90add9212f6832c23229e3de5f1c1f9905e8cb07319ea15df73ac" "sleep" "infinity", kill_on_drop: false }`
[INFO] [stdout] d0ac1372551d9ac592c1071c832c36b5db57c3dfe499d99ebd65b5b3ebc45090
[INFO] running `Command { std: "docker" "start" "d0ac1372551d9ac592c1071c832c36b5db57c3dfe499d99ebd65b5b3ebc45090", kill_on_drop: false }`
[INFO] running `Command { std: "docker" "inspect" "d0ac1372551d9ac592c1071c832c36b5db57c3dfe499d99ebd65b5b3ebc45090", kill_on_drop: false }`
[INFO] running `Command { std: "docker" "exec" "-e" "SOURCE_DIR=/opt/rustwide/workdir" "-e" "CARGO_HOME=/opt/rustwide/cargo-home" "-e" "RUSTUP_HOME=/opt/rustwide/rustup-home" "-e" "CARGO_TARGET_DIR=/opt/rustwide/target" "-w" "/opt/rustwide/workdir" "--user" "0:0" "d0ac1372551d9ac592c1071c832c36b5db57c3dfe499d99ebd65b5b3ebc45090" "/opt/rustwide/cargo-home/bin/cargo" "+1.99.0-beta.8" "metadata" "--no-deps" "--format-version=1", kill_on_drop: false }`
[INFO] running `Command { std: "docker" "inspect" "d0ac1372551d9ac592c1071c832c36b5db57c3dfe499d99ebd65b5b3ebc45090", kill_on_drop: false }`
[INFO] running `Command { std: "docker" "exec" "-e" "SOURCE_DIR=/opt/rustwide/workdir" "-e" "CARGO_HOME=/opt/rustwide/cargo-home" "-e" "RUSTUP_HOME=/opt/rustwide/rustup-home" "-e" "CARGO_TARGET_DIR=/opt/rustwide/target" "-e" "CARGO_INCREMENTAL=0" "-e" "RUST_BACKTRACE=full" "-e" "RUSTFLAGS=--cap-lints=warn" "-e" "RUSTDOCFLAGS=--cap-lints=warn" "-w" "/opt/rustwide/workdir" "--user" "0:0" "d0ac1372551d9ac592c1071c832c36b5db57c3dfe499d99ebd65b5b3ebc45090" "/opt/rustwide/cargo-home/bin/cargo" "+1.99.0-beta.8" "build" "--frozen" "--message-format=json" "--release", kill_on_drop: false }`
[INFO] [stderr]    Compiling memchr v2.8.1
[INFO] [stderr]    Compiling serde_core v1.0.228
[INFO] [stderr]    Compiling serde v1.0.228
[INFO] [stderr]    Compiling futures-macro v0.3.32
[INFO] [stderr]    Compiling crossbeam-utils v0.8.21
[INFO] [stderr]    Compiling futures-channel v0.3.32
[INFO] [stderr]    Compiling parking_lot_core v0.9.12
[INFO] [stderr]    Compiling crossbeam-epoch v0.9.20
[INFO] [stderr]    Compiling hybrid-array v0.4.12
[INFO] [stderr]    Compiling tokio-macros v2.7.0
[INFO] [stderr]    Compiling cc v1.2.63
[INFO] [stderr]    Compiling http v1.4.1
[INFO] [stderr]    Compiling log v0.4.32
[INFO] [stderr]    Compiling getrandom v0.4.2
[INFO] [stderr]    Compiling uuid v1.23.2
[INFO] [stderr]    Compiling tracing v0.1.44
[INFO] [stderr]    Compiling zeroize v1.8.2
[INFO] [stderr]    Compiling tempfile v3.27.0
[INFO] [stderr]    Compiling async-trait v0.1.89
[INFO] [stderr]    Compiling which v8.0.3
[INFO] [stderr]    Compiling parking_lot v0.12.5
[INFO] [stderr]    Compiling cfb v0.7.3
[INFO] [stderr]    Compiling aho-corasick v1.1.4
[INFO] [stderr]    Compiling futures-util v0.3.32
[INFO] [stderr]    Compiling tokio v1.52.3
[INFO] [stderr]    Compiling bstr v1.12.3
[INFO] [stderr]    Compiling crypto-common v0.2.2
[INFO] [stderr]    Compiling block-buffer v0.12.0
[INFO] [stderr]    Compiling blake3 v1.8.5
[INFO] [stderr]    Compiling infer v0.19.0
[INFO] [stderr]    Compiling crossbeam-deque v0.8.6
[INFO] [stderr]    Compiling digest v0.11.3
[INFO] [stderr]    Compiling sha2 v0.11.0
[INFO] [stderr]    Compiling regex-automata v0.4.14
[INFO] [stderr]    Compiling serde_json v1.0.150
[INFO] [stderr]    Compiling chrono v0.4.45
[INFO] [stderr]    Compiling rskit-util v0.2.0-alpha.6
[INFO] [stderr]    Compiling futures-executor v0.3.32
[INFO] [stderr]    Compiling rskit-errors v0.2.0-alpha.5
[INFO] [stderr]    Compiling futures v0.3.32
[INFO] [stderr]    Compiling globset v0.4.18
[INFO] [stderr]    Compiling ignore v0.4.28
[INFO] [stderr]    Compiling tokio-util v0.7.18
[INFO] [stderr]    Compiling rskit-fs v0.2.0-alpha.8
[INFO] [stderr]    Compiling rskit-process v0.2.0-alpha.7
[INFO] [stderr]    Compiling rskit-storage v0.2.0-alpha.5
[INFO] [stderr]    Compiling rskit-media v0.2.0-alpha.5
[INFO] [stderr]    Compiling rskit-media-ffmpeg v0.2.0-alpha.5 (/opt/rustwide/workdir)
[INFO] [stderr]     Finished `release` profile [optimized] target(s) in 1m 08s
[INFO] running `Command { std: "docker" "inspect" "d0ac1372551d9ac592c1071c832c36b5db57c3dfe499d99ebd65b5b3ebc45090", kill_on_drop: false }`
[INFO] running `Command { std: "docker" "exec" "-e" "SOURCE_DIR=/opt/rustwide/workdir" "-e" "CARGO_HOME=/opt/rustwide/cargo-home" "-e" "RUSTUP_HOME=/opt/rustwide/rustup-home" "-e" "CARGO_TARGET_DIR=/opt/rustwide/target" "-e" "CARGO_INCREMENTAL=0" "-e" "RUST_BACKTRACE=full" "-e" "RUSTFLAGS=--cap-lints=warn" "-e" "RUSTDOCFLAGS=--cap-lints=warn" "-w" "/opt/rustwide/workdir" "--user" "0:0" "d0ac1372551d9ac592c1071c832c36b5db57c3dfe499d99ebd65b5b3ebc45090" "/opt/rustwide/cargo-home/bin/cargo" "+1.99.0-beta.8" "test" "--frozen" "--no-run" "--message-format=json" "--release", kill_on_drop: false }`
[INFO] [stderr]    Compiling tokio v1.52.3
[INFO] [stderr]    Compiling ucd-trie v0.1.7
[INFO] [stderr]    Compiling memchr v2.8.1
[INFO] [stderr]    Compiling console v0.16.3
[INFO] [stderr]    Compiling pest v2.8.6
[INFO] [stderr]    Compiling pest_meta v2.8.6
[INFO] [stderr]    Compiling pest_generator v2.8.6
[INFO] [stderr]    Compiling pest_derive v2.8.6
[INFO] [stderr]    Compiling insta v1.47.2
[INFO] [stderr]    Compiling rskit-fs v0.2.0-alpha.8
[INFO] [stderr]    Compiling tokio-util v0.7.18
[INFO] [stderr]    Compiling rskit-process v0.2.0-alpha.7
[INFO] [stderr]    Compiling rskit-storage v0.2.0-alpha.5
[INFO] [stderr]    Compiling rskit-media v0.2.0-alpha.5
[INFO] [stderr]    Compiling rskit-media-ffmpeg v0.2.0-alpha.5 (/opt/rustwide/workdir)
[INFO] [stderr]     Finished `release` profile [optimized] target(s) in 1m 04s
[INFO] running `Command { std: "docker" "inspect" "d0ac1372551d9ac592c1071c832c36b5db57c3dfe499d99ebd65b5b3ebc45090", kill_on_drop: false }`
[INFO] running `Command { std: "docker" "exec" "-e" "SOURCE_DIR=/opt/rustwide/workdir" "-e" "CARGO_HOME=/opt/rustwide/cargo-home" "-e" "RUSTUP_HOME=/opt/rustwide/rustup-home" "-e" "CARGO_TARGET_DIR=/opt/rustwide/target" "-e" "CARGO_INCREMENTAL=0" "-e" "RUST_BACKTRACE=full" "-e" "RUSTFLAGS=--cap-lints=warn" "-e" "RUSTDOCFLAGS=--cap-lints=warn" "-w" "/opt/rustwide/workdir" "--user" "0:0" "d0ac1372551d9ac592c1071c832c36b5db57c3dfe499d99ebd65b5b3ebc45090" "/opt/rustwide/cargo-home/bin/cargo" "+1.99.0-beta.8" "test" "--frozen" "--release", kill_on_drop: false }`
[INFO] [stderr]     Finished `release` profile [optimized] target(s) in 0.12s
[INFO] [stderr]      Running unittests src/lib.rs (/opt/rustwide/target/release/deps/rskit_media_ffmpeg-7a87a45be7c0f947)
[INFO] [stdout] 
[INFO] [stdout] running 162 tests
[INFO] [stdout] test command::optimize::tests::validate_rejects_audio_strip_before_dual_track_speed ... ok
[INFO] [stdout] test command::tests::ai_operations_are_reported_as_unsupported_by_ffmpeg_backend ... ok
[INFO] [stdout] test command::tests::burn_subtitles_operation_compiles_through_command_dispatch ... ok
[INFO] [stdout] test command::tests::audio_filter_targets_audio_filter_chain ... ok
[INFO] [stdout] test command::tests::compile_canonicalizes_input_inside_configured_path_root ... ok
[INFO] [stdout] test command::tests::compile_rejects_input_outside_configured_path_root ... ok
[INFO] [stdout] test command::optimize::tests::optimize_merges_consecutive_operations ... ok
[INFO] [stdout] test command::optimize::tests::validate_rejects_video_strip_before_replace_audio ... ok
[INFO] [stdout] test command::tests::extract_many_compiles_single_and_multi_segment_modes ... ok
[INFO] [stdout] test command::tests::composition_operations_add_inputs_and_filter_graphs ... ok
[INFO] [stdout] test command::tests::fade_operations_add_matching_audio_and_video_filters ... ok
[INFO] [stdout] test command::tests::concat_respects_audio_presence_hints ... ok
[INFO] [stdout] test command::tests::golden_extract_time_range ... ok
[INFO] [stdout] test command::tests::golden_crop ... ok
[INFO] [stdout] test command::tests::custom_visual_filter_without_params_is_noop ... ok
[INFO] [stdout] test command::tests::golden_flip_both ... ok
[INFO] [stdout] test command::optimize::tests::validate_rejects_video_strip_before_concat ... ok
[INFO] [stdout] test command::tests::add_subtitles_inline_content_compiles_to_temp_filter ... ok
[INFO] [stdout] test command::optimize::tests::validate_rejects_conflicting_extract_and_overlay_combinations ... ok
[INFO] [stdout] test command::tests::golden_resize_fit ... ok
[INFO] [stdout] test command::tests::golden_reverse ... ok
[INFO] [stdout] test command::optimize::tests::validate_rejects_video_strip_before_extract_many ... ok
[INFO] [stdout] test command::tests::golden_input_path ... ok
[INFO] [stdout] test command::tests::golden_multiple_video_filters_chained ... ok
[INFO] [stdout] test command::tests::golden_rotate_180 ... ok
[INFO] [stdout] test command::tests::golden_normalize_audio ... ok
[INFO] [stdout] test command::tests::golden_rotate_90 ... ok
[INFO] [stdout] test command::runner::tests::stderr_ring_buffer_keeps_last_lines ... ok
[INFO] [stdout] test command::tests::golden_global_opts ... ok
[INFO] [stdout] test command::tests::global_options_follow_configured_execution_knobs ... ok
[INFO] [stdout] test command::tests::golden_speed ... ok
[INFO] [stdout] test command::tests::golden_strip_audio ... ok
[INFO] [stdout] test command::tests::golden_resize_fill ... ok
[INFO] [stdout] test command::tests::golden_resize_exact ... ok
[INFO] [stdout] test command::tests::overlay_positions_compile_all_coordinate_variants ... ok
[INFO] [stdout] test command::tests::thumbnail_compiler_supports_width_only_and_height_only_scaling ... ok
[INFO] [stdout] test command::tests::golden_strip_video ... ok
[INFO] [stdout] test command::tests::non_path_sources_are_read_from_stdin_pipe ... ok
[INFO] [stdout] test command::tests::transcode_quality_bitrate_speed_and_streaming_variants_compile ... ok
[INFO] [stdout] test command::tests::spatial_variants_compile_to_expected_filters ... ok
[INFO] [stdout] test command::tests::thumbnail_and_scene_detection_compile_to_ffmpeg_options ... ok
[INFO] [stdout] test command::tests::track_selection_maps_indices_and_supported_track_kinds ... ok
[INFO] [stdout] test compilers::overlay::tests::image_overlay_adds_secondary_input_and_complex_filter ... ok
[INFO] [stdout] test command::tests::transcode_video_and_audio_options_compile ... ok
[INFO] [stdout] test command::tests::visual_filter_presets_and_custom_adjustments_compile ... ok
[INFO] [stdout] test compilers::overlay::tests::text_overlay_compiles_drawtext_with_escaping_and_time_range ... ok
[INFO] [stdout] test command::tests::temp_sources_use_managed_temp_file_path ... ok
[INFO] [stdout] test compilers::subtitle::tests::subtitle_file_reports_open_errors ... ok
[INFO] [stdout] test command::tests::golden_flip_horizontal ... ok
[INFO] [stdout] test command::tests::transcode_variable_video_bitrate_and_hls_event_options_compile ... ok
[INFO] [stdout] test config::tests::builder_methods_set_all_runtime_knobs ... ok
[INFO] [stdout] test command::optimize::tests::validate_rejects_video_strip_before_dual_track_reverse ... ok
[INFO] [stdout] test command::tests::visual_filter_presets_and_custom_adjustments_chain ... ok
[INFO] [stdout] test config::tests::max_concurrent_defaults_to_at_least_one ... ok
[INFO] [stdout] test command::tests::visual_filter_named_presets_compile ... ok
[INFO] [stdout] test error::tests::classify_codec_error ... ok
[INFO] [stdout] test error::tests::classify_exit_69_as_hw_accel ... ok
[INFO] [stdout] test config::tests::log_levels_map_to_ffmpeg_arguments ... ok
[INFO] [stdout] test error::tests::classify_output_error ... ok
[INFO] [stdout] test error::tests::classify_signal_kill ... ok
[INFO] [stdout] test compilers::subtitle::tests::burn_subtitles_writes_srt_filter_and_keeps_temp_file_alive ... ok
[INFO] [stdout] test config::tests::serde_defaults_fill_retry_and_stderr_limits ... ok
[INFO] [stdout] test config::tests::default_binary_resolution_falls_back_to_binary_names ... ok
[INFO] [stdout] test config::tests::timeout_resolution_falls_back_to_fixed_timeout ... ok
[INFO] [stdout] test error::tests::classify_unknown ... ok
[INFO] [stdout] test error::tests::classify_invalid_input ... ok
[INFO] [stdout] test error::tests::hw_accel_is_retryable ... ok
[INFO] [stdout] test error::tests::into_app_error_maps_codes_and_preserves_stderr_detail ... ok
[INFO] [stdout] test error::tests::into_app_error_uses_message_when_stderr_is_empty ... ok
[INFO] [stdout] test error::tests::classify_videotoolbox_stderr ... ok
[INFO] [stdout] test error::tests::truncate_stderr_short ... ok
[INFO] [stdout] test compilers::subtitle::tests::add_subtitles_accepts_file_inside_configured_path_root ... ok
[INFO] [stdout] test error::tests::invalid_input_not_retryable ... ok
[INFO] [stdout] test executor::resolve::tests::effective_config_skips_probe_without_timeout_calculator ... ok
[INFO] [stdout] test compilers::subtitle::tests::add_subtitles_rejects_file_outside_configured_path_root ... ok
[INFO] [stdout] test config::tests::timeout_calculator_takes_precedence_when_duration_is_known ... ok
[INFO] [stdout] test compilers::subtitle::tests::subtitle_file_rejects_invalid_utf8 ... ok
[INFO] [stdout] test error::tests::truncate_stderr_long ... ok
[INFO] [stdout] test executor::resolve::tests::infer_operation_kind_uses_heaviest_operation ... ok
[INFO] [stdout] test executor::resolve::tests::quick_probe_duration_skips_non_path_sources ... ok
[INFO] [stdout] test command::runner::tests::runner_invokes_progress_callback_for_stderr_progress_lines ... ok
[INFO] [stdout] test executor::resolve::tests::source_hints_skip_probe_when_operations_do_not_need_stream_info ... ok
[INFO] [stdout] test executor::resolve::tests::source_hints_skip_non_path_sources_even_when_needed ... ok
[INFO] [stdout] test executor::retry::tests::prepare_output_path_confines_user_sink_paths ... ok
[INFO] [stdout] test executor::retry::tests::prepare_output_path_does_not_confine_internal_temp_outputs ... ok
[INFO] [stdout] test command::runner::tests::runner_reports_cancelled_and_timed_out_processes ... ok
[INFO] [stdout] test command::tests::golden_volume ... ok
[INFO] [stdout] test command::runner::tests::runner_classifies_failed_exit_and_truncates_stderr_window ... ok
[INFO] [stdout] test executor::retry::tests::test_not_av1_decode_failure_h264 ... ok
[INFO] [stdout] test executor::retry::tests::test_not_av1_decode_failure_unrelated ... ok
[INFO] [stdout] test executor::retry::tests::test_av1_decode_failure_av01_codec ... ok
[INFO] [stdout] test executor::tests::cancellable_execution_returns_cancelled_before_spawning_ffmpeg ... ok
[INFO] [stdout] test command::tests::speed_compiler_chains_atempo_filters_for_extreme_factors ... ok
[INFO] [stdout] test executor::resolve::tests::effective_config_uses_probed_duration_when_available ... ok
[INFO] [stdout] test executor::retry::tests::test_av1_decode_failure_pixel_format ... ok
[INFO] [stdout] test executor::retry::tests::software_av1_decoder_reports_query_failures ... ok
[INFO] [stdout] test executor::retry::tests::test_av1_decode_failure_macos_videotoolbox ... ok
[INFO] [stdout] test executor::tests::output_extension_uses_last_transcode_format_or_default ... ok
[INFO] [stdout] test executor::resolve::tests::source_hints_report_no_audio_when_probe_stdout_has_no_audio ... ok
[INFO] [stdout] test executor::tests::test_config_input_video_decoder_default_is_none ... ok
[INFO] [stdout] test filter_map::tests::golden_blur ... ok
[INFO] [stdout] test filter_map::tests::golden_denoise ... ok
[INFO] [stdout] test filter_map::tests::golden_sepia ... ok
[INFO] [stdout] test filter_map::tests::audio_filter_catalog_maps_eq_dynamics_noise_loudness_and_format_filters ... ok
[INFO] [stdout] test filter_map::tests::golden_brightness ... ok
[INFO] [stdout] test executor::retry::tests::software_av1_decoder_falls_back_to_libaom_then_none ... FAILED
[INFO] [stdout] test filter_map::tests::golden_low_pass ... ok
[INFO] [stdout] test filter_map::tests::golden_deinterlace ... ok
[INFO] [stdout] test filter_map::tests::golden_sharpen ... ok
[INFO] [stdout] test filter_map::tests::golden_unknown_filter_passthrough ... ok
[INFO] [stdout] test filter_map::tests::golden_high_pass ... ok
[INFO] [stdout] test filter_map::tests::golden_compressor ... ok
[INFO] [stdout] test filter_map::tests::golden_grayscale ... ok
[INFO] [stdout] test executor::resolve::tests::source_hints_detect_audio_streams_from_ffprobe_stdout ... ok
[INFO] [stdout] test filter_map::tests::unknown_audio_filters_pass_through_verbatim ... ok
[INFO] [stdout] test executor::tests::resolve_output_maps_path_memory_and_temp_outputs ... ok
[INFO] [stdout] test hw_accel::tests::hardware_variants_emit_flags ... ok
[INFO] [stdout] test compilers::subtitle::tests::subtitle_file_rejects_files_over_the_byte_limit ... ok
[INFO] [stdout] test executor::retry::tests::software_av1_decoder_prefers_libdav1d_from_decoder_listing ... ok
[INFO] [stdout] test paths::tests::resolved_source_path_uses_fallback_for_non_path_sources ... ok
[INFO] [stdout] test paths::tests::create_output_parent_reports_plain_create_dir_errors ... ok
[INFO] [stdout] test hw_accel::tests::none_emits_hwaccel_none_flag ... ok
[INFO] [stdout] test paths::tests::create_output_parent_creates_dirs_without_root ... ok
[INFO] [stdout] test probe::detect::tests::parse_chapters_missing_section ... ok
[INFO] [stdout] test probe::detect::tests::parse_keyframes_from_json ... ok
[INFO] [stdout] test probe::detect::tests::parse_showinfo_extracts_timestamps ... ok
[INFO] [stdout] test hw_accel::tests::none_is_not_hardware ... ok
[INFO] [stdout] test probe::detect::tests::parsers_ignore_malformed_or_incomplete_entries ... ok
[INFO] [stdout] test paths::tests::source_and_output_paths_are_unchanged_without_root ... ok
[INFO] [stdout] test paths::tests::create_output_parent_rejects_existing_file_as_parent ... ok
[INFO] [stdout] test probe::parse::tests::metadata_defaults_to_image_and_handles_malformed_numeric_fields ... ok
[INFO] [stdout] test probe::parse::tests::metadata_parses_format_tags_and_mixed_stream_details ... ok
[INFO] [stdout] test probe::detect::tests::keyframe_probe_rejects_invalid_json_output ... ok
[INFO] [stdout] test probe::detect::tests::detection_methods_parse_fake_process_outputs ... ok
[INFO] [stdout] test paths::tests::source_path_requires_existing_file_when_root_is_configured ... ok
[INFO] [stdout] test paths::tests::create_output_parent_ignores_parentless_outputs ... ok
[INFO] [stdout] test executor::resolve::tests::quick_probe_duration_returns_none_for_unparseable_stdout ... ok
[INFO] [stdout] test filter_map::tests::video_filter_catalog_maps_color_geometry_text_and_timing_filters ... ok
[INFO] [stdout] test probe::detect::tests::parse_silence_from_stderr ... ok
[INFO] [stdout] test paths::tests::create_output_parent_rejects_symlink_escape ... ok
[INFO] [stdout] test paths::tests::confined_dir_creation_accepts_relative_paths_and_rejects_unsafe_components ... ok
[INFO] [stdout] test probe::detect::tests::parse_chapters_from_json ... ok
[INFO] [stdout] test paths::tests::create_output_parent_creates_nested_dirs_under_root ... ok
[INFO] [stdout] test process::tests::context_preserves_error_code_and_adds_operation ... ok
[INFO] [stdout] test paths::tests::create_output_parent_reports_missing_configured_root ... ok
[INFO] [stdout] test progress::tests::parse_non_progress_line_returns_none ... ok
[INFO] [stdout] test process::tests::ensure_success_accepts_successful_process ... ok
[INFO] [stdout] test process::tests::ensure_success_preserves_cancelled_result ... ok
[INFO] [stdout] test process::tests::ensure_success_maps_timeout_and_failure ... ok
[INFO] [stdout] test progress::tests::extract_value_from_line ... ok
[INFO] [stdout] test probe::thumbnail::tests::collect_images_returns_sorted_jpeg_bytes_only ... ok
[INFO] [stdout] test probe::thumbnail::tests::thumbnail_errors_include_operation_context ... ok
[INFO] [stdout] test progress::tests::parse_ffmpeg_time_invalid ... ok
[INFO] [stdout] test progress::tests::parse_progress_line_no_speed ... ok
[INFO] [stdout] test probe::thumbnail::tests::collect_images_reports_directory_read_errors ... ok
[INFO] [stdout] test progress::tests::parse_ffmpeg_time_hms ... ok
[INFO] [stdout] test progress::tests::parse_progress_line_with_time_and_speed ... ok
[INFO] [stdout] test probe::thumbnail::tests::thumbnail_sprite_and_waveform_use_generated_temp_outputs ... FAILED
[INFO] [stdout] test probe::tests::probe_raw_reports_invalid_json_from_ffprobe ... ok
[INFO] [stdout] test progress::tests::progress_with_output_size ... ok
[INFO] [stdout] test paths::tests::create_output_parent_tolerates_concurrent_directory_creation ... ok
[INFO] [stdout] test probe::tests::media_probe_trait_methods_delegate_to_ffmpeg_helpers ... ok
[INFO] [stdout] 
[INFO] [stdout] failures:
[INFO] [stdout] 
[INFO] [stdout] ---- executor::retry::tests::software_av1_decoder_falls_back_to_libaom_then_none stdout ----
[INFO] [stdout] 
[INFO] [stdout] thread 'executor::retry::tests::software_av1_decoder_falls_back_to_libaom_then_none' (1779) panicked at src/executor/retry.rs:332:14:
[INFO] [stdout] called `Result::unwrap()` on an `Err` value: AppError { code: Internal, message: "failed to query software AV1 decoders: INTERNAL_ERROR: failed to spawn process: Text file busy (os error 26)", retryable: false, http_status: 500, details: {}, cause: None }
[INFO] [stdout] stack backtrace:
[INFO] [stdout]    0:     0x6163e7eca401 - <<std[70759c8f55707aa4]::sys::backtrace::BacktraceLock>::print::DisplayBacktrace as core[df12db4294e9bfd3]::fmt::Display>::fmt
[INFO] [stdout]    1:     0x6163e7ee1e1a - core[df12db4294e9bfd3]::fmt::write
[INFO] [stdout]    2:     0x6163e7ecee3c - <alloc[2182bb758b4b3781]::vec::Vec<u8> as core[df12db4294e9bfd3]::io::write::Write>::write_fmt
[INFO] [stdout]    3:     0x6163e7ea2316 - std[70759c8f55707aa4]::panicking::default_hook::{closure#0}
[INFO] [stdout]    4:     0x6163e7ec0669 - std[70759c8f55707aa4]::panicking::default_hook
[INFO] [stdout]    5:     0x6163e7df5da0 - test[9d35eded1c95d3be]::test_main_inner::<test[9d35eded1c95d3be]::test_main_static::{closure#0}>::{closure#0}
[INFO] [stdout]    6:     0x6163e7ec0992 - std[70759c8f55707aa4]::panicking::panic_with_hook
[INFO] [stdout]    7:     0x6163e7ea23c2 - std[70759c8f55707aa4]::panicking::panic_handler::{closure#0}
[INFO] [stdout]    8:     0x6163e7e9ad99 - std[70759c8f55707aa4]::sys::backtrace::__rust_end_short_backtrace::<std[70759c8f55707aa4]::panicking::panic_handler::{closure#0}, !>
[INFO] [stdout]    9:     0x6163e7ea316d - __rustc[8fa7c3cbc660c2b3]::rust_begin_unwind
[INFO] [stdout]   10:     0x6163e7ee257c - core[df12db4294e9bfd3]::panicking::panic_fmt
[INFO] [stdout]   11:     0x6163e7ee2352 - core[df12db4294e9bfd3]::result::unwrap_failed
[INFO] [stdout]   12:     0x6163e7d84233 - rskit_media_ffmpeg[b96bbcba63860042]::executor::retry::tests::software_av1_decoder_falls_back_to_libaom_then_none::{closure#0}
[INFO] [stdout]   13:     0x6163e7d34d53 - <tokio[e9088a0f5a382e18]::runtime::scheduler::current_thread::Context>::enter::<core[df12db4294e9bfd3]::task::poll::Poll<()>, <tokio[e9088a0f5a382e18]::runtime::scheduler::current_thread::CoreGuard>::block_on<core[df12db4294e9bfd3]::pin::Pin<&mut core[df12db4294e9bfd3]::pin::Pin<&mut dyn core[df12db4294e9bfd3]::future::future::Future<Output = ()>>>>::{closure#0}::{closure#0}>
[INFO] [stdout]   14:     0x6163e7d748a9 - <std[70759c8f55707aa4]::thread::local::LocalKey<tokio[e9088a0f5a382e18]::runtime::context::Context>>::with::<tokio[e9088a0f5a382e18]::runtime::context::set_scheduler<(alloc[2182bb758b4b3781]::boxed::Box<tokio[e9088a0f5a382e18]::runtime::scheduler::current_thread::Core>, core[df12db4294e9bfd3]::option::Option<()>), <tokio[e9088a0f5a382e18]::runtime::scheduler::current_thread::CoreGuard>::enter<<tokio[e9088a0f5a382e18]::runtime::scheduler::current_thread::CoreGuard>::block_on<core[df12db4294e9bfd3]::pin::Pin<&mut core[df12db4294e9bfd3]::pin::Pin<&mut dyn core[df12db4294e9bfd3]::future::future::Future<Output = ()>>>>::{closure#0}, core[df12db4294e9bfd3]::option::Option<()>>::{closure#0}>::{closure#0}, (alloc[2182bb758b4b3781]::boxed::Box<tokio[e9088a0f5a382e18]::runtime::scheduler::current_thread::Core>, core[df12db4294e9bfd3]::option::Option<()>)>
[INFO] [stdout]   15:     0x6163e7d35957 - <tokio[e9088a0f5a382e18]::runtime::scheduler::current_thread::CoreGuard>::block_on::<core[df12db4294e9bfd3]::pin::Pin<&mut core[df12db4294e9bfd3]::pin::Pin<&mut dyn core[df12db4294e9bfd3]::future::future::Future<Output = ()>>>>
[INFO] [stdout]   16:     0x6163e7d797c3 - tokio[e9088a0f5a382e18]::runtime::context::runtime::enter_runtime::<<tokio[e9088a0f5a382e18]::runtime::scheduler::current_thread::CurrentThread>::block_on<core[df12db4294e9bfd3]::pin::Pin<&mut dyn core[df12db4294e9bfd3]::future::future::Future<Output = ()>>>::{closure#0}, ()>
[INFO] [stdout]   17:     0x6163e7d34c35 - <tokio[e9088a0f5a382e18]::runtime::runtime::Runtime>::block_on::<core[df12db4294e9bfd3]::pin::Pin<&mut dyn core[df12db4294e9bfd3]::future::future::Future<Output = ()>>>
[INFO] [stdout]   18:     0x6163e7d85bab - rskit_media_ffmpeg[b96bbcba63860042]::executor::retry::tests::software_av1_decoder_falls_back_to_libaom_then_none
[INFO] [stdout]   19:     0x6163e7d42459 - <rskit_media_ffmpeg[b96bbcba63860042]::executor::retry::tests::software_av1_decoder_falls_back_to_libaom_then_none::{closure#0} as core[df12db4294e9bfd3]::ops::function::FnOnce<()>>::call_once
[INFO] [stdout]   20:     0x6163e7de908b - test[9d35eded1c95d3be]::__rust_begin_short_backtrace::<core[df12db4294e9bfd3]::result::Result<(), alloc[2182bb758b4b3781]::string::String>, fn() -> core[df12db4294e9bfd3]::result::Result<(), alloc[2182bb758b4b3781]::string::String>>
[INFO] [stdout]   21:     0x6163e7df66f5 - test[9d35eded1c95d3be]::run_test::{closure#0}
[INFO] [stdout]   22:     0x6163e7deffb4 - std[70759c8f55707aa4]::sys::backtrace::__rust_begin_short_backtrace::<test[9d35eded1c95d3be]::run_test::{closure#1}, ()>
[INFO] [stdout]   23:     0x6163e7df9852 - <std[70759c8f55707aa4]::thread::lifecycle::spawn_unchecked<test[9d35eded1c95d3be]::run_test::{closure#1}, ()>::{closure#1} as core[df12db4294e9bfd3]::ops::function::FnOnce<()>>::call_once::{shim:vtable#0}
[INFO] [stdout]   24:     0x6163e7ec96c9 - <std[70759c8f55707aa4]::sys::thread::unix::Thread>::new::thread_start
[INFO] [stdout]   25:     0x7faf52333dfa - <unknown>
[INFO] [stdout]   26:     0x7faf523c73d4 - clone
[INFO] [stdout]   27:                0x0 - <unknown>
[INFO] [stdout] 
[INFO] [stdout] ---- probe::thumbnail::tests::thumbnail_sprite_and_waveform_use_generated_temp_outputs stdout ----
[INFO] [stdout] 
[INFO] [stdout] thread 'probe::thumbnail::tests::thumbnail_sprite_and_waveform_use_generated_temp_outputs' (1885) panicked at src/probe/thumbnail.rs:261:14:
[INFO] [stdout] called `Result::unwrap()` on an `Err` value: AppError { code: Internal, message: "ffmpeg thumbnail failed: INTERNAL_ERROR: failed to spawn process: Text file busy (os error 26)", retryable: false, http_status: 500, details: {}, cause: None }
[INFO] [stdout] stack backtrace:
[INFO] [stdout]    0:     0x6163e7eca401 - <<std[70759c8f55707aa4]::sys::backtrace::BacktraceLock>::print::DisplayBacktrace as core[df12db4294e9bfd3]::fmt::Display>::fmt
[INFO] [stdout]    1:     0x6163e7ee1e1a - core[df12db4294e9bfd3]::fmt::write
[INFO] [stdout]    2:     0x6163e7ecee3c - <alloc[2182bb758b4b3781]::vec::Vec<u8> as core[df12db4294e9bfd3]::io::write::Write>::write_fmt
[INFO] [stdout]    3:     0x6163e7ea2316 - std[70759c8f55707aa4]::panicking::default_hook::{closure#0}
[INFO] [stdout]    4:     0x6163e7ec0669 - std[70759c8f55707aa4]::panicking::default_hook
[INFO] [stdout]    5:     0x6163e7df5da0 - test[9d35eded1c95d3be]::test_main_inner::<test[9d35eded1c95d3be]::test_main_static::{closure#0}>::{closure#0}
[INFO] [stdout]    6:     0x6163e7ec0992 - std[70759c8f55707aa4]::panicking::panic_with_hook
[INFO] [stdout]    7:     0x6163e7ea23c2 - std[70759c8f55707aa4]::panicking::panic_handler::{closure#0}
[INFO] [stdout]    8:     0x6163e7e9ad99 - std[70759c8f55707aa4]::sys::backtrace::__rust_end_short_backtrace::<std[70759c8f55707aa4]::panicking::panic_handler::{closure#0}, !>
[INFO] [stdout]    9:     0x6163e7ea316d - __rustc[8fa7c3cbc660c2b3]::rust_begin_unwind
[INFO] [stdout]   10:     0x6163e7ee257c - core[df12db4294e9bfd3]::panicking::panic_fmt
[INFO] [stdout]   11:     0x6163e7ee2352 - core[df12db4294e9bfd3]::result::unwrap_failed
[INFO] [stdout]   12:     0x6163e7d0e146 - rskit_media_ffmpeg[b96bbcba63860042]::probe::thumbnail::tests::thumbnail_sprite_and_waveform_use_generated_temp_outputs::{closure#0}
[INFO] [stdout]   13:     0x6163e7d34d53 - <tokio[e9088a0f5a382e18]::runtime::scheduler::current_thread::Context>::enter::<core[df12db4294e9bfd3]::task::poll::Poll<()>, <tokio[e9088a0f5a382e18]::runtime::scheduler::current_thread::CoreGuard>::block_on<core[df12db4294e9bfd3]::pin::Pin<&mut core[df12db4294e9bfd3]::pin::Pin<&mut dyn core[df12db4294e9bfd3]::future::future::Future<Output = ()>>>>::{closure#0}::{closure#0}>
[INFO] [stdout]   14:     0x6163e7d748a9 - <std[70759c8f55707aa4]::thread::local::LocalKey<tokio[e9088a0f5a382e18]::runtime::context::Context>>::with::<tokio[e9088a0f5a382e18]::runtime::context::set_scheduler<(alloc[2182bb758b4b3781]::boxed::Box<tokio[e9088a0f5a382e18]::runtime::scheduler::current_thread::Core>, core[df12db4294e9bfd3]::option::Option<()>), <tokio[e9088a0f5a382e18]::runtime::scheduler::current_thread::CoreGuard>::enter<<tokio[e9088a0f5a382e18]::runtime::scheduler::current_thread::CoreGuard>::block_on<core[df12db4294e9bfd3]::pin::Pin<&mut core[df12db4294e9bfd3]::pin::Pin<&mut dyn core[df12db4294e9bfd3]::future::future::Future<Output = ()>>>>::{closure#0}, core[df12db4294e9bfd3]::option::Option<()>>::{closure#0}>::{closure#0}, (alloc[2182bb758b4b3781]::boxed::Box<tokio[e9088a0f5a382e18]::runtime::scheduler::current_thread::Core>, core[df12db4294e9bfd3]::option::Option<()>)>
[INFO] [stdout]   15:     0x6163e7d35957 - <tokio[e9088a0f5a382e18]::runtime::scheduler::current_thread::CoreGuard>::block_on::<core[df12db4294e9bfd3]::pin::Pin<&mut core[df12db4294e9bfd3]::pin::Pin<&mut dyn core[df12db4294e9bfd3]::future::future::Future<Output = ()>>>>
[INFO] [stdout]   16:     0x6163e7d797c3 - tokio[e9088a0f5a382e18]::runtime::context::runtime::enter_runtime::<<tokio[e9088a0f5a382e18]::runtime::scheduler::current_thread::CurrentThread>::block_on<core[df12db4294e9bfd3]::pin::Pin<&mut dyn core[df12db4294e9bfd3]::future::future::Future<Output = ()>>>::{closure#0}, ()>
[INFO] [stdout]   17:     0x6163e7d34c35 - <tokio[e9088a0f5a382e18]::runtime::runtime::Runtime>::block_on::<core[df12db4294e9bfd3]::pin::Pin<&mut dyn core[df12db4294e9bfd3]::future::future::Future<Output = ()>>>
[INFO] [stdout]   18:     0x6163e7d0f55b - rskit_media_ffmpeg[b96bbcba63860042]::probe::thumbnail::tests::thumbnail_sprite_and_waveform_use_generated_temp_outputs
[INFO] [stdout]   19:     0x6163e7d42159 - <rskit_media_ffmpeg[b96bbcba63860042]::probe::thumbnail::tests::thumbnail_sprite_and_waveform_use_generated_temp_outputs::{closure#0} as core[df12db4294e9bfd3]::ops::function::FnOnce<()>>::call_once
[INFO] [stdout]   20:     0x6163e7de908b - test[9d35eded1c95d3be]::__rust_begin_short_backtrace::<core[df12db4294e9bfd3]::result::Result<(), alloc[2182bb758b4b3781]::string::String>, fn() -> core[df12db4294e9bfd3]::result::Result<(), alloc[2182bb758b4b3781]::string::String>>
[INFO] [stdout]   21:     0x6163e7df66f5 - test[9d35eded1c95d3be]::run_test::{closure#0}
[INFO] [stdout]   22:     0x6163e7deffb4 - std[70759c8f55707aa4]::sys::backtrace::__rust_begin_short_backtrace::<test[9d35eded1c95d3be]::run_test::{closure#1}, ()>
[INFO] [stdout]   23:     0x6163e7df9852 - <std[70759c8f55707aa4]::thread::lifecycle::spawn_unchecked<test[9d35eded1c95d3be]::run_test::{closure#1}, ()>::{closure#1} as core[df12db4294e9bfd3]::ops::function::FnOnce<()>>::call_once::{shim:vtable#0}
[INFO] [stdout]   24:     0x6163e7ec96c9 - <std[70759c8f55707aa4]::sys::thread::unix::Thread>::new::thread_start
[INFO] [stdout]   25:     0x7faf52333dfa - <unknown>
[INFO] [stdout]   26:     0x7faf523c73d4 - clone
[INFO] [stdout]   27:                0x0 - <unknown>
[INFO] [stdout] 
[INFO] [stdout] 
[INFO] [stdout] failures:
[INFO] [stdout]     executor::retry::tests::software_av1_decoder_falls_back_to_libaom_then_none
[INFO] [stdout]     probe::thumbnail::tests::thumbnail_sprite_and_waveform_use_generated_temp_outputs
[INFO] [stdout] 
[INFO] [stdout] test result: FAILED. 160 passed; 2 failed; 0 ignored; 0 measured; 0 filtered out; finished in 0.13s
[INFO] [stdout] 
[INFO] [stderr] error: test failed, to rerun pass `--lib`
[INFO] running `Command { std: "docker" "inspect" "d0ac1372551d9ac592c1071c832c36b5db57c3dfe499d99ebd65b5b3ebc45090", kill_on_drop: false }`
[INFO] running `Command { std: "docker" "rm" "-f" "d0ac1372551d9ac592c1071c832c36b5db57c3dfe499d99ebd65b5b3ebc45090", kill_on_drop: false }`
[INFO] [stdout] d0ac1372551d9ac592c1071c832c36b5db57c3dfe499d99ebd65b5b3ebc45090
