[INFO] fetching crate rsj 0.0.4...
[INFO] testing rsj-0.0.4 against 1.100.0-beta.1+cargoflags=--release for beta-release-1.100-2
[INFO] extracting crate rsj 0.0.4 into /workspace/builds/worker-4-tc2/source
[INFO] started tweaking crates.io crate rsj 0.0.4
[INFO] removed 0 missing tests
[INFO] finished tweaking crates.io crate rsj 0.0.4
[INFO] tweaked toml for crates.io crate rsj 0.0.4 written to /workspace/builds/worker-4-tc2/source/Cargo.toml
[INFO] validating manifest of crates.io crate rsj 0.0.4 on toolchain 1.100.0-beta.1
[INFO] running `Command { std: CARGO_HOME="/workspace/cargo-home" RUSTUP_HOME="/workspace/rustup-home" "/workspace/cargo-home/bin/cargo" "+1.100.0-beta.1" "metadata" "--manifest-path" "Cargo.toml" "--no-deps", kill_on_drop: false }`
[INFO] crate crates.io crate rsj 0.0.4 already has a lockfile, it will not be regenerated
[INFO] running `Command { std: CARGO_HOME="/workspace/cargo-home" RUSTUP_HOME="/workspace/rustup-home" "/workspace/cargo-home/bin/cargo" "+1.100.0-beta.1" "fetch" "--manifest-path" "Cargo.toml", kill_on_drop: false }`
[INFO] running `Command { std: "docker" "create" "-v" "/var/lib/crater-agent-workspace/builds/worker-4-tc2/source:/opt/rustwide/workdir:ro,Z" "-v" "/var/lib/crater-agent-workspace/builds/worker-4-tc2/target:/opt/rustwide/target:rw,Z" "-v" "/var/lib/crater-agent-workspace/cargo-home:/opt/rustwide/cargo-home:ro,Z" "-v" "/var/lib/crater-agent-workspace/rustup-home:/opt/rustwide/rustup-home:ro,Z" "-m" "1610612736" "--network" "none" "ghcr.io/rust-lang/crates-build-env/linux@sha256:77db811e55d90add9212f6832c23229e3de5f1c1f9905e8cb07319ea15df73ac" "sleep" "infinity", kill_on_drop: false }`
[INFO] [stdout] 0c6bac2df804b4a4d1866c3a97a589f547d782805a48e773cbf885a3a09c28ed
[INFO] running `Command { std: "docker" "start" "0c6bac2df804b4a4d1866c3a97a589f547d782805a48e773cbf885a3a09c28ed", kill_on_drop: false }`
[INFO] running `Command { std: "docker" "inspect" "0c6bac2df804b4a4d1866c3a97a589f547d782805a48e773cbf885a3a09c28ed", kill_on_drop: false }`
[INFO] running `Command { std: "docker" "exec" "-e" "SOURCE_DIR=/opt/rustwide/workdir" "-e" "CARGO_HOME=/opt/rustwide/cargo-home" "-e" "RUSTUP_HOME=/opt/rustwide/rustup-home" "-e" "CARGO_TARGET_DIR=/opt/rustwide/target" "-w" "/opt/rustwide/workdir" "--user" "0:0" "0c6bac2df804b4a4d1866c3a97a589f547d782805a48e773cbf885a3a09c28ed" "/opt/rustwide/cargo-home/bin/cargo" "+1.100.0-beta.1" "metadata" "--no-deps" "--format-version=1", kill_on_drop: false }`
[INFO] running `Command { std: "docker" "inspect" "0c6bac2df804b4a4d1866c3a97a589f547d782805a48e773cbf885a3a09c28ed", kill_on_drop: false }`
[INFO] running `Command { std: "docker" "exec" "-e" "SOURCE_DIR=/opt/rustwide/workdir" "-e" "CARGO_HOME=/opt/rustwide/cargo-home" "-e" "RUSTUP_HOME=/opt/rustwide/rustup-home" "-e" "CARGO_TARGET_DIR=/opt/rustwide/target" "-e" "CARGO_INCREMENTAL=0" "-e" "RUST_BACKTRACE=full" "-e" "RUSTFLAGS=--cap-lints=warn" "-e" "RUSTDOCFLAGS=--cap-lints=warn" "-w" "/opt/rustwide/workdir" "--user" "0:0" "0c6bac2df804b4a4d1866c3a97a589f547d782805a48e773cbf885a3a09c28ed" "/opt/rustwide/cargo-home/bin/cargo" "+1.100.0-beta.1" "build" "--frozen" "--message-format=json" "--release", kill_on_drop: false }`
[INFO] [stderr]    Compiling proc-macro2 v1.0.94
[INFO] [stderr]    Compiling unicode-ident v1.0.18
[INFO] [stderr]    Compiling serde v1.0.219
[INFO] [stderr]    Compiling libc v0.2.171
[INFO] [stderr]    Compiling rustix v1.0.5
[INFO] [stderr]    Compiling getrandom v0.3.2
[INFO] [stderr]    Compiling anstyle-query v1.1.2
[INFO] [stderr]    Compiling colorchoice v1.0.3
[INFO] [stderr]    Compiling hashbrown v0.15.2
[INFO] [stderr]    Compiling is_terminal_polyfill v1.70.1
[INFO] [stderr]    Compiling memchr v2.7.4
[INFO] [stderr]    Compiling anstyle v1.0.10
[INFO] [stderr]    Compiling regex-syntax v0.8.5
[INFO] [stderr]    Compiling anstyle-parse v0.2.6
[INFO] [stderr]    Compiling winnow v0.7.6
[INFO] [stderr]    Compiling clap_lex v0.7.4
[INFO] [stderr]    Compiling bitflags v2.9.0
[INFO] [stderr]    Compiling linux-raw-sys v0.9.4
[INFO] [stderr]    Compiling once_cell v1.21.3
[INFO] [stderr]    Compiling colored v3.0.0
[INFO] [stderr]    Compiling anstream v0.6.18
[INFO] [stderr]    Compiling clap_builder v4.5.35
[INFO] [stderr]    Compiling aho-corasick v1.1.3
[INFO] [stderr]    Compiling quote v1.0.40
[INFO] [stderr]    Compiling syn v2.0.100
[INFO] [stderr]    Compiling indexmap v2.9.0
[INFO] [stderr]    Compiling regex-automata v0.4.9
[INFO] [stderr]    Compiling tempfile v3.19.1
[INFO] [stderr]    Compiling serde_derive v1.0.219
[INFO] [stderr]    Compiling clap_derive v4.5.32
[INFO] [stderr]    Compiling regex v1.11.1
[INFO] [stderr]    Compiling clap v4.5.35
[INFO] [stderr]    Compiling serde_spanned v0.6.8
[INFO] [stderr]    Compiling toml_datetime v0.6.8
[INFO] [stderr]    Compiling toml_edit v0.22.24
[INFO] [stderr]    Compiling toml v0.8.20
[INFO] [stderr]    Compiling rsj v0.0.4 (/opt/rustwide/workdir)
[INFO] [stderr] warning: unused dependency `regex`
[INFO] [stderr]   --> Cargo.toml:12:15
[INFO] [stderr]    |
[INFO] [stderr] 12 | [dependencies.regex]
[INFO] [stderr]    |               ^^^^^^
[INFO] [stderr]    |
[INFO] [stderr]    = note: `cargo::unused_dependencies` is set to `warn` by default
[INFO] [stderr] help: consider removing the dependency on `regex`
[INFO] [stderr] warning: unused dependency `tempfile`
[INFO] [stderr]   --> Cargo.toml:19:15
[INFO] [stderr]    |
[INFO] [stderr] 19 | [dependencies.tempfile]
[INFO] [stderr]    |               ^^^^^^^^^
[INFO] [stderr]    |
[INFO] [stderr] help: consider removing the dependency on `tempfile`
[INFO] [stderr] warning: `rsj` (manifest) generated 2 warnings
[INFO] [stderr]     Finished `release` profile [optimized] target(s) in 37.17s
[INFO] running `Command { std: "docker" "inspect" "0c6bac2df804b4a4d1866c3a97a589f547d782805a48e773cbf885a3a09c28ed", kill_on_drop: false }`
[INFO] running `Command { std: "docker" "exec" "-e" "SOURCE_DIR=/opt/rustwide/workdir" "-e" "CARGO_HOME=/opt/rustwide/cargo-home" "-e" "RUSTUP_HOME=/opt/rustwide/rustup-home" "-e" "CARGO_TARGET_DIR=/opt/rustwide/target" "-e" "CARGO_INCREMENTAL=0" "-e" "RUST_BACKTRACE=full" "-e" "RUSTFLAGS=--cap-lints=warn" "-e" "RUSTDOCFLAGS=--cap-lints=warn" "-w" "/opt/rustwide/workdir" "--user" "0:0" "0c6bac2df804b4a4d1866c3a97a589f547d782805a48e773cbf885a3a09c28ed" "/opt/rustwide/cargo-home/bin/cargo" "+1.100.0-beta.1" "test" "--frozen" "--no-run" "--message-format=json" "--release", kill_on_drop: false }`
[INFO] [stderr]    Compiling autocfg v1.4.0
[INFO] [stderr]    Compiling memchr v2.7.4
[INFO] [stderr]    Compiling libc v0.2.171
[INFO] [stderr]    Compiling parking_lot_core v0.9.10
[INFO] [stderr]    Compiling smallvec v1.15.0
[INFO] [stderr]    Compiling doc-comment v0.3.3
[INFO] [stderr]    Compiling sdd v3.0.8
[INFO] [stderr]    Compiling assert_cmd v2.0.16
[INFO] [stderr]    Compiling log v0.4.27
[INFO] [stderr]    Compiling serial_test_derive v3.2.0
[INFO] [stderr]    Compiling slab v0.4.9
[INFO] [stderr]    Compiling num-traits v0.2.19
[INFO] [stderr]    Compiling lock_api v0.4.12
[INFO] [stderr]    Compiling scc v2.3.4
[INFO] [stderr]    Compiling aho-corasick v1.1.3
[INFO] [stderr]    Compiling futures-util v0.3.31
[INFO] [stderr]    Compiling getrandom v0.3.2
[INFO] [stderr]    Compiling wait-timeout v0.2.1
[INFO] [stderr]    Compiling float-cmp v0.10.0
[INFO] [stderr]    Compiling parking_lot v0.12.3
[INFO] [stderr]    Compiling tempfile v3.19.1
[INFO] [stderr]    Compiling regex-automata v0.4.9
[INFO] [stderr]    Compiling futures-executor v0.3.31
[INFO] [stderr]    Compiling futures v0.3.31
[INFO] [stderr]    Compiling serial_test v3.2.0
[INFO] [stderr]    Compiling regex v1.11.1
[INFO] [stderr]    Compiling bstr v1.12.0
[INFO] [stderr]    Compiling predicates v3.1.3
[INFO] [stderr]    Compiling rsj v0.0.4 (/opt/rustwide/workdir)
[INFO] [stderr]     Finished `release` profile [optimized] target(s) in 22.71s
[INFO] running `Command { std: "docker" "inspect" "0c6bac2df804b4a4d1866c3a97a589f547d782805a48e773cbf885a3a09c28ed", kill_on_drop: false }`
[INFO] running `Command { std: "docker" "exec" "-e" "SOURCE_DIR=/opt/rustwide/workdir" "-e" "CARGO_HOME=/opt/rustwide/cargo-home" "-e" "RUSTUP_HOME=/opt/rustwide/rustup-home" "-e" "CARGO_TARGET_DIR=/opt/rustwide/target" "-e" "CARGO_INCREMENTAL=0" "-e" "RUST_BACKTRACE=full" "-e" "RUSTFLAGS=--cap-lints=warn" "-e" "RUSTDOCFLAGS=--cap-lints=warn" "-w" "/opt/rustwide/workdir" "--user" "0:0" "0c6bac2df804b4a4d1866c3a97a589f547d782805a48e773cbf885a3a09c28ed" "/opt/rustwide/cargo-home/bin/cargo" "+1.100.0-beta.1" "test" "--frozen" "--release", kill_on_drop: false }`
[INFO] [stderr]     Finished `release` profile [optimized] target(s) in 0.12s
[INFO] [stderr]      Running unittests src/main.rs (/opt/rustwide/target/release/build/rsj/2c99981a8d77b415/out/rsj-2c99981a8d77b415)
[INFO] [stdout] 
[INFO] [stderr]      Running tests/common.rs (/opt/rustwide/target/release/build/rsj/58101d6fc905a820/out/common-58101d6fc905a820)
[INFO] [stdout] running 0 tests
[INFO] [stdout] 
[INFO] [stdout] test result: ok. 0 passed; 0 failed; 0 ignored; 0 measured; 0 filtered out; finished in 0.00s
[INFO] [stdout] 
[INFO] [stdout] 
[INFO] [stdout] running 0 tests
[INFO] [stdout] 
[INFO] [stdout] test result: ok. 0 passed; 0 failed; 0 ignored; 0 measured; 0 filtered out; finished in 0.00s
[INFO] [stdout] 
[INFO] [stderr]      Running tests/examples_tests.rs (/opt/rustwide/target/release/build/rsj/24bb478be93b6761/out/examples_tests-24bb478be93b6761)
[INFO] [stdout] 
[INFO] [stdout] running 3 tests
[INFO] [stderr]    Compiling proc-macro2 v1.0.94
[INFO] [stderr]    Compiling unicode-ident v1.0.18
[INFO] [stderr]    Compiling serde v1.0.219
[INFO] [stderr]    Compiling libc v0.2.171
[INFO] [stderr]    Compiling utf8parse v0.2.2
[INFO] [stderr]    Compiling anstyle v1.0.10
[INFO] [stderr]    Compiling hashbrown v0.15.2
[INFO] [stderr]    Compiling getrandom v0.3.2
[INFO] [stderr]    Compiling anstyle-query v1.1.2
[INFO] [stderr]    Compiling colorchoice v1.0.3
[INFO] [stderr]    Compiling is_terminal_polyfill v1.70.1
[INFO] [stderr]    Compiling memchr v2.7.4
[INFO] [stderr]    Compiling rustix v1.0.5
[INFO] [stderr]    Compiling equivalent v1.0.2
[INFO] [stderr]    Compiling bitflags v2.9.0
[INFO] [stderr]    Compiling linux-raw-sys v0.9.4
[INFO] [stderr]    Compiling cfg-if v1.0.0
[INFO] [stderr]    Compiling regex-syntax v0.8.5
[INFO] [stderr]    Compiling clap_lex v0.7.4
[INFO] [stderr]    Compiling anstyle-parse v0.2.6
[INFO] [stderr]    Compiling strsim v0.11.1
[INFO] [stderr]    Compiling heck v0.5.0
[INFO] [stderr]    Compiling winnow v0.7.6
[INFO] [stderr]    Compiling same-file v1.0.6
[INFO] [stderr]    Compiling once_cell v1.21.3
[INFO] [stderr]    Compiling fastrand v2.3.0
[INFO] [stderr]    Compiling anstream v0.6.18
[INFO] [stderr]    Compiling walkdir v2.5.0
[INFO] [stderr]    Compiling colored v3.0.0
[INFO] [stderr]    Compiling clap_builder v4.5.35
[INFO] [stderr]    Compiling aho-corasick v1.1.3
[INFO] [stderr]    Compiling quote v1.0.40
[INFO] [stderr]    Compiling indexmap v2.9.0
[INFO] [stderr]    Compiling syn v2.0.100
[INFO] [stderr]    Compiling regex-automata v0.4.9
[INFO] [stderr]    Compiling tempfile v3.19.1
[INFO] [stderr]    Compiling serde_derive v1.0.219
[INFO] [stderr]    Compiling clap_derive v4.5.32
[INFO] [stderr]    Compiling regex v1.11.1
[INFO] [stderr]    Compiling clap v4.5.35
[INFO] [stderr]    Compiling toml_datetime v0.6.8
[INFO] [stderr]    Compiling serde_spanned v0.6.8
[INFO] [stderr]    Compiling toml_edit v0.22.24
[INFO] [stderr]    Compiling toml v0.8.20
[INFO] [stderr]    Compiling rsj v0.0.4 (/opt/rustwide/workdir)
[INFO] [stderr] warning: unused dependency `regex`
[INFO] [stderr]   --> Cargo.toml:12:15
[INFO] [stderr]    |
[INFO] [stderr] 12 | [dependencies.regex]
[INFO] [stderr]    |               ^^^^^^
[INFO] [stderr]    |
[INFO] [stderr]    = note: `cargo::unused_dependencies` is set to `warn` by default
[INFO] [stderr] help: consider removing the dependency on `regex`
[INFO] [stderr] warning: unused dependency `tempfile`
[INFO] [stderr]   --> Cargo.toml:19:15
[INFO] [stderr]    |
[INFO] [stderr] 19 | [dependencies.tempfile]
[INFO] [stderr]    |               ^^^^^^^^^
[INFO] [stderr]    |
[INFO] [stderr] help: consider removing the dependency on `tempfile`
[INFO] [stderr] warning: `rsj` (manifest) generated 2 warnings
[INFO] [stderr]     Finished `dev` profile [unoptimized + debuginfo] target(s) in 26.18s
[INFO] [stdout] test test_hello_world_example ... FAILED
[INFO] [stderr] warning: unused dependency `regex`
[INFO] [stderr]   --> Cargo.toml:12:15
[INFO] [stderr]    |
[INFO] [stderr] 12 | [dependencies.regex]
[INFO] [stderr]    |               ^^^^^^
[INFO] [stderr]    |
[INFO] [stderr]    = note: `cargo::unused_dependencies` is set to `warn` by default
[INFO] [stderr] help: consider removing the dependency on `regex`
[INFO] [stderr] warning: unused dependency `tempfile`
[INFO] [stderr]   --> Cargo.toml:19:15
[INFO] [stderr]    |
[INFO] [stderr] 19 | [dependencies.tempfile]
[INFO] [stdout] test test_dependencies_example ... FAILED
[INFO] [stderr]    |               ^^^^^^^^^
[INFO] [stderr]    |
[INFO] [stderr] help: consider removing the dependency on `tempfile`
[INFO] [stderr] warning: `rsj` (manifest) generated 2 warnings
[INFO] [stderr]     Finished `dev` profile [unoptimized + debuginfo] target(s) in 0.07s
[INFO] [stderr] warning: unused dependency `regex`
[INFO] [stderr]   --> Cargo.toml:12:15
[INFO] [stderr]    |
[INFO] [stderr] 12 | [dependencies.regex]
[INFO] [stderr]    |               ^^^^^^
[INFO] [stderr]    |
[INFO] [stderr]    = note: `cargo::unused_dependencies` is set to `warn` by default
[INFO] [stderr] help: consider removing the dependency on `regex`
[INFO] [stderr] warning: unused dependency `tempfile`
[INFO] [stderr]   --> Cargo.toml:19:15
[INFO] [stderr]    |
[INFO] [stderr] 19 | [dependencies.tempfile]
[INFO] [stderr]    |               ^^^^^^^^^
[INFO] [stderr]    |
[INFO] [stderr] help: consider removing the dependency on `tempfile`
[INFO] [stderr] warning: `rsj` (manifest) generated 2 warnings
[INFO] [stderr]     Finished `dev` profile [unoptimized + debuginfo] target(s) in 0.11s
[INFO] [stdout] test test_namespaces_example ... FAILED
[INFO] [stderr] error: test failed, to rerun pass `--test examples_tests`
[INFO] [stdout] 
[INFO] [stdout] failures:
[INFO] [stdout] 
[INFO] [stdout] ---- test_hello_world_example stdout ----
[INFO] [stdout] Testing example project: hello-world
[INFO] [stdout] Building example hello-world
[INFO] [stdout] Binary not found, attempting to build it...
[INFO] [stdout] 
[INFO] [stdout] thread 'test_hello_world_example' (1700) panicked at tests/examples_tests.rs:12:41:
[INFO] [stdout] Hello world example test failed: "Could not find or build rusty-java binary"
[INFO] [stdout] stack backtrace:
[INFO] [stdout]    0:     0x5723eefd3aa1 - <<std[617be2ca0a6fd877]::sys::backtrace::BacktraceLock>::print::DisplayBacktrace as core[a373ad73a504971]::fmt::Display>::fmt
[INFO] [stdout]    1:     0x5723eefe7f1a - core[a373ad73a504971]::fmt::write
[INFO] [stdout]    2:     0x5723eefd819c - <alloc[2e1b2a31b91974c5]::vec::Vec<u8> as core[a373ad73a504971]::io::write::Write>::write_fmt
[INFO] [stdout]    3:     0x5723eefae9c6 - std[617be2ca0a6fd877]::panicking::default_hook::{closure#0}
[INFO] [stdout]    4:     0x5723eefcb359 - std[617be2ca0a6fd877]::panicking::default_hook
[INFO] [stdout]    5:     0x5723eef54a50 - test[aada8e7e76ba119b]::test_main_inner::{closure#0}
[INFO] [stdout]    6:     0x5723eefcb512 - std[617be2ca0a6fd877]::panicking::panic_with_hook
[INFO] [stdout]    7:     0x5723eefaea72 - std[617be2ca0a6fd877]::panicking::panic_handler::{closure#0}
[INFO] [stdout]    8:     0x5723eefa74a9 - std[617be2ca0a6fd877]::sys::backtrace::__rust_end_short_backtrace::<std[617be2ca0a6fd877]::panicking::panic_handler::{closure#0}, !>
[INFO] [stdout]    9:     0x5723eefaf67d - __rustc[ea4f61d10b84890b]::rust_begin_unwind
[INFO] [stdout]   10:     0x5723eefe864c - core[a373ad73a504971]::panicking::panic_fmt
[INFO] [stdout]   11:     0x5723eefe8422 - core[a373ad73a504971]::result::unwrap_failed
[INFO] [stdout]   12:     0x5723eef470ff - <examples_tests[dd428598a7da9dbc]::test_hello_world_example::{closure#0} as core[a373ad73a504971]::ops::function::FnOnce<()>>::call_once
[INFO] [stdout]   13:     0x5723eef892f7 - serial_test[971b4ceb0d47d4f0]::serial_code_lock::local_serial_core
[INFO] [stdout]   14:     0x5723eef46f6d - <examples_tests[dd428598a7da9dbc]::test_hello_world_example::{closure#0} as core[a373ad73a504971]::ops::function::FnOnce<()>>::call_once
[INFO] [stdout]   15:     0x5723eef47e9b - test[aada8e7e76ba119b]::__rust_begin_short_backtrace::<core[a373ad73a504971]::result::Result<(), alloc[2e1b2a31b91974c5]::string::String>, fn() -> core[a373ad73a504971]::result::Result<(), alloc[2e1b2a31b91974c5]::string::String>>
[INFO] [stdout]   16:     0x5723eef55075 - test[aada8e7e76ba119b]::run_test::{closure#0}
[INFO] [stdout]   17:     0x5723eef4e964 - std[617be2ca0a6fd877]::sys::backtrace::__rust_begin_short_backtrace::<test[aada8e7e76ba119b]::run_test::{closure#1}, ()>
[INFO] [stdout]   18:     0x5723eef58102 - <std[617be2ca0a6fd877]::thread::lifecycle::spawn_unchecked<test[aada8e7e76ba119b]::run_test::{closure#1}, ()>::{closure#1} as core[a373ad73a504971]::ops::function::FnOnce<()>>::call_once::{shim:vtable#0}
[INFO] [stdout]   19:     0x5723eefd2f6f - <std[617be2ca0a6fd877]::sys::thread::unix::Thread>::new::thread_start
[INFO] [stdout]   20:     0x7f3f82189dfa - <unknown>
[INFO] [stdout]   21:     0x7f3f8221d3d4 - clone
[INFO] [stdout]   22:                0x0 - <unknown>
[INFO] [stdout] 
[INFO] [stdout] ---- test_dependencies_example stdout ----
[INFO] [stdout] Testing example project: dependencies
[INFO] [stdout] Building example dependencies
[INFO] [stdout] Binary not found, attempting to build it...
[INFO] [stdout] 
[INFO] [stdout] thread 'test_dependencies_example' (1699) panicked at tests/examples_tests.rs:28:42:
[INFO] [stdout] Dependencies example test failed: "Could not find or build rusty-java binary"
[INFO] [stdout] stack backtrace:
[INFO] [stdout]    0:     0x5723eefd3aa1 - <<std[617be2ca0a6fd877]::sys::backtrace::BacktraceLock>::print::DisplayBacktrace as core[a373ad73a504971]::fmt::Display>::fmt
[INFO] [stdout]    1:     0x5723eefe7f1a - core[a373ad73a504971]::fmt::write
[INFO] [stdout]    2:     0x5723eefd819c - <alloc[2e1b2a31b91974c5]::vec::Vec<u8> as core[a373ad73a504971]::io::write::Write>::write_fmt
[INFO] [stdout]    3:     0x5723eefae9c6 - std[617be2ca0a6fd877]::panicking::default_hook::{closure#0}
[INFO] [stdout]    4:     0x5723eefcb359 - std[617be2ca0a6fd877]::panicking::default_hook
[INFO] [stdout]    5:     0x5723eef54a50 - test[aada8e7e76ba119b]::test_main_inner::{closure#0}
[INFO] [stdout]    6:     0x5723eefcb512 - std[617be2ca0a6fd877]::panicking::panic_with_hook
[INFO] [stdout]    7:     0x5723eefaea72 - std[617be2ca0a6fd877]::panicking::panic_handler::{closure#0}
[INFO] [stdout]    8:     0x5723eefa74a9 - std[617be2ca0a6fd877]::sys::backtrace::__rust_end_short_backtrace::<std[617be2ca0a6fd877]::panicking::panic_handler::{closure#0}, !>
[INFO] [stdout]    9:     0x5723eefaf67d - __rustc[ea4f61d10b84890b]::rust_begin_unwind
[INFO] [stdout]   10:     0x5723eefe864c - core[a373ad73a504971]::panicking::panic_fmt
[INFO] [stdout]   11:     0x5723eefe8422 - core[a373ad73a504971]::result::unwrap_failed
[INFO] [stdout]   12:     0x5723eef4718f - <examples_tests[dd428598a7da9dbc]::test_dependencies_example::{closure#0} as core[a373ad73a504971]::ops::function::FnOnce<()>>::call_once
[INFO] [stdout]   13:     0x5723eef892f7 - serial_test[971b4ceb0d47d4f0]::serial_code_lock::local_serial_core
[INFO] [stdout]   14:     0x5723eef46fed - <examples_tests[dd428598a7da9dbc]::test_dependencies_example::{closure#0} as core[a373ad73a504971]::ops::function::FnOnce<()>>::call_once
[INFO] [stdout]   15:     0x5723eef47e9b - test[aada8e7e76ba119b]::__rust_begin_short_backtrace::<core[a373ad73a504971]::result::Result<(), alloc[2e1b2a31b91974c5]::string::String>, fn() -> core[a373ad73a504971]::result::Result<(), alloc[2e1b2a31b91974c5]::string::String>>
[INFO] [stdout]   16:     0x5723eef55075 - test[aada8e7e76ba119b]::run_test::{closure#0}
[INFO] [stdout]   17:     0x5723eef4e964 - std[617be2ca0a6fd877]::sys::backtrace::__rust_begin_short_backtrace::<test[aada8e7e76ba119b]::run_test::{closure#1}, ()>
[INFO] [stdout]   18:     0x5723eef58102 - <std[617be2ca0a6fd877]::thread::lifecycle::spawn_unchecked<test[aada8e7e76ba119b]::run_test::{closure#1}, ()>::{closure#1} as core[a373ad73a504971]::ops::function::FnOnce<()>>::call_once::{shim:vtable#0}
[INFO] [stdout]   19:     0x5723eefd2f6f - <std[617be2ca0a6fd877]::sys::thread::unix::Thread>::new::thread_start
[INFO] [stdout]   20:     0x7f3f82189dfa - <unknown>
[INFO] [stdout]   21:     0x7f3f8221d3d4 - clone
[INFO] [stdout]   22:                0x0 - <unknown>
[INFO] [stdout] 
[INFO] [stdout] ---- test_namespaces_example stdout ----
[INFO] [stdout] Testing example project: namespaces
[INFO] [stdout] Building example namespaces
[INFO] [stdout] Binary not found, attempting to build it...
[INFO] [stdout] 
[INFO] [stdout] thread 'test_namespaces_example' (1701) panicked at tests/examples_tests.rs:20:40:
[INFO] [stdout] Namespaces example test failed: "Could not find or build rusty-java binary"
[INFO] [stdout] stack backtrace:
[INFO] [stdout]    0:     0x5723eefd3aa1 - <<std[617be2ca0a6fd877]::sys::backtrace::BacktraceLock>::print::DisplayBacktrace as core[a373ad73a504971]::fmt::Display>::fmt
[INFO] [stdout]    1:     0x5723eefe7f1a - core[a373ad73a504971]::fmt::write
[INFO] [stdout]    2:     0x5723eefd819c - <alloc[2e1b2a31b91974c5]::vec::Vec<u8> as core[a373ad73a504971]::io::write::Write>::write_fmt
[INFO] [stdout]    3:     0x5723eefae9c6 - std[617be2ca0a6fd877]::panicking::default_hook::{closure#0}
[INFO] [stdout]    4:     0x5723eefcb359 - std[617be2ca0a6fd877]::panicking::default_hook
[INFO] [stdout]    5:     0x5723eef54a50 - test[aada8e7e76ba119b]::test_main_inner::{closure#0}
[INFO] [stdout]    6:     0x5723eefcb512 - std[617be2ca0a6fd877]::panicking::panic_with_hook
[INFO] [stdout]    7:     0x5723eefaea72 - std[617be2ca0a6fd877]::panicking::panic_handler::{closure#0}
[INFO] [stdout]    8:     0x5723eefa74a9 - std[617be2ca0a6fd877]::sys::backtrace::__rust_end_short_backtrace::<std[617be2ca0a6fd877]::panicking::panic_handler::{closure#0}, !>
[INFO] [stdout]    9:     0x5723eefaf67d - __rustc[ea4f61d10b84890b]::rust_begin_unwind
[INFO] [stdout]   10:     0x5723eefe864c - core[a373ad73a504971]::panicking::panic_fmt
[INFO] [stdout]   11:     0x5723eefe8422 - core[a373ad73a504971]::result::unwrap_failed
[INFO] [stdout]   12:     0x5723eef4706f - <examples_tests[dd428598a7da9dbc]::test_namespaces_example::{closure#0} as core[a373ad73a504971]::ops::function::FnOnce<()>>::call_once
[INFO] [stdout]   13:     0x5723eef892f7 - serial_test[971b4ceb0d47d4f0]::serial_code_lock::local_serial_core
[INFO] [stdout]   14:     0x5723eef46eed - <examples_tests[dd428598a7da9dbc]::test_namespaces_example::{closure#0} as core[a373ad73a504971]::ops::function::FnOnce<()>>::call_once
[INFO] [stdout]   15:     0x5723eef47e9b - test[aada8e7e76ba119b]::__rust_begin_short_backtrace::<core[a373ad73a504971]::result::Result<(), alloc[2e1b2a31b91974c5]::string::String>, fn() -> core[a373ad73a504971]::result::Result<(), alloc[2e1b2a31b91974c5]::string::String>>
[INFO] [stdout]   16:     0x5723eef55075 - test[aada8e7e76ba119b]::run_test::{closure#0}
[INFO] [stdout]   17:     0x5723eef4e964 - std[617be2ca0a6fd877]::sys::backtrace::__rust_begin_short_backtrace::<test[aada8e7e76ba119b]::run_test::{closure#1}, ()>
[INFO] [stdout]   18:     0x5723eef58102 - <std[617be2ca0a6fd877]::thread::lifecycle::spawn_unchecked<test[aada8e7e76ba119b]::run_test::{closure#1}, ()>::{closure#1} as core[a373ad73a504971]::ops::function::FnOnce<()>>::call_once::{shim:vtable#0}
[INFO] [stdout]   19:     0x5723eefd2f6f - <std[617be2ca0a6fd877]::sys::thread::unix::Thread>::new::thread_start
[INFO] [stdout]   20:     0x7f3f82189dfa - <unknown>
[INFO] [stdout]   21:     0x7f3f8221d3d4 - clone
[INFO] [stdout]   22:                0x0 - <unknown>
[INFO] [stdout] 
[INFO] [stdout] 
[INFO] [stdout] failures:
[INFO] [stdout]     test_dependencies_example
[INFO] [stdout]     test_hello_world_example
[INFO] [stdout]     test_namespaces_example
[INFO] [stdout] 
[INFO] [stdout] test result: FAILED. 0 passed; 3 failed; 0 ignored; 0 measured; 0 filtered out; finished in 26.64s
[INFO] [stdout] 
[INFO] running `Command { std: "docker" "inspect" "0c6bac2df804b4a4d1866c3a97a589f547d782805a48e773cbf885a3a09c28ed", kill_on_drop: false }`
[INFO] running `Command { std: "docker" "rm" "-f" "0c6bac2df804b4a4d1866c3a97a589f547d782805a48e773cbf885a3a09c28ed", kill_on_drop: false }`
[INFO] [stdout] 0c6bac2df804b4a4d1866c3a97a589f547d782805a48e773cbf885a3a09c28ed
