[INFO] fetching crate rsid3 1.0.0-alpha.2...
[INFO] testing rsid3-1.0.0-alpha.2 against 1.99.0-beta.8+cargoflags=--release for beta-release-1.100-2
[INFO] extracting crate rsid3 1.0.0-alpha.2 into /workspace/builds/worker-0-tc1/source
[INFO] started tweaking crates.io crate rsid3 1.0.0-alpha.2
[INFO] removed 0 missing tests
[INFO] finished tweaking crates.io crate rsid3 1.0.0-alpha.2
[INFO] tweaked toml for crates.io crate rsid3 1.0.0-alpha.2 written to /workspace/builds/worker-0-tc1/source/Cargo.toml
[INFO] validating manifest of crates.io crate rsid3 1.0.0-alpha.2 on toolchain 1.99.0-beta.8
[INFO] running `Command { std: CARGO_HOME="/workspace/cargo-home" RUSTUP_HOME="/workspace/rustup-home" "/workspace/cargo-home/bin/cargo" "+1.99.0-beta.8" "metadata" "--manifest-path" "Cargo.toml" "--no-deps", kill_on_drop: false }`
[INFO] crate crates.io crate rsid3 1.0.0-alpha.2 already has a lockfile, it will not be regenerated
[INFO] running `Command { std: CARGO_HOME="/workspace/cargo-home" RUSTUP_HOME="/workspace/rustup-home" "/workspace/cargo-home/bin/cargo" "+1.99.0-beta.8" "fetch" "--manifest-path" "Cargo.toml", kill_on_drop: false }`
[INFO] [stderr]     Updating crates.io index
[INFO] [stderr]  Downloading crates ...
[INFO] [stderr]   Downloaded miniz_oxide v0.8.4
[INFO] [stderr]   Downloaded vergen v8.3.2
[INFO] [stderr]   Downloaded id3 v1.16.2
[INFO] running `Command { std: "docker" "create" "-v" "/var/lib/crater-agent-workspace/builds/worker-0-tc1/source:/opt/rustwide/workdir:ro,Z" "-v" "/var/lib/crater-agent-workspace/builds/worker-0-tc1/target:/opt/rustwide/target:rw,Z" "-v" "/var/lib/crater-agent-workspace/cargo-home:/opt/rustwide/cargo-home:ro,Z" "-v" "/var/lib/crater-agent-workspace/rustup-home:/opt/rustwide/rustup-home:ro,Z" "-m" "1610612736" "--network" "none" "ghcr.io/rust-lang/crates-build-env/linux@sha256:77db811e55d90add9212f6832c23229e3de5f1c1f9905e8cb07319ea15df73ac" "sleep" "infinity", kill_on_drop: false }`
[INFO] [stdout] 0879b31726b062408b2d5ad30d2e1fb0b4d6b1c6ad5893565a2b7f7b9e713d4b
[INFO] running `Command { std: "docker" "start" "0879b31726b062408b2d5ad30d2e1fb0b4d6b1c6ad5893565a2b7f7b9e713d4b", kill_on_drop: false }`
[INFO] running `Command { std: "docker" "inspect" "0879b31726b062408b2d5ad30d2e1fb0b4d6b1c6ad5893565a2b7f7b9e713d4b", kill_on_drop: false }`
[INFO] running `Command { std: "docker" "exec" "-e" "SOURCE_DIR=/opt/rustwide/workdir" "-e" "CARGO_HOME=/opt/rustwide/cargo-home" "-e" "RUSTUP_HOME=/opt/rustwide/rustup-home" "-e" "CARGO_TARGET_DIR=/opt/rustwide/target" "-w" "/opt/rustwide/workdir" "--user" "0:0" "0879b31726b062408b2d5ad30d2e1fb0b4d6b1c6ad5893565a2b7f7b9e713d4b" "/opt/rustwide/cargo-home/bin/cargo" "+1.99.0-beta.8" "metadata" "--no-deps" "--format-version=1", kill_on_drop: false }`
[INFO] running `Command { std: "docker" "inspect" "0879b31726b062408b2d5ad30d2e1fb0b4d6b1c6ad5893565a2b7f7b9e713d4b", kill_on_drop: false }`
[INFO] running `Command { std: "docker" "exec" "-e" "SOURCE_DIR=/opt/rustwide/workdir" "-e" "CARGO_HOME=/opt/rustwide/cargo-home" "-e" "RUSTUP_HOME=/opt/rustwide/rustup-home" "-e" "CARGO_TARGET_DIR=/opt/rustwide/target" "-e" "CARGO_INCREMENTAL=0" "-e" "RUST_BACKTRACE=full" "-e" "RUSTFLAGS=--cap-lints=warn" "-e" "RUSTDOCFLAGS=--cap-lints=warn" "-w" "/opt/rustwide/workdir" "--user" "0:0" "0879b31726b062408b2d5ad30d2e1fb0b4d6b1c6ad5893565a2b7f7b9e713d4b" "/opt/rustwide/cargo-home/bin/cargo" "+1.99.0-beta.8" "build" "--frozen" "--message-format=json" "--release", kill_on_drop: false }`
[INFO] [stderr]    Compiling libc v0.2.169
[INFO] [stderr]    Compiling powerfmt v0.2.0
[INFO] [stderr]    Compiling num_threads v0.1.7
[INFO] [stderr]    Compiling time-core v0.1.2
[INFO] [stderr]    Compiling bitflags v2.8.0
[INFO] [stderr]    Compiling linux-raw-sys v0.4.15
[INFO] [stderr]    Compiling miniz_oxide v0.8.4
[INFO] [stderr]    Compiling getrandom v0.3.1
[INFO] [stderr]    Compiling rustix v0.38.44
[INFO] [stderr]    Compiling anyhow v1.0.95
[INFO] [stderr]    Compiling once_cell v1.20.3
[INFO] [stderr]    Compiling vergen v8.3.2
[INFO] [stderr]    Compiling deranged v0.3.11
[INFO] [stderr]    Compiling flate2 v1.0.35
[INFO] [stderr]    Compiling time v0.3.37
[INFO] [stderr]    Compiling id3 v1.16.2
[INFO] [stderr]    Compiling tempfile v3.16.0
[INFO] [stderr]    Compiling rsid3 v1.0.0-alpha.2 (/opt/rustwide/workdir)
[INFO] [stderr] warning: rsid3@1.0.0-alpha.2: not within a suitable 'git' worktree!
[INFO] [stderr] warning: rsid3@1.0.0-alpha.2: VERGEN_GIT_SHA set to default
[INFO] [stderr]     Finished `release` profile [optimized] target(s) in 12.90s
[INFO] running `Command { std: "docker" "inspect" "0879b31726b062408b2d5ad30d2e1fb0b4d6b1c6ad5893565a2b7f7b9e713d4b", kill_on_drop: false }`
[INFO] running `Command { std: "docker" "exec" "-e" "SOURCE_DIR=/opt/rustwide/workdir" "-e" "CARGO_HOME=/opt/rustwide/cargo-home" "-e" "RUSTUP_HOME=/opt/rustwide/rustup-home" "-e" "CARGO_TARGET_DIR=/opt/rustwide/target" "-e" "CARGO_INCREMENTAL=0" "-e" "RUST_BACKTRACE=full" "-e" "RUSTFLAGS=--cap-lints=warn" "-e" "RUSTDOCFLAGS=--cap-lints=warn" "-w" "/opt/rustwide/workdir" "--user" "0:0" "0879b31726b062408b2d5ad30d2e1fb0b4d6b1c6ad5893565a2b7f7b9e713d4b" "/opt/rustwide/cargo-home/bin/cargo" "+1.99.0-beta.8" "test" "--frozen" "--no-run" "--message-format=json" "--release", kill_on_drop: false }`
[INFO] [stderr] warning: rsid3@1.0.0-alpha.2: not within a suitable 'git' worktree!
[INFO] [stderr] warning: rsid3@1.0.0-alpha.2: VERGEN_GIT_SHA set to default
[INFO] [stderr]    Compiling rsid3 v1.0.0-alpha.2 (/opt/rustwide/workdir)
[INFO] [stdout] warning: constant `SAMPLE_TIT2` is never used
[INFO] [stdout]   --> tests/common/mod.rs:25:7
[INFO] [stdout]    |
[INFO] [stdout] 25 | const SAMPLE_TIT2: &str = "tests/samples/sample_TIT2.mp3";
[INFO] [stdout]    |       ^^^^^^^^^^^
[INFO] [stdout]    |
[INFO] [stdout]    = note: `#[warn(dead_code)]` (part of `#[warn(unused)]`) on by default
[INFO] [stdout] 
[INFO] [stdout] 
[INFO] [stdout] warning: constant `SAMPLE_TXXX` is never used
[INFO] [stdout]   --> tests/common/mod.rs:27:7
[INFO] [stdout]    |
[INFO] [stdout] 27 | const SAMPLE_TXXX: &str = "tests/samples/sample_TXXX.mp3";
[INFO] [stdout]    |       ^^^^^^^^^^^
[INFO] [stdout] 
[INFO] [stdout] 
[INFO] [stdout] warning: constant `SAMPLE_COMM` is never used
[INFO] [stdout]   --> tests/common/mod.rs:29:7
[INFO] [stdout]    |
[INFO] [stdout] 29 | const SAMPLE_COMM: &str = "tests/samples/sample_COMM.mp3";
[INFO] [stdout]    |       ^^^^^^^^^^^
[INFO] [stdout] 
[INFO] [stdout] 
[INFO] [stdout] warning: associated functions `tit2`, `txxx`, and `comm` are never used
[INFO] [stdout]   --> tests/common/mod.rs:55:28
[INFO] [stdout]    |
[INFO] [stdout] 53 | impl TestFile {
[INFO] [stdout]    | ------------- associated functions in this implementation
[INFO] [stdout] 54 |     test_file_from_sample!(empty, SAMPLE_EMPTY);
[INFO] [stdout] 55 |     test_file_from_sample!(tit2, SAMPLE_TIT2);
[INFO] [stdout]    |                            ^^^^
[INFO] [stdout] 56 |     test_file_from_sample!(txxx, SAMPLE_TXXX);
[INFO] [stdout]    |                            ^^^^
[INFO] [stdout] 57 |     test_file_from_sample!(comm, SAMPLE_COMM);
[INFO] [stdout]    |                            ^^^^
[INFO] [stdout]    |
[INFO] [stdout]    = note: this warning originates in the macro `test_file_from_sample` (in Nightly builds, run with -Z macro-backtrace for more info)
[INFO] [stdout] 
[INFO] [stdout] 
[INFO] [stderr]     Finished `release` profile [optimized] target(s) in 0.79s
[INFO] running `Command { std: "docker" "inspect" "0879b31726b062408b2d5ad30d2e1fb0b4d6b1c6ad5893565a2b7f7b9e713d4b", kill_on_drop: false }`
[INFO] running `Command { std: "docker" "exec" "-e" "SOURCE_DIR=/opt/rustwide/workdir" "-e" "CARGO_HOME=/opt/rustwide/cargo-home" "-e" "RUSTUP_HOME=/opt/rustwide/rustup-home" "-e" "CARGO_TARGET_DIR=/opt/rustwide/target" "-e" "CARGO_INCREMENTAL=0" "-e" "RUST_BACKTRACE=full" "-e" "RUSTFLAGS=--cap-lints=warn" "-e" "RUSTDOCFLAGS=--cap-lints=warn" "-w" "/opt/rustwide/workdir" "--user" "0:0" "0879b31726b062408b2d5ad30d2e1fb0b4d6b1c6ad5893565a2b7f7b9e713d4b" "/opt/rustwide/cargo-home/bin/cargo" "+1.99.0-beta.8" "test" "--frozen" "--release", kill_on_drop: false }`
[INFO] [stderr] warning: rsid3@1.0.0-alpha.2: not within a suitable 'git' worktree!
[INFO] [stderr] warning: rsid3@1.0.0-alpha.2: VERGEN_GIT_SHA set to default
[INFO] [stderr] warning: constant `SAMPLE_TIT2` is never used
[INFO] [stderr]   --> tests/common/mod.rs:25:7
[INFO] [stderr]    |
[INFO] [stderr] 25 | const SAMPLE_TIT2: &str = "tests/samples/sample_TIT2.mp3";
[INFO] [stderr]    |       ^^^^^^^^^^^
[INFO] [stderr]    |
[INFO] [stderr]    = note: `#[warn(dead_code)]` (part of `#[warn(unused)]`) on by default
[INFO] [stderr] 
[INFO] [stderr] warning: constant `SAMPLE_TXXX` is never used
[INFO] [stderr]   --> tests/common/mod.rs:27:7
[INFO] [stderr]    |
[INFO] [stderr] 27 | const SAMPLE_TXXX: &str = "tests/samples/sample_TXXX.mp3";
[INFO] [stderr]    |       ^^^^^^^^^^^
[INFO] [stderr] 
[INFO] [stderr] warning: constant `SAMPLE_COMM` is never used
[INFO] [stderr]   --> tests/common/mod.rs:29:7
[INFO] [stderr]    |
[INFO] [stderr] 29 | const SAMPLE_COMM: &str = "tests/samples/sample_COMM.mp3";
[INFO] [stderr]    |       ^^^^^^^^^^^
[INFO] [stderr] 
[INFO] [stderr] warning: associated functions `tit2`, `txxx`, and `comm` are never used
[INFO] [stderr]   --> tests/common/mod.rs:55:28
[INFO] [stderr]    |
[INFO] [stderr] 53 | impl TestFile {
[INFO] [stderr]    | ------------- associated functions in this implementation
[INFO] [stderr] 54 |     test_file_from_sample!(empty, SAMPLE_EMPTY);
[INFO] [stderr] 55 |     test_file_from_sample!(tit2, SAMPLE_TIT2);
[INFO] [stderr]    |                            ^^^^
[INFO] [stderr] 56 |     test_file_from_sample!(txxx, SAMPLE_TXXX);
[INFO] [stderr]    |                            ^^^^
[INFO] [stderr] 57 |     test_file_from_sample!(comm, SAMPLE_COMM);
[INFO] [stderr]    |                            ^^^^
[INFO] [stderr]    |
[INFO] [stderr]    = note: this warning originates in the macro `test_file_from_sample` (in Nightly builds, run with -Z macro-backtrace for more info)
[INFO] [stderr] 
[INFO] [stderr] warning: `rsid3` (test "cli_tests") generated 4 warnings
[INFO] [stderr]     Finished `release` profile [optimized] target(s) in 0.06s
[INFO] [stderr]      Running unittests src/main.rs (/opt/rustwide/target/release/deps/rsid3-66c5c37e996687c6)
[INFO] [stdout] 
[INFO] [stdout] running 0 tests
[INFO] [stdout] 
[INFO] [stdout] test result: ok. 0 passed; 0 failed; 0 ignored; 0 measured; 0 filtered out; finished in 0.00s
[INFO] [stdout] 
[INFO] [stderr]      Running tests/cli_tests.rs (/opt/rustwide/target/release/deps/cli_tests-1e560579de43c874)
[INFO] [stdout] 
[INFO] [stdout] running 2 tests
[INFO] [stdout] test gets_empty ... FAILED
[INFO] [stdout] test prints_help ... FAILED
[INFO] [stdout] 
[INFO] [stdout] failures:
[INFO] [stdout] 
[INFO] [stdout] ---- gets_empty stdout ----
[INFO] [stdout] 
[INFO] [stdout] thread 'gets_empty' (537) panicked at tests/common/mod.rs:54:5:
[INFO] [stdout] called `Result::unwrap()` on an `Err` value: Os { code: 30, kind: ReadOnlyFilesystem, message: "Read-only file system" }
[INFO] [stdout] stack backtrace:
[INFO] [stdout]    0:     0x630b57196d71 - <<std[70759c8f55707aa4]::sys::backtrace::BacktraceLock>::print::DisplayBacktrace as core[df12db4294e9bfd3]::fmt::Display>::fmt
[INFO] [stdout]    1:     0x630b571ac85a - core[df12db4294e9bfd3]::fmt::write
[INFO] [stdout]    2:     0x630b5719c4ec - <alloc[2182bb758b4b3781]::vec::Vec<u8> as core[df12db4294e9bfd3]::io::write::Write>::write_fmt
[INFO] [stdout]    3:     0x630b57171836 - std[70759c8f55707aa4]::panicking::default_hook::{closure#0}
[INFO] [stdout]    4:     0x630b5718e649 - std[70759c8f55707aa4]::panicking::default_hook
[INFO] [stdout]    5:     0x630b57128980 - test[9d35eded1c95d3be]::test_main_inner::<test[9d35eded1c95d3be]::test_main_static::{closure#0}>::{closure#0}
[INFO] [stdout]    6:     0x630b5718e802 - std[70759c8f55707aa4]::panicking::panic_with_hook
[INFO] [stdout]    7:     0x630b571718e2 - std[70759c8f55707aa4]::panicking::panic_handler::{closure#0}
[INFO] [stdout]    8:     0x630b5716a549 - std[70759c8f55707aa4]::sys::backtrace::__rust_end_short_backtrace::<std[70759c8f55707aa4]::panicking::panic_handler::{closure#0}, !>
[INFO] [stdout]    9:     0x630b571724dd - __rustc[8fa7c3cbc660c2b3]::rust_begin_unwind
[INFO] [stdout]   10:     0x630b571acf8c - core[df12db4294e9bfd3]::panicking::panic_fmt
[INFO] [stdout]   11:     0x630b571acd62 - core[df12db4294e9bfd3]::result::unwrap_failed
[INFO] [stdout]   12:     0x630b5711b370 - <cli_tests[724729c86286f270]::gets_empty::{closure#0} as core[df12db4294e9bfd3]::ops::function::FnOnce<()>>::call_once
[INFO] [stdout]   13:     0x630b5711bc6b - test[9d35eded1c95d3be]::__rust_begin_short_backtrace::<core[df12db4294e9bfd3]::result::Result<(), alloc[2182bb758b4b3781]::string::String>, fn() -> core[df12db4294e9bfd3]::result::Result<(), alloc[2182bb758b4b3781]::string::String>>
[INFO] [stdout]   14:     0x630b571292d5 - test[9d35eded1c95d3be]::run_test::{closure#0}
[INFO] [stdout]   15:     0x630b57122b94 - std[70759c8f55707aa4]::sys::backtrace::__rust_begin_short_backtrace::<test[9d35eded1c95d3be]::run_test::{closure#1}, ()>
[INFO] [stdout]   16:     0x630b5712c432 - <std[70759c8f55707aa4]::thread::lifecycle::spawn_unchecked<test[9d35eded1c95d3be]::run_test::{closure#1}, ()>::{closure#1} as core[df12db4294e9bfd3]::ops::function::FnOnce<()>>::call_once::{shim:vtable#0}
[INFO] [stdout]   17:     0x630b57196509 - <std[70759c8f55707aa4]::sys::thread::unix::Thread>::new::thread_start
[INFO] [stdout]   18:     0x7d4324753dfa - <unknown>
[INFO] [stdout]   19:     0x7d43247e73d4 - clone
[INFO] [stdout]   20:                0x0 - <unknown>
[INFO] [stdout] 
[INFO] [stdout] ---- prints_help stdout ----
[INFO] [stdout] Command: "target/debug/rsid3" "--help"
[INFO] [stdout] 
[INFO] [stdout] thread 'prints_help' (538) panicked at tests/common/mod.rs:69:31:
[INFO] [stdout] called `Result::unwrap()` on an `Err` value: Os { code: 2, kind: NotFound, message: "No such file or directory" }
[INFO] [stdout] stack backtrace:
[INFO] [stdout]    0:     0x630b57196d71 - <<std[70759c8f55707aa4]::sys::backtrace::BacktraceLock>::print::DisplayBacktrace as core[df12db4294e9bfd3]::fmt::Display>::fmt
[INFO] [stdout]    1:     0x630b571ac85a - core[df12db4294e9bfd3]::fmt::write
[INFO] [stdout]    2:     0x630b5719c4ec - <alloc[2182bb758b4b3781]::vec::Vec<u8> as core[df12db4294e9bfd3]::io::write::Write>::write_fmt
[INFO] [stdout]    3:     0x630b57171836 - std[70759c8f55707aa4]::panicking::default_hook::{closure#0}
[INFO] [stdout]    4:     0x630b5718e649 - std[70759c8f55707aa4]::panicking::default_hook
[INFO] [stdout]    5:     0x630b57128980 - test[9d35eded1c95d3be]::test_main_inner::<test[9d35eded1c95d3be]::test_main_static::{closure#0}>::{closure#0}
[INFO] [stdout]    6:     0x630b5718e802 - std[70759c8f55707aa4]::panicking::panic_with_hook
[INFO] [stdout]    7:     0x630b571718e2 - std[70759c8f55707aa4]::panicking::panic_handler::{closure#0}
[INFO] [stdout]    8:     0x630b5716a549 - std[70759c8f55707aa4]::sys::backtrace::__rust_end_short_backtrace::<std[70759c8f55707aa4]::panicking::panic_handler::{closure#0}, !>
[INFO] [stdout]    9:     0x630b571724dd - __rustc[8fa7c3cbc660c2b3]::rust_begin_unwind
[INFO] [stdout]   10:     0x630b571acf8c - core[df12db4294e9bfd3]::panicking::panic_fmt
[INFO] [stdout]   11:     0x630b571acd62 - core[df12db4294e9bfd3]::result::unwrap_failed
[INFO] [stdout]   12:     0x630b5711bad3 - <cli_tests[724729c86286f270]::prints_help::{closure#0} as core[df12db4294e9bfd3]::ops::function::FnOnce<()>>::call_once
[INFO] [stdout]   13:     0x630b5711bc6b - test[9d35eded1c95d3be]::__rust_begin_short_backtrace::<core[df12db4294e9bfd3]::result::Result<(), alloc[2182bb758b4b3781]::string::String>, fn() -> core[df12db4294e9bfd3]::result::Result<(), alloc[2182bb758b4b3781]::string::String>>
[INFO] [stdout]   14:     0x630b571292d5 - test[9d35eded1c95d3be]::run_test::{closure#0}
[INFO] [stdout]   15:     0x630b57122b94 - std[70759c8f55707aa4]::sys::backtrace::__rust_begin_short_backtrace::<test[9d35eded1c95d3be]::run_test::{closure#1}, ()>
[INFO] [stdout]   16:     0x630b5712c432 - <std[70759c8f55707aa4]::thread::lifecycle::spawn_unchecked<test[9d35eded1c95d3be]::run_test::{closure#1}, ()>::{closure#1} as core[df12db4294e9bfd3]::ops::function::FnOnce<()>>::call_once::{shim:vtable#0}
[INFO] [stdout]   17:     0x630b57196509 - <std[70759c8f55707aa4]::sys::thread::unix::Thread>::new::thread_start
[INFO] [stdout]   18:     0x7d4324753dfa - <unknown>
[INFO] [stdout]   19:     0x7d43247e73d4 - clone
[INFO] [stdout]   20:                0x0 - <unknown>
[INFO] [stdout] 
[INFO] [stdout] 
[INFO] [stdout] failures:
[INFO] [stdout]     gets_empty
[INFO] [stdout]     prints_help
[INFO] [stdout] 
[INFO] [stdout] test result: FAILED. 0 passed; 2 failed; 0 ignored; 0 measured; 0 filtered out; finished in 0.00s
[INFO] [stdout] 
[INFO] [stderr] error: test failed, to rerun pass `--test cli_tests`
[INFO] running `Command { std: "docker" "inspect" "0879b31726b062408b2d5ad30d2e1fb0b4d6b1c6ad5893565a2b7f7b9e713d4b", kill_on_drop: false }`
[INFO] running `Command { std: "docker" "rm" "-f" "0879b31726b062408b2d5ad30d2e1fb0b4d6b1c6ad5893565a2b7f7b9e713d4b", kill_on_drop: false }`
[INFO] [stdout] 0879b31726b062408b2d5ad30d2e1fb0b4d6b1c6ad5893565a2b7f7b9e713d4b
