[INFO] fetching crate rshs 0.9.3...
[INFO] testing rshs-0.9.3 against 1.100.0-beta.1+cargoflags=--release for beta-release-1.100-2
[INFO] extracting crate rshs 0.9.3 into /workspace/builds/worker-3-tc2/source
[INFO] started tweaking crates.io crate rshs 0.9.3
[INFO] removed 0 missing tests
[INFO] finished tweaking crates.io crate rshs 0.9.3
[INFO] tweaked toml for crates.io crate rshs 0.9.3 written to /workspace/builds/worker-3-tc2/source/Cargo.toml
[INFO] validating manifest of crates.io crate rshs 0.9.3 on toolchain 1.100.0-beta.1
[INFO] running `Command { std: CARGO_HOME="/workspace/cargo-home" RUSTUP_HOME="/workspace/rustup-home" "/workspace/cargo-home/bin/cargo" "+1.100.0-beta.1" "metadata" "--manifest-path" "Cargo.toml" "--no-deps", kill_on_drop: false }`
[INFO] crate crates.io crate rshs 0.9.3 already has a lockfile, it will not be regenerated
[INFO] running `Command { std: CARGO_HOME="/workspace/cargo-home" RUSTUP_HOME="/workspace/rustup-home" "/workspace/cargo-home/bin/cargo" "+1.100.0-beta.1" "fetch" "--manifest-path" "Cargo.toml", kill_on_drop: false }`
[INFO] running `Command { std: "docker" "create" "-v" "/var/lib/crater-agent-workspace/builds/worker-3-tc2/source:/opt/rustwide/workdir:ro,Z" "-v" "/var/lib/crater-agent-workspace/builds/worker-3-tc2/target:/opt/rustwide/target:rw,Z" "-v" "/var/lib/crater-agent-workspace/cargo-home:/opt/rustwide/cargo-home:ro,Z" "-v" "/var/lib/crater-agent-workspace/rustup-home:/opt/rustwide/rustup-home:ro,Z" "-m" "1610612736" "--network" "none" "ghcr.io/rust-lang/crates-build-env/linux@sha256:77db811e55d90add9212f6832c23229e3de5f1c1f9905e8cb07319ea15df73ac" "sleep" "infinity", kill_on_drop: false }`
[INFO] [stdout] 0c7146d4e5ab4530116c3b6ce19951b4a23a03f1a62da8684befcac705bc6fc7
[INFO] running `Command { std: "docker" "start" "0c7146d4e5ab4530116c3b6ce19951b4a23a03f1a62da8684befcac705bc6fc7", kill_on_drop: false }`
[INFO] running `Command { std: "docker" "inspect" "0c7146d4e5ab4530116c3b6ce19951b4a23a03f1a62da8684befcac705bc6fc7", kill_on_drop: false }`
[INFO] running `Command { std: "docker" "exec" "-e" "SOURCE_DIR=/opt/rustwide/workdir" "-e" "CARGO_HOME=/opt/rustwide/cargo-home" "-e" "RUSTUP_HOME=/opt/rustwide/rustup-home" "-e" "CARGO_TARGET_DIR=/opt/rustwide/target" "-w" "/opt/rustwide/workdir" "--user" "0:0" "0c7146d4e5ab4530116c3b6ce19951b4a23a03f1a62da8684befcac705bc6fc7" "/opt/rustwide/cargo-home/bin/cargo" "+1.100.0-beta.1" "metadata" "--no-deps" "--format-version=1", kill_on_drop: false }`
[INFO] running `Command { std: "docker" "inspect" "0c7146d4e5ab4530116c3b6ce19951b4a23a03f1a62da8684befcac705bc6fc7", kill_on_drop: false }`
[INFO] running `Command { std: "docker" "exec" "-e" "SOURCE_DIR=/opt/rustwide/workdir" "-e" "CARGO_HOME=/opt/rustwide/cargo-home" "-e" "RUSTUP_HOME=/opt/rustwide/rustup-home" "-e" "CARGO_TARGET_DIR=/opt/rustwide/target" "-e" "CARGO_INCREMENTAL=0" "-e" "RUST_BACKTRACE=full" "-e" "RUSTFLAGS=--cap-lints=warn" "-e" "RUSTDOCFLAGS=--cap-lints=warn" "-w" "/opt/rustwide/workdir" "--user" "0:0" "0c7146d4e5ab4530116c3b6ce19951b4a23a03f1a62da8684befcac705bc6fc7" "/opt/rustwide/cargo-home/bin/cargo" "+1.100.0-beta.1" "build" "--frozen" "--message-format=json" "--release", kill_on_drop: false }`
[INFO] [stderr]    Compiling syn v2.0.119
[INFO] [stderr]    Compiling tokio v1.53.1
[INFO] [stderr]    Compiling indexmap v2.14.1
[INFO] [stderr]    Compiling unicase v2.9.0
[INFO] [stderr]    Compiling futures-util v0.3.34
[INFO] [stderr]    Compiling serde v1.0.229
[INFO] [stderr]    Compiling base64ct v1.8.3
[INFO] [stderr]    Compiling io-uring v0.7.14
[INFO] [stderr]    Compiling clap_derive v4.6.4
[INFO] [stderr]    Compiling mime_guess v2.0.5
[INFO] [stderr]    Compiling mcf v0.6.0
[INFO] [stderr]    Compiling serde_urlencoded v0.7.1
[INFO] [stderr]    Compiling rustls v0.23.43
[INFO] [stderr]    Compiling sha2 v0.11.0
[INFO] [stderr]    Compiling password-hash v0.6.1
[INFO] [stderr]    Compiling clap v4.6.6
[INFO] [stderr]    Compiling sha-crypt v0.6.0
[INFO] [stderr]    Compiling quick-xml v0.42.0
[INFO] [stderr]    Compiling rustls-pemfile v2.2.0
[INFO] [stderr]    Compiling tracing-attributes v0.1.31
[INFO] [stderr]    Compiling tracing v0.1.44
[INFO] [stderr]    Compiling axum-core v0.5.6
[INFO] [stderr]    Compiling tower-http v0.7.0
[INFO] [stderr]    Compiling tracing-subscriber v0.3.23
[INFO] [stderr]    Compiling tokio-util v0.7.19
[INFO] [stderr]    Compiling tower v0.5.3
[INFO] [stderr]    Compiling h2 v0.4.19
[INFO] [stderr]    Compiling tokio-rustls v0.26.4
[INFO] [stderr]    Compiling hyper v1.11.1
[INFO] [stderr]    Compiling hyper-util v0.1.20
[INFO] [stderr]    Compiling axum v0.8.9
[INFO] [stderr]    Compiling rshs v0.9.3 (/opt/rustwide/workdir)
[INFO] [stderr]     Finished `release` profile [optimized] target(s) in 2m 20s
[INFO] running `Command { std: "docker" "inspect" "0c7146d4e5ab4530116c3b6ce19951b4a23a03f1a62da8684befcac705bc6fc7", kill_on_drop: false }`
[INFO] running `Command { std: "docker" "exec" "-e" "SOURCE_DIR=/opt/rustwide/workdir" "-e" "CARGO_HOME=/opt/rustwide/cargo-home" "-e" "RUSTUP_HOME=/opt/rustwide/rustup-home" "-e" "CARGO_TARGET_DIR=/opt/rustwide/target" "-e" "CARGO_INCREMENTAL=0" "-e" "RUST_BACKTRACE=full" "-e" "RUSTFLAGS=--cap-lints=warn" "-e" "RUSTDOCFLAGS=--cap-lints=warn" "-w" "/opt/rustwide/workdir" "--user" "0:0" "0c7146d4e5ab4530116c3b6ce19951b4a23a03f1a62da8684befcac705bc6fc7" "/opt/rustwide/cargo-home/bin/cargo" "+1.100.0-beta.1" "test" "--frozen" "--no-run" "--message-format=json" "--release", kill_on_drop: false }`
[INFO] [stderr]    Compiling serde_derive v1.0.229
[INFO] [stderr]    Compiling tracing v0.1.44
[INFO] [stderr]    Compiling regex-automata v0.4.18
[INFO] [stderr]    Compiling zerocopy v0.8.56
[INFO] [stderr]    Compiling alloca v0.4.0
[INFO] [stderr]    Compiling plotters-backend v0.3.7
[INFO] [stderr]    Compiling time v0.3.55
[INFO] [stderr]    Compiling io-uring v0.7.14
[INFO] [stderr]    Compiling itertools v0.13.0
[INFO] [stderr]    Compiling plotters-svg v0.3.7
[INFO] [stderr]    Compiling h2 v0.4.19
[INFO] [stderr]    Compiling tower v0.5.3
[INFO] [stderr]    Compiling axum-core v0.5.6
[INFO] [stderr]    Compiling tower-http v0.7.0
[INFO] [stderr]    Compiling yasna v0.6.0
[INFO] [stderr]    Compiling plotters v0.3.7
[INFO] [stderr]    Compiling criterion-plot v0.8.2
[INFO] [stderr]    Compiling serde v1.0.229
[INFO] [stderr]    Compiling rayon v1.12.0
[INFO] [stderr]    Compiling matchers v0.2.0
[INFO] [stderr]    Compiling tracing-subscriber v0.3.23
[INFO] [stderr]    Compiling regex v1.13.1
[INFO] [stderr]    Compiling serde_urlencoded v0.7.1
[INFO] [stderr]    Compiling tinytemplate v1.2.1
[INFO] [stderr]    Compiling pem v4.0.0
[INFO] [stderr]    Compiling page_size v0.6.0
[INFO] [stderr]    Compiling anes v0.1.6
[INFO] [stderr]    Compiling tempfile v3.27.0
[INFO] [stderr]    Compiling rcgen v0.14.10
[INFO] [stderr]    Compiling half v2.7.1
[INFO] [stderr]    Compiling ciborium-ll v0.2.2
[INFO] [stderr]    Compiling ciborium v0.2.2
[INFO] [stderr]    Compiling hyper v1.11.1
[INFO] [stderr]    Compiling criterion v0.8.2
[INFO] [stderr]    Compiling hyper-util v0.1.20
[INFO] [stderr]    Compiling axum v0.8.9
[INFO] [stderr]    Compiling rshs v0.9.3 (/opt/rustwide/workdir)
[INFO] [stderr]     Finished `release` profile [optimized] target(s) in 3m 18s
[INFO] running `Command { std: "docker" "inspect" "0c7146d4e5ab4530116c3b6ce19951b4a23a03f1a62da8684befcac705bc6fc7", kill_on_drop: false }`
[INFO] running `Command { std: "docker" "exec" "-e" "SOURCE_DIR=/opt/rustwide/workdir" "-e" "CARGO_HOME=/opt/rustwide/cargo-home" "-e" "RUSTUP_HOME=/opt/rustwide/rustup-home" "-e" "CARGO_TARGET_DIR=/opt/rustwide/target" "-e" "CARGO_INCREMENTAL=0" "-e" "RUST_BACKTRACE=full" "-e" "RUSTFLAGS=--cap-lints=warn" "-e" "RUSTDOCFLAGS=--cap-lints=warn" "-w" "/opt/rustwide/workdir" "--user" "0:0" "0c7146d4e5ab4530116c3b6ce19951b4a23a03f1a62da8684befcac705bc6fc7" "/opt/rustwide/cargo-home/bin/cargo" "+1.100.0-beta.1" "test" "--frozen" "--release", kill_on_drop: false }`
[INFO] [stderr]     Finished `release` profile [optimized] target(s) in 0.44s
[INFO] [stderr]      Running unittests src/lib.rs (/opt/rustwide/target/release/build/rshs/d279ff6af72cfbc4/out/rshs-d279ff6af72cfbc4)
[INFO] [stdout] 
[INFO] [stdout] running 141 tests
[INFO] [stdout] test auth::tests::test_is_path_writable_existing_file ... ok
[INFO] [stdout] test auth::tests::test_is_path_writable_nonexistent_in_writable_dir ... ok
[INFO] [stdout] test auth::tests::test_is_path_writable_readonly_file ... ok
[INFO] [stdout] test auth::tests::test_load_shadow_file_nonexistent ... ok
[INFO] [stdout] test auth::tests::test_validate_cached_cache_hit_returns_true ... ok
[INFO] [stdout] test auth::tests::test_validate_cached_wrong_password_not_cached ... ok
[INFO] [stdout] test auth::tests::test_create_file_with_mode_600 ... ok
[INFO] [stdout] test auth::tests::test_validate_mixed_credentials ... ok
[INFO] [stdout] test auth::tests::test_validate_cached_ttl_disabled_skips_cache ... ok
[INFO] [stdout] test auth::tests::test_validate_sha512_crypt ... ok
[INFO] [stdout] test auth::tests::test_validate_cached_cache_hit_refreshes_ttl ... ok
[INFO] [stdout] test auth::tests::test_load_shadow_file_single_user ... ok
[INFO] [stdout] test handlers::http::tests::test_delete_root_rejected ... ok
[INFO] [stdout] test handlers::http::tests::test_delete_rejects_traversal ... ok
[INFO] [stdout] test handlers::http::tests::test_get_dir_listing_sizes ... FAILED
[INFO] [stdout] test handlers::http::tests::test_get_path_traversal_blocked ... ok
[INFO] [stdout] test handlers::http::tests::test_options_body_empty ... ok
[INFO] [stdout] test handlers::http::tests::test_options_has_content_length_zero ... ok
[INFO] [stdout] test handlers::http::tests::test_options_returns_ok ... ok
[INFO] [stdout] test handlers::http::tests::test_put_rejects_dir_path ... ok
[INFO] [stdout] test handlers::http::tests::test_put_rejects_missing_parent ... ok
[INFO] [stdout] test handlers::http::tests::test_put_rejects_root_dir ... ok
[INFO] [stdout] test handlers::http::tests::test_put_rejects_traversal ... ok
[INFO] [stdout] test handlers::locks::tests::test_double_shared_lock ... ok
[INFO] [stdout] test handlers::http::tests::test_delete_dir_trailing_slash ... ok
[INFO] [stdout] test auth::tests::test_load_shadow_file_skips_malformed_lines ... ok
[INFO] [stdout] test handlers::locks::tests::test_lock_creates_locknull ... ok
[INFO] [stdout] test handlers::http::tests::test_get_mime_type_guess ... ok
[INFO] [stdout] test auth::tests::test_load_shadow_file_skips_empty_lines ... ok
[INFO] [stdout] test handlers::locks::tests::test_exclusive_lock_blocks_shared ... ok
[INFO] [stdout] test handlers::locks::tests::test_lock_shared ... ok
[INFO] [stdout] test handlers::locks::tests::test_lock_file ... ok
[INFO] [stdout] test handlers::locks::tests::test_lock_refresh ... ok
[INFO] [stdout] test handlers::webdav::tests::test_copy_no_dest_header ... ok
[INFO] [stdout] test handlers::locks::tests::test_shared_lock_refresh ... ok
[INFO] [stdout] test handlers::locks::tests::test_unlock_wrong_token ... ok
[INFO] [stdout] test auth::tests::test_write_to_shadow_file_hashes_plaintext ... ok
[INFO] [stdout] test handlers::webdav::tests::test_copy_source_not_found ... ok
[INFO] [stdout] test handlers::webdav::tests::test_mkcol_already_exists_dir ... ok
[INFO] [stdout] test handlers::webdav::tests::test_mkcol_root ... ok
[INFO] [stdout] test handlers::webdav::tests::test_mkcol_already_exists_file ... ok
[INFO] [stdout] test handlers::webdav::tests::test_mkcol_traversal ... ok
[INFO] [stdout] test handlers::webdav::tests::test_move_no_dest_header ... ok
[INFO] [stdout] test handlers::webdav::tests::test_mkcol_parent_not_exist ... ok
[INFO] [stdout] test handlers::webdav::tests::test_move_source_not_found ... ok
[INFO] [stdout] test handlers::webdav::tests::test_propfind_allprop ... ok
[INFO] [stdout] test handlers::webdav::tests::test_move_overwrite_false ... ok
[INFO] [stdout] test handlers::locks::tests::test_unlock ... ok
[INFO] [stdout] test handlers::webdav::tests::test_propfind_empty_body_defaults_to_allprop ... ok
[INFO] [stdout] test handlers::webdav::tests::test_propfind_depth_infinity ... FAILED
[INFO] [stdout] test handlers::webdav::tests::test_propfind_href_encoding ... FAILED
[INFO] [stdout] test handlers::webdav::tests::test_propfind_unknown_prop ... ok
[INFO] [stdout] test auth::tests::test_write_to_shadow_file_roundtrip ... ok
[INFO] [stdout] test handlers::webdav::tests::test_proppatch_bad_xml ... ok
[INFO] [stdout] test html::tests::test_generate_dir_listing_empty_dir ... ok
[INFO] [stdout] test handlers::webdav::tests::test_proppatch_not_found ... ok
[INFO] [stdout] test html::tests::test_generate_dir_listing_dirs_before_files ... FAILED
[INFO] [stdout] test html::tests::test_generate_dir_listing_structure ... FAILED
[INFO] [stdout] test middleware::health::tests::test_health_check_content_type ... ok
[INFO] [stdout] test middleware::health::tests::test_health_check_returns_ok ... ok
[INFO] [stdout] test handlers::locks::tests::test_shared_lock_blocks_exclusive ... ok
[INFO] [stdout] test middleware::health::tests::test_health_check_with_head_method ... ok
[INFO] [stdout] test auth::tests::test_load_shadow_file_multiple_users ... ok
[INFO] [stdout] test html::tests::test_generate_dir_listing_subdir_has_parent_link ... FAILED
[INFO] [stdout] test handlers::webdav::tests::test_copy_overwrite_false ... ok
[INFO] [stdout] test middleware::health::tests::test_is_health_check_function ... ok
[INFO] [stdout] test handlers::webdav::tests::test_propfind_invalid_xml_rejected ... ok
[INFO] [stdout] test handlers::webdav::tests::test_proppatch_namespace_roundtrip ... ok
[INFO] [stdout] test scandir::tests::linux_tests::batch_statx_empty_names ... ok
[INFO] [stdout] test scandir::tests::linux_tests::batch_statx_single_entry ... FAILED
[INFO] [stdout] test middleware::health::tests::test_health_check_with_wrong_header_value_passes_through ... ok
[INFO] [stdout] test middleware::health::tests::test_health_check_without_header_passes_through ... ok
[INFO] [stdout] test scandir::tests::linux_tests::batch_statx_missing_entry_returns_none ... FAILED
[INFO] [stdout] test scandir::tests::empty_dir_returns_empty_vec ... ok
[INFO] [stdout] test scandir::tests::files_and_subdirs_collected ... FAILED
[INFO] [stdout] test scandir::tests::symlink_followed_to_target ... FAILED
[INFO] [stdout] test scandir::tests::modified_timestamp_is_recent ... FAILED
[INFO] [stdout] test utils::path::tests::test_resolve_write_target_dir_path ... ok
[INFO] [stdout] test utils::path::tests::test_resolve_write_target_empty ... ok
[INFO] [stdout] test scandir::tests::nonexistent_path_returns_err ... ok
[INFO] [stdout] test utils::path::tests::test_resolve_write_target_nested ... ok
[INFO] [stdout] test utils::path::tests::test_resolve_write_target_normal ... ok
[INFO] [stdout] test utils::path::tests::test_resolve_existing_file ... ok
[INFO] [stdout] test utils::path::tests::test_resolve_existing_nonexistent ... ok
[INFO] [stdout] test utils::path::tests::test_resolve_write_target_traversal_dot ... ok
[INFO] [stdout] test utils::path::tests::test_resolve_write_target_traversal_dotdot ... ok
[INFO] [stdout] test utils::time::tests::test_civil_from_days_feb_29_in_leap_year ... ok
[INFO] [stdout] test utils::time::tests::test_civil_from_days_epoch_plus_one_year ... ok
[INFO] [stdout] test utils::time::tests::test_format_before_epoch_returns_empty ... ok
[INFO] [stdout] test utils::path::tests::test_resolve_existing_traversal_blocked ... ok
[INFO] [stdout] test scandir::tests::unicode_filenames_preserved ... FAILED
[INFO] [stdout] test utils::time::tests::test_civil_from_days_known_date ... ok
[INFO] [stdout] test utils::time::tests::test_format_rfc1123_known_date ... ok
[INFO] [stdout] test utils::time::tests::test_civil_from_days_epoch ... ok
[INFO] [stdout] test utils::time::tests::test_format_rfc1123_epoch ... ok
[INFO] [stdout] test utils::time::tests::test_format_rfc3339_known_date ... ok
[INFO] [stdout] test webdav::ls::tests::test_check_existing_exclusive_empty ... ok
[INFO] [stdout] test utils::time::tests::test_format_rfc3339_epoch ... ok
[INFO] [stdout] test webdav::ls::tests::test_check_existing_exclusive_matching_token ... ok
[INFO] [stdout] test webdav::ls::tests::test_check_existing_exclusive_shared_only ... ok
[INFO] [stdout] test webdav::ls::tests::test_check_existing_exclusive_wrong_token ... ok
[INFO] [stdout] test webdav::ls::tests::test_dav_no_lock_expired_ignored ... ok
[INFO] [stdout] test webdav::ls::tests::test_eval_condition_dav_no_lock_locked ... ok
[INFO] [stdout] test webdav::ls::tests::test_eval_condition_dav_no_lock_unlocked ... ok
[INFO] [stdout] test webdav::ls::tests::test_eval_condition_not_token ... ok
[INFO] [stdout] test utils::time::tests::test_format_rfc850_epoch ... ok
[INFO] [stdout] test utils::time::tests::test_format_rfc850_known_date ... ok
[INFO] [stdout] test webdav::ls::tests::test_check_existing_exclusive_expired_ignored ... ok
[INFO] [stdout] test webdav::ls::tests::test_eval_condition_not_token_reject ... ok
[INFO] [stdout] test webdav::ls::tests::test_eval_condition_state_token_match ... ok
[INFO] [stdout] test webdav::ls::tests::test_eval_condition_state_token_no_match ... ok
[INFO] [stdout] test webdav::ls::tests::test_eval_if_dav_no_lock_locked ... ok
[INFO] [stdout] test webdav::ls::tests::test_eval_if_dav_no_lock_unlocked ... ok
[INFO] [stdout] test webdav::ls::tests::test_eval_if_matched_token ... ok
[INFO] [stdout] test webdav::ls::tests::test_eval_if_no_lists_unlocked ... ok
[INFO] [stdout] test webdav::ls::tests::test_eval_if_not_no_lock_locked ... ok
[INFO] [stdout] test webdav::ls::tests::test_eval_if_not_no_lock_unlocked ... ok
[INFO] [stdout] test webdav::ls::tests::test_eval_if_resource_tag_match ... ok
[INFO] [stdout] test webdav::ls::tests::test_eval_if_no_lists_expired_ignored ... ok
[INFO] [stdout] test webdav::ls::tests::test_eval_if_no_lists_locked ... ok
[INFO] [stdout] test webdav::ls::tests::test_eval_if_wrong_token ... ok
[INFO] [stdout] test webdav::ls::tests::test_eval_if_resource_tag_mismatch ... ok
[INFO] [stdout] test webdav::ls::tests::test_find_ancestor_lock_ignores_expired ... ok
[INFO] [stdout] test webdav::ls::tests::test_find_and_refresh_ancestor_lock_ignores_expired ... ok
[INFO] [stdout] test webdav::ls::tests::test_find_and_refresh_ancestor_lock_no_match ... ok
[INFO] [stdout] test webdav::ls::tests::test_is_ancestor_of_boundary_cases ... ok
[INFO] [stdout] test webdav::ls::tests::test_walk_locked_ancestors_ancestor_match ... ok
[INFO] [stdout] test webdav::ls::tests::test_walk_locked_ancestors_empty_store ... ok
[INFO] [stdout] test webdav::ls::tests::test_walk_locked_ancestors_many_locks ... ok
[INFO] [stdout] test webdav::ls::tests::test_find_and_refresh_ancestor_lock_updates_created ... ok
[INFO] [stdout] test webdav::ls::tests::test_walk_locked_ancestors_no_infinity ... ok
[INFO] [stdout] test webdav::ls::tests::test_walk_locked_ancestors_path_boundary ... ok
[INFO] [stdout] test webdav::ls::tests::test_walk_locked_ancestors_root_lock ... ok
[INFO] [stdout] test webdav::tests::test_extract_element_ns_default_ns ... ok
[INFO] [stdout] test webdav::ls::tests::test_token_match_expired_rejected ... ok
[INFO] [stdout] test webdav::ls::tests::test_walk_locked_ancestors_no_match ... ok
[INFO] [stdout] test webdav::tests::test_extract_element_ns_invalid_empty_uri ... ok
[INFO] [stdout] test webdav::tests::test_extract_element_ns_no_ns ... ok
[INFO] [stdout] test webdav::tests::test_extract_element_ns_prefixed ... ok
[INFO] [stdout] test scandir::tests::large_directory_over_batch_size ... FAILED
[INFO] [stdout] test scandir::tests::linux_tests::batch_statx_chunking ... FAILED
[INFO] [stdout] 
[INFO] [stdout] failures:
[INFO] [stdout] 
[INFO] [stdout] ---- handlers::http::tests::test_get_dir_listing_sizes stdout ----
[INFO] [stdout] 
[INFO] [stdout] thread 'handlers::http::tests::test_get_dir_listing_sizes' (1799) panicked at src/handlers/http.rs:282:9:
[INFO] [stdout] assertion failed: body_str.contains("hello.txt") && body_str.contains("13")
[INFO] [stdout] stack backtrace:
[INFO] [stdout]    0:     0x57d6bb8c1d61 - <<std[617be2ca0a6fd877]::sys::backtrace::BacktraceLock>::print::DisplayBacktrace as core[a373ad73a504971]::fmt::Display>::fmt
[INFO] [stdout]    1:     0x57d6bb8d774a - core[a373ad73a504971]::fmt::write
[INFO] [stdout]    2:     0x57d6bb8c651c - <alloc[2e1b2a31b91974c5]::vec::Vec<u8> as core[a373ad73a504971]::io::write::Write>::write_fmt
[INFO] [stdout]    3:     0x57d6bb89a536 - std[617be2ca0a6fd877]::panicking::default_hook::{closure#0}
[INFO] [stdout]    4:     0x57d6bb8b81e9 - std[617be2ca0a6fd877]::panicking::default_hook
[INFO] [stdout]    5:     0x57d6bb7fc110 - test[aada8e7e76ba119b]::test_main_inner::{closure#0}
[INFO] [stdout]    6:     0x57d6bb8b83a2 - std[617be2ca0a6fd877]::panicking::panic_with_hook
[INFO] [stdout]    7:     0x57d6bb89a614 - std[617be2ca0a6fd877]::panicking::panic_handler::{closure#0}
[INFO] [stdout]    8:     0x57d6bb892eb9 - std[617be2ca0a6fd877]::sys::backtrace::__rust_end_short_backtrace::<std[617be2ca0a6fd877]::panicking::panic_handler::{closure#0}, !>
[INFO] [stdout]    9:     0x57d6bb89b48d - __rustc[ea4f61d10b84890b]::rust_begin_unwind
[INFO] [stdout]   10:     0x57d6bb8d7eac - core[a373ad73a504971]::panicking::panic_fmt
[INFO] [stdout]   11:     0x57d6bb8d7e72 - core[a373ad73a504971]::panicking::panic
[INFO] [stdout]   12:     0x57d6bb7a755c - rshs[bf3162590168338b]::handlers::http::tests::test_get_dir_listing_sizes::{closure#0}
[INFO] [stdout]   13:     0x57d6bb7d8063 - <tokio[ad847fae3ff029c7]::runtime::scheduler::current_thread::Context>::enter::<core[a373ad73a504971]::task::poll::Poll<()>, <tokio[ad847fae3ff029c7]::runtime::scheduler::current_thread::CoreGuard>::block_on<core[a373ad73a504971]::pin::Pin<&mut core[a373ad73a504971]::pin::Pin<&mut dyn core[a373ad73a504971]::future::future::Future<Output = ()>>>>::{closure#0}::{closure#0}>
[INFO] [stdout]   14:     0x57d6bb761dc9 - <std[617be2ca0a6fd877]::thread::local::LocalKey<tokio[ad847fae3ff029c7]::runtime::context::Context>>::with::<tokio[ad847fae3ff029c7]::runtime::context::set_scheduler<(alloc[2e1b2a31b91974c5]::boxed::Box<tokio[ad847fae3ff029c7]::runtime::scheduler::current_thread::Core>, core[a373ad73a504971]::option::Option<()>), <tokio[ad847fae3ff029c7]::runtime::scheduler::current_thread::CoreGuard>::enter<<tokio[ad847fae3ff029c7]::runtime::scheduler::current_thread::CoreGuard>::block_on<core[a373ad73a504971]::pin::Pin<&mut core[a373ad73a504971]::pin::Pin<&mut dyn core[a373ad73a504971]::future::future::Future<Output = ()>>>>::{closure#0}, core[a373ad73a504971]::option::Option<()>>::{closure#0}>::{closure#0}, (alloc[2e1b2a31b91974c5]::boxed::Box<tokio[ad847fae3ff029c7]::runtime::scheduler::current_thread::Core>, core[a373ad73a504971]::option::Option<()>)>
[INFO] [stdout]   15:     0x57d6bb7d9197 - <tokio[ad847fae3ff029c7]::runtime::scheduler::current_thread::CoreGuard>::block_on::<core[a373ad73a504971]::pin::Pin<&mut core[a373ad73a504971]::pin::Pin<&mut dyn core[a373ad73a504971]::future::future::Future<Output = ()>>>>
[INFO] [stdout]   16:     0x57d6bb76398b - tokio[ad847fae3ff029c7]::runtime::context::runtime::enter_runtime::<<tokio[ad847fae3ff029c7]::runtime::scheduler::current_thread::CurrentThread>::block_on<core[a373ad73a504971]::pin::Pin<&mut dyn core[a373ad73a504971]::future::future::Future<Output = ()>>>::{closure#0}, ()>
[INFO] [stdout]   17:     0x57d6bb7d7f45 - <tokio[ad847fae3ff029c7]::runtime::runtime::Runtime>::block_on::<core[a373ad73a504971]::pin::Pin<&mut dyn core[a373ad73a504971]::future::future::Future<Output = ()>>>
[INFO] [stdout]   18:     0x57d6bb7bba5e - <rshs[bf3162590168338b]::handlers::http::tests::test_get_dir_listing_sizes::{closure#0} as core[a373ad73a504971]::ops::function::FnOnce<()>>::call_once
[INFO] [stdout]   19:     0x57d6bb7ef55b - test[aada8e7e76ba119b]::__rust_begin_short_backtrace::<core[a373ad73a504971]::result::Result<(), alloc[2e1b2a31b91974c5]::string::String>, fn() -> core[a373ad73a504971]::result::Result<(), alloc[2e1b2a31b91974c5]::string::String>>
[INFO] [stdout]   20:     0x57d6bb7fc735 - test[aada8e7e76ba119b]::run_test::{closure#0}
[INFO] [stdout]   21:     0x57d6bb7f6024 - std[617be2ca0a6fd877]::sys::backtrace::__rust_begin_short_backtrace::<test[aada8e7e76ba119b]::run_test::{closure#1}, ()>
[INFO] [stdout]   22:     0x57d6bb7ff7c2 - <std[617be2ca0a6fd877]::thread::lifecycle::spawn_unchecked<test[aada8e7e76ba119b]::run_test::{closure#1}, ()>::{closure#1} as core[a373ad73a504971]::ops::function::FnOnce<()>>::call_once::{shim:vtable#0}
[INFO] [stdout]   23:     0x57d6bb8c0f8f - <std[617be2ca0a6fd877]::sys::thread::unix::Thread>::new::thread_start
[INFO] [stdout]   24:     0x7149064dedfa - <unknown>
[INFO] [stdout]   25:     0x7149065723d4 - clone
[INFO] [stdout]   26:                0x0 - <unknown>
[INFO] [stdout] 
[INFO] [stdout] ---- handlers::webdav::tests::test_propfind_depth_infinity stdout ----
[INFO] [stdout] 
[INFO] [stdout] thread 'handlers::webdav::tests::test_propfind_depth_infinity' (1853) panicked at src/handlers/webdav.rs:422:9:
[INFO] [stdout] assertion `left == right` failed
[INFO] [stdout]   left: 1
[INFO] [stdout]  right: 4
[INFO] [stdout] stack backtrace:
[INFO] [stdout]    0:     0x57d6bb8c1d61 - <<std[617be2ca0a6fd877]::sys::backtrace::BacktraceLock>::print::DisplayBacktrace as core[a373ad73a504971]::fmt::Display>::fmt
[INFO] [stdout]    1:     0x57d6bb8d774a - core[a373ad73a504971]::fmt::write
[INFO] [stdout]    2:     0x57d6bb8c651c - <alloc[2e1b2a31b91974c5]::vec::Vec<u8> as core[a373ad73a504971]::io::write::Write>::write_fmt
[INFO] [stdout]    3:     0x57d6bb89a536 - std[617be2ca0a6fd877]::panicking::default_hook::{closure#0}
[INFO] [stdout]    4:     0x57d6bb8b81e9 - std[617be2ca0a6fd877]::panicking::default_hook
[INFO] [stdout]    5:     0x57d6bb7fc110 - test[aada8e7e76ba119b]::test_main_inner::{closure#0}
[INFO] [stdout]    6:     0x57d6bb8b83a2 - std[617be2ca0a6fd877]::panicking::panic_with_hook
[INFO] [stdout]    7:     0x57d6bb89a5e2 - std[617be2ca0a6fd877]::panicking::panic_handler::{closure#0}
[INFO] [stdout]    8:     0x57d6bb892eb9 - std[617be2ca0a6fd877]::sys::backtrace::__rust_end_short_backtrace::<std[617be2ca0a6fd877]::panicking::panic_handler::{closure#0}, !>
[INFO] [stdout]    9:     0x57d6bb89b48d - __rustc[ea4f61d10b84890b]::rust_begin_unwind
[INFO] [stdout]   10:     0x57d6bb8d7eac - core[a373ad73a504971]::panicking::panic_fmt
[INFO] [stdout]   11:     0x57d6bb8d7dc3 - core[a373ad73a504971]::panicking::assert_failed_inner
[INFO] [stdout]   12:     0x57d6bb8d3a48 - core[a373ad73a504971]::panicking::assert_failed::<usize, usize>
[INFO] [stdout]   13:     0x57d6bb778467 - rshs[bf3162590168338b]::handlers::webdav::tests::test_propfind_depth_infinity::{closure#0}
[INFO] [stdout]   14:     0x57d6bb7d8063 - <tokio[ad847fae3ff029c7]::runtime::scheduler::current_thread::Context>::enter::<core[a373ad73a504971]::task::poll::Poll<()>, <tokio[ad847fae3ff029c7]::runtime::scheduler::current_thread::CoreGuard>::block_on<core[a373ad73a504971]::pin::Pin<&mut core[a373ad73a504971]::pin::Pin<&mut dyn core[a373ad73a504971]::future::future::Future<Output = ()>>>>::{closure#0}::{closure#0}>
[INFO] [stdout]   15:     0x57d6bb761dc9 - <std[617be2ca0a6fd877]::thread::local::LocalKey<tokio[ad847fae3ff029c7]::runtime::context::Context>>::with::<tokio[ad847fae3ff029c7]::runtime::context::set_scheduler<(alloc[2e1b2a31b91974c5]::boxed::Box<tokio[ad847fae3ff029c7]::runtime::scheduler::current_thread::Core>, core[a373ad73a504971]::option::Option<()>), <tokio[ad847fae3ff029c7]::runtime::scheduler::current_thread::CoreGuard>::enter<<tokio[ad847fae3ff029c7]::runtime::scheduler::current_thread::CoreGuard>::block_on<core[a373ad73a504971]::pin::Pin<&mut core[a373ad73a504971]::pin::Pin<&mut dyn core[a373ad73a504971]::future::future::Future<Output = ()>>>>::{closure#0}, core[a373ad73a504971]::option::Option<()>>::{closure#0}>::{closure#0}, (alloc[2e1b2a31b91974c5]::boxed::Box<tokio[ad847fae3ff029c7]::runtime::scheduler::current_thread::Core>, core[a373ad73a504971]::option::Option<()>)>
[INFO] [stdout]   16:     0x57d6bb7d9197 - <tokio[ad847fae3ff029c7]::runtime::scheduler::current_thread::CoreGuard>::block_on::<core[a373ad73a504971]::pin::Pin<&mut core[a373ad73a504971]::pin::Pin<&mut dyn core[a373ad73a504971]::future::future::Future<Output = ()>>>>
[INFO] [stdout]   17:     0x57d6bb76398b - tokio[ad847fae3ff029c7]::runtime::context::runtime::enter_runtime::<<tokio[ad847fae3ff029c7]::runtime::scheduler::current_thread::CurrentThread>::block_on<core[a373ad73a504971]::pin::Pin<&mut dyn core[a373ad73a504971]::future::future::Future<Output = ()>>>::{closure#0}, ()>
[INFO] [stdout]   18:     0x57d6bb7d7f45 - <tokio[ad847fae3ff029c7]::runtime::runtime::Runtime>::block_on::<core[a373ad73a504971]::pin::Pin<&mut dyn core[a373ad73a504971]::future::future::Future<Output = ()>>>
[INFO] [stdout]   19:     0x57d6bb78313e - <rshs[bf3162590168338b]::handlers::webdav::tests::test_propfind_depth_infinity::{closure#0} as core[a373ad73a504971]::ops::function::FnOnce<()>>::call_once
[INFO] [stdout]   20:     0x57d6bb7ef55b - test[aada8e7e76ba119b]::__rust_begin_short_backtrace::<core[a373ad73a504971]::result::Result<(), alloc[2e1b2a31b91974c5]::string::String>, fn() -> core[a373ad73a504971]::result::Result<(), alloc[2e1b2a31b91974c5]::string::String>>
[INFO] [stdout]   21:     0x57d6bb7fc735 - test[aada8e7e76ba119b]::run_test::{closure#0}
[INFO] [stdout]   22:     0x57d6bb7f6024 - std[617be2ca0a6fd877]::sys::backtrace::__rust_begin_short_backtrace::<test[aada8e7e76ba119b]::run_test::{closure#1}, ()>
[INFO] [stdout]   23:     0x57d6bb7ff7c2 - <std[617be2ca0a6fd877]::thread::lifecycle::spawn_unchecked<test[aada8e7e76ba119b]::run_test::{closure#1}, ()>::{closure#1} as core[a373ad73a504971]::ops::function::FnOnce<()>>::call_once::{shim:vtable#0}
[INFO] [stdout]   24:     0x57d6bb8c0f8f - <std[617be2ca0a6fd877]::sys::thread::unix::Thread>::new::thread_start
[INFO] [stdout]   25:     0x7149064dedfa - <unknown>
[INFO] [stdout]   26:     0x7149065723d4 - clone
[INFO] [stdout]   27:                0x0 - <unknown>
[INFO] [stdout] 
[INFO] [stdout] ---- handlers::webdav::tests::test_propfind_href_encoding stdout ----
[INFO] [stdout] 
[INFO] [stdout] thread 'handlers::webdav::tests::test_propfind_href_encoding' (1857) panicked at src/handlers/webdav.rs:494:9:
[INFO] [stdout] assertion failed: text.contains("file%20name.txt")
[INFO] [stdout] stack backtrace:
[INFO] [stdout]    0:     0x57d6bb8c1d61 - <<std[617be2ca0a6fd877]::sys::backtrace::BacktraceLock>::print::DisplayBacktrace as core[a373ad73a504971]::fmt::Display>::fmt
[INFO] [stdout]    1:     0x57d6bb8d774a - core[a373ad73a504971]::fmt::write
[INFO] [stdout]    2:     0x57d6bb8c651c - <alloc[2e1b2a31b91974c5]::vec::Vec<u8> as core[a373ad73a504971]::io::write::Write>::write_fmt
[INFO] [stdout]    3:     0x57d6bb89a536 - std[617be2ca0a6fd877]::panicking::default_hook::{closure#0}
[INFO] [stdout]    4:     0x57d6bb8b81e9 - std[617be2ca0a6fd877]::panicking::default_hook
[INFO] [stdout]    5:     0x57d6bb7fc110 - test[aada8e7e76ba119b]::test_main_inner::{closure#0}
[INFO] [stdout]    6:     0x57d6bb8b83a2 - std[617be2ca0a6fd877]::panicking::panic_with_hook
[INFO] [stdout]    7:     0x57d6bb89a614 - std[617be2ca0a6fd877]::panicking::panic_handler::{closure#0}
[INFO] [stdout]    8:     0x57d6bb892eb9 - std[617be2ca0a6fd877]::sys::backtrace::__rust_end_short_backtrace::<std[617be2ca0a6fd877]::panicking::panic_handler::{closure#0}, !>
[INFO] [stdout]    9:     0x57d6bb89b48d - __rustc[ea4f61d10b84890b]::rust_begin_unwind
[INFO] [stdout]   10:     0x57d6bb8d7eac - core[a373ad73a504971]::panicking::panic_fmt
[INFO] [stdout]   11:     0x57d6bb8d7e72 - core[a373ad73a504971]::panicking::panic
[INFO] [stdout]   12:     0x57d6bb777ab2 - rshs[bf3162590168338b]::handlers::webdav::tests::test_propfind_href_encoding::{closure#0}
[INFO] [stdout]   13:     0x57d6bb7d8063 - <tokio[ad847fae3ff029c7]::runtime::scheduler::current_thread::Context>::enter::<core[a373ad73a504971]::task::poll::Poll<()>, <tokio[ad847fae3ff029c7]::runtime::scheduler::current_thread::CoreGuard>::block_on<core[a373ad73a504971]::pin::Pin<&mut core[a373ad73a504971]::pin::Pin<&mut dyn core[a373ad73a504971]::future::future::Future<Output = ()>>>>::{closure#0}::{closure#0}>
[INFO] [stdout]   14:     0x57d6bb761dc9 - <std[617be2ca0a6fd877]::thread::local::LocalKey<tokio[ad847fae3ff029c7]::runtime::context::Context>>::with::<tokio[ad847fae3ff029c7]::runtime::context::set_scheduler<(alloc[2e1b2a31b91974c5]::boxed::Box<tokio[ad847fae3ff029c7]::runtime::scheduler::current_thread::Core>, core[a373ad73a504971]::option::Option<()>), <tokio[ad847fae3ff029c7]::runtime::scheduler::current_thread::CoreGuard>::enter<<tokio[ad847fae3ff029c7]::runtime::scheduler::current_thread::CoreGuard>::block_on<core[a373ad73a504971]::pin::Pin<&mut core[a373ad73a504971]::pin::Pin<&mut dyn core[a373ad73a504971]::future::future::Future<Output = ()>>>>::{closure#0}, core[a373ad73a504971]::option::Option<()>>::{closure#0}>::{closure#0}, (alloc[2e1b2a31b91974c5]::boxed::Box<tokio[ad847fae3ff029c7]::runtime::scheduler::current_thread::Core>, core[a373ad73a504971]::option::Option<()>)>
[INFO] [stdout]   15:     0x57d6bb7d9197 - <tokio[ad847fae3ff029c7]::runtime::scheduler::current_thread::CoreGuard>::block_on::<core[a373ad73a504971]::pin::Pin<&mut core[a373ad73a504971]::pin::Pin<&mut dyn core[a373ad73a504971]::future::future::Future<Output = ()>>>>
[INFO] [stdout]   16:     0x57d6bb76398b - tokio[ad847fae3ff029c7]::runtime::context::runtime::enter_runtime::<<tokio[ad847fae3ff029c7]::runtime::scheduler::current_thread::CurrentThread>::block_on<core[a373ad73a504971]::pin::Pin<&mut dyn core[a373ad73a504971]::future::future::Future<Output = ()>>>::{closure#0}, ()>
[INFO] [stdout]   17:     0x57d6bb7d7f45 - <tokio[ad847fae3ff029c7]::runtime::runtime::Runtime>::block_on::<core[a373ad73a504971]::pin::Pin<&mut dyn core[a373ad73a504971]::future::future::Future<Output = ()>>>
[INFO] [stdout]   18:     0x57d6bb782fde - <rshs[bf3162590168338b]::handlers::webdav::tests::test_propfind_href_encoding::{closure#0} as core[a373ad73a504971]::ops::function::FnOnce<()>>::call_once
[INFO] [stdout]   19:     0x57d6bb7ef55b - test[aada8e7e76ba119b]::__rust_begin_short_backtrace::<core[a373ad73a504971]::result::Result<(), alloc[2e1b2a31b91974c5]::string::String>, fn() -> core[a373ad73a504971]::result::Result<(), alloc[2e1b2a31b91974c5]::string::String>>
[INFO] [stdout]   20:     0x57d6bb7fc735 - test[aada8e7e76ba119b]::run_test::{closure#0}
[INFO] [stdout]   21:     0x57d6bb7f6024 - std[617be2ca0a6fd877]::sys::backtrace::__rust_begin_short_backtrace::<test[aada8e7e76ba119b]::run_test::{closure#1}, ()>
[INFO] [stdout]   22:     0x57d6bb7ff7c2 - <std[617be2ca0a6fd877]::thread::lifecycle::spawn_unchecked<test[aada8e7e76ba119b]::run_test::{closure#1}, ()>::{closure#1} as core[a373ad73a504971]::ops::function::FnOnce<()>>::call_once::{shim:vtable#0}
[INFO] [stdout]   23:     0x57d6bb8c0f8f - <std[617be2ca0a6fd877]::sys::thread::unix::Thread>::new::thread_start
[INFO] [stdout]   24:     0x7149064dedfa - <unknown>
[INFO] [stdout]   25:     0x7149065723d4 - clone
[INFO] [stdout]   26:                0x0 - <unknown>
[INFO] [stdout] 
[INFO] [stdout] ---- html::tests::test_generate_dir_listing_dirs_before_files stdout ----
[INFO] [stdout] 
[INFO] [stdout] thread 'html::tests::test_generate_dir_listing_dirs_before_files' (1871) panicked at src/html.rs:168:9:
[INFO] [stdout] assertion `left == right` failed
[INFO] [stdout]   left: 0
[INFO] [stdout]  right: 2
[INFO] [stdout] stack backtrace:
[INFO] [stdout]    0:     0x57d6bb8c1d61 - <<std[617be2ca0a6fd877]::sys::backtrace::BacktraceLock>::print::DisplayBacktrace as core[a373ad73a504971]::fmt::Display>::fmt
[INFO] [stdout]    1:     0x57d6bb8d774a - core[a373ad73a504971]::fmt::write
[INFO] [stdout]    2:     0x57d6bb8c651c - <alloc[2e1b2a31b91974c5]::vec::Vec<u8> as core[a373ad73a504971]::io::write::Write>::write_fmt
[INFO] [stdout]    3:     0x57d6bb89a536 - std[617be2ca0a6fd877]::panicking::default_hook::{closure#0}
[INFO] [stdout]    4:     0x57d6bb8b81e9 - std[617be2ca0a6fd877]::panicking::default_hook
[INFO] [stdout]    5:     0x57d6bb7fc110 - test[aada8e7e76ba119b]::test_main_inner::{closure#0}
[INFO] [stdout]    6:     0x57d6bb8b83a2 - std[617be2ca0a6fd877]::panicking::panic_with_hook
[INFO] [stdout]    7:     0x57d6bb89a5e2 - std[617be2ca0a6fd877]::panicking::panic_handler::{closure#0}
[INFO] [stdout]    8:     0x57d6bb892eb9 - std[617be2ca0a6fd877]::sys::backtrace::__rust_end_short_backtrace::<std[617be2ca0a6fd877]::panicking::panic_handler::{closure#0}, !>
[INFO] [stdout]    9:     0x57d6bb89b48d - __rustc[ea4f61d10b84890b]::rust_begin_unwind
[INFO] [stdout]   10:     0x57d6bb8d7eac - core[a373ad73a504971]::panicking::panic_fmt
[INFO] [stdout]   11:     0x57d6bb8d7dc3 - core[a373ad73a504971]::panicking::assert_failed_inner
[INFO] [stdout]   12:     0x57d6bb8d3a48 - core[a373ad73a504971]::panicking::assert_failed::<usize, usize>
[INFO] [stdout]   13:     0x57d6bb741fda - rshs[bf3162590168338b]::html::tests::test_generate_dir_listing_dirs_before_files::{closure#0}
[INFO] [stdout]   14:     0x57d6bb7d8063 - <tokio[ad847fae3ff029c7]::runtime::scheduler::current_thread::Context>::enter::<core[a373ad73a504971]::task::poll::Poll<()>, <tokio[ad847fae3ff029c7]::runtime::scheduler::current_thread::CoreGuard>::block_on<core[a373ad73a504971]::pin::Pin<&mut core[a373ad73a504971]::pin::Pin<&mut dyn core[a373ad73a504971]::future::future::Future<Output = ()>>>>::{closure#0}::{closure#0}>
[INFO] [stdout]   15:     0x57d6bb761dc9 - <std[617be2ca0a6fd877]::thread::local::LocalKey<tokio[ad847fae3ff029c7]::runtime::context::Context>>::with::<tokio[ad847fae3ff029c7]::runtime::context::set_scheduler<(alloc[2e1b2a31b91974c5]::boxed::Box<tokio[ad847fae3ff029c7]::runtime::scheduler::current_thread::Core>, core[a373ad73a504971]::option::Option<()>), <tokio[ad847fae3ff029c7]::runtime::scheduler::current_thread::CoreGuard>::enter<<tokio[ad847fae3ff029c7]::runtime::scheduler::current_thread::CoreGuard>::block_on<core[a373ad73a504971]::pin::Pin<&mut core[a373ad73a504971]::pin::Pin<&mut dyn core[a373ad73a504971]::future::future::Future<Output = ()>>>>::{closure#0}, core[a373ad73a504971]::option::Option<()>>::{closure#0}>::{closure#0}, (alloc[2e1b2a31b91974c5]::boxed::Box<tokio[ad847fae3ff029c7]::runtime::scheduler::current_thread::Core>, core[a373ad73a504971]::option::Option<()>)>
[INFO] [stdout]   16:     0x57d6bb7d9197 - <tokio[ad847fae3ff029c7]::runtime::scheduler::current_thread::CoreGuard>::block_on::<core[a373ad73a504971]::pin::Pin<&mut core[a373ad73a504971]::pin::Pin<&mut dyn core[a373ad73a504971]::future::future::Future<Output = ()>>>>
[INFO] [stdout]   17:     0x57d6bb76398b - tokio[ad847fae3ff029c7]::runtime::context::runtime::enter_runtime::<<tokio[ad847fae3ff029c7]::runtime::scheduler::current_thread::CurrentThread>::block_on<core[a373ad73a504971]::pin::Pin<&mut dyn core[a373ad73a504971]::future::future::Future<Output = ()>>>::{closure#0}, ()>
[INFO] [stdout]   18:     0x57d6bb7d7f45 - <tokio[ad847fae3ff029c7]::runtime::runtime::Runtime>::block_on::<core[a373ad73a504971]::pin::Pin<&mut dyn core[a373ad73a504971]::future::future::Future<Output = ()>>>
[INFO] [stdout]   19:     0x57d6bb74d35e - <rshs[bf3162590168338b]::html::tests::test_generate_dir_listing_dirs_before_files::{closure#0} as core[a373ad73a504971]::ops::function::FnOnce<()>>::call_once
[INFO] [stdout]   20:     0x57d6bb7ef55b - test[aada8e7e76ba119b]::__rust_begin_short_backtrace::<core[a373ad73a504971]::result::Result<(), alloc[2e1b2a31b91974c5]::string::String>, fn() -> core[a373ad73a504971]::result::Result<(), alloc[2e1b2a31b91974c5]::string::String>>
[INFO] [stdout]   21:     0x57d6bb7fc735 - test[aada8e7e76ba119b]::run_test::{closure#0}
[INFO] [stdout]   22:     0x57d6bb7f6024 - std[617be2ca0a6fd877]::sys::backtrace::__rust_begin_short_backtrace::<test[aada8e7e76ba119b]::run_test::{closure#1}, ()>
[INFO] [stdout]   23:     0x57d6bb7ff7c2 - <std[617be2ca0a6fd877]::thread::lifecycle::spawn_unchecked<test[aada8e7e76ba119b]::run_test::{closure#1}, ()>::{closure#1} as core[a373ad73a504971]::ops::function::FnOnce<()>>::call_once::{shim:vtable#0}
[INFO] [stdout]   24:     0x57d6bb8c0f8f - <std[617be2ca0a6fd877]::sys::thread::unix::Thread>::new::thread_start
[INFO] [stdout]   25:     0x7149064dedfa - <unknown>
[INFO] [stdout]   26:     0x7149065723d4 - clone
[INFO] [stdout]   27:                0x0 - <unknown>
[INFO] [stdout] 
[INFO] [stdout] ---- html::tests::test_generate_dir_listing_structure stdout ----
[INFO] [stdout] 
[INFO] [stdout] thread 'html::tests::test_generate_dir_listing_structure' (1875) panicked at src/html.rs:128:9:
[INFO] [stdout] assertion failed: html.contains("<title>Index of /</title>")
[INFO] [stdout] stack backtrace:
[INFO] [stdout]    0:     0x57d6bb8c1d61 - <<std[617be2ca0a6fd877]::sys::backtrace::BacktraceLock>::print::DisplayBacktrace as core[a373ad73a504971]::fmt::Display>::fmt
[INFO] [stdout]    1:     0x57d6bb8d774a - core[a373ad73a504971]::fmt::write
[INFO] [stdout]    2:     0x57d6bb8c651c - <alloc[2e1b2a31b91974c5]::vec::Vec<u8> as core[a373ad73a504971]::io::write::Write>::write_fmt
[INFO] [stdout]    3:     0x57d6bb89a536 - std[617be2ca0a6fd877]::panicking::default_hook::{closure#0}
[INFO] [stdout]    4:     0x57d6bb8b81e9 - std[617be2ca0a6fd877]::panicking::default_hook
[INFO] [stdout]    5:     0x57d6bb7fc110 - test[aada8e7e76ba119b]::test_main_inner::{closure#0}
[INFO] [stdout]    6:     0x57d6bb8b83a2 - std[617be2ca0a6fd877]::panicking::panic_with_hook
[INFO] [stdout]    7:     0x57d6bb89a614 - std[617be2ca0a6fd877]::panicking::panic_handler::{closure#0}
[INFO] [stdout]    8:     0x57d6bb892eb9 - std[617be2ca0a6fd877]::sys::backtrace::__rust_end_short_backtrace::<std[617be2ca0a6fd877]::panicking::panic_handler::{closure#0}, !>
[INFO] [stdout]    9:     0x57d6bb89b48d - __rustc[ea4f61d10b84890b]::rust_begin_unwind
[INFO] [stdout]   10:     0x57d6bb8d7eac - core[a373ad73a504971]::panicking::panic_fmt
[INFO] [stdout]   11:     0x57d6bb8d7e72 - core[a373ad73a504971]::panicking::panic
[INFO] [stdout]   12:     0x57d6bb741a5a - rshs[bf3162590168338b]::html::tests::test_generate_dir_listing_structure::{closure#0}
[INFO] [stdout]   13:     0x57d6bb7d8063 - <tokio[ad847fae3ff029c7]::runtime::scheduler::current_thread::Context>::enter::<core[a373ad73a504971]::task::poll::Poll<()>, <tokio[ad847fae3ff029c7]::runtime::scheduler::current_thread::CoreGuard>::block_on<core[a373ad73a504971]::pin::Pin<&mut core[a373ad73a504971]::pin::Pin<&mut dyn core[a373ad73a504971]::future::future::Future<Output = ()>>>>::{closure#0}::{closure#0}>
[INFO] [stdout]   14:     0x57d6bb761dc9 - <std[617be2ca0a6fd877]::thread::local::LocalKey<tokio[ad847fae3ff029c7]::runtime::context::Context>>::with::<tokio[ad847fae3ff029c7]::runtime::context::set_scheduler<(alloc[2e1b2a31b91974c5]::boxed::Box<tokio[ad847fae3ff029c7]::runtime::scheduler::current_thread::Core>, core[a373ad73a504971]::option::Option<()>), <tokio[ad847fae3ff029c7]::runtime::scheduler::current_thread::CoreGuard>::enter<<tokio[ad847fae3ff029c7]::runtime::scheduler::current_thread::CoreGuard>::block_on<core[a373ad73a504971]::pin::Pin<&mut core[a373ad73a504971]::pin::Pin<&mut dyn core[a373ad73a504971]::future::future::Future<Output = ()>>>>::{closure#0}, core[a373ad73a504971]::option::Option<()>>::{closure#0}>::{closure#0}, (alloc[2e1b2a31b91974c5]::boxed::Box<tokio[ad847fae3ff029c7]::runtime::scheduler::current_thread::Core>, core[a373ad73a504971]::option::Option<()>)>
[INFO] [stdout]   15:     0x57d6bb7d9197 - <tokio[ad847fae3ff029c7]::runtime::scheduler::current_thread::CoreGuard>::block_on::<core[a373ad73a504971]::pin::Pin<&mut core[a373ad73a504971]::pin::Pin<&mut dyn core[a373ad73a504971]::future::future::Future<Output = ()>>>>
[INFO] [stdout]   16:     0x57d6bb76398b - tokio[ad847fae3ff029c7]::runtime::context::runtime::enter_runtime::<<tokio[ad847fae3ff029c7]::runtime::scheduler::current_thread::CurrentThread>::block_on<core[a373ad73a504971]::pin::Pin<&mut dyn core[a373ad73a504971]::future::future::Future<Output = ()>>>::{closure#0}, ()>
[INFO] [stdout]   17:     0x57d6bb7d7f45 - <tokio[ad847fae3ff029c7]::runtime::runtime::Runtime>::block_on::<core[a373ad73a504971]::pin::Pin<&mut dyn core[a373ad73a504971]::future::future::Future<Output = ()>>>
[INFO] [stdout]   18:     0x57d6bb74d1fe - <rshs[bf3162590168338b]::html::tests::test_generate_dir_listing_structure::{closure#0} as core[a373ad73a504971]::ops::function::FnOnce<()>>::call_once
[INFO] [stdout]   19:     0x57d6bb7ef55b - test[aada8e7e76ba119b]::__rust_begin_short_backtrace::<core[a373ad73a504971]::result::Result<(), alloc[2e1b2a31b91974c5]::string::String>, fn() -> core[a373ad73a504971]::result::Result<(), alloc[2e1b2a31b91974c5]::string::String>>
[INFO] [stdout]   20:     0x57d6bb7fc735 - test[aada8e7e76ba119b]::run_test::{closure#0}
[INFO] [stdout]   21:     0x57d6bb7f6024 - std[617be2ca0a6fd877]::sys::backtrace::__rust_begin_short_backtrace::<test[aada8e7e76ba119b]::run_test::{closure#1}, ()>
[INFO] [stdout]   22:     0x57d6bb7ff7c2 - <std[617be2ca0a6fd877]::thread::lifecycle::spawn_unchecked<test[aada8e7e76ba119b]::run_test::{closure#1}, ()>::{closure#1} as core[a373ad73a504971]::ops::function::FnOnce<()>>::call_once::{shim:vtable#0}
[INFO] [stdout]   23:     0x57d6bb8c0f8f - <std[617be2ca0a6fd877]::sys::thread::unix::Thread>::new::thread_start
[INFO] [stdout]   24:     0x7149064dedfa - <unknown>
[INFO] [stdout]   25:     0x7149065723d4 - clone
[INFO] [stdout]   26:                0x0 - <unknown>
[INFO] [stdout] 
[INFO] [stdout] ---- html::tests::test_generate_dir_listing_subdir_has_parent_link stdout ----
[INFO] [stdout] 
[INFO] [stdout] thread 'html::tests::test_generate_dir_listing_subdir_has_parent_link' (1879) panicked at src/html.rs:142:9:
[INFO] [stdout] assertion failed: html.contains("Index of /sub/")
[INFO] [stdout] stack backtrace:
[INFO] [stdout]    0:     0x57d6bb8c1d61 - <<std[617be2ca0a6fd877]::sys::backtrace::BacktraceLock>::print::DisplayBacktrace as core[a373ad73a504971]::fmt::Display>::fmt
[INFO] [stdout]    1:     0x57d6bb8d774a - core[a373ad73a504971]::fmt::write
[INFO] [stdout]    2:     0x57d6bb8c651c - <alloc[2e1b2a31b91974c5]::vec::Vec<u8> as core[a373ad73a504971]::io::write::Write>::write_fmt
[INFO] [stdout]    3:     0x57d6bb89a536 - std[617be2ca0a6fd877]::panicking::default_hook::{closure#0}
[INFO] [stdout]    4:     0x57d6bb8b81e9 - std[617be2ca0a6fd877]::panicking::default_hook
[INFO] [stdout]    5:     0x57d6bb7fc110 - test[aada8e7e76ba119b]::test_main_inner::{closure#0}
[INFO] [stdout]    6:     0x57d6bb8b83a2 - std[617be2ca0a6fd877]::panicking::panic_with_hook
[INFO] [stdout]    7:     0x57d6bb89a614 - std[617be2ca0a6fd877]::panicking::panic_handler::{closure#0}
[INFO] [stdout]    8:     0x57d6bb892eb9 - std[617be2ca0a6fd877]::sys::backtrace::__rust_end_short_backtrace::<std[617be2ca0a6fd877]::panicking::panic_handler::{closure#0}, !>
[INFO] [stdout]    9:     0x57d6bb89b48d - __rustc[ea4f61d10b84890b]::rust_begin_unwind
[INFO] [stdout]   10:     0x57d6bb8d7eac - core[a373ad73a504971]::panicking::panic_fmt
[INFO] [stdout]   11:     0x57d6bb8d7e72 - core[a373ad73a504971]::panicking::panic
[INFO] [stdout]   12:     0x57d6bb742498 - rshs[bf3162590168338b]::html::tests::test_generate_dir_listing_subdir_has_parent_link::{closure#0}
[INFO] [stdout]   13:     0x57d6bb7d8063 - <tokio[ad847fae3ff029c7]::runtime::scheduler::current_thread::Context>::enter::<core[a373ad73a504971]::task::poll::Poll<()>, <tokio[ad847fae3ff029c7]::runtime::scheduler::current_thread::CoreGuard>::block_on<core[a373ad73a504971]::pin::Pin<&mut core[a373ad73a504971]::pin::Pin<&mut dyn core[a373ad73a504971]::future::future::Future<Output = ()>>>>::{closure#0}::{closure#0}>
[INFO] [stdout]   14:     0x57d6bb761dc9 - <std[617be2ca0a6fd877]::thread::local::LocalKey<tokio[ad847fae3ff029c7]::runtime::context::Context>>::with::<tokio[ad847fae3ff029c7]::runtime::context::set_scheduler<(alloc[2e1b2a31b91974c5]::boxed::Box<tokio[ad847fae3ff029c7]::runtime::scheduler::current_thread::Core>, core[a373ad73a504971]::option::Option<()>), <tokio[ad847fae3ff029c7]::runtime::scheduler::current_thread::CoreGuard>::enter<<tokio[ad847fae3ff029c7]::runtime::scheduler::current_thread::CoreGuard>::block_on<core[a373ad73a504971]::pin::Pin<&mut core[a373ad73a504971]::pin::Pin<&mut dyn core[a373ad73a504971]::future::future::Future<Output = ()>>>>::{closure#0}, core[a373ad73a504971]::option::Option<()>>::{closure#0}>::{closure#0}, (alloc[2e1b2a31b91974c5]::boxed::Box<tokio[ad847fae3ff029c7]::runtime::scheduler::current_thread::Core>, core[a373ad73a504971]::option::Option<()>)>
[INFO] [stdout]   15:     0x57d6bb7d9197 - <tokio[ad847fae3ff029c7]::runtime::scheduler::current_thread::CoreGuard>::block_on::<core[a373ad73a504971]::pin::Pin<&mut core[a373ad73a504971]::pin::Pin<&mut dyn core[a373ad73a504971]::future::future::Future<Output = ()>>>>
[INFO] [stdout]   16:     0x57d6bb76398b - tokio[ad847fae3ff029c7]::runtime::context::runtime::enter_runtime::<<tokio[ad847fae3ff029c7]::runtime::scheduler::current_thread::CurrentThread>::block_on<core[a373ad73a504971]::pin::Pin<&mut dyn core[a373ad73a504971]::future::future::Future<Output = ()>>>::{closure#0}, ()>
[INFO] [stdout]   17:     0x57d6bb7d7f45 - <tokio[ad847fae3ff029c7]::runtime::runtime::Runtime>::block_on::<core[a373ad73a504971]::pin::Pin<&mut dyn core[a373ad73a504971]::future::future::Future<Output = ()>>>
[INFO] [stdout]   18:     0x57d6bb74d4be - <rshs[bf3162590168338b]::html::tests::test_generate_dir_listing_subdir_has_parent_link::{closure#0} as core[a373ad73a504971]::ops::function::FnOnce<()>>::call_once
[INFO] [stdout]   19:     0x57d6bb7ef55b - test[aada8e7e76ba119b]::__rust_begin_short_backtrace::<core[a373ad73a504971]::result::Result<(), alloc[2e1b2a31b91974c5]::string::String>, fn() -> core[a373ad73a504971]::result::Result<(), alloc[2e1b2a31b91974c5]::string::String>>
[INFO] [stdout]   20:     0x57d6bb7fc735 - test[aada8e7e76ba119b]::run_test::{closure#0}
[INFO] [stdout]   21:     0x57d6bb7f6024 - std[617be2ca0a6fd877]::sys::backtrace::__rust_begin_short_backtrace::<test[aada8e7e76ba119b]::run_test::{closure#1}, ()>
[INFO] [stdout]   22:     0x57d6bb7ff7c2 - <std[617be2ca0a6fd877]::thread::lifecycle::spawn_unchecked<test[aada8e7e76ba119b]::run_test::{closure#1}, ()>::{closure#1} as core[a373ad73a504971]::ops::function::FnOnce<()>>::call_once::{shim:vtable#0}
[INFO] [stdout]   23:     0x57d6bb8c0f8f - <std[617be2ca0a6fd877]::sys::thread::unix::Thread>::new::thread_start
[INFO] [stdout]   24:     0x7149064dedfa - <unknown>
[INFO] [stdout]   25:     0x7149065723d4 - clone
[INFO] [stdout]   26:                0x0 - <unknown>
[INFO] [stdout] 
[INFO] [stdout] ---- scandir::tests::linux_tests::batch_statx_single_entry stdout ----
[INFO] [stdout] 
[INFO] [stdout] thread 'scandir::tests::linux_tests::batch_statx_single_entry' (1902) panicked at src/scandir.rs:437:63:
[INFO] [stdout] called `Result::unwrap()` on an `Err` value: Os { code: 1, kind: PermissionDenied, message: "Operation not permitted" }
[INFO] [stdout] stack backtrace:
[INFO] [stdout]    0:     0x57d6bb8c1d61 - <<std[617be2ca0a6fd877]::sys::backtrace::BacktraceLock>::print::DisplayBacktrace as core[a373ad73a504971]::fmt::Display>::fmt
[INFO] [stdout]    1:     0x57d6bb8d774a - core[a373ad73a504971]::fmt::write
[INFO] [stdout]    2:     0x57d6bb8c651c - <alloc[2e1b2a31b91974c5]::vec::Vec<u8> as core[a373ad73a504971]::io::write::Write>::write_fmt
[INFO] [stdout]    3:     0x57d6bb89a536 - std[617be2ca0a6fd877]::panicking::default_hook::{closure#0}
[INFO] [stdout]    4:     0x57d6bb8b81e9 - std[617be2ca0a6fd877]::panicking::default_hook
[INFO] [stdout]    5:     0x57d6bb7fc110 - test[aada8e7e76ba119b]::test_main_inner::{closure#0}
[INFO] [stdout]    6:     0x57d6bb8b83a2 - std[617be2ca0a6fd877]::panicking::panic_with_hook
[INFO] [stdout]    7:     0x57d6bb89a5e2 - std[617be2ca0a6fd877]::panicking::panic_handler::{closure#0}
[INFO] [stdout]    8:     0x57d6bb892eb9 - std[617be2ca0a6fd877]::sys::backtrace::__rust_end_short_backtrace::<std[617be2ca0a6fd877]::panicking::panic_handler::{closure#0}, !>
[INFO] [stdout]    9:     0x57d6bb89b48d - __rustc[ea4f61d10b84890b]::rust_begin_unwind
[INFO] [stdout]   10:     0x57d6bb8d7eac - core[a373ad73a504971]::panicking::panic_fmt
[INFO] [stdout]   11:     0x57d6bb8d7c82 - core[a373ad73a504971]::result::unwrap_failed
[INFO] [stdout]   12:     0x57d6bb79ba37 - <rshs[bf3162590168338b]::scandir::tests::linux_tests::batch_statx_single_entry::{closure#0} as core[a373ad73a504971]::ops::function::FnOnce<()>>::call_once
[INFO] [stdout]   13:     0x57d6bb7ef55b - test[aada8e7e76ba119b]::__rust_begin_short_backtrace::<core[a373ad73a504971]::result::Result<(), alloc[2e1b2a31b91974c5]::string::String>, fn() -> core[a373ad73a504971]::result::Result<(), alloc[2e1b2a31b91974c5]::string::String>>
[INFO] [stdout]   14:     0x57d6bb7fc735 - test[aada8e7e76ba119b]::run_test::{closure#0}
[INFO] [stdout]   15:     0x57d6bb7f6024 - std[617be2ca0a6fd877]::sys::backtrace::__rust_begin_short_backtrace::<test[aada8e7e76ba119b]::run_test::{closure#1}, ()>
[INFO] [stdout]   16:     0x57d6bb7ff7c2 - <std[617be2ca0a6fd877]::thread::lifecycle::spawn_unchecked<test[aada8e7e76ba119b]::run_test::{closure#1}, ()>::{closure#1} as core[a373ad73a504971]::ops::function::FnOnce<()>>::call_once::{shim:vtable#0}
[INFO] [stdout]   17:     0x57d6bb8c0f8f - <std[617be2ca0a6fd877]::sys::thread::unix::Thread>::new::thread_start
[INFO] [stdout]   18:     0x7149064dedfa - <unknown>
[INFO] [stdout]   19:     0x7149065723d4 - clone
[INFO] [stdout]   20:                0x0 - <unknown>
[INFO] [stdout] 
[INFO] [stdout] ---- scandir::tests::linux_tests::batch_statx_missing_entry_returns_none stdout ----
[INFO] [stdout] 
[INFO] [stdout] thread 'scandir::tests::linux_tests::batch_statx_missing_entry_returns_none' (1896) panicked at src/scandir.rs:481:62:
[INFO] [stdout] called `Result::unwrap()` on an `Err` value: Os { code: 1, kind: PermissionDenied, message: "Operation not permitted" }
[INFO] [stdout] stack backtrace:
[INFO] [stdout]    0:     0x57d6bb8c1d61 - <<std[617be2ca0a6fd877]::sys::backtrace::BacktraceLock>::print::DisplayBacktrace as core[a373ad73a504971]::fmt::Display>::fmt
[INFO] [stdout]    1:     0x57d6bb8d774a - core[a373ad73a504971]::fmt::write
[INFO] [stdout]    2:     0x57d6bb8c651c - <alloc[2e1b2a31b91974c5]::vec::Vec<u8> as core[a373ad73a504971]::io::write::Write>::write_fmt
[INFO] [stdout]    3:     0x57d6bb89a536 - std[617be2ca0a6fd877]::panicking::default_hook::{closure#0}
[INFO] [stdout]    4:     0x57d6bb8b81e9 - std[617be2ca0a6fd877]::panicking::default_hook
[INFO] [stdout]    5:     0x57d6bb7fc110 - test[aada8e7e76ba119b]::test_main_inner::{closure#0}
[INFO] [stdout]    6:     0x57d6bb8b83a2 - std[617be2ca0a6fd877]::panicking::panic_with_hook
[INFO] [stdout]    7:     0x57d6bb89a5e2 - std[617be2ca0a6fd877]::panicking::panic_handler::{closure#0}
[INFO] [stdout]    8:     0x57d6bb892eb9 - std[617be2ca0a6fd877]::sys::backtrace::__rust_end_short_backtrace::<std[617be2ca0a6fd877]::panicking::panic_handler::{closure#0}, !>
[INFO] [stdout]    9:     0x57d6bb89b48d - __rustc[ea4f61d10b84890b]::rust_begin_unwind
[INFO] [stdout]   10:     0x57d6bb8d7eac - core[a373ad73a504971]::panicking::panic_fmt
[INFO] [stdout]   11:     0x57d6bb8d7c82 - core[a373ad73a504971]::result::unwrap_failed
[INFO] [stdout]   12:     0x57d6bb79bf75 - <rshs[bf3162590168338b]::scandir::tests::linux_tests::batch_statx_missing_entry_returns_none::{closure#0} as core[a373ad73a504971]::ops::function::FnOnce<()>>::call_once
[INFO] [stdout]   13:     0x57d6bb7ef55b - test[aada8e7e76ba119b]::__rust_begin_short_backtrace::<core[a373ad73a504971]::result::Result<(), alloc[2e1b2a31b91974c5]::string::String>, fn() -> core[a373ad73a504971]::result::Result<(), alloc[2e1b2a31b91974c5]::string::String>>
[INFO] [stdout]   14:     0x57d6bb7fc735 - test[aada8e7e76ba119b]::run_test::{closure#0}
[INFO] [stdout]   15:     0x57d6bb7f6024 - std[617be2ca0a6fd877]::sys::backtrace::__rust_begin_short_backtrace::<test[aada8e7e76ba119b]::run_test::{closure#1}, ()>
[INFO] [stdout]   16:     0x57d6bb7ff7c2 - <std[617be2ca0a6fd877]::thread::lifecycle::spawn_unchecked<test[aada8e7e76ba119b]::run_test::{closure#1}, ()>::{closure#1} as core[a373ad73a504971]::ops::function::FnOnce<()>>::call_once::{shim:vtable#0}
[INFO] [stdout]   17:     0x57d6bb8c0f8f - <std[617be2ca0a6fd877]::sys::thread::unix::Thread>::new::thread_start
[INFO] [stdout]   18:     0x7149064dedfa - <unknown>
[INFO] [stdout]   19:     0x7149065723d4 - clone
[INFO] [stdout]   20:                0x0 - <unknown>
[INFO] [stdout] 
[INFO] [stdout] ---- scandir::tests::files_and_subdirs_collected stdout ----
[INFO] [stdout] 
[INFO] [stdout] thread 'scandir::tests::files_and_subdirs_collected' (1890) panicked at src/scandir.rs:322:68:
[INFO] [stdout] called `Result::unwrap()` on an `Err` value: Os { code: 1, kind: PermissionDenied, message: "Operation not permitted" }
[INFO] [stdout] stack backtrace:
[INFO] [stdout]    0:     0x57d6bb8c1d61 - <<std[617be2ca0a6fd877]::sys::backtrace::BacktraceLock>::print::DisplayBacktrace as core[a373ad73a504971]::fmt::Display>::fmt
[INFO] [stdout]    1:     0x57d6bb8d774a - core[a373ad73a504971]::fmt::write
[INFO] [stdout]    2:     0x57d6bb8c651c - <alloc[2e1b2a31b91974c5]::vec::Vec<u8> as core[a373ad73a504971]::io::write::Write>::write_fmt
[INFO] [stdout]    3:     0x57d6bb89a536 - std[617be2ca0a6fd877]::panicking::default_hook::{closure#0}
[INFO] [stdout]    4:     0x57d6bb8b81e9 - std[617be2ca0a6fd877]::panicking::default_hook
[INFO] [stdout]    5:     0x57d6bb7fc110 - test[aada8e7e76ba119b]::test_main_inner::{closure#0}
[INFO] [stdout]    6:     0x57d6bb8b83a2 - std[617be2ca0a6fd877]::panicking::panic_with_hook
[INFO] [stdout]    7:     0x57d6bb89a5e2 - std[617be2ca0a6fd877]::panicking::panic_handler::{closure#0}
[INFO] [stdout]    8:     0x57d6bb892eb9 - std[617be2ca0a6fd877]::sys::backtrace::__rust_end_short_backtrace::<std[617be2ca0a6fd877]::panicking::panic_handler::{closure#0}, !>
[INFO] [stdout]    9:     0x57d6bb89b48d - __rustc[ea4f61d10b84890b]::rust_begin_unwind
[INFO] [stdout]   10:     0x57d6bb8d7eac - core[a373ad73a504971]::panicking::panic_fmt
[INFO] [stdout]   11:     0x57d6bb8d7c82 - core[a373ad73a504971]::result::unwrap_failed
[INFO] [stdout]   12:     0x57d6bb76e14e - rshs[bf3162590168338b]::scandir::tests::files_and_subdirs_collected::{closure#0}
[INFO] [stdout]   13:     0x57d6bb7d8063 - <tokio[ad847fae3ff029c7]::runtime::scheduler::current_thread::Context>::enter::<core[a373ad73a504971]::task::poll::Poll<()>, <tokio[ad847fae3ff029c7]::runtime::scheduler::current_thread::CoreGuard>::block_on<core[a373ad73a504971]::pin::Pin<&mut core[a373ad73a504971]::pin::Pin<&mut dyn core[a373ad73a504971]::future::future::Future<Output = ()>>>>::{closure#0}::{closure#0}>
[INFO] [stdout]   14:     0x57d6bb761dc9 - <std[617be2ca0a6fd877]::thread::local::LocalKey<tokio[ad847fae3ff029c7]::runtime::context::Context>>::with::<tokio[ad847fae3ff029c7]::runtime::context::set_scheduler<(alloc[2e1b2a31b91974c5]::boxed::Box<tokio[ad847fae3ff029c7]::runtime::scheduler::current_thread::Core>, core[a373ad73a504971]::option::Option<()>), <tokio[ad847fae3ff029c7]::runtime::scheduler::current_thread::CoreGuard>::enter<<tokio[ad847fae3ff029c7]::runtime::scheduler::current_thread::CoreGuard>::block_on<core[a373ad73a504971]::pin::Pin<&mut core[a373ad73a504971]::pin::Pin<&mut dyn core[a373ad73a504971]::future::future::Future<Output = ()>>>>::{closure#0}, core[a373ad73a504971]::option::Option<()>>::{closure#0}>::{closure#0}, (alloc[2e1b2a31b91974c5]::boxed::Box<tokio[ad847fae3ff029c7]::runtime::scheduler::current_thread::Core>, core[a373ad73a504971]::option::Option<()>)>
[INFO] [stdout]   15:     0x57d6bb7d9197 - <tokio[ad847fae3ff029c7]::runtime::scheduler::current_thread::CoreGuard>::block_on::<core[a373ad73a504971]::pin::Pin<&mut core[a373ad73a504971]::pin::Pin<&mut dyn core[a373ad73a504971]::future::future::Future<Output = ()>>>>
[INFO] [stdout]   16:     0x57d6bb76398b - tokio[ad847fae3ff029c7]::runtime::context::runtime::enter_runtime::<<tokio[ad847fae3ff029c7]::runtime::scheduler::current_thread::CurrentThread>::block_on<core[a373ad73a504971]::pin::Pin<&mut dyn core[a373ad73a504971]::future::future::Future<Output = ()>>>::{closure#0}, ()>
[INFO] [stdout]   17:     0x57d6bb7d7f45 - <tokio[ad847fae3ff029c7]::runtime::runtime::Runtime>::block_on::<core[a373ad73a504971]::pin::Pin<&mut dyn core[a373ad73a504971]::future::future::Future<Output = ()>>>
[INFO] [stdout]   18:     0x57d6bb7816ce - <rshs[bf3162590168338b]::scandir::tests::files_and_subdirs_collected::{closure#0} as core[a373ad73a504971]::ops::function::FnOnce<()>>::call_once
[INFO] [stdout]   19:     0x57d6bb7ef55b - test[aada8e7e76ba119b]::__rust_begin_short_backtrace::<core[a373ad73a504971]::result::Result<(), alloc[2e1b2a31b91974c5]::string::String>, fn() -> core[a373ad73a504971]::result::Result<(), alloc[2e1b2a31b91974c5]::string::String>>
[INFO] [stdout]   20:     0x57d6bb7fc735 - test[aada8e7e76ba119b]::run_test::{closure#0}
[INFO] [stdout]   21:     0x57d6bb7f6024 - std[617be2ca0a6fd877]::sys::backtrace::__rust_begin_short_backtrace::<test[aada8e7e76ba119b]::run_test::{closure#1}, ()>
[INFO] [stdout]   22:     0x57d6bb7ff7c2 - <std[617be2ca0a6fd877]::thread::lifecycle::spawn_unchecked<test[aada8e7e76ba119b]::run_test::{closure#1}, ()>::{closure#1} as core[a373ad73a504971]::ops::function::FnOnce<()>>::call_once::{shim:vtable#0}
[INFO] [stdout]   23:     0x57d6bb8c0f8f - <std[617be2ca0a6fd877]::sys::thread::unix::Thread>::new::thread_start
[INFO] [stdout]   24:     0x7149064dedfa - <unknown>
[INFO] [stdout]   25:     0x7149065723d4 - clone
[INFO] [stdout]   26:                0x0 - <unknown>
[INFO] [stdout] 
[INFO] [stdout] ---- scandir::tests::symlink_followed_to_target stdout ----
[INFO] [stdout] 
[INFO] [stdout] thread 'scandir::tests::symlink_followed_to_target' (1905) panicked at src/scandir.rs:399:68:
[INFO] [stdout] called `Result::unwrap()` on an `Err` value: Os { code: 1, kind: PermissionDenied, message: "Operation not permitted" }
[INFO] [stdout] stack backtrace:
[INFO] [stdout]    0:     0x57d6bb8c1d61 - <<std[617be2ca0a6fd877]::sys::backtrace::BacktraceLock>::print::DisplayBacktrace as core[a373ad73a504971]::fmt::Display>::fmt
[INFO] [stdout]    1:     0x57d6bb8d774a - core[a373ad73a504971]::fmt::write
[INFO] [stdout]    2:     0x57d6bb8c651c - <alloc[2e1b2a31b91974c5]::vec::Vec<u8> as core[a373ad73a504971]::io::write::Write>::write_fmt
[INFO] [stdout]    3:     0x57d6bb89a536 - std[617be2ca0a6fd877]::panicking::default_hook::{closure#0}
[INFO] [stdout]    4:     0x57d6bb8b81e9 - std[617be2ca0a6fd877]::panicking::default_hook
[INFO] [stdout]    5:     0x57d6bb7fc110 - test[aada8e7e76ba119b]::test_main_inner::{closure#0}
[INFO] [stdout]    6:     0x57d6bb8b83a2 - std[617be2ca0a6fd877]::panicking::panic_with_hook
[INFO] [stdout]    7:     0x57d6bb89a5e2 - std[617be2ca0a6fd877]::panicking::panic_handler::{closure#0}
[INFO] [stdout]    8:     0x57d6bb892eb9 - std[617be2ca0a6fd877]::sys::backtrace::__rust_end_short_backtrace::<std[617be2ca0a6fd877]::panicking::panic_handler::{closure#0}, !>
[INFO] [stdout]    9:     0x57d6bb89b48d - __rustc[ea4f61d10b84890b]::rust_begin_unwind
[INFO] [stdout]   10:     0x57d6bb8d7eac - core[a373ad73a504971]::panicking::panic_fmt
[INFO] [stdout]   11:     0x57d6bb8d7c82 - core[a373ad73a504971]::result::unwrap_failed
[INFO] [stdout]   12:     0x57d6bb76d880 - rshs[bf3162590168338b]::scandir::tests::symlink_followed_to_target::{closure#0}
[INFO] [stdout]   13:     0x57d6bb7d8063 - <tokio[ad847fae3ff029c7]::runtime::scheduler::current_thread::Context>::enter::<core[a373ad73a504971]::task::poll::Poll<()>, <tokio[ad847fae3ff029c7]::runtime::scheduler::current_thread::CoreGuard>::block_on<core[a373ad73a504971]::pin::Pin<&mut core[a373ad73a504971]::pin::Pin<&mut dyn core[a373ad73a504971]::future::future::Future<Output = ()>>>>::{closure#0}::{closure#0}>
[INFO] [stdout]   14:     0x57d6bb761dc9 - <std[617be2ca0a6fd877]::thread::local::LocalKey<tokio[ad847fae3ff029c7]::runtime::context::Context>>::with::<tokio[ad847fae3ff029c7]::runtime::context::set_scheduler<(alloc[2e1b2a31b91974c5]::boxed::Box<tokio[ad847fae3ff029c7]::runtime::scheduler::current_thread::Core>, core[a373ad73a504971]::option::Option<()>), <tokio[ad847fae3ff029c7]::runtime::scheduler::current_thread::CoreGuard>::enter<<tokio[ad847fae3ff029c7]::runtime::scheduler::current_thread::CoreGuard>::block_on<core[a373ad73a504971]::pin::Pin<&mut core[a373ad73a504971]::pin::Pin<&mut dyn core[a373ad73a504971]::future::future::Future<Output = ()>>>>::{closure#0}, core[a373ad73a504971]::option::Option<()>>::{closure#0}>::{closure#0}, (alloc[2e1b2a31b91974c5]::boxed::Box<tokio[ad847fae3ff029c7]::runtime::scheduler::current_thread::Core>, core[a373ad73a504971]::option::Option<()>)>
[INFO] [stdout]   15:     0x57d6bb7d9197 - <tokio[ad847fae3ff029c7]::runtime::scheduler::current_thread::CoreGuard>::block_on::<core[a373ad73a504971]::pin::Pin<&mut core[a373ad73a504971]::pin::Pin<&mut dyn core[a373ad73a504971]::future::future::Future<Output = ()>>>>
[INFO] [stdout]   16:     0x57d6bb76398b - tokio[ad847fae3ff029c7]::runtime::context::runtime::enter_runtime::<<tokio[ad847fae3ff029c7]::runtime::scheduler::current_thread::CurrentThread>::block_on<core[a373ad73a504971]::pin::Pin<&mut dyn core[a373ad73a504971]::future::future::Future<Output = ()>>>::{closure#0}, ()>
[INFO] [stdout]   17:     0x57d6bb7d7f45 - <tokio[ad847fae3ff029c7]::runtime::runtime::Runtime>::block_on::<core[a373ad73a504971]::pin::Pin<&mut dyn core[a373ad73a504971]::future::future::Future<Output = ()>>>
[INFO] [stdout]   18:     0x57d6bb78140e - <rshs[bf3162590168338b]::scandir::tests::symlink_followed_to_target::{closure#0} as core[a373ad73a504971]::ops::function::FnOnce<()>>::call_once
[INFO] [stdout]   19:     0x57d6bb7ef55b - test[aada8e7e76ba119b]::__rust_begin_short_backtrace::<core[a373ad73a504971]::result::Result<(), alloc[2e1b2a31b91974c5]::string::String>, fn() -> core[a373ad73a504971]::result::Result<(), alloc[2e1b2a31b91974c5]::string::String>>
[INFO] [stdout]   20:     0x57d6bb7fc735 - test[aada8e7e76ba119b]::run_test::{closure#0}
[INFO] [stdout]   21:     0x57d6bb7f6024 - std[617be2ca0a6fd877]::sys::backtrace::__rust_begin_short_backtrace::<test[aada8e7e76ba119b]::run_test::{closure#1}, ()>
[INFO] [stdout]   22:     0x57d6bb7ff7c2 - <std[617be2ca0a6fd877]::thread::lifecycle::spawn_unchecked<test[aada8e7e76ba119b]::run_test::{closure#1}, ()>::{closure#1} as core[a373ad73a504971]::ops::function::FnOnce<()>>::call_once::{shim:vtable#0}
[INFO] [stdout]   23:     0x57d6bb8c0f8f - <std[617be2ca0a6fd877]::sys::thread::unix::Thread>::new::thread_start
[INFO] [stdout]   24:     0x7149064dedfa - <unknown>
[INFO] [stdout]   25:     0x7149065723d4 - clone
[INFO] [stdout]   26:                0x0 - <unknown>
[INFO] [stdout] 
[INFO] [stdout] ---- scandir::tests::modified_timestamp_is_recent stdout ----
[INFO] [stdout] 
[INFO] [stdout] thread 'scandir::tests::modified_timestamp_is_recent' (1903) panicked at src/scandir.rs:347:64:
[INFO] [stdout] called `Result::unwrap()` on an `Err` value: Os { code: 1, kind: PermissionDenied, message: "Operation not permitted" }
[INFO] [stdout] stack backtrace:
[INFO] [stdout]    0:     0x57d6bb8c1d61 - <<std[617be2ca0a6fd877]::sys::backtrace::BacktraceLock>::print::DisplayBacktrace as core[a373ad73a504971]::fmt::Display>::fmt
[INFO] [stdout]    1:     0x57d6bb8d774a - core[a373ad73a504971]::fmt::write
[INFO] [stdout]    2:     0x57d6bb8c651c - <alloc[2e1b2a31b91974c5]::vec::Vec<u8> as core[a373ad73a504971]::io::write::Write>::write_fmt
[INFO] [stdout]    3:     0x57d6bb89a536 - std[617be2ca0a6fd877]::panicking::default_hook::{closure#0}
[INFO] [stdout]    4:     0x57d6bb8b81e9 - std[617be2ca0a6fd877]::panicking::default_hook
[INFO] [stdout]    5:     0x57d6bb7fc110 - test[aada8e7e76ba119b]::test_main_inner::{closure#0}
[INFO] [stdout]    6:     0x57d6bb8b83a2 - std[617be2ca0a6fd877]::panicking::panic_with_hook
[INFO] [stdout]    7:     0x57d6bb89a5e2 - std[617be2ca0a6fd877]::panicking::panic_handler::{closure#0}
[INFO] [stdout]    8:     0x57d6bb892eb9 - std[617be2ca0a6fd877]::sys::backtrace::__rust_end_short_backtrace::<std[617be2ca0a6fd877]::panicking::panic_handler::{closure#0}, !>
[INFO] [stdout]    9:     0x57d6bb89b48d - __rustc[ea4f61d10b84890b]::rust_begin_unwind
[INFO] [stdout]   10:     0x57d6bb8d7eac - core[a373ad73a504971]::panicking::panic_fmt
[INFO] [stdout]   11:     0x57d6bb8d7c82 - core[a373ad73a504971]::result::unwrap_failed
[INFO] [stdout]   12:     0x57d6bb76ef3f - rshs[bf3162590168338b]::scandir::tests::modified_timestamp_is_recent::{closure#0}
[INFO] [stdout]   13:     0x57d6bb7d8063 - <tokio[ad847fae3ff029c7]::runtime::scheduler::current_thread::Context>::enter::<core[a373ad73a504971]::task::poll::Poll<()>, <tokio[ad847fae3ff029c7]::runtime::scheduler::current_thread::CoreGuard>::block_on<core[a373ad73a504971]::pin::Pin<&mut core[a373ad73a504971]::pin::Pin<&mut dyn core[a373ad73a504971]::future::future::Future<Output = ()>>>>::{closure#0}::{closure#0}>
[INFO] [stdout]   14:     0x57d6bb761dc9 - <std[617be2ca0a6fd877]::thread::local::LocalKey<tokio[ad847fae3ff029c7]::runtime::context::Context>>::with::<tokio[ad847fae3ff029c7]::runtime::context::set_scheduler<(alloc[2e1b2a31b91974c5]::boxed::Box<tokio[ad847fae3ff029c7]::runtime::scheduler::current_thread::Core>, core[a373ad73a504971]::option::Option<()>), <tokio[ad847fae3ff029c7]::runtime::scheduler::current_thread::CoreGuard>::enter<<tokio[ad847fae3ff029c7]::runtime::scheduler::current_thread::CoreGuard>::block_on<core[a373ad73a504971]::pin::Pin<&mut core[a373ad73a504971]::pin::Pin<&mut dyn core[a373ad73a504971]::future::future::Future<Output = ()>>>>::{closure#0}, core[a373ad73a504971]::option::Option<()>>::{closure#0}>::{closure#0}, (alloc[2e1b2a31b91974c5]::boxed::Box<tokio[ad847fae3ff029c7]::runtime::scheduler::current_thread::Core>, core[a373ad73a504971]::option::Option<()>)>
[INFO] [stdout]   15:     0x57d6bb7d9197 - <tokio[ad847fae3ff029c7]::runtime::scheduler::current_thread::CoreGuard>::block_on::<core[a373ad73a504971]::pin::Pin<&mut core[a373ad73a504971]::pin::Pin<&mut dyn core[a373ad73a504971]::future::future::Future<Output = ()>>>>
[INFO] [stdout]   16:     0x57d6bb76398b - tokio[ad847fae3ff029c7]::runtime::context::runtime::enter_runtime::<<tokio[ad847fae3ff029c7]::runtime::scheduler::current_thread::CurrentThread>::block_on<core[a373ad73a504971]::pin::Pin<&mut dyn core[a373ad73a504971]::future::future::Future<Output = ()>>>::{closure#0}, ()>
[INFO] [stdout]   17:     0x57d6bb7d7f45 - <tokio[ad847fae3ff029c7]::runtime::runtime::Runtime>::block_on::<core[a373ad73a504971]::pin::Pin<&mut dyn core[a373ad73a504971]::future::future::Future<Output = ()>>>
[INFO] [stdout]   18:     0x57d6bb78198e - <rshs[bf3162590168338b]::scandir::tests::modified_timestamp_is_recent::{closure#0} as core[a373ad73a504971]::ops::function::FnOnce<()>>::call_once
[INFO] [stdout]   19:     0x57d6bb7ef55b - test[aada8e7e76ba119b]::__rust_begin_short_backtrace::<core[a373ad73a504971]::result::Result<(), alloc[2e1b2a31b91974c5]::string::String>, fn() -> core[a373ad73a504971]::result::Result<(), alloc[2e1b2a31b91974c5]::string::String>>
[INFO] [stdout]   20:     0x57d6bb7fc735 - test[aada8e7e76ba119b]::run_test::{closure#0}
[INFO] [stdout]   21:     0x57d6bb7f6024 - std[617be2ca0a6fd877]::sys::backtrace::__rust_begin_short_backtrace::<test[aada8e7e76ba119b]::run_test::{closure#1}, ()>
[INFO] [stdout]   22:     0x57d6bb7ff7c2 - <std[617be2ca0a6fd877]::thread::lifecycle::spawn_unchecked<test[aada8e7e76ba119b]::run_test::{closure#1}, ()>::{closure#1} as core[a373ad73a504971]::ops::function::FnOnce<()>>::call_once::{shim:vtable#0}
[INFO] [stdout]   23:     0x57d6bb8c0f8f - <std[617be2ca0a6fd877]::sys::thread::unix::Thread>::new::thread_start
[INFO] [stdout]   24:     0x7149064dedfa - <unknown>
[INFO] [stdout]   25:     0x7149065723d4 - clone
[INFO] [stdout]   26:                0x0 - <unknown>
[INFO] [stdout] 
[INFO] [stdout] ---- scandir::tests::unicode_filenames_preserved stdout ----
[INFO] [stdout] 
[INFO] [stdout] thread 'scandir::tests::unicode_filenames_preserved' (1906) panicked at src/scandir.rs:377:68:
[INFO] [stdout] called `Result::unwrap()` on an `Err` value: Os { code: 1, kind: PermissionDenied, message: "Operation not permitted" }
[INFO] [stdout] stack backtrace:
[INFO] [stdout]    0:     0x57d6bb8c1d61 - <<std[617be2ca0a6fd877]::sys::backtrace::BacktraceLock>::print::DisplayBacktrace as core[a373ad73a504971]::fmt::Display>::fmt
[INFO] [stdout]    1:     0x57d6bb8d774a - core[a373ad73a504971]::fmt::write
[INFO] [stdout]    2:     0x57d6bb8c651c - <alloc[2e1b2a31b91974c5]::vec::Vec<u8> as core[a373ad73a504971]::io::write::Write>::write_fmt
[INFO] [stdout]    3:     0x57d6bb89a536 - std[617be2ca0a6fd877]::panicking::default_hook::{closure#0}
[INFO] [stdout]    4:     0x57d6bb8b81e9 - std[617be2ca0a6fd877]::panicking::default_hook
[INFO] [stdout]    5:     0x57d6bb7fc110 - test[aada8e7e76ba119b]::test_main_inner::{closure#0}
[INFO] [stdout]    6:     0x57d6bb8b83a2 - std[617be2ca0a6fd877]::panicking::panic_with_hook
[INFO] [stdout]    7:     0x57d6bb89a5e2 - std[617be2ca0a6fd877]::panicking::panic_handler::{closure#0}
[INFO] [stdout]    8:     0x57d6bb892eb9 - std[617be2ca0a6fd877]::sys::backtrace::__rust_end_short_backtrace::<std[617be2ca0a6fd877]::panicking::panic_handler::{closure#0}, !>
[INFO] [stdout]    9:     0x57d6bb89b48d - __rustc[ea4f61d10b84890b]::rust_begin_unwind
[INFO] [stdout]   10:     0x57d6bb8d7eac - core[a373ad73a504971]::panicking::panic_fmt
[INFO] [stdout]   11:     0x57d6bb8d7c82 - core[a373ad73a504971]::result::unwrap_failed
[INFO] [stdout]   12:     0x57d6bb76e83e - rshs[bf3162590168338b]::scandir::tests::unicode_filenames_preserved::{closure#0}
[INFO] [stdout]   13:     0x57d6bb7d8063 - <tokio[ad847fae3ff029c7]::runtime::scheduler::current_thread::Context>::enter::<core[a373ad73a504971]::task::poll::Poll<()>, <tokio[ad847fae3ff029c7]::runtime::scheduler::current_thread::CoreGuard>::block_on<core[a373ad73a504971]::pin::Pin<&mut core[a373ad73a504971]::pin::Pin<&mut dyn core[a373ad73a504971]::future::future::Future<Output = ()>>>>::{closure#0}::{closure#0}>
[INFO] [stdout]   14:     0x57d6bb761dc9 - <std[617be2ca0a6fd877]::thread::local::LocalKey<tokio[ad847fae3ff029c7]::runtime::context::Context>>::with::<tokio[ad847fae3ff029c7]::runtime::context::set_scheduler<(alloc[2e1b2a31b91974c5]::boxed::Box<tokio[ad847fae3ff029c7]::runtime::scheduler::current_thread::Core>, core[a373ad73a504971]::option::Option<()>), <tokio[ad847fae3ff029c7]::runtime::scheduler::current_thread::CoreGuard>::enter<<tokio[ad847fae3ff029c7]::runtime::scheduler::current_thread::CoreGuard>::block_on<core[a373ad73a504971]::pin::Pin<&mut core[a373ad73a504971]::pin::Pin<&mut dyn core[a373ad73a504971]::future::future::Future<Output = ()>>>>::{closure#0}, core[a373ad73a504971]::option::Option<()>>::{closure#0}>::{closure#0}, (alloc[2e1b2a31b91974c5]::boxed::Box<tokio[ad847fae3ff029c7]::runtime::scheduler::current_thread::Core>, core[a373ad73a504971]::option::Option<()>)>
[INFO] [stdout]   15:     0x57d6bb7d9197 - <tokio[ad847fae3ff029c7]::runtime::scheduler::current_thread::CoreGuard>::block_on::<core[a373ad73a504971]::pin::Pin<&mut core[a373ad73a504971]::pin::Pin<&mut dyn core[a373ad73a504971]::future::future::Future<Output = ()>>>>
[INFO] [stdout]   16:     0x57d6bb76398b - tokio[ad847fae3ff029c7]::runtime::context::runtime::enter_runtime::<<tokio[ad847fae3ff029c7]::runtime::scheduler::current_thread::CurrentThread>::block_on<core[a373ad73a504971]::pin::Pin<&mut dyn core[a373ad73a504971]::future::future::Future<Output = ()>>>::{closure#0}, ()>
[INFO] [stdout]   17:     0x57d6bb7d7f45 - <tokio[ad847fae3ff029c7]::runtime::runtime::Runtime>::block_on::<core[a373ad73a504971]::pin::Pin<&mut dyn core[a373ad73a504971]::future::future::Future<Output = ()>>>
[INFO] [stdout]   18:     0x57d6bb78182e - <rshs[bf3162590168338b]::scandir::tests::unicode_filenames_preserved::{closure#0} as core[a373ad73a504971]::ops::function::FnOnce<()>>::call_once
[INFO] [stdout]   19:     0x57d6bb7ef55b - test[aada8e7e76ba119b]::__rust_begin_short_backtrace::<core[a373ad73a504971]::result::Result<(), alloc[2e1b2a31b91974c5]::string::String>, fn() -> core[a373ad73a504971]::result::Result<(), alloc[2e1b2a31b91974c5]::string::String>>
[INFO] [stdout]   20:     0x57d6bb7fc735 - test[aada8e7e76ba119b]::run_test::{closure#0}
[INFO] [stdout]   21:     0x57d6bb7f6024 - std[617be2ca0a6fd877]::sys::backtrace::__rust_begin_short_backtrace::<test[aada8e7e76ba119b]::run_test::{closure#1}, ()>
[INFO] [stdout]   22:     0x57d6bb7ff7c2 - <std[617be2ca0a6fd877]::thread::lifecycle::spawn_unchecked<test[aada8e7e76ba119b]::run_test::{closure#1}, ()>::{closure#1} as core[a373ad73a504971]::ops::function::FnOnce<()>>::call_once::{shim:vtable#0}
[INFO] [stdout]   23:     0x57d6bb8c0f8f - <std[617be2ca0a6fd877]::sys::thread::unix::Thread>::new::thread_start
[INFO] [stdout]   24:     0x7149064dedfa - <unknown>
[INFO] [stdout]   25:     0x7149065723d4 - clone
[INFO] [stdout]   26:                0x0 - <unknown>
[INFO] [stdout] 
[INFO] [stdout] ---- scandir::tests::large_directory_over_batch_size stdout ----
[INFO] [stdout] 
[INFO] [stdout] thread 'scandir::tests::large_directory_over_batch_size' (1891) panicked at src/scandir.rs:365:64:
[INFO] [stdout] called `Result::unwrap()` on an `Err` value: Os { code: 1, kind: PermissionDenied, message: "Operation not permitted" }
[INFO] [stdout] stack backtrace:
[INFO] [stdout]    0:     0x57d6bb8c1d61 - <<std[617be2ca0a6fd877]::sys::backtrace::BacktraceLock>::print::DisplayBacktrace as core[a373ad73a504971]::fmt::Display>::fmt
[INFO] [stdout]    1:     0x57d6bb8d774a - core[a373ad73a504971]::fmt::write
[INFO] [stdout]    2:     0x57d6bb8c651c - <alloc[2e1b2a31b91974c5]::vec::Vec<u8> as core[a373ad73a504971]::io::write::Write>::write_fmt
[INFO] [stdout]    3:     0x57d6bb89a536 - std[617be2ca0a6fd877]::panicking::default_hook::{closure#0}
[INFO] [stdout]    4:     0x57d6bb8b81e9 - std[617be2ca0a6fd877]::panicking::default_hook
[INFO] [stdout]    5:     0x57d6bb7fc110 - test[aada8e7e76ba119b]::test_main_inner::{closure#0}
[INFO] [stdout]    6:     0x57d6bb8b83a2 - std[617be2ca0a6fd877]::panicking::panic_with_hook
[INFO] [stdout]    7:     0x57d6bb89a5e2 - std[617be2ca0a6fd877]::panicking::panic_handler::{closure#0}
[INFO] [stdout]    8:     0x57d6bb892eb9 - std[617be2ca0a6fd877]::sys::backtrace::__rust_end_short_backtrace::<std[617be2ca0a6fd877]::panicking::panic_handler::{closure#0}, !>
[INFO] [stdout]    9:     0x57d6bb89b48d - __rustc[ea4f61d10b84890b]::rust_begin_unwind
[INFO] [stdout]   10:     0x57d6bb8d7eac - core[a373ad73a504971]::panicking::panic_fmt
[INFO] [stdout]   11:     0x57d6bb8d7c82 - core[a373ad73a504971]::result::unwrap_failed
[INFO] [stdout]   12:     0x57d6bb76f4f3 - rshs[bf3162590168338b]::scandir::tests::large_directory_over_batch_size::{closure#0}
[INFO] [stdout]   13:     0x57d6bb7d8063 - <tokio[ad847fae3ff029c7]::runtime::scheduler::current_thread::Context>::enter::<core[a373ad73a504971]::task::poll::Poll<()>, <tokio[ad847fae3ff029c7]::runtime::scheduler::current_thread::CoreGuard>::block_on<core[a373ad73a504971]::pin::Pin<&mut core[a373ad73a504971]::pin::Pin<&mut dyn core[a373ad73a504971]::future::future::Future<Output = ()>>>>::{closure#0}::{closure#0}>
[INFO] [stdout]   14:     0x57d6bb761dc9 - <std[617be2ca0a6fd877]::thread::local::LocalKey<tokio[ad847fae3ff029c7]::runtime::context::Context>>::with::<tokio[ad847fae3ff029c7]::runtime::context::set_scheduler<(alloc[2e1b2a31b91974c5]::boxed::Box<tokio[ad847fae3ff029c7]::runtime::scheduler::current_thread::Core>, core[a373ad73a504971]::option::Option<()>), <tokio[ad847fae3ff029c7]::runtime::scheduler::current_thread::CoreGuard>::enter<<tokio[ad847fae3ff029c7]::runtime::scheduler::current_thread::CoreGuard>::block_on<core[a373ad73a504971]::pin::Pin<&mut core[a373ad73a504971]::pin::Pin<&mut dyn core[a373ad73a504971]::future::future::Future<Output = ()>>>>::{closure#0}, core[a373ad73a504971]::option::Option<()>>::{closure#0}>::{closure#0}, (alloc[2e1b2a31b91974c5]::boxed::Box<tokio[ad847fae3ff029c7]::runtime::scheduler::current_thread::Core>, core[a373ad73a504971]::option::Option<()>)>
[INFO] [stdout]   15:     0x57d6bb7d9197 - <tokio[ad847fae3ff029c7]::runtime::scheduler::current_thread::CoreGuard>::block_on::<core[a373ad73a504971]::pin::Pin<&mut core[a373ad73a504971]::pin::Pin<&mut dyn core[a373ad73a504971]::future::future::Future<Output = ()>>>>
[INFO] [stdout]   16:     0x57d6bb76398b - tokio[ad847fae3ff029c7]::runtime::context::runtime::enter_runtime::<<tokio[ad847fae3ff029c7]::runtime::scheduler::current_thread::CurrentThread>::block_on<core[a373ad73a504971]::pin::Pin<&mut dyn core[a373ad73a504971]::future::future::Future<Output = ()>>>::{closure#0}, ()>
[INFO] [stdout]   17:     0x57d6bb7d7f45 - <tokio[ad847fae3ff029c7]::runtime::runtime::Runtime>::block_on::<core[a373ad73a504971]::pin::Pin<&mut dyn core[a373ad73a504971]::future::future::Future<Output = ()>>>
[INFO] [stdout]   18:     0x57d6bb781c9e - <rshs[bf3162590168338b]::scandir::tests::large_directory_over_batch_size::{closure#0} as core[a373ad73a504971]::ops::function::FnOnce<()>>::call_once
[INFO] [stdout]   19:     0x57d6bb7ef55b - test[aada8e7e76ba119b]::__rust_begin_short_backtrace::<core[a373ad73a504971]::result::Result<(), alloc[2e1b2a31b91974c5]::string::String>, fn() -> core[a373ad73a504971]::result::Result<(), alloc[2e1b2a31b91974c5]::string::String>>
[INFO] [stdout]   20:     0x57d6bb7fc735 - test[aada8e7e76ba119b]::run_test::{closure#0}
[INFO] [stdout]   21:     0x57d6bb7f6024 - std[617be2ca0a6fd877]::sys::backtrace::__rust_begin_short_backtrace::<test[aada8e7e76ba119b]::run_test::{closure#1}, ()>
[INFO] [stdout]   22:     0x57d6bb7ff7c2 - <std[617be2ca0a6fd877]::thread::lifecycle::spawn_unchecked<test[aada8e7e76ba119b]::run_test::{closure#1}, ()>::{closure#1} as core[a373ad73a504971]::ops::function::FnOnce<()>>::call_once::{shim:vtable#0}
[INFO] [stdout]   23:     0x57d6bb8c0f8f - <std[617be2ca0a6fd877]::sys::thread::unix::Thread>::new::thread_start
[INFO] [stdout]   24:     0x7149064dedfa - <unknown>
[INFO] [stdout]   25:     0x7149065723d4 - clone
[INFO] [stdout]   26:                0x0 - <unknown>
[INFO] [stdout] 
[INFO] [stdout] ---- scandir::tests::linux_tests::batch_statx_chunking stdout ----
[INFO] [stdout] 
[INFO] [stdout] thread 'scandir::tests::linux_tests::batch_statx_chunking' (1894) panicked at src/scandir.rs:460:62:
[INFO] [stdout] called `Result::unwrap()` on an `Err` value: Os { code: 1, kind: PermissionDenied, message: "Operation not permitted" }
[INFO] [stdout] stack backtrace:
[INFO] [stdout]    0:     0x57d6bb8c1d61 - <<std[617be2ca0a6fd877]::sys::backtrace::BacktraceLock>::print::DisplayBacktrace as core[a373ad73a504971]::fmt::Display>::fmt
[INFO] [stdout]    1:     0x57d6bb8d774a - core[a373ad73a504971]::fmt::write
[INFO] [stdout]    2:     0x57d6bb8c651c - <alloc[2e1b2a31b91974c5]::vec::Vec<u8> as core[a373ad73a504971]::io::write::Write>::write_fmt
[INFO] [stdout]    3:     0x57d6bb89a536 - std[617be2ca0a6fd877]::panicking::default_hook::{closure#0}
[INFO] [stdout]    4:     0x57d6bb8b81e9 - std[617be2ca0a6fd877]::panicking::default_hook
[INFO] [stdout]    5:     0x57d6bb7fc110 - test[aada8e7e76ba119b]::test_main_inner::{closure#0}
[INFO] [stdout]    6:     0x57d6bb8b83a2 - std[617be2ca0a6fd877]::panicking::panic_with_hook
[INFO] [stdout]    7:     0x57d6bb89a5e2 - std[617be2ca0a6fd877]::panicking::panic_handler::{closure#0}
[INFO] [stdout]    8:     0x57d6bb892eb9 - std[617be2ca0a6fd877]::sys::backtrace::__rust_end_short_backtrace::<std[617be2ca0a6fd877]::panicking::panic_handler::{closure#0}, !>
[INFO] [stdout]    9:     0x57d6bb89b48d - __rustc[ea4f61d10b84890b]::rust_begin_unwind
[INFO] [stdout]   10:     0x57d6bb8d7eac - core[a373ad73a504971]::panicking::panic_fmt
[INFO] [stdout]   11:     0x57d6bb8d7c82 - core[a373ad73a504971]::result::unwrap_failed
[INFO] [stdout]   12:     0x57d6bb79b323 - <rshs[bf3162590168338b]::scandir::tests::linux_tests::batch_statx_chunking::{closure#0} as core[a373ad73a504971]::ops::function::FnOnce<()>>::call_once
[INFO] [stdout]   13:     0x57d6bb7ef55b - test[aada8e7e76ba119b]::__rust_begin_short_backtrace::<core[a373ad73a504971]::result::Result<(), alloc[2e1b2a31b91974c5]::string::String>, fn() -> core[a373ad73a504971]::result::Result<(), alloc[2e1b2a31b91974c5]::string::String>>
[INFO] [stdout]   14:     0x57d6bb7fc735 - test[aada8e7e76ba119b]::run_test::{closure#0}
[INFO] [stdout]   15:     0x57d6bb7f6024 - std[617be2ca0a6fd877]::sys::backtrace::__rust_begin_short_backtrace::<test[aada8e7e76ba119b]::run_test::{closure#1}, ()>
[INFO] [stdout]   16:     0x57d6bb7ff7c2 - <std[617be2ca0a6fd877]::thread::lifecycle::spawn_unchecked<test[aada8e7e76ba119b]::run_test::{closure#1}, ()>::{closure#1} as core[a373ad73a504971]::ops::function::FnOnce<()>>::call_once::{shim:vtable#0}
[INFO] [stdout]   17:     0x57d6bb8c0f8f - <std[617be2ca0a6fd877]::sys::thread::unix::Thread>::new::thread_start
[INFO] [stdout]   18:     0x7149064dedfa - <unknown>
[INFO] [stdout]   19:     0x7149065723d4 - clone
[INFO] [stdout]   20:                0x0 - <unknown>
[INFO] [stdout] 
[INFO] [stdout] 
[INFO] [stdout] failures:
[INFO] [stdout]     handlers::http::tests::test_get_dir_listing_sizes
[INFO] [stdout]     handlers::webdav::tests::test_propfind_depth_infinity
[INFO] [stdout]     handlers::webdav::tests::test_propfind_href_encoding
[INFO] [stdout]     html::tests::test_generate_dir_listing_dirs_before_files
[INFO] [stdout]     html::tests::test_generate_dir_listing_structure
[INFO] [stdout]     html::tests::test_generate_dir_listing_subdir_has_parent_link
[INFO] [stdout]     scandir::tests::files_and_subdirs_collected
[INFO] [stdout]     scandir::tests::large_directory_over_batch_size
[INFO] [stdout]     scandir::tests::linux_tests::batch_statx_chunking
[INFO] [stdout]     scandir::tests::linux_tests::batch_statx_missing_entry_returns_none
[INFO] [stdout]     scandir::tests::linux_tests::batch_statx_single_entry
[INFO] [stdout]     scandir::tests::modified_timestamp_is_recent
[INFO] [stdout]     scandir::tests::symlink_followed_to_target
[INFO] [stdout]     scandir::tests::unicode_filenames_preserved
[INFO] [stdout] 
[INFO] [stdout] test result: FAILED. 127 passed; 14 failed; 0 ignored; 0 measured; 0 filtered out; finished in 0.23s
[INFO] [stdout] 
[INFO] [stderr] error: test failed, to rerun pass `--lib`
[INFO] running `Command { std: "docker" "inspect" "0c7146d4e5ab4530116c3b6ce19951b4a23a03f1a62da8684befcac705bc6fc7", kill_on_drop: false }`
[INFO] running `Command { std: "docker" "rm" "-f" "0c7146d4e5ab4530116c3b6ce19951b4a23a03f1a62da8684befcac705bc6fc7", kill_on_drop: false }`
[INFO] [stdout] 0c7146d4e5ab4530116c3b6ce19951b4a23a03f1a62da8684befcac705bc6fc7
