[INFO] fetching crate rsdoc 0.3.0...
[INFO] testing rsdoc-0.3.0 against 1.100.0-beta.1+cargoflags=--release for beta-release-1.100-2
[INFO] extracting crate rsdoc 0.3.0 into /workspace/builds/worker-1-tc2/source
[INFO] started tweaking crates.io crate rsdoc 0.3.0
[INFO] finished tweaking crates.io crate rsdoc 0.3.0
[INFO] tweaked toml for crates.io crate rsdoc 0.3.0 written to /workspace/builds/worker-1-tc2/source/Cargo.toml
[INFO] validating manifest of crates.io crate rsdoc 0.3.0 on toolchain 1.100.0-beta.1
[INFO] running `Command { std: CARGO_HOME="/workspace/cargo-home" RUSTUP_HOME="/workspace/rustup-home" "/workspace/cargo-home/bin/cargo" "+1.100.0-beta.1" "metadata" "--manifest-path" "Cargo.toml" "--no-deps", kill_on_drop: false }`
[INFO] running `Command { std: CARGO_HOME="/workspace/cargo-home" RUSTUP_HOME="/workspace/rustup-home" "/workspace/cargo-home/bin/cargo" "+1.100.0-beta.1" "generate-lockfile" "--manifest-path" "Cargo.toml", kill_on_drop: false }`
[INFO] [stderr]     Updating crates.io index
[INFO] [stderr]      Locking 108 packages to highest compatible versions
[INFO] [stderr]       Adding clap v3.2.25 (available: v4.6.7)
[INFO] [stderr]       Adding syn v1.0.109 (available: v3.0.9)
[INFO] [stderr]       Adding ureq v2.12.1 (available: v3.4.2)
[INFO] [stderr]       Adding wasi v0.10.0+wasi-snapshot-preview1 (available: v0.10.2+wasi-snapshot-preview1)
[INFO] running `Command { std: CARGO_HOME="/workspace/cargo-home" RUSTUP_HOME="/workspace/rustup-home" "/workspace/cargo-home/bin/cargo" "+1.100.0-beta.1" "fetch" "--manifest-path" "Cargo.toml", kill_on_drop: false }`
[INFO] running `Command { std: "docker" "create" "-v" "/var/lib/crater-agent-workspace/builds/worker-1-tc2/source:/opt/rustwide/workdir:ro,Z" "-v" "/var/lib/crater-agent-workspace/builds/worker-1-tc2/target:/opt/rustwide/target:rw,Z" "-v" "/var/lib/crater-agent-workspace/cargo-home:/opt/rustwide/cargo-home:ro,Z" "-v" "/var/lib/crater-agent-workspace/rustup-home:/opt/rustwide/rustup-home:ro,Z" "-m" "1610612736" "--network" "none" "ghcr.io/rust-lang/crates-build-env/linux@sha256:77db811e55d90add9212f6832c23229e3de5f1c1f9905e8cb07319ea15df73ac" "sleep" "infinity", kill_on_drop: false }`
[INFO] [stdout] e3b80c3310346173c8e1364c2cc690032aa334f39839b8d744ae5f0a7191fccc
[INFO] running `Command { std: "docker" "start" "e3b80c3310346173c8e1364c2cc690032aa334f39839b8d744ae5f0a7191fccc", kill_on_drop: false }`
[INFO] running `Command { std: "docker" "inspect" "e3b80c3310346173c8e1364c2cc690032aa334f39839b8d744ae5f0a7191fccc", kill_on_drop: false }`
[INFO] running `Command { std: "docker" "exec" "-e" "SOURCE_DIR=/opt/rustwide/workdir" "-e" "CARGO_HOME=/opt/rustwide/cargo-home" "-e" "RUSTUP_HOME=/opt/rustwide/rustup-home" "-e" "CARGO_TARGET_DIR=/opt/rustwide/target" "-w" "/opt/rustwide/workdir" "--user" "0:0" "e3b80c3310346173c8e1364c2cc690032aa334f39839b8d744ae5f0a7191fccc" "/opt/rustwide/cargo-home/bin/cargo" "+1.100.0-beta.1" "metadata" "--no-deps" "--format-version=1", kill_on_drop: false }`
[INFO] running `Command { std: "docker" "inspect" "e3b80c3310346173c8e1364c2cc690032aa334f39839b8d744ae5f0a7191fccc", kill_on_drop: false }`
[INFO] running `Command { std: "docker" "exec" "-e" "SOURCE_DIR=/opt/rustwide/workdir" "-e" "CARGO_HOME=/opt/rustwide/cargo-home" "-e" "RUSTUP_HOME=/opt/rustwide/rustup-home" "-e" "CARGO_TARGET_DIR=/opt/rustwide/target" "-e" "CARGO_INCREMENTAL=0" "-e" "RUST_BACKTRACE=full" "-e" "RUSTFLAGS=--cap-lints=warn" "-e" "RUSTDOCFLAGS=--cap-lints=warn" "-w" "/opt/rustwide/workdir" "--user" "0:0" "e3b80c3310346173c8e1364c2cc690032aa334f39839b8d744ae5f0a7191fccc" "/opt/rustwide/cargo-home/bin/cargo" "+1.100.0-beta.1" "build" "--frozen" "--message-format=json" "--release", kill_on_drop: false }`
[INFO] [stderr]    Compiling stable_deref_trait v1.2.1
[INFO] [stderr]    Compiling litemap v0.8.3
[INFO] [stderr]    Compiling writeable v0.6.4
[INFO] [stderr]    Compiling zeroize v1.9.1
[INFO] [stderr]    Compiling smallvec v1.16.3
[INFO] [stderr]    Compiling libc v0.2.191
[INFO] [stderr]    Compiling icu_properties_data v2.3.0
[INFO] [stderr]    Compiling icu_normalizer_data v2.3.0
[INFO] [stderr]    Compiling untrusted v0.9.0
[INFO] [stderr]    Compiling crc32fast v1.5.2
[INFO] [stderr]    Compiling indexmap v1.9.3
[INFO] [stderr]    Compiling syn v1.0.109
[INFO] [stderr]    Compiling ring v0.17.14
[INFO] [stderr]    Compiling proc-macro-error-attr v1.0.4
[INFO] [stderr]    Compiling zerofrom v0.1.8
[INFO] [stderr]    Compiling gcc v0.3.55
[INFO] [stderr]    Compiling rustls v0.23.46
[INFO] [stderr]    Compiling simd-adler32 v0.3.10
[INFO] [stderr]    Compiling os_str_bytes v6.6.1
[INFO] [stderr]    Compiling yoke v0.8.3
[INFO] [stderr]    Compiling subtle v2.6.1
[INFO] [stderr]    Compiling adler32 v1.2.0
[INFO] [stderr]    Compiling rustls-pki-types v1.15.1
[INFO] [stderr]    Compiling clap_lex v0.2.4
[INFO] [stderr]    Compiling termcolor v1.4.1
[INFO] [stderr]    Compiling textwrap v0.16.4
[INFO] [stderr]    Compiling rustc-serialize v0.3.25
[INFO] [stderr]    Compiling deflate v1.0.0
[INFO] [stderr]    Compiling miniz_oxide v0.9.1
[INFO] [stderr]    Compiling zerovec v0.11.8
[INFO] [stderr]    Compiling zerotrie v0.2.5
[INFO] [stderr]    Compiling rust-crypto v0.2.36
[INFO] [stderr]    Compiling webpki-roots v1.0.9
[INFO] [stderr]    Compiling webpki-roots v0.26.11
[INFO] [stderr]    Compiling flate2 v1.1.10
[INFO] [stderr]    Compiling tinystr v0.8.4
[INFO] [stderr]    Compiling potential_utf v0.1.6
[INFO] [stderr]    Compiling icu_collections v2.3.0
[INFO] [stderr]    Compiling icu_locale_core v2.3.0
[INFO] [stderr]    Compiling getrandom v0.2.17
[INFO] [stderr]    Compiling rand v0.4.6
[INFO] [stderr]    Compiling atty v0.2.14
[INFO] [stderr]    Compiling time v0.1.45
[INFO] [stderr]    Compiling icu_provider v2.3.1
[INFO] [stderr]    Compiling icu_properties v2.3.0
[INFO] [stderr]    Compiling icu_normalizer v2.3.0
[INFO] [stderr]    Compiling rand v0.3.23
[INFO] [stderr]    Compiling proc-macro-error v1.0.4
[INFO] [stderr]    Compiling clap_derive v3.2.25
[INFO] [stderr]    Compiling idna_adapter v1.2.2
[INFO] [stderr]    Compiling idna v1.1.0
[INFO] [stderr]    Compiling url v2.5.8
[INFO] [stderr]    Compiling rustls-webpki v0.103.15
[INFO] [stderr]    Compiling clap v3.2.25
[INFO] [stderr]    Compiling ureq v2.12.1
[INFO] [stderr]    Compiling rsdoc v0.3.0 (/opt/rustwide/workdir)
[INFO] [stderr]     Finished `release` profile [optimized] target(s) in 24.80s
[INFO] running `Command { std: "docker" "inspect" "e3b80c3310346173c8e1364c2cc690032aa334f39839b8d744ae5f0a7191fccc", kill_on_drop: false }`
[INFO] running `Command { std: "docker" "exec" "-e" "SOURCE_DIR=/opt/rustwide/workdir" "-e" "CARGO_HOME=/opt/rustwide/cargo-home" "-e" "RUSTUP_HOME=/opt/rustwide/rustup-home" "-e" "CARGO_TARGET_DIR=/opt/rustwide/target" "-e" "CARGO_INCREMENTAL=0" "-e" "RUST_BACKTRACE=full" "-e" "RUSTFLAGS=--cap-lints=warn" "-e" "RUSTDOCFLAGS=--cap-lints=warn" "-w" "/opt/rustwide/workdir" "--user" "0:0" "e3b80c3310346173c8e1364c2cc690032aa334f39839b8d744ae5f0a7191fccc" "/opt/rustwide/cargo-home/bin/cargo" "+1.100.0-beta.1" "test" "--frozen" "--no-run" "--message-format=json" "--release", kill_on_drop: false }`
[INFO] [stderr]    Compiling rsdoc v0.3.0 (/opt/rustwide/workdir)
[INFO] [stderr]     Finished `release` profile [optimized] target(s) in 0.65s
[INFO] running `Command { std: "docker" "inspect" "e3b80c3310346173c8e1364c2cc690032aa334f39839b8d744ae5f0a7191fccc", kill_on_drop: false }`
[INFO] running `Command { std: "docker" "exec" "-e" "SOURCE_DIR=/opt/rustwide/workdir" "-e" "CARGO_HOME=/opt/rustwide/cargo-home" "-e" "RUSTUP_HOME=/opt/rustwide/rustup-home" "-e" "CARGO_TARGET_DIR=/opt/rustwide/target" "-e" "CARGO_INCREMENTAL=0" "-e" "RUST_BACKTRACE=full" "-e" "RUSTFLAGS=--cap-lints=warn" "-e" "RUSTDOCFLAGS=--cap-lints=warn" "-w" "/opt/rustwide/workdir" "--user" "0:0" "e3b80c3310346173c8e1364c2cc690032aa334f39839b8d744ae5f0a7191fccc" "/opt/rustwide/cargo-home/bin/cargo" "+1.100.0-beta.1" "test" "--frozen" "--release", kill_on_drop: false }`
[INFO] [stderr]     Finished `release` profile [optimized] target(s) in 0.09s
[INFO] [stderr]      Running unittests src/lib.rs (/opt/rustwide/target/release/build/rsdoc/10bd73c29565490c/out/rsdoc-10bd73c29565490c)
[INFO] [stderr]    Doc-tests rsdoc
[INFO] [stdout] 
[INFO] [stdout] running 0 tests
[INFO] [stdout] 
[INFO] [stdout] test result: ok. 0 passed; 0 failed; 0 ignored; 0 measured; 0 filtered out; finished in 0.00s
[INFO] [stdout] 
[INFO] [stdout] 
[INFO] [stdout] running 6 tests
[INFO] [stdout] test src/lib.rs - (line 44) ... FAILED
[INFO] [stdout] test src/lib.rs - (line 57) ... FAILED
[INFO] [stdout] test src/lib.rs - (line 61) ... FAILED
[INFO] [stdout] test src/lib.rs - (line 53) ... FAILED
[INFO] [stdout] test src/lib.rs - (line 33) ... FAILED
[INFO] [stdout] test src/lib.rs - (line 48) ... FAILED
[INFO] [stdout] 
[INFO] [stdout] failures:
[INFO] [stdout] 
[INFO] [stdout] ---- src/lib.rs - (line 44) stdout ----
[INFO] [stdout] error: expected item after attributes
[INFO] [stdout]   --> src/lib.rs:45:1
[INFO] [stdout]    |
[INFO] [stdout] 45 | #[doc = rsdoc::plantuml_file!(test.puml)]
[INFO] [stdout]    | ^^^^^^^^^^^^^^^^^^^^^^^^^^^^^^^^^^^^^^^^^ expected an item after this
[INFO] [stdout] 
[INFO] [stdout] error: aborting due to 1 previous error
[INFO] [stdout] 
[INFO] [stdout] Couldn't compile the test.
[INFO] [stdout] ---- src/lib.rs - (line 57) stdout ----
[INFO] [stdout] error: expected item after attributes
[INFO] [stdout]   --> src/lib.rs:58:1
[INFO] [stdout]    |
[INFO] [stdout] 58 | #[doc = rsdoc::image!(test.drawio.svg)]
[INFO] [stdout]    | ^^^^^^^^^^^^^^^^^^^^^^^^^^^^^^^^^^^^^^^ expected an item after this
[INFO] [stdout] 
[INFO] [stdout] error: aborting due to 1 previous error
[INFO] [stdout] 
[INFO] [stdout] Couldn't compile the test.
[INFO] [stdout] ---- src/lib.rs - (line 61) stdout ----
[INFO] [stdout] error: expected item after attributes
[INFO] [stdout]   --> src/lib.rs:62:1
[INFO] [stdout]    |
[INFO] [stdout] 62 | #[doc = rsdoc::image!(images/test.drawio.svg)]
[INFO] [stdout]    | ^^^^^^^^^^^^^^^^^^^^^^^^^^^^^^^^^^^^^^^^^^^^^^ expected an item after this
[INFO] [stdout] 
[INFO] [stdout] error: aborting due to 1 previous error
[INFO] [stdout] 
[INFO] [stdout] Couldn't compile the test.
[INFO] [stdout] ---- src/lib.rs - (line 53) stdout ----
[INFO] [stdout] error: expected item after attributes
[INFO] [stdout]   --> src/lib.rs:54:1
[INFO] [stdout]    |
[INFO] [stdout] 54 | #[doc = rsdoc::image!(test.png)]
[INFO] [stdout]    | ^^^^^^^^^^^^^^^^^^^^^^^^^^^^^^^^ expected an item after this
[INFO] [stdout] 
[INFO] [stdout] error: aborting due to 1 previous error
[INFO] [stdout] 
[INFO] [stdout] Couldn't compile the test.
[INFO] [stdout] ---- src/lib.rs - (line 33) stdout ----
[INFO] [stdout] error: proc macro panicked
[INFO] [stdout]   --> src/lib.rs:35:9
[INFO] [stdout]    |
[INFO] [stdout] 35 |   #[doc = rsdoc::plantuml!(
[INFO] [stdout]    |  _________^
[INFO] [stdout] 36 | | /// @startuml
[INFO] [stdout] 37 | | /// !theme cyborg-outline
[INFO] [stdout] 38 | | /// Bob -> Alice : hello
[INFO] [stdout] 39 | | /// @enduml
[INFO] [stdout] 40 | | )]
[INFO] [stdout]    | |_^
[INFO] [stdout]    |
[INFO] [stdout]    = help: message: called `Result::unwrap()` on an `Err` value: Os { code: 30, kind: ReadOnlyFilesystem, message: "Read-only file system" }
[INFO] [stdout] 
[INFO] [stdout] error: aborting due to 1 previous error
[INFO] [stdout] 
[INFO] [stdout] Couldn't compile the test.
[INFO] [stdout] ---- src/lib.rs - (line 48) stdout ----
[INFO] [stdout] error: expected item after attributes
[INFO] [stdout]   --> src/lib.rs:49:1
[INFO] [stdout]    |
[INFO] [stdout] 49 | #[doc = rsdoc::plantuml_file!(pumls/test.puml)]
[INFO] [stdout]    | ^^^^^^^^^^^^^^^^^^^^^^^^^^^^^^^^^^^^^^^^^^^^^^^ expected an item after this
[INFO] [stdout] 
[INFO] [stdout] error: aborting due to 1 previous error
[INFO] [stdout] 
[INFO] [stdout] Couldn't compile the test.
[INFO] [stdout] 
[INFO] [stdout] failures:
[INFO] [stdout]     src/lib.rs - (line 33)
[INFO] [stdout]     src/lib.rs - (line 44)
[INFO] [stdout]     src/lib.rs - (line 48)
[INFO] [stdout]     src/lib.rs - (line 53)
[INFO] [stdout]     src/lib.rs - (line 57)
[INFO] [stdout]     src/lib.rs - (line 61)
[INFO] [stdout] 
[INFO] [stdout] test result: FAILED. 0 passed; 6 failed; 0 ignored; 0 measured; 0 filtered out; finished in 0.07s
[INFO] [stdout] 
[INFO] [stderr] error: doctest failed, to rerun pass `--doc`
[INFO] running `Command { std: "docker" "inspect" "e3b80c3310346173c8e1364c2cc690032aa334f39839b8d744ae5f0a7191fccc", kill_on_drop: false }`
[INFO] running `Command { std: "docker" "rm" "-f" "e3b80c3310346173c8e1364c2cc690032aa334f39839b8d744ae5f0a7191fccc", kill_on_drop: false }`
[INFO] [stdout] e3b80c3310346173c8e1364c2cc690032aa334f39839b8d744ae5f0a7191fccc
