[INFO] fetching crate rsdir 0.1.0...
[INFO] testing rsdir-0.1.0 against 1.99.0-beta.8+cargoflags=--release for beta-release-1.100-2
[INFO] extracting crate rsdir 0.1.0 into /workspace/builds/worker-7-tc1/source
[INFO] started tweaking crates.io crate rsdir 0.1.0
[INFO] finished tweaking crates.io crate rsdir 0.1.0
[INFO] tweaked toml for crates.io crate rsdir 0.1.0 written to /workspace/builds/worker-7-tc1/source/Cargo.toml
[INFO] validating manifest of crates.io crate rsdir 0.1.0 on toolchain 1.99.0-beta.8
[INFO] running `Command { std: CARGO_HOME="/workspace/cargo-home" RUSTUP_HOME="/workspace/rustup-home" "/workspace/cargo-home/bin/cargo" "+1.99.0-beta.8" "metadata" "--manifest-path" "Cargo.toml" "--no-deps", kill_on_drop: false }`
[INFO] crate crates.io crate rsdir 0.1.0 already has a lockfile, it will not be regenerated
[INFO] running `Command { std: CARGO_HOME="/workspace/cargo-home" RUSTUP_HOME="/workspace/rustup-home" "/workspace/cargo-home/bin/cargo" "+1.99.0-beta.8" "fetch" "--manifest-path" "Cargo.toml", kill_on_drop: false }`
[INFO] [stderr]  Downloading crates ...
[INFO] [stderr]   Downloaded fastrand v1.8.0
[INFO] [stderr]   Downloaded tempfile v3.3.0
[INFO] [stderr]   Downloaded os_str_bytes v6.4.1
[INFO] [stderr]   Downloaded clap_lex v0.3.1
[INFO] [stderr]   Downloaded is-terminal v0.4.2
[INFO] [stderr]   Downloaded once_cell v1.17.0
[INFO] [stderr]   Downloaded clap_derive v4.1.0
[INFO] [stderr]   Downloaded quote v1.0.23
[INFO] [stderr]   Downloaded io-lifetimes v1.0.4
[INFO] [stderr]   Downloaded unicode-ident v1.0.6
[INFO] [stderr]   Downloaded anyhow v1.0.68
[INFO] [stderr]   Downloaded addr2line v0.19.0
[INFO] [stderr]   Downloaded clap v4.1.4
[INFO] [stderr]   Downloaded proc-macro2 v1.0.50
[INFO] [stderr]   Downloaded miniz_oxide v0.6.2
[INFO] [stderr]   Downloaded backtrace v0.3.67
[INFO] [stderr]   Downloaded cc v1.0.78
[INFO] [stderr]   Downloaded syn v1.0.107
[INFO] [stderr]   Downloaded object v0.30.3
[INFO] [stderr]   Downloaded rustix v0.36.7
[INFO] [stderr]   Downloaded windows_aarch64_gnullvm v0.42.1
[INFO] [stderr]   Downloaded windows_x86_64_gnullvm v0.42.1
[INFO] [stderr]   Downloaded libc v0.2.139
[INFO] [stderr]   Downloaded windows_aarch64_msvc v0.42.1
[INFO] [stderr]   Downloaded windows_x86_64_msvc v0.42.1
[INFO] [stderr]   Downloaded windows_x86_64_gnu v0.42.1
[INFO] [stderr]   Downloaded windows_i686_msvc v0.42.1
[INFO] [stderr]   Downloaded gimli v0.27.1
[INFO] [stderr]   Downloaded windows_i686_gnu v0.42.1
[INFO] [stderr]   Downloaded linux-raw-sys v0.1.4
[INFO] [stderr]   Downloaded windows-sys v0.42.0
[INFO] running `Command { std: "docker" "create" "-v" "/var/lib/crater-agent-workspace/builds/worker-7-tc1/source:/opt/rustwide/workdir:ro,Z" "-v" "/var/lib/crater-agent-workspace/builds/worker-7-tc1/target:/opt/rustwide/target:rw,Z" "-v" "/var/lib/crater-agent-workspace/cargo-home:/opt/rustwide/cargo-home:ro,Z" "-v" "/var/lib/crater-agent-workspace/rustup-home:/opt/rustwide/rustup-home:ro,Z" "-m" "1610612736" "--network" "none" "ghcr.io/rust-lang/crates-build-env/linux@sha256:77db811e55d90add9212f6832c23229e3de5f1c1f9905e8cb07319ea15df73ac" "sleep" "infinity", kill_on_drop: false }`
[INFO] [stdout] ab27d371758226ba94fd7a2bdade54a3b67e2d5cd14e27635d88aad0de6ed1cc
[INFO] running `Command { std: "docker" "start" "ab27d371758226ba94fd7a2bdade54a3b67e2d5cd14e27635d88aad0de6ed1cc", kill_on_drop: false }`
[INFO] running `Command { std: "docker" "inspect" "ab27d371758226ba94fd7a2bdade54a3b67e2d5cd14e27635d88aad0de6ed1cc", kill_on_drop: false }`
[INFO] running `Command { std: "docker" "exec" "-e" "SOURCE_DIR=/opt/rustwide/workdir" "-e" "CARGO_HOME=/opt/rustwide/cargo-home" "-e" "RUSTUP_HOME=/opt/rustwide/rustup-home" "-e" "CARGO_TARGET_DIR=/opt/rustwide/target" "-w" "/opt/rustwide/workdir" "--user" "0:0" "ab27d371758226ba94fd7a2bdade54a3b67e2d5cd14e27635d88aad0de6ed1cc" "/opt/rustwide/cargo-home/bin/cargo" "+1.99.0-beta.8" "metadata" "--no-deps" "--format-version=1", kill_on_drop: false }`
[INFO] running `Command { std: "docker" "inspect" "ab27d371758226ba94fd7a2bdade54a3b67e2d5cd14e27635d88aad0de6ed1cc", kill_on_drop: false }`
[INFO] running `Command { std: "docker" "exec" "-e" "SOURCE_DIR=/opt/rustwide/workdir" "-e" "CARGO_HOME=/opt/rustwide/cargo-home" "-e" "RUSTUP_HOME=/opt/rustwide/rustup-home" "-e" "CARGO_TARGET_DIR=/opt/rustwide/target" "-e" "CARGO_INCREMENTAL=0" "-e" "RUST_BACKTRACE=full" "-e" "RUSTFLAGS=--cap-lints=warn" "-e" "RUSTDOCFLAGS=--cap-lints=warn" "-w" "/opt/rustwide/workdir" "--user" "0:0" "ab27d371758226ba94fd7a2bdade54a3b67e2d5cd14e27635d88aad0de6ed1cc" "/opt/rustwide/cargo-home/bin/cargo" "+1.99.0-beta.8" "build" "--frozen" "--message-format=json" "--release", kill_on_drop: false }`
[INFO] [stderr]    Compiling libc v0.2.139
[INFO] [stderr]    Compiling memchr v2.5.0
[INFO] [stderr]    Compiling proc-macro2 v1.0.50
[INFO] [stderr]    Compiling version_check v0.9.4
[INFO] [stderr]    Compiling quote v1.0.23
[INFO] [stderr]    Compiling unicode-ident v1.0.6
[INFO] [stderr]    Compiling io-lifetimes v1.0.4
[INFO] [stderr]    Compiling syn v1.0.107
[INFO] [stderr]    Compiling cc v1.0.78
[INFO] [stderr]    Compiling rustix v0.36.7
[INFO] [stderr]    Compiling gimli v0.27.1
[INFO] [stderr]    Compiling linux-raw-sys v0.1.4
[INFO] [stderr]    Compiling miniz_oxide v0.6.2
[INFO] [stderr]    Compiling proc-macro-error-attr v1.0.4
[INFO] [stderr]    Compiling proc-macro-error v1.0.4
[INFO] [stderr]    Compiling rustc-demangle v0.1.21
[INFO] [stderr]    Compiling object v0.30.3
[INFO] [stderr]    Compiling backtrace v0.3.67
[INFO] [stderr]    Compiling os_str_bytes v6.4.1
[INFO] [stderr]    Compiling heck v0.4.0
[INFO] [stderr]    Compiling anyhow v1.0.68
[INFO] [stderr]    Compiling fastrand v1.8.0
[INFO] [stderr]    Compiling clap_lex v0.3.1
[INFO] [stderr]    Compiling termcolor v1.2.0
[INFO] [stderr]    Compiling once_cell v1.17.0
[INFO] [stderr]    Compiling remove_dir_all v0.5.3
[INFO] [stderr]    Compiling tempfile v3.3.0
[INFO] [stderr]    Compiling is-terminal v0.4.2
[INFO] [stderr]    Compiling addr2line v0.19.0
[INFO] [stderr]    Compiling clap_derive v4.1.0
[INFO] [stderr]    Compiling clap v4.1.4
[INFO] [stderr]    Compiling rsdir v0.1.0 (/opt/rustwide/workdir)
[INFO] [stderr]     Finished `release` profile [optimized] target(s) in 44.45s
[INFO] running `Command { std: "docker" "inspect" "ab27d371758226ba94fd7a2bdade54a3b67e2d5cd14e27635d88aad0de6ed1cc", kill_on_drop: false }`
[INFO] running `Command { std: "docker" "exec" "-e" "SOURCE_DIR=/opt/rustwide/workdir" "-e" "CARGO_HOME=/opt/rustwide/cargo-home" "-e" "RUSTUP_HOME=/opt/rustwide/rustup-home" "-e" "CARGO_TARGET_DIR=/opt/rustwide/target" "-e" "CARGO_INCREMENTAL=0" "-e" "RUST_BACKTRACE=full" "-e" "RUSTFLAGS=--cap-lints=warn" "-e" "RUSTDOCFLAGS=--cap-lints=warn" "-w" "/opt/rustwide/workdir" "--user" "0:0" "ab27d371758226ba94fd7a2bdade54a3b67e2d5cd14e27635d88aad0de6ed1cc" "/opt/rustwide/cargo-home/bin/cargo" "+1.99.0-beta.8" "test" "--frozen" "--no-run" "--message-format=json" "--release", kill_on_drop: false }`
[INFO] [stderr]    Compiling walkdir v2.3.2
[INFO] [stderr]    Compiling rsdir v0.1.0 (/opt/rustwide/workdir)
[INFO] [stderr]     Finished `release` profile [optimized] target(s) in 3.18s
[INFO] running `Command { std: "docker" "inspect" "ab27d371758226ba94fd7a2bdade54a3b67e2d5cd14e27635d88aad0de6ed1cc", kill_on_drop: false }`
[INFO] running `Command { std: "docker" "exec" "-e" "SOURCE_DIR=/opt/rustwide/workdir" "-e" "CARGO_HOME=/opt/rustwide/cargo-home" "-e" "RUSTUP_HOME=/opt/rustwide/rustup-home" "-e" "CARGO_TARGET_DIR=/opt/rustwide/target" "-e" "CARGO_INCREMENTAL=0" "-e" "RUST_BACKTRACE=full" "-e" "RUSTFLAGS=--cap-lints=warn" "-e" "RUSTDOCFLAGS=--cap-lints=warn" "-w" "/opt/rustwide/workdir" "--user" "0:0" "ab27d371758226ba94fd7a2bdade54a3b67e2d5cd14e27635d88aad0de6ed1cc" "/opt/rustwide/cargo-home/bin/cargo" "+1.99.0-beta.8" "test" "--frozen" "--release", kill_on_drop: false }`
[INFO] [stderr]     Finished `release` profile [optimized] target(s) in 0.11s
[INFO] [stderr]      Running unittests src/main.rs (/opt/rustwide/target/release/deps/rsdir-2fd5992efe2d03d0)
[INFO] [stderr]      Running tests/tests.rs (/opt/rustwide/target/release/deps/tests-9c78899789b0c403)
[INFO] [stdout] 
[INFO] [stdout] running 0 tests
[INFO] [stdout] 
[INFO] [stdout] test result: ok. 0 passed; 0 failed; 0 ignored; 0 measured; 0 filtered out; finished in 0.00s
[INFO] [stdout] 
[INFO] [stdout] 
[INFO] [stdout] running 26 tests
[INFO] [stdout] test byte_path_linux ... FAILED
[INFO] [stdout] test deletes_file ... FAILED
[INFO] [stdout] test create_tmpfile_error ... ok
[INFO] [stdout] test default_editor ... FAILED
[INFO] [stdout] test does_nothing ... FAILED
[INFO] [stdout] test delete_file_error ... FAILED
[INFO] [stdout] test delete_dir_error ... FAILED
[INFO] [stdout] test help_flag ... ok
[INFO] [stdout] test deletes_dir ... FAILED
[INFO] [stdout] test editor_failure ... FAILED
[INFO] [stdout] test editor_killed ... FAILED
[INFO] [stdout] test invalid_index ... FAILED
[INFO] [stdout] test missing_path ... ok
[INFO] [stdout] test moves_dir ... FAILED
[INFO] [stdout] test missing_editor ... ok
[INFO] [stdout] test removes_temp_file ... ok
[INFO] [stdout] test move_file_error ... FAILED
[INFO] [stdout] test unknown_flag ... ok
[INFO] [stdout] test unknown_index ... FAILED
[INFO] [stdout] test version_flag ... ok
[INFO] [stdout] test multiple_args ... FAILED
[INFO] [stdout] test moves_file ... FAILED
[INFO] [stdout] test non_relative_path ... FAILED
[INFO] [stdout] test non_verbose ... FAILED
[INFO] [stdout] test move_dir_error ... FAILED
[INFO] [stderr] error: test failed, to rerun pass `--test tests`
[INFO] [stdout] test tmp_file_content ... ok
[INFO] [stdout] 
[INFO] [stdout] failures:
[INFO] [stdout] 
[INFO] [stdout] ---- byte_path_linux stdout ----
[INFO] [stdout] Created test dir "/tmp/.tmpakXxJF"
[INFO] [stdout] status: exit status: 1
[INFO] [stdout] stdout: 
[INFO] [stdout] stderr: Error: Failed to open editor "/opt/rustwide/target/release/deps/../../../tests/./ed.sh"
[INFO] [stdout] 
[INFO] [stdout] Caused by:
[INFO] [stdout]     No such file or directory (os error 2)
[INFO] [stdout] 
[INFO] [stdout] Stack backtrace:
[INFO] [stdout]    0: rsdir::main
[INFO] [stdout]    1: std::sys::backtrace::__rust_begin_short_backtrace::<fn() -> core::result::Result<(), anyhow::Error>, core::result::Result<(), anyhow::Error>>
[INFO] [stdout]    2: std::rt::lang_start::<core::result::Result<(), anyhow::Error>>::{closure#0}
[INFO] [stdout]    3: std::rt::lang_start_internal
[INFO] [stdout]    4: main
[INFO] [stdout]    5: <unknown>
[INFO] [stdout]    6: __libc_start_main
[INFO] [stdout]    7: _start
[INFO] [stdout] Result: [
[INFO] [stdout]     (
[INFO] [stdout]         "a\u{f}\xAC\u{1}C\xD6d\x83\xB1l5+w",
[INFO] [stdout]         None,
[INFO] [stdout]     ),
[INFO] [stdout] ]
[INFO] [stdout] Expected: [
[INFO] [stdout]     (
[INFO] [stdout]         "baz",
[INFO] [stdout]         None,
[INFO] [stdout]     ),
[INFO] [stdout] ]
[INFO] [stdout] 
[INFO] [stdout] thread 'byte_path_linux' (861) panicked at tests/utils/mod.rs:83:5:
[INFO] [stdout] assertion failed: result.iter().eq(expected.iter())
[INFO] [stdout] stack backtrace:
[INFO] [stdout]    0:     0x571e2a486a11 - <<std[70759c8f55707aa4]::sys::backtrace::BacktraceLock>::print::DisplayBacktrace as core[df12db4294e9bfd3]::fmt::Display>::fmt
[INFO] [stdout]    1:     0x571e2a49b51a - core[df12db4294e9bfd3]::fmt::write
[INFO] [stdout]    2:     0x571e2a48b36c - <alloc[2182bb758b4b3781]::vec::Vec<u8> as core[df12db4294e9bfd3]::io::write::Write>::write_fmt
[INFO] [stdout]    3:     0x571e2a460326 - std[70759c8f55707aa4]::panicking::default_hook::{closure#0}
[INFO] [stdout]    4:     0x571e2a47e179 - std[70759c8f55707aa4]::panicking::default_hook
[INFO] [stdout]    5:     0x571e2a411a60 - test[9d35eded1c95d3be]::test_main_inner::<test[9d35eded1c95d3be]::test_main_static::{closure#0}>::{closure#0}
[INFO] [stdout]    6:     0x571e2a47e332 - std[70759c8f55707aa4]::panicking::panic_with_hook
[INFO] [stdout]    7:     0x571e2a460404 - std[70759c8f55707aa4]::panicking::panic_handler::{closure#0}
[INFO] [stdout]    8:     0x571e2a458e09 - std[70759c8f55707aa4]::sys::backtrace::__rust_end_short_backtrace::<std[70759c8f55707aa4]::panicking::panic_handler::{closure#0}, !>
[INFO] [stdout]    9:     0x571e2a460fcd - __rustc[8fa7c3cbc660c2b3]::rust_begin_unwind
[INFO] [stdout]   10:     0x571e2a49bc4c - core[df12db4294e9bfd3]::panicking::panic_fmt
[INFO] [stdout]   11:     0x571e2a49bc12 - core[df12db4294e9bfd3]::panicking::panic
[INFO] [stdout]   12:     0x571e2a3fd97a - tests[611a7aeed52182d6]::utils::assert_test_files::<&tempfile[e966b302ad1c5315]::dir::TempDir, &str>
[INFO] [stdout]   13:     0x571e2a3fa8b3 - <tests[611a7aeed52182d6]::byte_path_linux::{closure#0} as core[df12db4294e9bfd3]::ops::function::FnOnce<()>>::call_once
[INFO] [stdout]   14:     0x571e2a404d4b - test[9d35eded1c95d3be]::__rust_begin_short_backtrace::<core[df12db4294e9bfd3]::result::Result<(), alloc[2182bb758b4b3781]::string::String>, fn() -> core[df12db4294e9bfd3]::result::Result<(), alloc[2182bb758b4b3781]::string::String>>
[INFO] [stdout]   15:     0x571e2a4123b5 - test[9d35eded1c95d3be]::run_test::{closure#0}
[INFO] [stdout]   16:     0x571e2a40bc74 - std[70759c8f55707aa4]::sys::backtrace::__rust_begin_short_backtrace::<test[9d35eded1c95d3be]::run_test::{closure#1}, ()>
[INFO] [stdout]   17:     0x571e2a415512 - <std[70759c8f55707aa4]::thread::lifecycle::spawn_unchecked<test[9d35eded1c95d3be]::run_test::{closure#1}, ()>::{closure#1} as core[df12db4294e9bfd3]::ops::function::FnOnce<()>>::call_once::{shim:vtable#0}
[INFO] [stdout]   18:     0x571e2a485d89 - <std[70759c8f55707aa4]::sys::thread::unix::Thread>::new::thread_start
[INFO] [stdout]   19:     0x7bd030f4ddfa - <unknown>
[INFO] [stdout]   20:     0x7bd030fe13d4 - clone
[INFO] [stdout]   21:                0x0 - <unknown>
[INFO] [stdout] 
[INFO] [stdout] ---- deletes_file stdout ----
[INFO] [stdout] Created test dir "/tmp/.tmppcFCP6"
[INFO] [stdout] status: exit status: 1
[INFO] [stdout] stdout: 
[INFO] [stdout] stderr: Error: Failed to open editor "/opt/rustwide/target/release/deps/../../../tests/./ed.sh"
[INFO] [stdout] 
[INFO] [stdout] Caused by:
[INFO] [stdout]     No such file or directory (os error 2)
[INFO] [stdout] 
[INFO] [stdout] Stack backtrace:
[INFO] [stdout]    0: rsdir::main
[INFO] [stdout]    1: std::sys::backtrace::__rust_begin_short_backtrace::<fn() -> core::result::Result<(), anyhow::Error>, core::result::Result<(), anyhow::Error>>
[INFO] [stdout]    2: std::rt::lang_start::<core::result::Result<(), anyhow::Error>>::{closure#0}
[INFO] [stdout]    3: std::rt::lang_start_internal
[INFO] [stdout]    4: main
[INFO] [stdout]    5: <unknown>
[INFO] [stdout]    6: __libc_start_main
[INFO] [stdout]    7: _start
[INFO] [stdout] Result: [
[INFO] [stdout]     (
[INFO] [stdout]         "baz",
[INFO] [stdout]         Some(
[INFO] [stdout]             "baz",
[INFO] [stdout]         ),
[INFO] [stdout]     ),
[INFO] [stdout] ]
[INFO] [stdout] Expected: []
[INFO] [stdout] 
[INFO] [stdout] thread 'deletes_file' (867) panicked at tests/utils/mod.rs:83:5:
[INFO] [stdout] assertion failed: result.iter().eq(expected.iter())
[INFO] [stdout] stack backtrace:
[INFO] [stdout]    0:     0x571e2a486a11 - <<std[70759c8f55707aa4]::sys::backtrace::BacktraceLock>::print::DisplayBacktrace as core[df12db4294e9bfd3]::fmt::Display>::fmt
[INFO] [stdout]    1:     0x571e2a49b51a - core[df12db4294e9bfd3]::fmt::write
[INFO] [stdout]    2:     0x571e2a48b36c - <alloc[2182bb758b4b3781]::vec::Vec<u8> as core[df12db4294e9bfd3]::io::write::Write>::write_fmt
[INFO] [stdout]    3:     0x571e2a460326 - std[70759c8f55707aa4]::panicking::default_hook::{closure#0}
[INFO] [stdout]    4:     0x571e2a47e179 - std[70759c8f55707aa4]::panicking::default_hook
[INFO] [stdout]    5:     0x571e2a411a60 - test[9d35eded1c95d3be]::test_main_inner::<test[9d35eded1c95d3be]::test_main_static::{closure#0}>::{closure#0}
[INFO] [stdout]    6:     0x571e2a47e332 - std[70759c8f55707aa4]::panicking::panic_with_hook
[INFO] [stdout]    7:     0x571e2a460404 - std[70759c8f55707aa4]::panicking::panic_handler::{closure#0}
[INFO] [stdout]    8:     0x571e2a458e09 - std[70759c8f55707aa4]::sys::backtrace::__rust_end_short_backtrace::<std[70759c8f55707aa4]::panicking::panic_handler::{closure#0}, !>
[INFO] [stdout]    9:     0x571e2a460fcd - __rustc[8fa7c3cbc660c2b3]::rust_begin_unwind
[INFO] [stdout]   10:     0x571e2a49bc4c - core[df12db4294e9bfd3]::panicking::panic_fmt
[INFO] [stdout]   11:     0x571e2a49bc12 - core[df12db4294e9bfd3]::panicking::panic
[INFO] [stdout]   12:     0x571e2a3fd97a - tests[611a7aeed52182d6]::utils::assert_test_files::<&tempfile[e966b302ad1c5315]::dir::TempDir, &str>
[INFO] [stdout]   13:     0x571e2a3f5a8b - <tests[611a7aeed52182d6]::deletes_file::{closure#0} as core[df12db4294e9bfd3]::ops::function::FnOnce<()>>::call_once
[INFO] [stdout]   14:     0x571e2a404d4b - test[9d35eded1c95d3be]::__rust_begin_short_backtrace::<core[df12db4294e9bfd3]::result::Result<(), alloc[2182bb758b4b3781]::string::String>, fn() -> core[df12db4294e9bfd3]::result::Result<(), alloc[2182bb758b4b3781]::string::String>>
[INFO] [stdout]   15:     0x571e2a4123b5 - test[9d35eded1c95d3be]::run_test::{closure#0}
[INFO] [stdout]   16:     0x571e2a40bc74 - std[70759c8f55707aa4]::sys::backtrace::__rust_begin_short_backtrace::<test[9d35eded1c95d3be]::run_test::{closure#1}, ()>
[INFO] [stdout]   17:     0x571e2a415512 - <std[70759c8f55707aa4]::thread::lifecycle::spawn_unchecked<test[9d35eded1c95d3be]::run_test::{closure#1}, ()>::{closure#1} as core[df12db4294e9bfd3]::ops::function::FnOnce<()>>::call_once::{shim:vtable#0}
[INFO] [stdout]   18:     0x571e2a485d89 - <std[70759c8f55707aa4]::sys::thread::unix::Thread>::new::thread_start
[INFO] [stdout]   19:     0x7bd030f4ddfa - <unknown>
[INFO] [stdout]   20:     0x7bd030fe13d4 - clone
[INFO] [stdout]   21:                0x0 - <unknown>
[INFO] [stdout] 
[INFO] [stdout] ---- default_editor stdout ----
[INFO] [stdout] 
[INFO] [stdout] thread 'default_editor' (863) panicked at tests/tests.rs:121:5:
[INFO] [stdout] assertion `left == right` failed
[INFO] [stdout]   left: ""
[INFO] [stdout]  right: "fake vi"
[INFO] [stdout] stack backtrace:
[INFO] [stdout]    0:     0x571e2a486a11 - <<std[70759c8f55707aa4]::sys::backtrace::BacktraceLock>::print::DisplayBacktrace as core[df12db4294e9bfd3]::fmt::Display>::fmt
[INFO] [stdout]    1:     0x571e2a49b51a - core[df12db4294e9bfd3]::fmt::write
[INFO] [stdout]    2:     0x571e2a48b36c - <alloc[2182bb758b4b3781]::vec::Vec<u8> as core[df12db4294e9bfd3]::io::write::Write>::write_fmt
[INFO] [stdout]    3:     0x571e2a460326 - std[70759c8f55707aa4]::panicking::default_hook::{closure#0}
[INFO] [stdout]    4:     0x571e2a47e179 - std[70759c8f55707aa4]::panicking::default_hook
[INFO] [stdout]    5:     0x571e2a411a60 - test[9d35eded1c95d3be]::test_main_inner::<test[9d35eded1c95d3be]::test_main_static::{closure#0}>::{closure#0}
[INFO] [stdout]    6:     0x571e2a47e332 - std[70759c8f55707aa4]::panicking::panic_with_hook
[INFO] [stdout]    7:     0x571e2a4603d2 - std[70759c8f55707aa4]::panicking::panic_handler::{closure#0}
[INFO] [stdout]    8:     0x571e2a458e09 - std[70759c8f55707aa4]::sys::backtrace::__rust_end_short_backtrace::<std[70759c8f55707aa4]::panicking::panic_handler::{closure#0}, !>
[INFO] [stdout]    9:     0x571e2a460fcd - __rustc[8fa7c3cbc660c2b3]::rust_begin_unwind
[INFO] [stdout]   10:     0x571e2a49bc4c - core[df12db4294e9bfd3]::panicking::panic_fmt
[INFO] [stdout]   11:     0x571e2a49bb63 - core[df12db4294e9bfd3]::panicking::assert_failed_inner
[INFO] [stdout]   12:     0x571e2a404621 - core[df12db4294e9bfd3]::panicking::assert_failed::<alloc[2182bb758b4b3781]::string::String, &str>
[INFO] [stdout]   13:     0x571e2a3f926a - <tests[611a7aeed52182d6]::default_editor::{closure#0} as core[df12db4294e9bfd3]::ops::function::FnOnce<()>>::call_once
[INFO] [stdout]   14:     0x571e2a404d4b - test[9d35eded1c95d3be]::__rust_begin_short_backtrace::<core[df12db4294e9bfd3]::result::Result<(), alloc[2182bb758b4b3781]::string::String>, fn() -> core[df12db4294e9bfd3]::result::Result<(), alloc[2182bb758b4b3781]::string::String>>
[INFO] [stdout]   15:     0x571e2a4123b5 - test[9d35eded1c95d3be]::run_test::{closure#0}
[INFO] [stdout]   16:     0x571e2a40bc74 - std[70759c8f55707aa4]::sys::backtrace::__rust_begin_short_backtrace::<test[9d35eded1c95d3be]::run_test::{closure#1}, ()>
[INFO] [stdout]   17:     0x571e2a415512 - <std[70759c8f55707aa4]::thread::lifecycle::spawn_unchecked<test[9d35eded1c95d3be]::run_test::{closure#1}, ()>::{closure#1} as core[df12db4294e9bfd3]::ops::function::FnOnce<()>>::call_once::{shim:vtable#0}
[INFO] [stdout]   18:     0x571e2a485d89 - <std[70759c8f55707aa4]::sys::thread::unix::Thread>::new::thread_start
[INFO] [stdout]   19:     0x7bd030f4ddfa - <unknown>
[INFO] [stdout]   20:     0x7bd030fe13d4 - clone
[INFO] [stdout]   21:                0x0 - <unknown>
[INFO] [stdout] 
[INFO] [stdout] ---- does_nothing stdout ----
[INFO] [stdout] Created test dir "/tmp/.tmpdpuqoA"
[INFO] [stdout] status: exit status: 1
[INFO] [stdout] stdout: 
[INFO] [stdout] stderr: Error: Failed to open editor "/opt/rustwide/target/release/deps/../../../tests/./ed.sh"
[INFO] [stdout] 
[INFO] [stdout] Caused by:
[INFO] [stdout]     No such file or directory (os error 2)
[INFO] [stdout] 
[INFO] [stdout] Stack backtrace:
[INFO] [stdout]    0: rsdir::main
[INFO] [stdout]    1: std::sys::backtrace::__rust_begin_short_backtrace::<fn() -> core::result::Result<(), anyhow::Error>, core::result::Result<(), anyhow::Error>>
[INFO] [stdout]    2: std::rt::lang_start::<core::result::Result<(), anyhow::Error>>::{closure#0}
[INFO] [stdout]    3: std::rt::lang_start_internal
[INFO] [stdout]    4: main
[INFO] [stdout]    5: <unknown>
[INFO] [stdout]    6: __libc_start_main
[INFO] [stdout]    7: _start
[INFO] [stdout] Result: [
[INFO] [stdout]     (
[INFO] [stdout]         "baz",
[INFO] [stdout]         Some(
[INFO] [stdout]             "baz",
[INFO] [stdout]         ),
[INFO] [stdout]     ),
[INFO] [stdout]     (
[INFO] [stdout]         "foo",
[INFO] [stdout]         None,
[INFO] [stdout]     ),
[INFO] [stdout]     (
[INFO] [stdout]         "foo/bar",
[INFO] [stdout]         Some(
[INFO] [stdout]             "foo/bar",
[INFO] [stdout]         ),
[INFO] [stdout]     ),
[INFO] [stdout] ]
[INFO] [stdout] Expected: [
[INFO] [stdout]     (
[INFO] [stdout]         "baz",
[INFO] [stdout]         Some(
[INFO] [stdout]             "baz",
[INFO] [stdout]         ),
[INFO] [stdout]     ),
[INFO] [stdout]     (
[INFO] [stdout]         "foo/",
[INFO] [stdout]         None,
[INFO] [stdout]     ),
[INFO] [stdout]     (
[INFO] [stdout]         "foo/bar",
[INFO] [stdout]         Some(
[INFO] [stdout]             "foo/bar",
[INFO] [stdout]         ),
[INFO] [stdout]     ),
[INFO] [stdout] ]
[INFO] [stdout] 
[INFO] [stdout] thread 'does_nothing' (868) panicked at tests/tests.rs:34:5:
[INFO] [stdout] assertion `left == right` failed
[INFO] [stdout]   left: "Error: Failed to open editor \"/opt/rustwide/target/release/deps/../../../tests/./ed.sh\"\n\nCaused by:\n    No such file or directory (os error 2)\n\nStack backtrace:\n   0: rsdir::main\n   1: std::sys::backtrace::__rust_begin_short_backtrace::<fn() -> core::result::Result<(), anyhow::Error>, core::result::Result<(), anyhow::Error>>\n   2: std::rt::lang_start::<core::result::Result<(), anyhow::Error>>::{closure#0}\n   3: std::rt::lang_start_internal\n   4: main\n   5: <unknown>\n   6: __libc_start_main\n   7: _start"
[INFO] [stdout]  right: ""
[INFO] [stdout] stack backtrace:
[INFO] [stdout]    0:     0x571e2a486a11 - <<std[70759c8f55707aa4]::sys::backtrace::BacktraceLock>::print::DisplayBacktrace as core[df12db4294e9bfd3]::fmt::Display>::fmt
[INFO] [stdout]    1:     0x571e2a49b51a - core[df12db4294e9bfd3]::fmt::write
[INFO] [stdout]    2:     0x571e2a48b36c - <alloc[2182bb758b4b3781]::vec::Vec<u8> as core[df12db4294e9bfd3]::io::write::Write>::write_fmt
[INFO] [stdout]    3:     0x571e2a460326 - std[70759c8f55707aa4]::panicking::default_hook::{closure#0}
[INFO] [stdout]    4:     0x571e2a47e179 - std[70759c8f55707aa4]::panicking::default_hook
[INFO] [stdout]    5:     0x571e2a411a60 - test[9d35eded1c95d3be]::test_main_inner::<test[9d35eded1c95d3be]::test_main_static::{closure#0}>::{closure#0}
[INFO] [stdout]    6:     0x571e2a47e332 - std[70759c8f55707aa4]::panicking::panic_with_hook
[INFO] [stdout]    7:     0x571e2a4603d2 - std[70759c8f55707aa4]::panicking::panic_handler::{closure#0}
[INFO] [stdout]    8:     0x571e2a458e09 - std[70759c8f55707aa4]::sys::backtrace::__rust_end_short_backtrace::<std[70759c8f55707aa4]::panicking::panic_handler::{closure#0}, !>
[INFO] [stdout]    9:     0x571e2a460fcd - __rustc[8fa7c3cbc660c2b3]::rust_begin_unwind
[INFO] [stdout]   10:     0x571e2a49bc4c - core[df12db4294e9bfd3]::panicking::panic_fmt
[INFO] [stdout]   11:     0x571e2a49bb63 - core[df12db4294e9bfd3]::panicking::assert_failed_inner
[INFO] [stdout]   12:     0x571e2a404621 - core[df12db4294e9bfd3]::panicking::assert_failed::<alloc[2182bb758b4b3781]::string::String, &str>
[INFO] [stdout]   13:     0x571e2a3f6019 - <tests[611a7aeed52182d6]::does_nothing::{closure#0} as core[df12db4294e9bfd3]::ops::function::FnOnce<()>>::call_once
[INFO] [stdout]   14:     0x571e2a404d4b - test[9d35eded1c95d3be]::__rust_begin_short_backtrace::<core[df12db4294e9bfd3]::result::Result<(), alloc[2182bb758b4b3781]::string::String>, fn() -> core[df12db4294e9bfd3]::result::Result<(), alloc[2182bb758b4b3781]::string::String>>
[INFO] [stdout]   15:     0x571e2a4123b5 - test[9d35eded1c95d3be]::run_test::{closure#0}
[INFO] [stdout]   16:     0x571e2a40bc74 - std[70759c8f55707aa4]::sys::backtrace::__rust_begin_short_backtrace::<test[9d35eded1c95d3be]::run_test::{closure#1}, ()>
[INFO] [stdout]   17:     0x571e2a415512 - <std[70759c8f55707aa4]::thread::lifecycle::spawn_unchecked<test[9d35eded1c95d3be]::run_test::{closure#1}, ()>::{closure#1} as core[df12db4294e9bfd3]::ops::function::FnOnce<()>>::call_once::{shim:vtable#0}
[INFO] [stdout]   18:     0x571e2a485d89 - <std[70759c8f55707aa4]::sys::thread::unix::Thread>::new::thread_start
[INFO] [stdout]   19:     0x7bd030f4ddfa - <unknown>
[INFO] [stdout]   20:     0x7bd030fe13d4 - clone
[INFO] [stdout]   21:                0x0 - <unknown>
[INFO] [stdout] 
[INFO] [stdout] ---- delete_file_error stdout ----
[INFO] [stdout] status: exit status: 1
[INFO] [stdout] stdout: 
[INFO] [stdout] stderr: Error: Failed to open editor "/opt/rustwide/target/release/deps/../../../tests/./ed.sh"
[INFO] [stdout] 
[INFO] [stdout] Caused by:
[INFO] [stdout]     No such file or directory (os error 2)
[INFO] [stdout] 
[INFO] [stdout] Stack backtrace:
[INFO] [stdout]    0: rsdir::main
[INFO] [stdout]    1: std::sys::backtrace::__rust_begin_short_backtrace::<fn() -> core::result::Result<(), anyhow::Error>, core::result::Result<(), anyhow::Error>>
[INFO] [stdout]    2: std::rt::lang_start::<core::result::Result<(), anyhow::Error>>::{closure#0}
[INFO] [stdout]    3: std::rt::lang_start_internal
[INFO] [stdout]    4: main
[INFO] [stdout]    5: <unknown>
[INFO] [stdout]    6: __libc_start_main
[INFO] [stdout]    7: _start
[INFO] [stdout] 
[INFO] [stdout] thread 'delete_file_error' (865) panicked at tests/tests.rs:339:5:
[INFO] [stdout] assertion failed: output.stderr.starts_with("\
[INFO] [stdout]         Error: Error deleting file \"./null\"
[INFO] [stdout] 
[INFO] [stdout] Caused by:")
[INFO] [stdout] stack backtrace:
[INFO] [stdout]    0:     0x571e2a486a11 - <<std[70759c8f55707aa4]::sys::backtrace::BacktraceLock>::print::DisplayBacktrace as core[df12db4294e9bfd3]::fmt::Display>::fmt
[INFO] [stdout]    1:     0x571e2a49b51a - core[df12db4294e9bfd3]::fmt::write
[INFO] [stdout]    2:     0x571e2a48b36c - <alloc[2182bb758b4b3781]::vec::Vec<u8> as core[df12db4294e9bfd3]::io::write::Write>::write_fmt
[INFO] [stdout]    3:     0x571e2a460326 - std[70759c8f55707aa4]::panicking::default_hook::{closure#0}
[INFO] [stdout]    4:     0x571e2a47e179 - std[70759c8f55707aa4]::panicking::default_hook
[INFO] [stdout]    5:     0x571e2a411a60 - test[9d35eded1c95d3be]::test_main_inner::<test[9d35eded1c95d3be]::test_main_static::{closure#0}>::{closure#0}
[INFO] [stdout]    6:     0x571e2a47e332 - std[70759c8f55707aa4]::panicking::panic_with_hook
[INFO] [stdout]    7:     0x571e2a460404 - std[70759c8f55707aa4]::panicking::panic_handler::{closure#0}
[INFO] [stdout]    8:     0x571e2a458e09 - std[70759c8f55707aa4]::sys::backtrace::__rust_end_short_backtrace::<std[70759c8f55707aa4]::panicking::panic_handler::{closure#0}, !>
[INFO] [stdout]    9:     0x571e2a460fcd - __rustc[8fa7c3cbc660c2b3]::rust_begin_unwind
[INFO] [stdout]   10:     0x571e2a49bc4c - core[df12db4294e9bfd3]::panicking::panic_fmt
[INFO] [stdout]   11:     0x571e2a49bc12 - core[df12db4294e9bfd3]::panicking::panic
[INFO] [stdout]   12:     0x571e2a3fbbeb - <tests[611a7aeed52182d6]::delete_file_error::{closure#0} as core[df12db4294e9bfd3]::ops::function::FnOnce<()>>::call_once
[INFO] [stdout]   13:     0x571e2a404d4b - test[9d35eded1c95d3be]::__rust_begin_short_backtrace::<core[df12db4294e9bfd3]::result::Result<(), alloc[2182bb758b4b3781]::string::String>, fn() -> core[df12db4294e9bfd3]::result::Result<(), alloc[2182bb758b4b3781]::string::String>>
[INFO] [stdout]   14:     0x571e2a4123b5 - test[9d35eded1c95d3be]::run_test::{closure#0}
[INFO] [stdout]   15:     0x571e2a40bc74 - std[70759c8f55707aa4]::sys::backtrace::__rust_begin_short_backtrace::<test[9d35eded1c95d3be]::run_test::{closure#1}, ()>
[INFO] [stdout]   16:     0x571e2a415512 - <std[70759c8f55707aa4]::thread::lifecycle::spawn_unchecked<test[9d35eded1c95d3be]::run_test::{closure#1}, ()>::{closure#1} as core[df12db4294e9bfd3]::ops::function::FnOnce<()>>::call_once::{shim:vtable#0}
[INFO] [stdout]   17:     0x571e2a485d89 - <std[70759c8f55707aa4]::sys::thread::unix::Thread>::new::thread_start
[INFO] [stdout]   18:     0x7bd030f4ddfa - <unknown>
[INFO] [stdout]   19:     0x7bd030fe13d4 - clone
[INFO] [stdout]   20:                0x0 - <unknown>
[INFO] [stdout] 
[INFO] [stdout] ---- delete_dir_error stdout ----
[INFO] [stdout] status: exit status: 1
[INFO] [stdout] stdout: 
[INFO] [stdout] stderr: Error: Failed to open editor "/opt/rustwide/target/release/deps/../../../tests/./ed.sh"
[INFO] [stdout] 
[INFO] [stdout] Caused by:
[INFO] [stdout]     No such file or directory (os error 2)
[INFO] [stdout] 
[INFO] [stdout] Stack backtrace:
[INFO] [stdout]    0: rsdir::main
[INFO] [stdout]    1: std::sys::backtrace::__rust_begin_short_backtrace::<fn() -> core::result::Result<(), anyhow::Error>, core::result::Result<(), anyhow::Error>>
[INFO] [stdout]    2: std::rt::lang_start::<core::result::Result<(), anyhow::Error>>::{closure#0}
[INFO] [stdout]    3: std::rt::lang_start_internal
[INFO] [stdout]    4: main
[INFO] [stdout]    5: <unknown>
[INFO] [stdout]    6: __libc_start_main
[INFO] [stdout]    7: _start
[INFO] [stdout] 
[INFO] [stdout] thread 'delete_dir_error' (864) panicked at tests/tests.rs:318:5:
[INFO] [stdout] assertion failed: output.stderr.starts_with("\
[INFO] [stdout]         Error: Error deleting directory \"./dev\"
[INFO] [stdout] 
[INFO] [stdout] Caused by:")
[INFO] [stdout] stack backtrace:
[INFO] [stdout]    0:     0x571e2a486a11 - <<std[70759c8f55707aa4]::sys::backtrace::BacktraceLock>::print::DisplayBacktrace as core[df12db4294e9bfd3]::fmt::Display>::fmt
[INFO] [stdout]    1:     0x571e2a49b51a - core[df12db4294e9bfd3]::fmt::write
[INFO] [stdout]    2:     0x571e2a48b36c - <alloc[2182bb758b4b3781]::vec::Vec<u8> as core[df12db4294e9bfd3]::io::write::Write>::write_fmt
[INFO] [stdout]    3:     0x571e2a460326 - std[70759c8f55707aa4]::panicking::default_hook::{closure#0}
[INFO] [stdout]    4:     0x571e2a47e179 - std[70759c8f55707aa4]::panicking::default_hook
[INFO] [stdout]    5:     0x571e2a411a60 - test[9d35eded1c95d3be]::test_main_inner::<test[9d35eded1c95d3be]::test_main_static::{closure#0}>::{closure#0}
[INFO] [stdout]    6:     0x571e2a47e332 - std[70759c8f55707aa4]::panicking::panic_with_hook
[INFO] [stdout]    7:     0x571e2a460404 - std[70759c8f55707aa4]::panicking::panic_handler::{closure#0}
[INFO] [stdout]    8:     0x571e2a458e09 - std[70759c8f55707aa4]::sys::backtrace::__rust_end_short_backtrace::<std[70759c8f55707aa4]::panicking::panic_handler::{closure#0}, !>
[INFO] [stdout]    9:     0x571e2a460fcd - __rustc[8fa7c3cbc660c2b3]::rust_begin_unwind
[INFO] [stdout]   10:     0x571e2a49bc4c - core[df12db4294e9bfd3]::panicking::panic_fmt
[INFO] [stdout]   11:     0x571e2a49bc12 - core[df12db4294e9bfd3]::panicking::panic
[INFO] [stdout]   12:     0x571e2a3fb17b - <tests[611a7aeed52182d6]::delete_dir_error::{closure#0} as core[df12db4294e9bfd3]::ops::function::FnOnce<()>>::call_once
[INFO] [stdout]   13:     0x571e2a404d4b - test[9d35eded1c95d3be]::__rust_begin_short_backtrace::<core[df12db4294e9bfd3]::result::Result<(), alloc[2182bb758b4b3781]::string::String>, fn() -> core[df12db4294e9bfd3]::result::Result<(), alloc[2182bb758b4b3781]::string::String>>
[INFO] [stdout]   14:     0x571e2a4123b5 - test[9d35eded1c95d3be]::run_test::{closure#0}
[INFO] [stdout]   15:     0x571e2a40bc74 - std[70759c8f55707aa4]::sys::backtrace::__rust_begin_short_backtrace::<test[9d35eded1c95d3be]::run_test::{closure#1}, ()>
[INFO] [stdout]   16:     0x571e2a415512 - <std[70759c8f55707aa4]::thread::lifecycle::spawn_unchecked<test[9d35eded1c95d3be]::run_test::{closure#1}, ()>::{closure#1} as core[df12db4294e9bfd3]::ops::function::FnOnce<()>>::call_once::{shim:vtable#0}
[INFO] [stdout]   17:     0x571e2a485d89 - <std[70759c8f55707aa4]::sys::thread::unix::Thread>::new::thread_start
[INFO] [stdout]   18:     0x7bd030f4ddfa - <unknown>
[INFO] [stdout]   19:     0x7bd030fe13d4 - clone
[INFO] [stdout]   20:                0x0 - <unknown>
[INFO] [stdout] 
[INFO] [stdout] ---- deletes_dir stdout ----
[INFO] [stdout] Created test dir "/tmp/.tmpiB6Et0"
[INFO] [stdout] status: exit status: 1
[INFO] [stdout] stdout: 
[INFO] [stdout] stderr: Error: Failed to open editor "/opt/rustwide/target/release/deps/../../../tests/./ed.sh"
[INFO] [stdout] 
[INFO] [stdout] Caused by:
[INFO] [stdout]     No such file or directory (os error 2)
[INFO] [stdout] 
[INFO] [stdout] Stack backtrace:
[INFO] [stdout]    0: rsdir::main
[INFO] [stdout]    1: std::sys::backtrace::__rust_begin_short_backtrace::<fn() -> core::result::Result<(), anyhow::Error>, core::result::Result<(), anyhow::Error>>
[INFO] [stdout]    2: std::rt::lang_start::<core::result::Result<(), anyhow::Error>>::{closure#0}
[INFO] [stdout]    3: std::rt::lang_start_internal
[INFO] [stdout]    4: main
[INFO] [stdout]    5: <unknown>
[INFO] [stdout]    6: __libc_start_main
[INFO] [stdout]    7: _start
[INFO] [stdout] Result: [
[INFO] [stdout]     (
[INFO] [stdout]         "foo",
[INFO] [stdout]         None,
[INFO] [stdout]     ),
[INFO] [stdout] ]
[INFO] [stdout] Expected: []
[INFO] [stdout] 
[INFO] [stdout] thread 'deletes_dir' (866) panicked at tests/utils/mod.rs:83:5:
[INFO] [stdout] assertion failed: result.iter().eq(expected.iter())
[INFO] [stdout] stack backtrace:
[INFO] [stdout]    0:     0x571e2a486a11 - <<std[70759c8f55707aa4]::sys::backtrace::BacktraceLock>::print::DisplayBacktrace as core[df12db4294e9bfd3]::fmt::Display>::fmt
[INFO] [stdout]    1:     0x571e2a49b51a - core[df12db4294e9bfd3]::fmt::write
[INFO] [stdout]    2:     0x571e2a48b36c - <alloc[2182bb758b4b3781]::vec::Vec<u8> as core[df12db4294e9bfd3]::io::write::Write>::write_fmt
[INFO] [stdout]    3:     0x571e2a460326 - std[70759c8f55707aa4]::panicking::default_hook::{closure#0}
[INFO] [stdout]    4:     0x571e2a47e179 - std[70759c8f55707aa4]::panicking::default_hook
[INFO] [stdout]    5:     0x571e2a411a60 - test[9d35eded1c95d3be]::test_main_inner::<test[9d35eded1c95d3be]::test_main_static::{closure#0}>::{closure#0}
[INFO] [stdout]    6:     0x571e2a47e332 - std[70759c8f55707aa4]::panicking::panic_with_hook
[INFO] [stdout]    7:     0x571e2a460404 - std[70759c8f55707aa4]::panicking::panic_handler::{closure#0}
[INFO] [stdout]    8:     0x571e2a458e09 - std[70759c8f55707aa4]::sys::backtrace::__rust_end_short_backtrace::<std[70759c8f55707aa4]::panicking::panic_handler::{closure#0}, !>
[INFO] [stdout]    9:     0x571e2a460fcd - __rustc[8fa7c3cbc660c2b3]::rust_begin_unwind
[INFO] [stdout]   10:     0x571e2a49bc4c - core[df12db4294e9bfd3]::panicking::panic_fmt
[INFO] [stdout]   11:     0x571e2a49bc12 - core[df12db4294e9bfd3]::panicking::panic
[INFO] [stdout]   12:     0x571e2a3fd97a - tests[611a7aeed52182d6]::utils::assert_test_files::<&tempfile[e966b302ad1c5315]::dir::TempDir, &str>
[INFO] [stdout]   13:     0x571e2a3f52fb - <tests[611a7aeed52182d6]::deletes_dir::{closure#0} as core[df12db4294e9bfd3]::ops::function::FnOnce<()>>::call_once
[INFO] [stdout]   14:     0x571e2a404d4b - test[9d35eded1c95d3be]::__rust_begin_short_backtrace::<core[df12db4294e9bfd3]::result::Result<(), alloc[2182bb758b4b3781]::string::String>, fn() -> core[df12db4294e9bfd3]::result::Result<(), alloc[2182bb758b4b3781]::string::String>>
[INFO] [stdout]   15:     0x571e2a4123b5 - test[9d35eded1c95d3be]::run_test::{closure#0}
[INFO] [stdout]   16:     0x571e2a40bc74 - std[70759c8f55707aa4]::sys::backtrace::__rust_begin_short_backtrace::<test[9d35eded1c95d3be]::run_test::{closure#1}, ()>
[INFO] [stdout]   17:     0x571e2a415512 - <std[70759c8f55707aa4]::thread::lifecycle::spawn_unchecked<test[9d35eded1c95d3be]::run_test::{closure#1}, ()>::{closure#1} as core[df12db4294e9bfd3]::ops::function::FnOnce<()>>::call_once::{shim:vtable#0}
[INFO] [stdout]   18:     0x571e2a485d89 - <std[70759c8f55707aa4]::sys::thread::unix::Thread>::new::thread_start
[INFO] [stdout]   19:     0x7bd030f4ddfa - <unknown>
[INFO] [stdout]   20:     0x7bd030fe13d4 - clone
[INFO] [stdout]   21:                0x0 - <unknown>
[INFO] [stdout] 
[INFO] [stdout] ---- editor_failure stdout ----
[INFO] [stdout] Created test dir "/tmp/.tmpuX79EA"
[INFO] [stdout] status: exit status: 1
[INFO] [stdout] stdout: 
[INFO] [stdout] stderr: Error: Failed to open editor "/opt/rustwide/target/release/deps/../../../tests/./ed.sh"
[INFO] [stdout] 
[INFO] [stdout] Caused by:
[INFO] [stdout]     No such file or directory (os error 2)
[INFO] [stdout] 
[INFO] [stdout] Stack backtrace:
[INFO] [stdout]    0: rsdir::main
[INFO] [stdout]    1: std::sys::backtrace::__rust_begin_short_backtrace::<fn() -> core::result::Result<(), anyhow::Error>, core::result::Result<(), anyhow::Error>>
[INFO] [stdout]    2: std::rt::lang_start::<core::result::Result<(), anyhow::Error>>::{closure#0}
[INFO] [stdout]    3: std::rt::lang_start_internal
[INFO] [stdout]    4: main
[INFO] [stdout]    5: <unknown>
[INFO] [stdout]    6: __libc_start_main
[INFO] [stdout]    7: _start
[INFO] [stdout] Result: [
[INFO] [stdout]     (
[INFO] [stdout]         "baz",
[INFO] [stdout]         Some(
[INFO] [stdout]             "baz",
[INFO] [stdout]         ),
[INFO] [stdout]     ),
[INFO] [stdout] ]
[INFO] [stdout] Expected: [
[INFO] [stdout]     (
[INFO] [stdout]         "baz",
[INFO] [stdout]         Some(
[INFO] [stdout]             "baz",
[INFO] [stdout]         ),
[INFO] [stdout]     ),
[INFO] [stdout] ]
[INFO] [stdout] 
[INFO] [stdout] thread 'editor_failure' (884) panicked at tests/tests.rs:442:5:
[INFO] [stdout] assertion failed: output.stderr.starts_with(&format!("Error: Editor {ed_path:?} returned error code "))
[INFO] [stdout] stack backtrace:
[INFO] [stdout]    0:     0x571e2a486a11 - <<std[70759c8f55707aa4]::sys::backtrace::BacktraceLock>::print::DisplayBacktrace as core[df12db4294e9bfd3]::fmt::Display>::fmt
[INFO] [stdout]    1:     0x571e2a49b51a - core[df12db4294e9bfd3]::fmt::write
[INFO] [stdout]    2:     0x571e2a48b36c - <alloc[2182bb758b4b3781]::vec::Vec<u8> as core[df12db4294e9bfd3]::io::write::Write>::write_fmt
[INFO] [stdout]    3:     0x571e2a460326 - std[70759c8f55707aa4]::panicking::default_hook::{closure#0}
[INFO] [stdout]    4:     0x571e2a47e179 - std[70759c8f55707aa4]::panicking::default_hook
[INFO] [stdout]    5:     0x571e2a411a60 - test[9d35eded1c95d3be]::test_main_inner::<test[9d35eded1c95d3be]::test_main_static::{closure#0}>::{closure#0}
[INFO] [stdout]    6:     0x571e2a47e332 - std[70759c8f55707aa4]::panicking::panic_with_hook
[INFO] [stdout]    7:     0x571e2a460404 - std[70759c8f55707aa4]::panicking::panic_handler::{closure#0}
[INFO] [stdout]    8:     0x571e2a458e09 - std[70759c8f55707aa4]::sys::backtrace::__rust_end_short_backtrace::<std[70759c8f55707aa4]::panicking::panic_handler::{closure#0}, !>
[INFO] [stdout]    9:     0x571e2a460fcd - __rustc[8fa7c3cbc660c2b3]::rust_begin_unwind
[INFO] [stdout]   10:     0x571e2a49bc4c - core[df12db4294e9bfd3]::panicking::panic_fmt
[INFO] [stdout]   11:     0x571e2a49bc12 - core[df12db4294e9bfd3]::panicking::panic
[INFO] [stdout]   12:     0x571e2a3f986b - <tests[611a7aeed52182d6]::editor_failure::{closure#0} as core[df12db4294e9bfd3]::ops::function::FnOnce<()>>::call_once
[INFO] [stdout]   13:     0x571e2a404d4b - test[9d35eded1c95d3be]::__rust_begin_short_backtrace::<core[df12db4294e9bfd3]::result::Result<(), alloc[2182bb758b4b3781]::string::String>, fn() -> core[df12db4294e9bfd3]::result::Result<(), alloc[2182bb758b4b3781]::string::String>>
[INFO] [stdout]   14:     0x571e2a4123b5 - test[9d35eded1c95d3be]::run_test::{closure#0}
[INFO] [stdout]   15:     0x571e2a40bc74 - std[70759c8f55707aa4]::sys::backtrace::__rust_begin_short_backtrace::<test[9d35eded1c95d3be]::run_test::{closure#1}, ()>
[INFO] [stdout]   16:     0x571e2a415512 - <std[70759c8f55707aa4]::thread::lifecycle::spawn_unchecked<test[9d35eded1c95d3be]::run_test::{closure#1}, ()>::{closure#1} as core[df12db4294e9bfd3]::ops::function::FnOnce<()>>::call_once::{shim:vtable#0}
[INFO] [stdout]   17:     0x571e2a485d89 - <std[70759c8f55707aa4]::sys::thread::unix::Thread>::new::thread_start
[INFO] [stdout]   18:     0x7bd030f4ddfa - <unknown>
[INFO] [stdout]   19:     0x7bd030fe13d4 - clone
[INFO] [stdout]   20:                0x0 - <unknown>
[INFO] [stdout] 
[INFO] [stdout] ---- editor_killed stdout ----
[INFO] [stdout] Created test dir "/tmp/.tmpqrcByR"
[INFO] [stdout] 
[INFO] [stdout] thread 'editor_killed' (886) panicked at tests/tests.rs:473:5:
[INFO] [stdout] assertion `left == right` failed
[INFO] [stdout]   left: "Error: Failed to open editor \"/opt/rustwide/target/release/deps/../../../tests/./kill.sh\"\n\nCaused by:\n    No such file or directory (os error 2)\n\nStack backtrace:\n   0: rsdir::main\n   1: std::sys::backtrace::__rust_begin_short_backtrace::<fn() -> core::result::Result<(), anyhow::Error>, core::result::Result<(), anyhow::Error>>\n   2: std::rt::lang_start::<core::result::Result<(), anyhow::Error>>::{closure#0}\n   3: std::rt::lang_start_internal\n   4: main\n   5: <unknown>\n   6: __libc_start_main\n   7: _start"
[INFO] [stdout]  right: "Error: Editor \"/opt/rustwide/target/release/deps/../../../tests/./kill.sh\" returned an error"
[INFO] [stdout] stack backtrace:
[INFO] [stdout]    0:     0x571e2a486a11 - <<std[70759c8f55707aa4]::sys::backtrace::BacktraceLock>::print::DisplayBacktrace as core[df12db4294e9bfd3]::fmt::Display>::fmt
[INFO] [stdout]    1:     0x571e2a49b51a - core[df12db4294e9bfd3]::fmt::write
[INFO] [stdout]    2:     0x571e2a48b36c - <alloc[2182bb758b4b3781]::vec::Vec<u8> as core[df12db4294e9bfd3]::io::write::Write>::write_fmt
[INFO] [stdout]    3:     0x571e2a460326 - std[70759c8f55707aa4]::panicking::default_hook::{closure#0}
[INFO] [stdout]    4:     0x571e2a47e179 - std[70759c8f55707aa4]::panicking::default_hook
[INFO] [stdout]    5:     0x571e2a411a60 - test[9d35eded1c95d3be]::test_main_inner::<test[9d35eded1c95d3be]::test_main_static::{closure#0}>::{closure#0}
[INFO] [stdout]    6:     0x571e2a47e332 - std[70759c8f55707aa4]::panicking::panic_with_hook
[INFO] [stdout]    7:     0x571e2a4603d2 - std[70759c8f55707aa4]::panicking::panic_handler::{closure#0}
[INFO] [stdout]    8:     0x571e2a458e09 - std[70759c8f55707aa4]::sys::backtrace::__rust_end_short_backtrace::<std[70759c8f55707aa4]::panicking::panic_handler::{closure#0}, !>
[INFO] [stdout]    9:     0x571e2a460fcd - __rustc[8fa7c3cbc660c2b3]::rust_begin_unwind
[INFO] [stdout]   10:     0x571e2a49bc4c - core[df12db4294e9bfd3]::panicking::panic_fmt
[INFO] [stdout]   11:     0x571e2a49bb63 - core[df12db4294e9bfd3]::panicking::assert_failed_inner
[INFO] [stdout]   12:     0x571e2a4045ea - core[df12db4294e9bfd3]::panicking::assert_failed::<alloc[2182bb758b4b3781]::string::String, alloc[2182bb758b4b3781]::string::String>
[INFO] [stdout]   13:     0x571e2a3f778b - <tests[611a7aeed52182d6]::editor_killed::{closure#0} as core[df12db4294e9bfd3]::ops::function::FnOnce<()>>::call_once
[INFO] [stdout]   14:     0x571e2a404d4b - test[9d35eded1c95d3be]::__rust_begin_short_backtrace::<core[df12db4294e9bfd3]::result::Result<(), alloc[2182bb758b4b3781]::string::String>, fn() -> core[df12db4294e9bfd3]::result::Result<(), alloc[2182bb758b4b3781]::string::String>>
[INFO] [stdout]   15:     0x571e2a4123b5 - test[9d35eded1c95d3be]::run_test::{closure#0}
[INFO] [stdout]   16:     0x571e2a40bc74 - std[70759c8f55707aa4]::sys::backtrace::__rust_begin_short_backtrace::<test[9d35eded1c95d3be]::run_test::{closure#1}, ()>
[INFO] [stdout]   17:     0x571e2a415512 - <std[70759c8f55707aa4]::thread::lifecycle::spawn_unchecked<test[9d35eded1c95d3be]::run_test::{closure#1}, ()>::{closure#1} as core[df12db4294e9bfd3]::ops::function::FnOnce<()>>::call_once::{shim:vtable#0}
[INFO] [stdout]   18:     0x571e2a485d89 - <std[70759c8f55707aa4]::sys::thread::unix::Thread>::new::thread_start
[INFO] [stdout]   19:     0x7bd030f4ddfa - <unknown>
[INFO] [stdout]   20:     0x7bd030fe13d4 - clone
[INFO] [stdout]   21:                0x0 - <unknown>
[INFO] [stdout] 
[INFO] [stdout] ---- invalid_index stdout ----
[INFO] [stdout] Created test dir "/tmp/.tmplAzo5G"
[INFO] [stdout] status: exit status: 1
[INFO] [stdout] stdout: 
[INFO] [stdout] stderr: Error: Failed to open editor "/opt/rustwide/target/release/deps/../../../tests/./ed.sh"
[INFO] [stdout] 
[INFO] [stdout] Caused by:
[INFO] [stdout]     No such file or directory (os error 2)
[INFO] [stdout] 
[INFO] [stdout] Stack backtrace:
[INFO] [stdout]    0: rsdir::main
[INFO] [stdout]    1: std::sys::backtrace::__rust_begin_short_backtrace::<fn() -> core::result::Result<(), anyhow::Error>, core::result::Result<(), anyhow::Error>>
[INFO] [stdout]    2: std::rt::lang_start::<core::result::Result<(), anyhow::Error>>::{closure#0}
[INFO] [stdout]    3: std::rt::lang_start_internal
[INFO] [stdout]    4: main
[INFO] [stdout]    5: <unknown>
[INFO] [stdout]    6: __libc_start_main
[INFO] [stdout]    7: _start
[INFO] [stdout] Result: [
[INFO] [stdout]     (
[INFO] [stdout]         "baz",
[INFO] [stdout]         Some(
[INFO] [stdout]             "baz",
[INFO] [stdout]         ),
[INFO] [stdout]     ),
[INFO] [stdout] ]
[INFO] [stdout] Expected: [
[INFO] [stdout]     (
[INFO] [stdout]         "baz",
[INFO] [stdout]         Some(
[INFO] [stdout]             "baz",
[INFO] [stdout]         ),
[INFO] [stdout]     ),
[INFO] [stdout] ]
[INFO] [stdout] 
[INFO] [stdout] thread 'invalid_index' (889) panicked at tests/tests.rs:422:5:
[INFO] [stdout] assertion `left == right` failed
[INFO] [stdout]   left: "Error: Failed to open editor \"/opt/rustwide/target/release/deps/../../../tests/./ed.sh\"\n\nCaused by:\n    No such file or directory (os error 2)\n\nStack backtrace:\n   0: rsdir::main\n   1: std::sys::backtrace::__rust_begin_short_backtrace::<fn() -> core::result::Result<(), anyhow::Error>, core::result::Result<(), anyhow::Error>>\n   2: std::rt::lang_start::<core::result::Result<(), anyhow::Error>>::{closure#0}\n   3: std::rt::lang_start_internal\n   4: main\n   5: <unknown>\n   6: __libc_start_main\n   7: _start"
[INFO] [stdout]  right: "Error: Invalid index \"x\" at row 0"
[INFO] [stdout] stack backtrace:
[INFO] [stdout]    0:     0x571e2a486a11 - <<std[70759c8f55707aa4]::sys::backtrace::BacktraceLock>::print::DisplayBacktrace as core[df12db4294e9bfd3]::fmt::Display>::fmt
[INFO] [stdout]    1:     0x571e2a49b51a - core[df12db4294e9bfd3]::fmt::write
[INFO] [stdout]    2:     0x571e2a48b36c - <alloc[2182bb758b4b3781]::vec::Vec<u8> as core[df12db4294e9bfd3]::io::write::Write>::write_fmt
[INFO] [stdout]    3:     0x571e2a460326 - std[70759c8f55707aa4]::panicking::default_hook::{closure#0}
[INFO] [stdout]    4:     0x571e2a47e179 - std[70759c8f55707aa4]::panicking::default_hook
[INFO] [stdout]    5:     0x571e2a411a60 - test[9d35eded1c95d3be]::test_main_inner::<test[9d35eded1c95d3be]::test_main_static::{closure#0}>::{closure#0}
[INFO] [stdout]    6:     0x571e2a47e332 - std[70759c8f55707aa4]::panicking::panic_with_hook
[INFO] [stdout]    7:     0x571e2a4603d2 - std[70759c8f55707aa4]::panicking::panic_handler::{closure#0}
[INFO] [stdout]    8:     0x571e2a458e09 - std[70759c8f55707aa4]::sys::backtrace::__rust_end_short_backtrace::<std[70759c8f55707aa4]::panicking::panic_handler::{closure#0}, !>
[INFO] [stdout]    9:     0x571e2a460fcd - __rustc[8fa7c3cbc660c2b3]::rust_begin_unwind
[INFO] [stdout]   10:     0x571e2a49bc4c - core[df12db4294e9bfd3]::panicking::panic_fmt
[INFO] [stdout]   11:     0x571e2a49bb63 - core[df12db4294e9bfd3]::panicking::assert_failed_inner
[INFO] [stdout]   12:     0x571e2a404621 - core[df12db4294e9bfd3]::panicking::assert_failed::<alloc[2182bb758b4b3781]::string::String, &str>
[INFO] [stdout]   13:     0x571e2a3f7d8f - <tests[611a7aeed52182d6]::invalid_index::{closure#0} as core[df12db4294e9bfd3]::ops::function::FnOnce<()>>::call_once
[INFO] [stdout]   14:     0x571e2a404d4b - test[9d35eded1c95d3be]::__rust_begin_short_backtrace::<core[df12db4294e9bfd3]::result::Result<(), alloc[2182bb758b4b3781]::string::String>, fn() -> core[df12db4294e9bfd3]::result::Result<(), alloc[2182bb758b4b3781]::string::String>>
[INFO] [stdout]   15:     0x571e2a4123b5 - test[9d35eded1c95d3be]::run_test::{closure#0}
[INFO] [stdout]   16:     0x571e2a40bc74 - std[70759c8f55707aa4]::sys::backtrace::__rust_begin_short_backtrace::<test[9d35eded1c95d3be]::run_test::{closure#1}, ()>
[INFO] [stdout]   17:     0x571e2a415512 - <std[70759c8f55707aa4]::thread::lifecycle::spawn_unchecked<test[9d35eded1c95d3be]::run_test::{closure#1}, ()>::{closure#1} as core[df12db4294e9bfd3]::ops::function::FnOnce<()>>::call_once::{shim:vtable#0}
[INFO] [stdout]   18:     0x571e2a485d89 - <std[70759c8f55707aa4]::sys::thread::unix::Thread>::new::thread_start
[INFO] [stdout]   19:     0x7bd030f4ddfa - <unknown>
[INFO] [stdout]   20:     0x7bd030fe13d4 - clone
[INFO] [stdout]   21:                0x0 - <unknown>
[INFO] [stdout] 
[INFO] [stdout] ---- moves_dir stdout ----
[INFO] [stdout] Created test dir "/tmp/.tmpkoWAsn"
[INFO] [stdout] status: exit status: 1
[INFO] [stdout] stdout: 
[INFO] [stdout] stderr: Error: Failed to open editor "/opt/rustwide/target/release/deps/../../../tests/./ed.sh"
[INFO] [stdout] 
[INFO] [stdout] Caused by:
[INFO] [stdout]     No such file or directory (os error 2)
[INFO] [stdout] 
[INFO] [stdout] Stack backtrace:
[INFO] [stdout]    0: rsdir::main
[INFO] [stdout]    1: std::sys::backtrace::__rust_begin_short_backtrace::<fn() -> core::result::Result<(), anyhow::Error>, core::result::Result<(), anyhow::Error>>
[INFO] [stdout]    2: std::rt::lang_start::<core::result::Result<(), anyhow::Error>>::{closure#0}
[INFO] [stdout]    3: std::rt::lang_start_internal
[INFO] [stdout]    4: main
[INFO] [stdout]    5: <unknown>
[INFO] [stdout]    6: __libc_start_main
[INFO] [stdout]    7: _start
[INFO] [stdout] Result: [
[INFO] [stdout]     (
[INFO] [stdout]         "foo",
[INFO] [stdout]         None,
[INFO] [stdout]     ),
[INFO] [stdout] ]
[INFO] [stdout] Expected: [
[INFO] [stdout]     (
[INFO] [stdout]         "bar/",
[INFO] [stdout]         None,
[INFO] [stdout]     ),
[INFO] [stdout] ]
[INFO] [stdout] 
[INFO] [stdout] thread 'moves_dir' (901) panicked at tests/utils/mod.rs:83:5:
[INFO] [stdout] assertion failed: result.iter().eq(expected.iter())
[INFO] [stdout] stack backtrace:
[INFO] [stdout]    0:     0x571e2a486a11 - <<std[70759c8f55707aa4]::sys::backtrace::BacktraceLock>::print::DisplayBacktrace as core[df12db4294e9bfd3]::fmt::Display>::fmt
[INFO] [stdout]    1:     0x571e2a49b51a - core[df12db4294e9bfd3]::fmt::write
[INFO] [stdout]    2:     0x571e2a48b36c - <alloc[2182bb758b4b3781]::vec::Vec<u8> as core[df12db4294e9bfd3]::io::write::Write>::write_fmt
[INFO] [stdout]    3:     0x571e2a460326 - std[70759c8f55707aa4]::panicking::default_hook::{closure#0}
[INFO] [stdout]    4:     0x571e2a47e179 - std[70759c8f55707aa4]::panicking::default_hook
[INFO] [stdout]    5:     0x571e2a411a60 - test[9d35eded1c95d3be]::test_main_inner::<test[9d35eded1c95d3be]::test_main_static::{closure#0}>::{closure#0}
[INFO] [stdout]    6:     0x571e2a47e332 - std[70759c8f55707aa4]::panicking::panic_with_hook
[INFO] [stdout]    7:     0x571e2a460404 - std[70759c8f55707aa4]::panicking::panic_handler::{closure#0}
[INFO] [stdout]    8:     0x571e2a458e09 - std[70759c8f55707aa4]::sys::backtrace::__rust_end_short_backtrace::<std[70759c8f55707aa4]::panicking::panic_handler::{closure#0}, !>
[INFO] [stdout]    9:     0x571e2a460fcd - __rustc[8fa7c3cbc660c2b3]::rust_begin_unwind
[INFO] [stdout]   10:     0x571e2a49bc4c - core[df12db4294e9bfd3]::panicking::panic_fmt
[INFO] [stdout]   11:     0x571e2a49bc12 - core[df12db4294e9bfd3]::panicking::panic
[INFO] [stdout]   12:     0x571e2a3fd97a - tests[611a7aeed52182d6]::utils::assert_test_files::<&tempfile[e966b302ad1c5315]::dir::TempDir, &str>
[INFO] [stdout]   13:     0x571e2a3fd1ae - <tests[611a7aeed52182d6]::moves_dir::{closure#0} as core[df12db4294e9bfd3]::ops::function::FnOnce<()>>::call_once
[INFO] [stdout]   14:     0x571e2a404d4b - test[9d35eded1c95d3be]::__rust_begin_short_backtrace::<core[df12db4294e9bfd3]::result::Result<(), alloc[2182bb758b4b3781]::string::String>, fn() -> core[df12db4294e9bfd3]::result::Result<(), alloc[2182bb758b4b3781]::string::String>>
[INFO] [stdout]   15:     0x571e2a4123b5 - test[9d35eded1c95d3be]::run_test::{closure#0}
[INFO] [stdout]   16:     0x571e2a40bc74 - std[70759c8f55707aa4]::sys::backtrace::__rust_begin_short_backtrace::<test[9d35eded1c95d3be]::run_test::{closure#1}, ()>
[INFO] [stdout]   17:     0x571e2a415512 - <std[70759c8f55707aa4]::thread::lifecycle::spawn_unchecked<test[9d35eded1c95d3be]::run_test::{closure#1}, ()>::{closure#1} as core[df12db4294e9bfd3]::ops::function::FnOnce<()>>::call_once::{shim:vtable#0}
[INFO] [stdout]   18:     0x571e2a485d89 - <std[70759c8f55707aa4]::sys::thread::unix::Thread>::new::thread_start
[INFO] [stdout]   19:     0x7bd030f4ddfa - <unknown>
[INFO] [stdout]   20:     0x7bd030fe13d4 - clone
[INFO] [stdout]   21:                0x0 - <unknown>
[INFO] [stdout] 
[INFO] [stdout] ---- move_file_error stdout ----
[INFO] [stdout] Created test dir "/tmp/.tmpwqQBx4"
[INFO] [stdout] status: exit status: 1
[INFO] [stdout] stdout: 
[INFO] [stdout] stderr: Error: Failed to open editor "/opt/rustwide/target/release/deps/../../../tests/./ed.sh"
[INFO] [stdout] 
[INFO] [stdout] Caused by:
[INFO] [stdout]     No such file or directory (os error 2)
[INFO] [stdout] 
[INFO] [stdout] Stack backtrace:
[INFO] [stdout]    0: rsdir::main
[INFO] [stdout]    1: std::sys::backtrace::__rust_begin_short_backtrace::<fn() -> core::result::Result<(), anyhow::Error>, core::result::Result<(), anyhow::Error>>
[INFO] [stdout]    2: std::rt::lang_start::<core::result::Result<(), anyhow::Error>>::{closure#0}
[INFO] [stdout]    3: std::rt::lang_start_internal
[INFO] [stdout]    4: main
[INFO] [stdout]    5: <unknown>
[INFO] [stdout]    6: __libc_start_main
[INFO] [stdout]    7: _start
[INFO] [stdout] Result: [
[INFO] [stdout]     (
[INFO] [stdout]         "baz",
[INFO] [stdout]         Some(
[INFO] [stdout]             "baz",
[INFO] [stdout]         ),
[INFO] [stdout]     ),
[INFO] [stdout] ]
[INFO] [stdout] Expected: [
[INFO] [stdout]     (
[INFO] [stdout]         "baz",
[INFO] [stdout]         Some(
[INFO] [stdout]             "baz",
[INFO] [stdout]         ),
[INFO] [stdout]     ),
[INFO] [stdout] ]
[INFO] [stdout] 
[INFO] [stdout] thread 'move_file_error' (900) panicked at tests/tests.rs:158:5:
[INFO] [stdout] assertion failed: output.stderr.starts_with("\
[INFO] [stdout]         Error: Error moving file \"./baz\" to \"/non-existent\"
[INFO] [stdout] 
[INFO] [stdout] Caused by:")
[INFO] [stdout] stack backtrace:
[INFO] [stdout]    0:     0x571e2a486a11 - <<std[70759c8f55707aa4]::sys::backtrace::BacktraceLock>::print::DisplayBacktrace as core[df12db4294e9bfd3]::fmt::Display>::fmt
[INFO] [stdout]    1:     0x571e2a49b51a - core[df12db4294e9bfd3]::fmt::write
[INFO] [stdout]    2:     0x571e2a48b36c - <alloc[2182bb758b4b3781]::vec::Vec<u8> as core[df12db4294e9bfd3]::io::write::Write>::write_fmt
[INFO] [stdout]    3:     0x571e2a460326 - std[70759c8f55707aa4]::panicking::default_hook::{closure#0}
[INFO] [stdout]    4:     0x571e2a47e179 - std[70759c8f55707aa4]::panicking::default_hook
[INFO] [stdout]    5:     0x571e2a411a60 - test[9d35eded1c95d3be]::test_main_inner::<test[9d35eded1c95d3be]::test_main_static::{closure#0}>::{closure#0}
[INFO] [stdout]    6:     0x571e2a47e332 - std[70759c8f55707aa4]::panicking::panic_with_hook
[INFO] [stdout]    7:     0x571e2a460404 - std[70759c8f55707aa4]::panicking::panic_handler::{closure#0}
[INFO] [stdout]    8:     0x571e2a458e09 - std[70759c8f55707aa4]::sys::backtrace::__rust_end_short_backtrace::<std[70759c8f55707aa4]::panicking::panic_handler::{closure#0}, !>
[INFO] [stdout]    9:     0x571e2a460fcd - __rustc[8fa7c3cbc660c2b3]::rust_begin_unwind
[INFO] [stdout]   10:     0x571e2a49bc4c - core[df12db4294e9bfd3]::panicking::panic_fmt
[INFO] [stdout]   11:     0x571e2a49bc12 - core[df12db4294e9bfd3]::panicking::panic
[INFO] [stdout]   12:     0x571e2a3faf24 - <tests[611a7aeed52182d6]::move_file_error::{closure#0} as core[df12db4294e9bfd3]::ops::function::FnOnce<()>>::call_once
[INFO] [stdout]   13:     0x571e2a404d4b - test[9d35eded1c95d3be]::__rust_begin_short_backtrace::<core[df12db4294e9bfd3]::result::Result<(), alloc[2182bb758b4b3781]::string::String>, fn() -> core[df12db4294e9bfd3]::result::Result<(), alloc[2182bb758b4b3781]::string::String>>
[INFO] [stdout]   14:     0x571e2a4123b5 - test[9d35eded1c95d3be]::run_test::{closure#0}
[INFO] [stdout]   15:     0x571e2a40bc74 - std[70759c8f55707aa4]::sys::backtrace::__rust_begin_short_backtrace::<test[9d35eded1c95d3be]::run_test::{closure#1}, ()>
[INFO] [stdout]   16:     0x571e2a415512 - <std[70759c8f55707aa4]::thread::lifecycle::spawn_unchecked<test[9d35eded1c95d3be]::run_test::{closure#1}, ()>::{closure#1} as core[df12db4294e9bfd3]::ops::function::FnOnce<()>>::call_once::{shim:vtable#0}
[INFO] [stdout]   17:     0x571e2a485d89 - <std[70759c8f55707aa4]::sys::thread::unix::Thread>::new::thread_start
[INFO] [stdout]   18:     0x7bd030f4ddfa - <unknown>
[INFO] [stdout]   19:     0x7bd030fe13d4 - clone
[INFO] [stdout]   20:                0x0 - <unknown>
[INFO] [stdout] 
[INFO] [stdout] ---- unknown_index stdout ----
[INFO] [stdout] Created test dir "/tmp/.tmplWIkjM"
[INFO] [stdout] status: exit status: 1
[INFO] [stdout] stdout: 
[INFO] [stdout] stderr: Error: Failed to open editor "/opt/rustwide/target/release/deps/../../../tests/./ed.sh"
[INFO] [stdout] 
[INFO] [stdout] Caused by:
[INFO] [stdout]     No such file or directory (os error 2)
[INFO] [stdout] 
[INFO] [stdout] Stack backtrace:
[INFO] [stdout]    0: rsdir::main
[INFO] [stdout]    1: std::sys::backtrace::__rust_begin_short_backtrace::<fn() -> core::result::Result<(), anyhow::Error>, core::result::Result<(), anyhow::Error>>
[INFO] [stdout]    2: std::rt::lang_start::<core::result::Result<(), anyhow::Error>>::{closure#0}
[INFO] [stdout]    3: std::rt::lang_start_internal
[INFO] [stdout]    4: main
[INFO] [stdout]    5: <unknown>
[INFO] [stdout]    6: __libc_start_main
[INFO] [stdout]    7: _start
[INFO] [stdout] Result: [
[INFO] [stdout]     (
[INFO] [stdout]         "baz",
[INFO] [stdout]         Some(
[INFO] [stdout]             "baz",
[INFO] [stdout]         ),
[INFO] [stdout]     ),
[INFO] [stdout] ]
[INFO] [stdout] Expected: [
[INFO] [stdout]     (
[INFO] [stdout]         "baz",
[INFO] [stdout]         Some(
[INFO] [stdout]             "baz",
[INFO] [stdout]         ),
[INFO] [stdout]     ),
[INFO] [stdout] ]
[INFO] [stdout] 
[INFO] [stdout] thread 'unknown_index' (928) panicked at tests/tests.rs:404:5:
[INFO] [stdout] assertion `left == right` failed
[INFO] [stdout]   left: "Error: Failed to open editor \"/opt/rustwide/target/release/deps/../../../tests/./ed.sh\"\n\nCaused by:\n    No such file or directory (os error 2)\n\nStack backtrace:\n   0: rsdir::main\n   1: std::sys::backtrace::__rust_begin_short_backtrace::<fn() -> core::result::Result<(), anyhow::Error>, core::result::Result<(), anyhow::Error>>\n   2: std::rt::lang_start::<core::result::Result<(), anyhow::Error>>::{closure#0}\n   3: std::rt::lang_start_internal\n   4: main\n   5: <unknown>\n   6: __libc_start_main\n   7: _start"
[INFO] [stdout]  right: "Error: Unknown index 2 at row 0"
[INFO] [stdout] stack backtrace:
[INFO] [stdout]    0:     0x571e2a486a11 - <<std[70759c8f55707aa4]::sys::backtrace::BacktraceLock>::print::DisplayBacktrace as core[df12db4294e9bfd3]::fmt::Display>::fmt
[INFO] [stdout]    1:     0x571e2a49b51a - core[df12db4294e9bfd3]::fmt::write
[INFO] [stdout]    2:     0x571e2a48b36c - <alloc[2182bb758b4b3781]::vec::Vec<u8> as core[df12db4294e9bfd3]::io::write::Write>::write_fmt
[INFO] [stdout]    3:     0x571e2a460326 - std[70759c8f55707aa4]::panicking::default_hook::{closure#0}
[INFO] [stdout]    4:     0x571e2a47e179 - std[70759c8f55707aa4]::panicking::default_hook
[INFO] [stdout]    5:     0x571e2a411a60 - test[9d35eded1c95d3be]::test_main_inner::<test[9d35eded1c95d3be]::test_main_static::{closure#0}>::{closure#0}
[INFO] [stdout]    6:     0x571e2a47e332 - std[70759c8f55707aa4]::panicking::panic_with_hook
[INFO] [stdout]    7:     0x571e2a4603d2 - std[70759c8f55707aa4]::panicking::panic_handler::{closure#0}
[INFO] [stdout]    8:     0x571e2a458e09 - std[70759c8f55707aa4]::sys::backtrace::__rust_end_short_backtrace::<std[70759c8f55707aa4]::panicking::panic_handler::{closure#0}, !>
[INFO] [stdout]    9:     0x571e2a460fcd - __rustc[8fa7c3cbc660c2b3]::rust_begin_unwind
[INFO] [stdout]   10:     0x571e2a49bc4c - core[df12db4294e9bfd3]::panicking::panic_fmt
[INFO] [stdout]   11:     0x571e2a49bb63 - core[df12db4294e9bfd3]::panicking::assert_failed_inner
[INFO] [stdout]   12:     0x571e2a404621 - core[df12db4294e9bfd3]::panicking::assert_failed::<alloc[2182bb758b4b3781]::string::String, &str>
[INFO] [stdout]   13:     0x571e2a3f8d5c - <tests[611a7aeed52182d6]::unknown_index::{closure#0} as core[df12db4294e9bfd3]::ops::function::FnOnce<()>>::call_once
[INFO] [stdout]   14:     0x571e2a404d4b - test[9d35eded1c95d3be]::__rust_begin_short_backtrace::<core[df12db4294e9bfd3]::result::Result<(), alloc[2182bb758b4b3781]::string::String>, fn() -> core[df12db4294e9bfd3]::result::Result<(), alloc[2182bb758b4b3781]::string::String>>
[INFO] [stdout]   15:     0x571e2a4123b5 - test[9d35eded1c95d3be]::run_test::{closure#0}
[INFO] [stdout]   16:     0x571e2a40bc74 - std[70759c8f55707aa4]::sys::backtrace::__rust_begin_short_backtrace::<test[9d35eded1c95d3be]::run_test::{closure#1}, ()>
[INFO] [stdout]   17:     0x571e2a415512 - <std[70759c8f55707aa4]::thread::lifecycle::spawn_unchecked<test[9d35eded1c95d3be]::run_test::{closure#1}, ()>::{closure#1} as core[df12db4294e9bfd3]::ops::function::FnOnce<()>>::call_once::{shim:vtable#0}
[INFO] [stdout]   18:     0x571e2a485d89 - <std[70759c8f55707aa4]::sys::thread::unix::Thread>::new::thread_start
[INFO] [stdout]   19:     0x7bd030f4ddfa - <unknown>
[INFO] [stdout]   20:     0x7bd030fe13d4 - clone
[INFO] [stdout]   21:                0x0 - <unknown>
[INFO] [stdout] 
[INFO] [stdout] ---- multiple_args stdout ----
[INFO] [stdout] Created test dir "/tmp/.tmpoDBCX0"
[INFO] [stdout] Created test dir "/tmp/.tmpMFbjiS"
[INFO] [stdout] Result: [
[INFO] [stdout]     (
[INFO] [stdout]         "baz",
[INFO] [stdout]         Some(
[INFO] [stdout]             "baz",
[INFO] [stdout]         ),
[INFO] [stdout]     ),
[INFO] [stdout]     (
[INFO] [stdout]         "bop",
[INFO] [stdout]         Some(
[INFO] [stdout]             "bop",
[INFO] [stdout]         ),
[INFO] [stdout]     ),
[INFO] [stdout] ]
[INFO] [stdout] Expected: [
[INFO] [stdout]     (
[INFO] [stdout]         "bop",
[INFO] [stdout]         Some(
[INFO] [stdout]             "bop",
[INFO] [stdout]         ),
[INFO] [stdout]     ),
[INFO] [stdout] ]
[INFO] [stdout] 
[INFO] [stdout] thread 'multiple_args' (909) panicked at tests/utils/mod.rs:83:5:
[INFO] [stdout] assertion failed: result.iter().eq(expected.iter())
[INFO] [stdout] stack backtrace:
[INFO] [stdout]    0:     0x571e2a486a11 - <<std[70759c8f55707aa4]::sys::backtrace::BacktraceLock>::print::DisplayBacktrace as core[df12db4294e9bfd3]::fmt::Display>::fmt
[INFO] [stdout]    1:     0x571e2a49b51a - core[df12db4294e9bfd3]::fmt::write
[INFO] [stdout]    2:     0x571e2a48b36c - <alloc[2182bb758b4b3781]::vec::Vec<u8> as core[df12db4294e9bfd3]::io::write::Write>::write_fmt
[INFO] [stdout]    3:     0x571e2a460326 - std[70759c8f55707aa4]::panicking::default_hook::{closure#0}
[INFO] [stdout]    4:     0x571e2a47e179 - std[70759c8f55707aa4]::panicking::default_hook
[INFO] [stdout]    5:     0x571e2a411a60 - test[9d35eded1c95d3be]::test_main_inner::<test[9d35eded1c95d3be]::test_main_static::{closure#0}>::{closure#0}
[INFO] [stdout]    6:     0x571e2a47e332 - std[70759c8f55707aa4]::panicking::panic_with_hook
[INFO] [stdout]    7:     0x571e2a460404 - std[70759c8f55707aa4]::panicking::panic_handler::{closure#0}
[INFO] [stdout]    8:     0x571e2a458e09 - std[70759c8f55707aa4]::sys::backtrace::__rust_end_short_backtrace::<std[70759c8f55707aa4]::panicking::panic_handler::{closure#0}, !>
[INFO] [stdout]    9:     0x571e2a460fcd - __rustc[8fa7c3cbc660c2b3]::rust_begin_unwind
[INFO] [stdout]   10:     0x571e2a49bc4c - core[df12db4294e9bfd3]::panicking::panic_fmt
[INFO] [stdout]   11:     0x571e2a49bc12 - core[df12db4294e9bfd3]::panicking::panic
[INFO] [stdout]   12:     0x571e2a3fd97a - tests[611a7aeed52182d6]::utils::assert_test_files::<&tempfile[e966b302ad1c5315]::dir::TempDir, &str>
[INFO] [stdout]   13:     0x571e2a3f8452 - <tests[611a7aeed52182d6]::multiple_args::{closure#0} as core[df12db4294e9bfd3]::ops::function::FnOnce<()>>::call_once
[INFO] [stdout]   14:     0x571e2a404d4b - test[9d35eded1c95d3be]::__rust_begin_short_backtrace::<core[df12db4294e9bfd3]::result::Result<(), alloc[2182bb758b4b3781]::string::String>, fn() -> core[df12db4294e9bfd3]::result::Result<(), alloc[2182bb758b4b3781]::string::String>>
[INFO] [stdout]   15:     0x571e2a4123b5 - test[9d35eded1c95d3be]::run_test::{closure#0}
[INFO] [stdout]   16:     0x571e2a40bc74 - std[70759c8f55707aa4]::sys::backtrace::__rust_begin_short_backtrace::<test[9d35eded1c95d3be]::run_test::{closure#1}, ()>
[INFO] [stdout]   17:     0x571e2a415512 - <std[70759c8f55707aa4]::thread::lifecycle::spawn_unchecked<test[9d35eded1c95d3be]::run_test::{closure#1}, ()>::{closure#1} as core[df12db4294e9bfd3]::ops::function::FnOnce<()>>::call_once::{shim:vtable#0}
[INFO] [stdout]   18:     0x571e2a485d89 - <std[70759c8f55707aa4]::sys::thread::unix::Thread>::new::thread_start
[INFO] [stdout]   19:     0x7bd030f4ddfa - <unknown>
[INFO] [stdout]   20:     0x7bd030fe13d4 - clone
[INFO] [stdout]   21:                0x0 - <unknown>
[INFO] [stdout] 
[INFO] [stdout] ---- moves_file stdout ----
[INFO] [stdout] Created test dir "/tmp/.tmp4edhnU"
[INFO] [stdout] status: exit status: 1
[INFO] [stdout] stdout: 
[INFO] [stdout] stderr: Error: Failed to open editor "/opt/rustwide/target/release/deps/../../../tests/./ed.sh"
[INFO] [stdout] 
[INFO] [stdout] Caused by:
[INFO] [stdout]     No such file or directory (os error 2)
[INFO] [stdout] 
[INFO] [stdout] Stack backtrace:
[INFO] [stdout]    0: rsdir::main
[INFO] [stdout]    1: std::sys::backtrace::__rust_begin_short_backtrace::<fn() -> core::result::Result<(), anyhow::Error>, core::result::Result<(), anyhow::Error>>
[INFO] [stdout]    2: std::rt::lang_start::<core::result::Result<(), anyhow::Error>>::{closure#0}
[INFO] [stdout]    3: std::rt::lang_start_internal
[INFO] [stdout]    4: main
[INFO] [stdout]    5: <unknown>
[INFO] [stdout]    6: __libc_start_main
[INFO] [stdout]    7: _start
[INFO] [stdout] Result: [
[INFO] [stdout]     (
[INFO] [stdout]         "baz",
[INFO] [stdout]         Some(
[INFO] [stdout]             "baz",
[INFO] [stdout]         ),
[INFO] [stdout]     ),
[INFO] [stdout] ]
[INFO] [stdout] Expected: [
[INFO] [stdout]     (
[INFO] [stdout]         "boop",
[INFO] [stdout]         Some(
[INFO] [stdout]             "baz",
[INFO] [stdout]         ),
[INFO] [stdout]     ),
[INFO] [stdout] ]
[INFO] [stdout] 
[INFO] [stdout] thread 'moves_file' (903) panicked at tests/utils/mod.rs:83:5:
[INFO] [stdout] assertion failed: result.iter().eq(expected.iter())
[INFO] [stdout] stack backtrace:
[INFO] [stdout]    0:     0x571e2a486a11 - <<std[70759c8f55707aa4]::sys::backtrace::BacktraceLock>::print::DisplayBacktrace as core[df12db4294e9bfd3]::fmt::Display>::fmt
[INFO] [stdout]    1:     0x571e2a49b51a - core[df12db4294e9bfd3]::fmt::write
[INFO] [stdout]    2:     0x571e2a48b36c - <alloc[2182bb758b4b3781]::vec::Vec<u8> as core[df12db4294e9bfd3]::io::write::Write>::write_fmt
[INFO] [stdout]    3:     0x571e2a460326 - std[70759c8f55707aa4]::panicking::default_hook::{closure#0}
[INFO] [stdout]    4:     0x571e2a47e179 - std[70759c8f55707aa4]::panicking::default_hook
[INFO] [stdout]    5:     0x571e2a411a60 - test[9d35eded1c95d3be]::test_main_inner::<test[9d35eded1c95d3be]::test_main_static::{closure#0}>::{closure#0}
[INFO] [stdout]    6:     0x571e2a47e332 - std[70759c8f55707aa4]::panicking::panic_with_hook
[INFO] [stdout]    7:     0x571e2a460404 - std[70759c8f55707aa4]::panicking::panic_handler::{closure#0}
[INFO] [stdout]    8:     0x571e2a458e09 - std[70759c8f55707aa4]::sys::backtrace::__rust_end_short_backtrace::<std[70759c8f55707aa4]::panicking::panic_handler::{closure#0}, !>
[INFO] [stdout]    9:     0x571e2a460fcd - __rustc[8fa7c3cbc660c2b3]::rust_begin_unwind
[INFO] [stdout]   10:     0x571e2a49bc4c - core[df12db4294e9bfd3]::panicking::panic_fmt
[INFO] [stdout]   11:     0x571e2a49bc12 - core[df12db4294e9bfd3]::panicking::panic
[INFO] [stdout]   12:     0x571e2a3fd97a - tests[611a7aeed52182d6]::utils::assert_test_files::<&tempfile[e966b302ad1c5315]::dir::TempDir, &str>
[INFO] [stdout]   13:     0x571e2a3f4f24 - <tests[611a7aeed52182d6]::moves_file::{closure#0} as core[df12db4294e9bfd3]::ops::function::FnOnce<()>>::call_once
[INFO] [stdout]   14:     0x571e2a404d4b - test[9d35eded1c95d3be]::__rust_begin_short_backtrace::<core[df12db4294e9bfd3]::result::Result<(), alloc[2182bb758b4b3781]::string::String>, fn() -> core[df12db4294e9bfd3]::result::Result<(), alloc[2182bb758b4b3781]::string::String>>
[INFO] [stdout]   15:     0x571e2a4123b5 - test[9d35eded1c95d3be]::run_test::{closure#0}
[INFO] [stdout]   16:     0x571e2a40bc74 - std[70759c8f55707aa4]::sys::backtrace::__rust_begin_short_backtrace::<test[9d35eded1c95d3be]::run_test::{closure#1}, ()>
[INFO] [stdout]   17:     0x571e2a415512 - <std[70759c8f55707aa4]::thread::lifecycle::spawn_unchecked<test[9d35eded1c95d3be]::run_test::{closure#1}, ()>::{closure#1} as core[df12db4294e9bfd3]::ops::function::FnOnce<()>>::call_once::{shim:vtable#0}
[INFO] [stdout]   18:     0x571e2a485d89 - <std[70759c8f55707aa4]::sys::thread::unix::Thread>::new::thread_start
[INFO] [stdout]   19:     0x7bd030f4ddfa - <unknown>
[INFO] [stdout]   20:     0x7bd030fe13d4 - clone
[INFO] [stdout]   21:                0x0 - <unknown>
[INFO] [stdout] 
[INFO] [stdout] ---- non_relative_path stdout ----
[INFO] [stdout] Created test dir "/tmp/.tmp95Uoh7"
[INFO] [stdout] status: exit status: 1
[INFO] [stdout] stdout: 
[INFO] [stdout] stderr: Error: Failed to open editor "/opt/rustwide/target/release/deps/../../../tests/./ed.sh"
[INFO] [stdout] 
[INFO] [stdout] Caused by:
[INFO] [stdout]     No such file or directory (os error 2)
[INFO] [stdout] 
[INFO] [stdout] Stack backtrace:
[INFO] [stdout]    0: rsdir::main
[INFO] [stdout]    1: std::sys::backtrace::__rust_begin_short_backtrace::<fn() -> core::result::Result<(), anyhow::Error>, core::result::Result<(), anyhow::Error>>
[INFO] [stdout]    2: std::rt::lang_start::<core::result::Result<(), anyhow::Error>>::{closure#0}
[INFO] [stdout]    3: std::rt::lang_start_internal
[INFO] [stdout]    4: main
[INFO] [stdout]    5: <unknown>
[INFO] [stdout]    6: __libc_start_main
[INFO] [stdout]    7: _start
[INFO] [stdout] Result: [
[INFO] [stdout]     (
[INFO] [stdout]         "baz",
[INFO] [stdout]         Some(
[INFO] [stdout]             "baz",
[INFO] [stdout]         ),
[INFO] [stdout]     ),
[INFO] [stdout] ]
[INFO] [stdout] Expected: [
[INFO] [stdout]     (
[INFO] [stdout]         "boop",
[INFO] [stdout]         Some(
[INFO] [stdout]             "baz",
[INFO] [stdout]         ),
[INFO] [stdout]     ),
[INFO] [stdout] ]
[INFO] [stdout] 
[INFO] [stdout] thread 'non_relative_path' (910) panicked at tests/utils/mod.rs:83:5:
[INFO] [stdout] assertion failed: result.iter().eq(expected.iter())
[INFO] [stdout] stack backtrace:
[INFO] [stdout]    0:     0x571e2a486a11 - <<std[70759c8f55707aa4]::sys::backtrace::BacktraceLock>::print::DisplayBacktrace as core[df12db4294e9bfd3]::fmt::Display>::fmt
[INFO] [stdout]    1:     0x571e2a49b51a - core[df12db4294e9bfd3]::fmt::write
[INFO] [stdout]    2:     0x571e2a48b36c - <alloc[2182bb758b4b3781]::vec::Vec<u8> as core[df12db4294e9bfd3]::io::write::Write>::write_fmt
[INFO] [stdout]    3:     0x571e2a460326 - std[70759c8f55707aa4]::panicking::default_hook::{closure#0}
[INFO] [stdout]    4:     0x571e2a47e179 - std[70759c8f55707aa4]::panicking::default_hook
[INFO] [stdout]    5:     0x571e2a411a60 - test[9d35eded1c95d3be]::test_main_inner::<test[9d35eded1c95d3be]::test_main_static::{closure#0}>::{closure#0}
[INFO] [stdout]    6:     0x571e2a47e332 - std[70759c8f55707aa4]::panicking::panic_with_hook
[INFO] [stdout]    7:     0x571e2a460404 - std[70759c8f55707aa4]::panicking::panic_handler::{closure#0}
[INFO] [stdout]    8:     0x571e2a458e09 - std[70759c8f55707aa4]::sys::backtrace::__rust_end_short_backtrace::<std[70759c8f55707aa4]::panicking::panic_handler::{closure#0}, !>
[INFO] [stdout]    9:     0x571e2a460fcd - __rustc[8fa7c3cbc660c2b3]::rust_begin_unwind
[INFO] [stdout]   10:     0x571e2a49bc4c - core[df12db4294e9bfd3]::panicking::panic_fmt
[INFO] [stdout]   11:     0x571e2a49bc12 - core[df12db4294e9bfd3]::panicking::panic
[INFO] [stdout]   12:     0x571e2a3fd97a - tests[611a7aeed52182d6]::utils::assert_test_files::<&tempfile[e966b302ad1c5315]::dir::TempDir, &str>
[INFO] [stdout]   13:     0x571e2a3fbdb4 - <tests[611a7aeed52182d6]::non_relative_path::{closure#0} as core[df12db4294e9bfd3]::ops::function::FnOnce<()>>::call_once
[INFO] [stdout]   14:     0x571e2a404d4b - test[9d35eded1c95d3be]::__rust_begin_short_backtrace::<core[df12db4294e9bfd3]::result::Result<(), alloc[2182bb758b4b3781]::string::String>, fn() -> core[df12db4294e9bfd3]::result::Result<(), alloc[2182bb758b4b3781]::string::String>>
[INFO] [stdout]   15:     0x571e2a4123b5 - test[9d35eded1c95d3be]::run_test::{closure#0}
[INFO] [stdout]   16:     0x571e2a40bc74 - std[70759c8f55707aa4]::sys::backtrace::__rust_begin_short_backtrace::<test[9d35eded1c95d3be]::run_test::{closure#1}, ()>
[INFO] [stdout]   17:     0x571e2a415512 - <std[70759c8f55707aa4]::thread::lifecycle::spawn_unchecked<test[9d35eded1c95d3be]::run_test::{closure#1}, ()>::{closure#1} as core[df12db4294e9bfd3]::ops::function::FnOnce<()>>::call_once::{shim:vtable#0}
[INFO] [stdout]   18:     0x571e2a485d89 - <std[70759c8f55707aa4]::sys::thread::unix::Thread>::new::thread_start
[INFO] [stdout]   19:     0x7bd030f4ddfa - <unknown>
[INFO] [stdout]   20:     0x7bd030fe13d4 - clone
[INFO] [stdout]   21:                0x0 - <unknown>
[INFO] [stdout] 
[INFO] [stdout] ---- non_verbose stdout ----
[INFO] [stdout] Created test dir "/tmp/.tmpDBLydH"
[INFO] [stdout] status: exit status: 1
[INFO] [stdout] stdout: 
[INFO] [stdout] stderr: Error: Failed to open editor "/opt/rustwide/target/release/deps/../../../tests/./ed.sh"
[INFO] [stdout] 
[INFO] [stdout] Caused by:
[INFO] [stdout]     No such file or directory (os error 2)
[INFO] [stdout] 
[INFO] [stdout] Stack backtrace:
[INFO] [stdout]    0: rsdir::main
[INFO] [stdout]    1: std::sys::backtrace::__rust_begin_short_backtrace::<fn() -> core::result::Result<(), anyhow::Error>, core::result::Result<(), anyhow::Error>>
[INFO] [stdout]    2: std::rt::lang_start::<core::result::Result<(), anyhow::Error>>::{closure#0}
[INFO] [stdout]    3: std::rt::lang_start_internal
[INFO] [stdout]    4: main
[INFO] [stdout]    5: <unknown>
[INFO] [stdout]    6: __libc_start_main
[INFO] [stdout]    7: _start
[INFO] [stdout] Result: [
[INFO] [stdout]     (
[INFO] [stdout]         "baz",
[INFO] [stdout]         Some(
[INFO] [stdout]             "baz",
[INFO] [stdout]         ),
[INFO] [stdout]     ),
[INFO] [stdout] ]
[INFO] [stdout] Expected: [
[INFO] [stdout]     (
[INFO] [stdout]         "boop",
[INFO] [stdout]         Some(
[INFO] [stdout]             "baz",
[INFO] [stdout]         ),
[INFO] [stdout]     ),
[INFO] [stdout] ]
[INFO] [stdout] 
[INFO] [stdout] thread 'non_verbose' (912) panicked at tests/utils/mod.rs:83:5:
[INFO] [stdout] assertion failed: result.iter().eq(expected.iter())
[INFO] [stdout] stack backtrace:
[INFO] [stdout]    0:     0x571e2a486a11 - <<std[70759c8f55707aa4]::sys::backtrace::BacktraceLock>::print::DisplayBacktrace as core[df12db4294e9bfd3]::fmt::Display>::fmt
[INFO] [stdout]    1:     0x571e2a49b51a - core[df12db4294e9bfd3]::fmt::write
[INFO] [stdout]    2:     0x571e2a48b36c - <alloc[2182bb758b4b3781]::vec::Vec<u8> as core[df12db4294e9bfd3]::io::write::Write>::write_fmt
[INFO] [stdout]    3:     0x571e2a460326 - std[70759c8f55707aa4]::panicking::default_hook::{closure#0}
[INFO] [stdout]    4:     0x571e2a47e179 - std[70759c8f55707aa4]::panicking::default_hook
[INFO] [stdout]    5:     0x571e2a411a60 - test[9d35eded1c95d3be]::test_main_inner::<test[9d35eded1c95d3be]::test_main_static::{closure#0}>::{closure#0}
[INFO] [stdout]    6:     0x571e2a47e332 - std[70759c8f55707aa4]::panicking::panic_with_hook
[INFO] [stdout]    7:     0x571e2a460404 - std[70759c8f55707aa4]::panicking::panic_handler::{closure#0}
[INFO] [stdout]    8:     0x571e2a458e09 - std[70759c8f55707aa4]::sys::backtrace::__rust_end_short_backtrace::<std[70759c8f55707aa4]::panicking::panic_handler::{closure#0}, !>
[INFO] [stdout]    9:     0x571e2a460fcd - __rustc[8fa7c3cbc660c2b3]::rust_begin_unwind
[INFO] [stdout]   10:     0x571e2a49bc4c - core[df12db4294e9bfd3]::panicking::panic_fmt
[INFO] [stdout]   11:     0x571e2a49bc12 - core[df12db4294e9bfd3]::panicking::panic
[INFO] [stdout]   12:     0x571e2a3fd97a - tests[611a7aeed52182d6]::utils::assert_test_files::<&tempfile[e966b302ad1c5315]::dir::TempDir, &str>
[INFO] [stdout]   13:     0x571e2a3f56ed - <tests[611a7aeed52182d6]::non_verbose::{closure#0} as core[df12db4294e9bfd3]::ops::function::FnOnce<()>>::call_once
[INFO] [stdout]   14:     0x571e2a404d4b - test[9d35eded1c95d3be]::__rust_begin_short_backtrace::<core[df12db4294e9bfd3]::result::Result<(), alloc[2182bb758b4b3781]::string::String>, fn() -> core[df12db4294e9bfd3]::result::Result<(), alloc[2182bb758b4b3781]::string::String>>
[INFO] [stdout]   15:     0x571e2a4123b5 - test[9d35eded1c95d3be]::run_test::{closure#0}
[INFO] [stdout]   16:     0x571e2a40bc74 - std[70759c8f55707aa4]::sys::backtrace::__rust_begin_short_backtrace::<test[9d35eded1c95d3be]::run_test::{closure#1}, ()>
[INFO] [stdout]   17:     0x571e2a415512 - <std[70759c8f55707aa4]::thread::lifecycle::spawn_unchecked<test[9d35eded1c95d3be]::run_test::{closure#1}, ()>::{closure#1} as core[df12db4294e9bfd3]::ops::function::FnOnce<()>>::call_once::{shim:vtable#0}
[INFO] [stdout]   18:     0x571e2a485d89 - <std[70759c8f55707aa4]::sys::thread::unix::Thread>::new::thread_start
[INFO] [stdout]   19:     0x7bd030f4ddfa - <unknown>
[INFO] [stdout]   20:     0x7bd030fe13d4 - clone
[INFO] [stdout]   21:                0x0 - <unknown>
[INFO] [stdout] 
[INFO] [stdout] ---- move_dir_error stdout ----
[INFO] [stdout] Created test dir "/tmp/.tmpwsNazf"
[INFO] [stdout] status: exit status: 1
[INFO] [stdout] stdout: 
[INFO] [stdout] stderr: Error: Failed to open editor "/opt/rustwide/target/release/deps/../../../tests/./ed.sh"
[INFO] [stdout] 
[INFO] [stdout] Caused by:
[INFO] [stdout]     No such file or directory (os error 2)
[INFO] [stdout] 
[INFO] [stdout] Stack backtrace:
[INFO] [stdout]    0: rsdir::main
[INFO] [stdout]    1: std::sys::backtrace::__rust_begin_short_backtrace::<fn() -> core::result::Result<(), anyhow::Error>, core::result::Result<(), anyhow::Error>>
[INFO] [stdout]    2: std::rt::lang_start::<core::result::Result<(), anyhow::Error>>::{closure#0}
[INFO] [stdout]    3: std::rt::lang_start_internal
[INFO] [stdout]    4: main
[INFO] [stdout]    5: <unknown>
[INFO] [stdout]    6: __libc_start_main
[INFO] [stdout]    7: _start
[INFO] [stdout] Result: [
[INFO] [stdout]     (
[INFO] [stdout]         "baz",
[INFO] [stdout]         None,
[INFO] [stdout]     ),
[INFO] [stdout] ]
[INFO] [stdout] Expected: [
[INFO] [stdout]     (
[INFO] [stdout]         "baz/",
[INFO] [stdout]         None,
[INFO] [stdout]     ),
[INFO] [stdout] ]
[INFO] [stdout] 
[INFO] [stdout] thread 'move_dir_error' (895) panicked at tests/tests.rs:181:5:
[INFO] [stdout] assertion failed: output.stderr.starts_with("\
[INFO] [stdout]         Error: Error moving directory \"./baz\" to \"/non-existent/\"
[INFO] [stdout] 
[INFO] [stdout] Caused by:")
[INFO] [stdout] stack backtrace:
[INFO] [stdout]    0:     0x571e2a486a11 - <<std[70759c8f55707aa4]::sys::backtrace::BacktraceLock>::print::DisplayBacktrace as core[df12db4294e9bfd3]::fmt::Display>::fmt
[INFO] [stdout]    1:     0x571e2a49b51a - core[df12db4294e9bfd3]::fmt::write
[INFO] [stdout]    2:     0x571e2a48b36c - <alloc[2182bb758b4b3781]::vec::Vec<u8> as core[df12db4294e9bfd3]::io::write::Write>::write_fmt
[INFO] [stdout]    3:     0x571e2a460326 - std[70759c8f55707aa4]::panicking::default_hook::{closure#0}
[INFO] [stdout]    4:     0x571e2a47e179 - std[70759c8f55707aa4]::panicking::default_hook
[INFO] [stdout]    5:     0x571e2a411a60 - test[9d35eded1c95d3be]::test_main_inner::<test[9d35eded1c95d3be]::test_main_static::{closure#0}>::{closure#0}
[INFO] [stdout]    6:     0x571e2a47e332 - std[70759c8f55707aa4]::panicking::panic_with_hook
[INFO] [stdout]    7:     0x571e2a460404 - std[70759c8f55707aa4]::panicking::panic_handler::{closure#0}
[INFO] [stdout]    8:     0x571e2a458e09 - std[70759c8f55707aa4]::sys::backtrace::__rust_end_short_backtrace::<std[70759c8f55707aa4]::panicking::panic_handler::{closure#0}, !>
[INFO] [stdout]    9:     0x571e2a460fcd - __rustc[8fa7c3cbc660c2b3]::rust_begin_unwind
[INFO] [stdout]   10:     0x571e2a49bc4c - core[df12db4294e9bfd3]::panicking::panic_fmt
[INFO] [stdout]   11:     0x571e2a49bc12 - core[df12db4294e9bfd3]::panicking::panic
[INFO] [stdout]   12:     0x571e2a3fa580 - <tests[611a7aeed52182d6]::move_dir_error::{closure#0} as core[df12db4294e9bfd3]::ops::function::FnOnce<()>>::call_once
[INFO] [stdout]   13:     0x571e2a404d4b - test[9d35eded1c95d3be]::__rust_begin_short_backtrace::<core[df12db4294e9bfd3]::result::Result<(), alloc[2182bb758b4b3781]::string::String>, fn() -> core[df12db4294e9bfd3]::result::Result<(), alloc[2182bb758b4b3781]::string::String>>
[INFO] [stdout]   14:     0x571e2a4123b5 - test[9d35eded1c95d3be]::run_test::{closure#0}
[INFO] [stdout]   15:     0x571e2a40bc74 - std[70759c8f55707aa4]::sys::backtrace::__rust_begin_short_backtrace::<test[9d35eded1c95d3be]::run_test::{closure#1}, ()>
[INFO] [stdout]   16:     0x571e2a415512 - <std[70759c8f55707aa4]::thread::lifecycle::spawn_unchecked<test[9d35eded1c95d3be]::run_test::{closure#1}, ()>::{closure#1} as core[df12db4294e9bfd3]::ops::function::FnOnce<()>>::call_once::{shim:vtable#0}
[INFO] [stdout]   17:     0x571e2a485d89 - <std[70759c8f55707aa4]::sys::thread::unix::Thread>::new::thread_start
[INFO] [stdout]   18:     0x7bd030f4ddfa - <unknown>
[INFO] [stdout]   19:     0x7bd030fe13d4 - clone
[INFO] [stdout]   20:                0x0 - <unknown>
[INFO] [stdout] 
[INFO] [stdout] 
[INFO] [stdout] failures:
[INFO] [stdout]     byte_path_linux
[INFO] [stdout]     default_editor
[INFO] [stdout]     delete_dir_error
[INFO] [stdout]     delete_file_error
[INFO] [stdout]     deletes_dir
[INFO] [stdout]     deletes_file
[INFO] [stdout]     does_nothing
[INFO] [stdout]     editor_failure
[INFO] [stdout]     editor_killed
[INFO] [stdout]     invalid_index
[INFO] [stdout]     move_dir_error
[INFO] [stdout]     move_file_error
[INFO] [stdout]     moves_dir
[INFO] [stdout]     moves_file
[INFO] [stdout]     multiple_args
[INFO] [stdout]     non_relative_path
[INFO] [stdout]     non_verbose
[INFO] [stdout]     unknown_index
[INFO] [stdout] 
[INFO] [stdout] test result: FAILED. 8 passed; 18 failed; 0 ignored; 0 measured; 0 filtered out; finished in 0.08s
[INFO] [stdout] 
[INFO] running `Command { std: "docker" "inspect" "ab27d371758226ba94fd7a2bdade54a3b67e2d5cd14e27635d88aad0de6ed1cc", kill_on_drop: false }`
[INFO] running `Command { std: "docker" "rm" "-f" "ab27d371758226ba94fd7a2bdade54a3b67e2d5cd14e27635d88aad0de6ed1cc", kill_on_drop: false }`
[INFO] [stdout] ab27d371758226ba94fd7a2bdade54a3b67e2d5cd14e27635d88aad0de6ed1cc
