[INFO] fetching crate rsbinder 0.12.0...
[INFO] testing rsbinder-0.12.0 against 1.100.0-beta.1+cargoflags=--release for beta-release-1.100-2
[INFO] extracting crate rsbinder 0.12.0 into /workspace/builds/worker-1-tc2/source
[INFO] started tweaking crates.io crate rsbinder 0.12.0
[INFO] removed 0 missing tests
[INFO] finished tweaking crates.io crate rsbinder 0.12.0
[INFO] tweaked toml for crates.io crate rsbinder 0.12.0 written to /workspace/builds/worker-1-tc2/source/Cargo.toml
[INFO] validating manifest of crates.io crate rsbinder 0.12.0 on toolchain 1.100.0-beta.1
[INFO] running `Command { std: CARGO_HOME="/workspace/cargo-home" RUSTUP_HOME="/workspace/rustup-home" "/workspace/cargo-home/bin/cargo" "+1.100.0-beta.1" "metadata" "--manifest-path" "Cargo.toml" "--no-deps", kill_on_drop: false }`
[INFO] crate crates.io crate rsbinder 0.12.0 already has a lockfile, it will not be regenerated
[INFO] running `Command { std: CARGO_HOME="/workspace/cargo-home" RUSTUP_HOME="/workspace/rustup-home" "/workspace/cargo-home/bin/cargo" "+1.100.0-beta.1" "fetch" "--manifest-path" "Cargo.toml", kill_on_drop: false }`
[INFO] running `Command { std: "docker" "create" "-v" "/var/lib/crater-agent-workspace/builds/worker-1-tc2/source:/opt/rustwide/workdir:ro,Z" "-v" "/var/lib/crater-agent-workspace/builds/worker-1-tc2/target:/opt/rustwide/target:rw,Z" "-v" "/var/lib/crater-agent-workspace/cargo-home:/opt/rustwide/cargo-home:ro,Z" "-v" "/var/lib/crater-agent-workspace/rustup-home:/opt/rustwide/rustup-home:ro,Z" "-m" "1610612736" "--network" "none" "ghcr.io/rust-lang/crates-build-env/linux@sha256:77db811e55d90add9212f6832c23229e3de5f1c1f9905e8cb07319ea15df73ac" "sleep" "infinity", kill_on_drop: false }`
[INFO] [stdout] fc4aab787c68a0d1bc151c56d77765fd35bffe3881bfc59bd92159485081c6fe
[INFO] running `Command { std: "docker" "start" "fc4aab787c68a0d1bc151c56d77765fd35bffe3881bfc59bd92159485081c6fe", kill_on_drop: false }`
[INFO] running `Command { std: "docker" "inspect" "fc4aab787c68a0d1bc151c56d77765fd35bffe3881bfc59bd92159485081c6fe", kill_on_drop: false }`
[INFO] running `Command { std: "docker" "exec" "-e" "SOURCE_DIR=/opt/rustwide/workdir" "-e" "CARGO_HOME=/opt/rustwide/cargo-home" "-e" "RUSTUP_HOME=/opt/rustwide/rustup-home" "-e" "CARGO_TARGET_DIR=/opt/rustwide/target" "-w" "/opt/rustwide/workdir" "--user" "0:0" "fc4aab787c68a0d1bc151c56d77765fd35bffe3881bfc59bd92159485081c6fe" "/opt/rustwide/cargo-home/bin/cargo" "+1.100.0-beta.1" "metadata" "--no-deps" "--format-version=1", kill_on_drop: false }`
[INFO] running `Command { std: "docker" "inspect" "fc4aab787c68a0d1bc151c56d77765fd35bffe3881bfc59bd92159485081c6fe", kill_on_drop: false }`
[INFO] running `Command { std: "docker" "exec" "-e" "SOURCE_DIR=/opt/rustwide/workdir" "-e" "CARGO_HOME=/opt/rustwide/cargo-home" "-e" "RUSTUP_HOME=/opt/rustwide/rustup-home" "-e" "CARGO_TARGET_DIR=/opt/rustwide/target" "-e" "CARGO_INCREMENTAL=0" "-e" "RUST_BACKTRACE=full" "-e" "RUSTFLAGS=--cap-lints=warn" "-e" "RUSTDOCFLAGS=--cap-lints=warn" "-w" "/opt/rustwide/workdir" "--user" "0:0" "fc4aab787c68a0d1bc151c56d77765fd35bffe3881bfc59bd92159485081c6fe" "/opt/rustwide/cargo-home/bin/cargo" "+1.100.0-beta.1" "build" "--frozen" "--message-format=json" "--release", kill_on_drop: false }`
[INFO] [stderr]    Compiling crossbeam-utils v0.8.23
[INFO] [stderr]    Compiling ucd-trie v0.1.7
[INFO] [stderr]    Compiling bitflags v2.13.2
[INFO] [stderr]    Compiling object v0.37.3
[INFO] [stderr]    Compiling rustix v1.1.5
[INFO] [stderr]    Compiling same-file v1.0.6
[INFO] [stderr]    Compiling gimli v0.32.3
[INFO] [stderr]    Compiling aho-corasick v1.1.5
[INFO] [stderr]    Compiling crossbeam-epoch v0.9.21
[INFO] [stderr]    Compiling bstr v1.13.1
[INFO] [stderr]    Compiling crossbeam-deque v0.8.8
[INFO] [stderr]    Compiling libc v0.2.189
[INFO] [stderr]    Compiling adler2 v2.0.1
[INFO] [stderr]    Compiling log v0.4.34
[INFO] [stderr]    Compiling syn v3.0.6
[INFO] [stderr]    Compiling syn v2.0.119
[INFO] [stderr]    Compiling rustc-demangle v0.1.28
[INFO] [stderr]    Compiling linux-raw-sys v0.12.1
[INFO] [stderr]    Compiling pest v2.9.1
[INFO] [stderr]    Compiling miniz_oxide v0.8.9
[INFO] [stderr]    Compiling walkdir v2.5.0
[INFO] [stderr]    Compiling serde v1.0.229
[INFO] [stderr]    Compiling serde_json v1.0.151
[INFO] [stderr]    Compiling is_ci v1.2.0
[INFO] [stderr]    Compiling unicode-width v0.2.2
[INFO] [stderr]    Compiling unicode-linebreak v0.1.5
[INFO] [stderr]    Compiling supports-color v3.0.2
[INFO] [stderr]    Compiling thiserror v2.0.20
[INFO] [stderr]    Compiling unicode-width v0.1.14
[INFO] [stderr]    Compiling supports-unicode v3.0.0
[INFO] [stderr]    Compiling supports-hyperlinks v3.2.0
[INFO] [stderr]    Compiling textwrap v0.16.2
[INFO] [stderr]    Compiling owo-colors v4.4.0
[INFO] [stderr]    Compiling lazy_static v1.5.0
[INFO] [stderr]    Compiling zerocopy v0.8.57
[INFO] [stderr]    Compiling pretty-hex v0.4.2
[INFO] [stderr]    Compiling tokio v1.53.1
[INFO] [stderr]    Compiling regex-automata v0.4.18
[INFO] [stderr]    Compiling terminal_size v0.4.4
[INFO] [stderr]    Compiling pest_meta v2.9.1
[INFO] [stderr]    Compiling addr2line v0.25.1
[INFO] [stderr]    Compiling pest_generator v2.9.1
[INFO] [stderr]    Compiling globset v0.4.19
[INFO] [stderr]    Compiling regex v1.13.1
[INFO] [stderr]    Compiling miette-derive v7.6.0
[INFO] [stderr]    Compiling zerocopy-derive v0.8.57
[INFO] [stderr]    Compiling thiserror-impl v2.0.20
[INFO] [stderr]    Compiling serde_derive v1.0.229
[INFO] [stderr]    Compiling ignore v0.4.29
[INFO] [stderr]    Compiling pest_derive v2.9.1
[INFO] [stderr]    Compiling async-trait v0.1.92
[INFO] [stderr]    Compiling backtrace v0.3.76
[INFO] [stderr]    Compiling globwalk v0.9.1
[INFO] [stderr]    Compiling backtrace-ext v0.2.1
[INFO] [stderr]    Compiling miette v7.6.0
[INFO] [stderr]    Compiling tera v1.20.1
[INFO] [stderr]    Compiling rsbinder-aidl v0.12.0
[INFO] [stderr]    Compiling rsproperties v0.6.0
[INFO] [stderr]    Compiling rsbinder-fmq v0.12.0
[INFO] [stderr]    Compiling rsbinder v0.12.0 (/opt/rustwide/workdir)
[INFO] [stderr] warning: unused dependency `rsproperties`
[INFO] [stderr]   --> Cargo.toml:30:15
[INFO] [stderr]    |
[INFO] [stderr] 30 | [dependencies.rsproperties]
[INFO] [stderr]    |               ^^^^^^^^^^^^^
[INFO] [stderr]    |
[INFO] [stderr]    = note: `cargo::unused_dependencies` is set to `warn` by default
[INFO] [stderr] help: consider removing the dependency on `rsproperties`
[INFO] [stderr] warning: `rsbinder` (manifest) generated 1 warning
[INFO] [stderr]     Finished `release` profile [optimized] target(s) in 56.94s
[INFO] running `Command { std: "docker" "inspect" "fc4aab787c68a0d1bc151c56d77765fd35bffe3881bfc59bd92159485081c6fe", kill_on_drop: false }`
[INFO] running `Command { std: "docker" "exec" "-e" "SOURCE_DIR=/opt/rustwide/workdir" "-e" "CARGO_HOME=/opt/rustwide/cargo-home" "-e" "RUSTUP_HOME=/opt/rustwide/rustup-home" "-e" "CARGO_TARGET_DIR=/opt/rustwide/target" "-e" "CARGO_INCREMENTAL=0" "-e" "RUST_BACKTRACE=full" "-e" "RUSTFLAGS=--cap-lints=warn" "-e" "RUSTDOCFLAGS=--cap-lints=warn" "-w" "/opt/rustwide/workdir" "--user" "0:0" "fc4aab787c68a0d1bc151c56d77765fd35bffe3881bfc59bd92159485081c6fe" "/opt/rustwide/cargo-home/bin/cargo" "+1.100.0-beta.1" "test" "--frozen" "--no-run" "--message-format=json" "--release", kill_on_drop: false }`
[INFO] [stderr]    Compiling smallvec v1.16.1
[INFO] [stderr]    Compiling rsbinder-fmq v0.12.0
[INFO] [stderr]    Compiling serial_test_derive v3.5.0
[INFO] [stderr]    Compiling jiff v0.2.37
[INFO] [stderr]    Compiling rsproperties v0.6.0
[INFO] [stderr]    Compiling parking_lot_core v0.9.12
[INFO] [stderr]    Compiling parking_lot v0.12.5
[INFO] [stderr]    Compiling serial_test v3.5.0
[INFO] [stderr]    Compiling rsbinder v0.12.0 (/opt/rustwide/workdir)
[INFO] [stderr]    Compiling env_logger v0.11.11
[INFO] [stderr] warning: unused dependency `rsproperties`
[INFO] [stderr]   --> Cargo.toml:30:15
[INFO] [stderr]    |
[INFO] [stderr] 30 | [dependencies.rsproperties]
[INFO] [stderr]    |               ^^^^^^^^^^^^^
[INFO] [stderr]    |
[INFO] [stderr]    = note: `cargo::unused_dependencies` is set to `warn` by default
[INFO] [stderr] help: consider removing the dependency on `rsproperties`
[INFO] [stderr] warning: `rsbinder` (manifest) generated 1 warning
[INFO] [stderr]     Finished `release` profile [optimized] target(s) in 56.01s
[INFO] running `Command { std: "docker" "inspect" "fc4aab787c68a0d1bc151c56d77765fd35bffe3881bfc59bd92159485081c6fe", kill_on_drop: false }`
[INFO] running `Command { std: "docker" "exec" "-e" "SOURCE_DIR=/opt/rustwide/workdir" "-e" "CARGO_HOME=/opt/rustwide/cargo-home" "-e" "RUSTUP_HOME=/opt/rustwide/rustup-home" "-e" "CARGO_TARGET_DIR=/opt/rustwide/target" "-e" "CARGO_INCREMENTAL=0" "-e" "RUST_BACKTRACE=full" "-e" "RUSTFLAGS=--cap-lints=warn" "-e" "RUSTDOCFLAGS=--cap-lints=warn" "-w" "/opt/rustwide/workdir" "--user" "0:0" "fc4aab787c68a0d1bc151c56d77765fd35bffe3881bfc59bd92159485081c6fe" "/opt/rustwide/cargo-home/bin/cargo" "+1.100.0-beta.1" "test" "--frozen" "--release", kill_on_drop: false }`
[INFO] [stderr] warning: unused dependency `rsproperties`
[INFO] [stderr]   --> Cargo.toml:30:15
[INFO] [stderr]    |
[INFO] [stderr] 30 | [dependencies.rsproperties]
[INFO] [stderr]    |               ^^^^^^^^^^^^^
[INFO] [stderr]    |
[INFO] [stderr]    = note: `cargo::unused_dependencies` is set to `warn` by default
[INFO] [stderr] help: consider removing the dependency on `rsproperties`
[INFO] [stderr] warning: `rsbinder` (manifest) generated 1 warning
[INFO] [stderr]     Finished `release` profile [optimized] target(s) in 0.12s
[INFO] [stdout] 
[INFO] [stderr]      Running unittests src/lib.rs (/opt/rustwide/target/release/build/rsbinder/3c892f2b733fbad7/out/rsbinder-3c892f2b733fbad7)
[INFO] [stdout] running 459 tests
[INFO] [stdout] test binder::stability_tests::test_stability_includes ... ok
[INFO] [stdout] test binder::stability_tests::test_stability_invalid_value ... ok
[INFO] [stdout] test binder::stability_tests::test_stability_roundtrip ... ok
[INFO] [stdout] test binder::tests::test_wibinder_clone_and_ptr_eq_after_drop ... ok
[INFO] [stdout] test binder::stability_tests::test_stability_category_format ... ok
[INFO] [stdout] test binder::tests::non_kernel_binders_refuse_freeze_callbacks ... ok
[INFO] [stdout] test binder::tests::test_wibinder_upgrade_after_strong_drop_returns_dead_object ... ok
[INFO] [stdout] test binder::stability_tests::test_stability_wire_values ... ok
[INFO] [stdout] test binder_object::tests::to_bytes_is_the_uapi_layout_and_round_trips ... ok
[INFO] [stdout] test binder_object::tests::new_with_fd_cookie_tracks_take_ownership ... ok
[INFO] [stdout] test binder_object::tests::new_with_fd_flags_zero_and_full_width_init ... ok
[INFO] [stdout] test binder::tests::frozen_state_from_the_kernel_flag ... ok
[INFO] [stdout] test binder::tests::test_b_pack_chars ... ok
[INFO] [stdout] test binder_object::tests::new_handle_full_width_init ... ok
[INFO] [stdout] test death::tests::a_link_during_a_clear_requests_after_the_done ... ok
[INFO] [stdout] test binder_object::tests::handle_acquire_release_do_not_touch_process_state ... ok
[INFO] [stdout] test cancel::tests::a_dropped_signal_still_cancels_through_its_transport ... ok
[INFO] [stdout] test death::tests::an_old_proxys_drop_keeps_a_newer_link ... ok
[INFO] [stdout] test cancel::tests::the_transport_cancels_the_signal_it_came_from ... ok
[INFO] [stdout] test binderfs::tests::test_add_device_rejects_overlong_name ... ok
[INFO] [stdout] test blob::tests::a_mutable_blob_is_writable_and_an_immutable_one_is_not ... ok
[INFO] [stdout] test death::tests::stray_events_change_nothing ... ok
[INFO] [stdout] test blob::tests::a_null_blob_is_distinguishable_from_an_empty_one ... ok
[INFO] [stdout] test death::tests::one_request_and_one_clear_per_registration ... ok
[INFO] [stdout] test binderfs::tests::test_add_device ... FAILED
[INFO] [stdout] test bridge::tests::unlink_all_finishes_the_list_after_a_panic ... ok
[INFO] [stdout] test blob::tests::an_unknown_tag_is_refused ... ok
[INFO] [stdout] test cancel::tests::a_listener_runs_once_and_late_registration_runs_now ... ok
[INFO] [stdout] test death::tests::a_link_undone_during_the_clear_does_not_rerequest ... ok
[INFO] [stdout] test binderfs::tests::test_add_device_error ... ok
[INFO] [stdout] test cancel::tests::an_async_waiter_wakes_on_cancel_and_returns_at_once_afterwards ... ok
[INFO] [stdout] test entry::client::tests::a_setting_given_twice_must_agree ... ok
[INFO] [stdout] test blob::tests::the_inplace_limit_decides_the_form ... ok
[INFO] [stdout] test bridge::tests::unlink_all_swallows_the_panic_for_drop ... ok
[INFO] [stdout] test error::tests::a_status_built_from_a_payload_never_encodes_as_success ... ok
[INFO] [stdout] test entry::uri::tests::display_is_the_documented_form ... ok
[INFO] [stdout] test blob::tests::a_parcel_that_cannot_carry_an_fd_writes_the_payload_inline ... ok
[INFO] [stdout] test entry::uri::tests::kernel_forms ... ok
[INFO] [stdout] test entry::uri::tests::display_round_trips_every_byte ... ok
[INFO] [stdout] test entry::uri::tests::refused_values_do_not_read_back ... ok
[INFO] [stdout] test entry::uri::tests::wire_version_range ... ok
[INFO] [stdout] test entry::uri::tests::display_round_trips_every_shape ... ok
[INFO] [stdout] test error::tests::an_io_error_without_a_usable_errno_is_unknown ... ok
[INFO] [stdout] test error::tests::from_i32_round_trip_pins_every_named_variant ... ok
[INFO] [stdout] test entry::uri::tests::rpc_forms ... ok
[INFO] [stdout] test error::tests::from_i32_unrecognized_positive_routes_to_service_specific ... ok
[INFO] [stdout] test error::tests::named_codes_carry_android_wire_values_on_every_host ... ok
[INFO] [stdout] test error::tests::status_code_from_io_error_preserves_errno ... ok
[INFO] [stdout] test error::tests::test_status_code_from_errno ... ok
[INFO] [stdout] test error::tests::a_foreign_numbering_host_sends_and_reads_no_unnamed_status ... ok
[INFO] [stdout] test error::tests::the_host_picks_its_numbering ... ok
[INFO] [stdout] test file_descriptor::tests::test_pfd_conversions_and_try_clone ... ok
[INFO] [stdout] test error::tests::wire_conversion_reads_no_host_constant ... ok
[INFO] [stdout] test error::tests::test_status_code ... ok
[INFO] [stdout] test error::tests::the_numbering_rule_compares_errno_values ... ok
[INFO] [stdout] test fmq::convert::tests::error_maps_to_status_code ... ok
[INFO] [stdout] test fmq::convert::tests::negative_fields_are_bad_value ... ok
[INFO] [stdout] test fmq::convert::tests::descriptor_round_trips_through_the_parcelable ... ok
[INFO] [stdout] test freeze::tests::abort_request_forgets_the_slot ... ok
[INFO] [stdout] test freeze::tests::add_during_clear_defers_the_request ... ok
[INFO] [stdout] test error::tests::a_payload_whose_sign_contradicts_its_variant_goes_out_as_unknown ... ok
[INFO] [stdout] test error::tests::a_linux_numbering_host_passes_every_unnamed_status ... ok
[INFO] [stdout] test freeze::tests::a_second_deliverer_backs_off_until_the_first_ends ... ok
[INFO] [stdout] test freeze::tests::a_stale_batch_cannot_end_a_newer_slots_batch ... ok
[INFO] [stdout] test file_descriptor::tests::a_pipe_reads_and_writes_like_a_file ... ok
[INFO] [stdout] test file_descriptor::tests::test_parcel_file_descriptor ... ok
[INFO] [stdout] test fmq::convert::tests::a_flavor_that_disagrees_with_the_type_argument_is_bad_value ... ok
[INFO] [stdout] test error::tests::x86_64_linux_numbers_errno_as_asm_generic ... ok
[INFO] [stdout] test freeze::tests::last_removal_clears_once ... ok
[INFO] [stdout] test freeze::tests::repeated_and_pending_clear_states_are_filtered ... ok
[INFO] [stdout] test hub::numbering_pins::transaction_codes_are_the_r6_numbering ... ok
[INFO] [stdout] test freeze::tests::first_add_requests_and_later_adds_do_not ... ok
[INFO] [stdout] test freeze::tests::drop_owner_clears_a_registration_emptied_by_pruning ... ok
[INFO] [stdout] test freeze::tests::pending_owners_lists_each_owner_with_an_undelivered_state ... ok
[INFO] [stdout] test lazy_service::tests::a_failed_registration_does_not_leave_an_entry ... ok
[INFO] [stdout] test lazy_service::tests::client_callback_routes_by_binder_identity ... ok
[INFO] [stdout] test lazy_service::tests::a_notification_arriving_during_registration_is_not_dropped ... ok
[INFO] [stdout] test lazy_service::tests::a_failed_re_register_keeps_the_notification_that_raced_it ... ok
[INFO] [stdout] test freeze::tests::remove_matches_owner_and_first_entry_only ... ok
[INFO] [stdout] test freeze::tests::rerequest_redelivers_the_new_initial_state ... ok
[INFO] [stdout] test freeze::tests::add_then_remove_during_clear_does_not_rerequest ... ok
[INFO] [stdout] test lazy_service::tests::active_services_callback_fires_only_on_change ... ok
[INFO] [stdout] test freeze::tests::unexpected_clear_done_changes_nothing ... ok
[INFO] [stdout] test hub::numbering_pins::probe_code_14_separates_the_two_interfaces ... ok
[INFO] [stdout] test lazy_service::tests::active_services_callback_can_take_over ... ok
[INFO] [stdout] test lazy_service::tests::a_service_nobody_used_does_not_block_shutdown ... ok
[INFO] [stdout] test freeze::tests::batches_deliver_each_state_once_to_the_live_owner ... ok
[INFO] [stdout] test lazy_service::tests::clones_share_state ... ok
[INFO] [stdout] test lazy_service::tests::a_refused_unregister_re_registers_and_does_not_exit ... ok
[INFO] [stdout] test hub::wait_end_tests::only_security_and_illegal_argument_refuse ... ok
[INFO] [stdout] test lazy_service::tests::on_clients_for_unknown_service_is_silent ... ok
[INFO] [stdout] test lazy_service::tests::register_calls_add_service_then_client_callback ... ok
[INFO] [stdout] test lazy_service::tests::last_client_leaving_unregisters_and_exits ... ok
[INFO] [stdout] test lazy_service::tests::re_register_does_not_invent_clients ... ok
[INFO] [stdout] test lazy_service::tests::re_registering_same_binder_keeps_the_reported_client_state ... ok
[INFO] [stdout] test lazy_service::tests::re_registering_same_binder_does_not_re_register_the_callback ... ok
[INFO] [stdout] test lazy_service::tests::empty_registrar_never_reports_safe_to_exit ... ok
[INFO] [stdout] test lazy_service::tests::re_registering_different_binder_does_not_register_a_second_callback ... ok
[INFO] [stdout] test lazy_service::tests::force_persist_blocks_unregister ... ok
[INFO] [stdout] test macros::tests::test_strong_try_from ... ok
[INFO] [stdout] test lazy_service::tests::one_client_callback_serves_the_whole_registrar ... ok
[INFO] [stdout] test native::feature_flags_tests::default_features_set_only_accepts_fds ... ok
[INFO] [stdout] test freeze::tests::dropping_old_proxy_keeps_new_proxys_registration ... ok
[INFO] [stdout] test native::feature_flags_tests::flat_binder_flag_sched_policy_mask_matches_kernel_uapi ... ok
[INFO] [stdout] test lazy_service::tests::shutdown_waits_for_every_service ... ok
[INFO] [stdout] test macros::tests::test_cast_mismatch_is_bad_type ... ok
[INFO] [stdout] test native::feature_flags_tests::default_features_zero_rt_bits ... ok
[INFO] [stdout] test macros::tests::test_declare_binder_interface ... ok
[INFO] [stdout] test native::feature_flags_tests::flat_binder_flag_inherit_rt_matches_kernel_uapi ... ok
[INFO] [stdout] test macros::tests::test_link_to_death_arc_no_cast ... ok
[INFO] [stdout] test native::stability_mutation_tests::explicit_vintf_construction_is_observable_and_mutable ... ok
[INFO] [stdout] test native::stability_mutation_tests::a_wrapper_delegating_as_any_is_not_a_local_binder ... ok
[INFO] [stdout] test native::stability_mutation_tests::attach_find_detach_round_trip ... ok
[INFO] [stdout] test native::feature_flags_tests::out_of_range_policy_is_masked_to_two_bits ... ok
[INFO] [stdout] test native::stability_mutation_tests::binder_drop_releases_attached_objects ... ok
[INFO] [stdout] test native::stability_mutation_tests::distinct_types_do_not_collide ... ok
[INFO] [stdout] test native::stability_mutation_tests::mark_vintf_upgrades_to_vintf ... ok
[INFO] [stdout] test native::stability_mutation_tests::force_downgrade_to_vendor_works_from_system ... ok
[INFO] [stdout] test native::stability_mutation_tests::parceled_guard_blocks_all_setters ... ok
[INFO] [stdout] test native::feature_flags_tests::rt_policy_and_priority_encoded_in_canonical_bit_positions ... ok
[INFO] [stdout] test native::feature_flags_tests::inherit_rt_sets_bit_11_independently_of_policy_field ... ok
[INFO] [stdout] test native::feature_flags_tests::out_of_range_priority_is_masked_to_low_byte ... ok
[INFO] [stdout] test native::stability_mutation_tests::attach_object_replaces_returns_old ... ok
[INFO] [stdout] test native::stability_mutation_tests::local_cast_shares_the_allocation ... ok
[INFO] [stdout] test native::stability_mutation_tests::sibinder_delegation_path_round_trips ... ok
[INFO] [stdout] test native::feature_flags_tests::requesting_sid_sets_txn_security_ctx_only_with_selinux ... ok
[INFO] [stdout] test native::stability_mutation_tests::default_binder_is_system_and_not_parceled ... ok
[INFO] [stdout] test parcel::data_serde::a_forged_object_in_the_input_never_becomes_a_binder ... ok
[INFO] [stdout] test parcel::data_serde::a_value_survives_the_round_trip_and_encodes_the_same_way_twice ... ok
[INFO] [stdout] test parcel::data_serde::the_bytes_are_the_ipc_bytes ... ok
[INFO] [stdout] test native::stability_mutation_tests::vintf_then_force_downgrade_to_system ... ok
[INFO] [stdout] test observe::stats::tests::counts_per_method_and_in_flight ... ok
[INFO] [stdout] test parcel::tests::a_driver_buffer_adopts_each_fd_once_and_closes_it_before_the_free ... ok
[INFO] [stdout] test parcel::tests::a_read_fd_is_a_dup_that_outlives_the_parcel ... ok
[INFO] [stdout] test parcel::tests::a_refused_fd_write_closes_its_dup_once ... ok
[INFO] [stdout] test observe::stats::tests::histogram_buckets_are_powers_of_two_microseconds ... ok
[INFO] [stdout] test observe::tests::observer_pairs_calls_passes_the_tag_and_survives_its_own_panics ... ok
[INFO] [stdout] test parcel::data_serde::a_binder_field_is_refused_at_write_time ... ok
[INFO] [stdout] test parcel::data_serde::a_truncated_input_is_not_enough_data ... ok
[INFO] [stdout] test parcel::tests::checked_array_layout_passes_i32_max_on_64_bit_and_rejects_it_on_32 ... ok
[INFO] [stdout] test parcel::tests::checked_array_layout_normal_case ... ok
[INFO] [stdout] test parcel::tests::a_shrink_through_a_recorded_object_is_refused ... ok
[INFO] [stdout] test parcel::tests::a_write_over_a_recorded_object_is_refused ... ok
[INFO] [stdout] test parcel::tests::a_written_fd_is_closed_by_drop_and_only_then ... ok
[INFO] [stdout] test parcel::tests::an_appended_fd_outlives_its_source ... ok
[INFO] [stdout] test parcel::tests::append_from_dups_the_fd_the_source_bytes_name ... ok
[INFO] [stdout] test parcel::tests::checked_array_layout_rejects_pad_overflow ... ok
[INFO] [stdout] test native::stability_mutation_tests::sibinder_set_parceled_via_trait_dispatch_flips_guard ... ok
[INFO] [stdout] test parcel::tests::data_avail_saturates_when_pos_past_end ... ok
[INFO] [stdout] test parcel::tests::driver_read_buffer_lends_the_zeroed_capacity_and_keeps_what_was_filled ... ok
[INFO] [stdout] test parcel::data_serde::an_appended_object_table_is_refused_before_the_bytes_are_copied ... ok
[INFO] [stdout] test parcel::tests::from_ipc_parts_copies_a_misaligned_offsets_array ... ok
[INFO] [stdout] test parcel::tests::from_ipc_parts_with_null_data_uses_empty_slice ... ok
[INFO] [stdout] test parcel::tests::ipc_data_size_never_exceeds_backing_buffer ... ok
[INFO] [stdout] test parcel::tests::parcel_data_slice_refuses_as_mut_slice - should panic ... ok
[INFO] [stdout] test parcel::tests::set_data_position_rejects_past_i32_max ... ok
[INFO] [stdout] test parcel::tests::set_data_size_only_shrinks ... ok
[INFO] [stdout] test parcel::tests::read_array_rejects_hostile_len_gracefully ... ok
[INFO] [stdout] test parcel::tests::checked_array_layout_rejects_size_mul_overflow ... ok
[INFO] [stdout] test parcel::tests::overwritten_fd_bytes_do_not_choose_what_drop_closes ... ok
[INFO] [stdout] test parcel::tests::from_ipc_parts_preserves_data_pointer_when_length_is_zero ... ok
[INFO] [stdout] test parcel::tests::sized_read_field_truncation_via_has_more_data ... ok
[INFO] [stdout] test parcel::tests::test_array_byte ... ok
[INFO] [stdout] test parcel::tests::test_array_char ... ok
[INFO] [stdout] test parcel::tests::sub_parcel_skips_an_out_of_range_object_of_an_unsorted_table ... ok
[INFO] [stdout] test parcel::tests::test_array_double ... ok
[INFO] [stdout] test parcel::tests::test_typed_scalar_helpers ... ok
[INFO] [stdout] test parcel::tests::the_mode_of_a_written_or_received_parcel_cannot_change ... ok
[INFO] [stdout] test parcel::tests::read_array_char_rejects_hostile_len_gracefully ... ok
[INFO] [stdout] test parcel::tests::test_primitives ... ok
[INFO] [stdout] test parcel::tests::vec_deserialize_rejects_null_but_accepts_empty ... ok
[INFO] [stdout] test parcel::tests::write_object_refuses_an_fd_object ... ok
[INFO] [stdout] test parcel::tests::write_wire_at_encodes_le_when_appending_and_overwriting ... ok
[INFO] [stdout] test parcel::wire_golden::a_parcel_of_mixed_fields_keeps_every_slot_aligned ... ok
[INFO] [stdout] test parcel::tests::write_at_covers_gap_overwrite_append_and_pad ... ok
[INFO] [stdout] test parcel::wire_golden::null_binder_stays_a_native_island ... ok
[INFO] [stdout] test parcel::wire_golden::scalar_widening_matches_the_aidl_wire ... ok
[INFO] [stdout] test parcel::tests::parcel_data_slice_refuses_write_at - should panic ... ok
[INFO] [stdout] test parcel::tests::public_from_ipc_parts_reads_its_fds_and_adopts_none ... ok
[INFO] [stdout] test parcel::wire_golden::stability_word_is_little_endian ... ok
[INFO] [stdout] test parcel::wire_golden::scalar_wire_is_absolute_little_endian ... ok
[INFO] [stdout] test parcel::tests::write_array_zeroes_trailing_pad ... ok
[INFO] [stdout] test parcelable::tests::generic_vec_deserialize_rejects_null_but_accepts_empty ... ok
[INFO] [stdout] test parcelable::tests::macro_parcelable_rejects_garbage_sentinel ... ok
[INFO] [stdout] test parcel::wire_golden::string16_wire_is_absolute_little_endian ... ok
[INFO] [stdout] test parcelable::tests::empty_string16_round_trip ... ok
[INFO] [stdout] test parcel::wire_golden::the_command_stream_is_native_not_wire ... ok
[INFO] [stdout] test parcelable::tests::hostile_string16_length_returns_err_not_panic ... ok
[INFO] [stdout] test parcelable::tests::default_option_rejects_garbage_sentinel ... ok
[INFO] [stdout] test parcelable::tests::string16_compare_matches_a_read_and_leaves_the_same_cursor ... ok
[INFO] [stdout] test parcel::tests::parcel_array_empty_is_not_null ... ok
[INFO] [stdout] test parcel::tests::sized_read_depth_is_bounded ... ok
[INFO] [stdout] test parcel::wire_golden::array_wire_is_absolute_little_endian ... ok
[INFO] [stdout] test parcelable::tests::string16_wire_is_the_unit_encoding_across_the_stack_bound ... ok
[INFO] [stdout] test parcelable_holder::tests::a_data_only_holder_is_refused_by_a_kernel_parcel ... ok
[INFO] [stdout] test parcelable_holder::tests::holder_serializes_parcelable_stability_not_binder_level_bitmask ... ok
[INFO] [stdout] test permission_controller::tests::test_descriptor_matches_aosp_wire ... ok
[INFO] [stdout] test parcelable::tests::string16_compare_reports_null_and_invalid_units_as_a_read_does ... ok
[INFO] [stdout] test permission_controller::tests::test_service_name_matches_system_server_registration ... ok
[INFO] [stdout] test parcelable::tests::string16_round_trip ... ok
[INFO] [stdout] test permission_controller::tests::the_controller_is_cached_until_it_fails ... ok
[INFO] [stdout] test parcelable_holder::tests::a_failed_read_empties_the_holder ... ok
[INFO] [stdout] test parcelable_holder::tests::a_forged_object_inside_a_holder_never_becomes_a_binder ... ok
[INFO] [stdout] test parcelable_holder::tests::holder_rejects_null_and_garbage_sentinels ... ok
[INFO] [stdout] test observe::span::tests::span_name_follows_aosp ... ok
[INFO] [stdout] test parcel::data_serde::trailing_bytes_are_an_error_rather_than_a_partial_read ... ok
[INFO] [stdout] test process_state::tests::a_receive_mapping_size_is_range_checked_then_page_rounded ... ok
[INFO] [stdout] test parcel::data_serde::stored_bytes_keep_at_most_twice_their_length ... ok
[INFO] [stdout] test parcel::data_serde::parcel_is_send_and_sync ... ok
[INFO] [stdout] test process_state::tests::test_native_dedup_reserves_against_concurrent_removal ... FAILED
[INFO] [stdout] test process_state::tests::test_native_distinct_arcs_get_distinct_ids ... FAILED
[INFO] [stdout] test process_state::tests::driver_feature_flag_is_read_next_to_the_driver_node ... ok
[INFO] [stdout] test process_state::tests::expunge_removes_only_the_dropping_pins_entry ... ok
[INFO] [stdout] test process_state::tests::test_native_dedup_same_arc ... FAILED
[INFO] [stdout] test process_state::tests::pin_ledger_holds_pins_for_freeze_clears_too ... ok
[INFO] [stdout] test process_state::tests::test_native_uaf_window_closed ... FAILED
[INFO] [stdout] test process_state::tests::pin_ledger_releases_after_the_last_clear_completes ... ok
[INFO] [stdout] test process_state::tests::test_concurrent_strong_proxy_case_b_resurrection ... FAILED
[INFO] [stdout] test parcel::data_serde::owned_bytes_move_out_instead_of_being_copied ... ok
[INFO] [stdout] test parcel::data_serde::a_file_descriptor_field_is_refused_before_the_dup ... ok
[INFO] [stdout] test process_state::tests::test_concurrent_strong_proxy_same_handle_returns_same_arc ... FAILED
[INFO] [stdout] test process_state::tests::test_process_state_context_object ... FAILED
[INFO] [stdout] test process_state::tests::test_native_lookup_does_not_change_counts ... FAILED
[INFO] [stdout] test process_state::tests::test_process_state ... FAILED
[INFO] [stdout] test process_state::tests::set_call_restriction_reaches_a_thread_that_already_used_binder ... FAILED
[INFO] [stdout] test process_state::tests::test_process_state_disable_background_scheduling ... FAILED
[INFO] [stdout] test proxy::tests::test_dump_fast_fails_and_closes_fd_when_obituary_sent ... ok
[INFO] [stdout] test process_state::tests::the_default_thread_ceiling_matches_aosp ... ok
[INFO] [stdout] test proxy::tests::test_unlink_to_death_empty_list_returns_name_not_found ... ok
[INFO] [stdout] test proxy::tests::test_submit_transact_fast_fails_when_obituary_sent ... ok
[INFO] [stdout] test proxy::tests::test_extension_cache_variant_holds_dual_modes ... ok
[INFO] [stdout] test proxy::tests::test_proxy_handle_debug ... ok
[INFO] [stdout] test proxy::tests::proxy_downgrade_keeps_its_identity_without_a_cache_entry ... ok
[INFO] [stdout] test process_state::tests::test_process_state_start_thread_pool ... FAILED
[INFO] [stdout] test proxy::tests::test_unlink_to_death_removes_only_one_match ... ok
[INFO] [stdout] test proxy::tests::test_dispatch_obituary_callbacks_isolates_panic ... ok
[INFO] [stdout] test proxy_count::tests::callback_runs_outside_state_lock ... ok
[INFO] [stdout] test proxy_count::tests::limit_callback_fires_once_until_low_watermark_resets ... ok
[INFO] [stdout] test proxy_count::tests::per_uid_count_survives_tracking_toggled_off_while_live ... ok
[INFO] [stdout] test proxy_count::tests::per_uid_disabled_by_default_skips_map ... ok
[INFO] [stdout] test ref_counter::tests::test_ref_counter ... ok
[INFO] [stdout] test proxy::tests::weak_compares_against_the_strong_it_came_from ... ok
[INFO] [stdout] test proxy::tests::test_link_to_death_returns_dead_object_after_obituary ... ok
[INFO] [stdout] test proxy::tests::test_unlink_to_death_unregistered_returns_name_not_found ... ok
[INFO] [stdout] test reconnect::tests::a_reconnect_thread_that_cannot_spawn_ends_every_wait ... ok
[INFO] [stdout] test rt::tokio_rt::tests::an_already_dead_binder_is_complete_at_once ... ok
[INFO] [stdout] test ref_counter::tests::test_ref_counter_attempt_inc ... ok
[INFO] [stdout] test proxy_count::tests::replaced_callback_drops_outside_state_lock ... ok
[INFO] [stdout] test process_state::tests::test_strong_proxy_under_same_thread_dead_binder_no_deadlock ... FAILED
[INFO] [stdout] test proxy::tests::test_get_extension_strong_cache_does_not_auto_invalidate_on_dead_extension ... ok
[INFO] [stdout] test proxy::tests::test_unlink_to_death_returns_dead_object_after_obituary ... ok
[INFO] [stdout] test proxy::tests::test_link_to_death_rejects_already_dead_weak ... ok
[INFO] [stdout] test proxy::tests::test_set_extension_on_proxy_rejects_with_invalid_operation ... ok
[INFO] [stdout] test rt::tokio_rt::tests::a_local_binder_has_no_death_notification ... ok
[INFO] [stdout] test shared_memory::dealer::tests::best_fit_splits_and_coalesces ... ok
[INFO] [stdout] test shared_memory::dealer::tests::dealer_allocations_are_disjoint_windows_and_return_on_drop ... ok
[INFO] [stdout] test process_state::tests::test_process_state_strong_proxy_for_handle ... FAILED
[INFO] [stdout] test rt::tokio_rt::tests::dropping_the_signal_unlinks_once ... ok
[INFO] [stdout] test rt::tokio_rt::tests::a_panicking_unlink_stays_inside_drop ... ok
[INFO] [stdout] test shared_memory::dealer::tests::dealer_exhaustion_is_no_memory_and_zero_is_bad_value ... ok
[INFO] [stdout] test proxy_count::tests::clear_count_by_uid_resets_map_only ... ok
[INFO] [stdout] test rt::tokio_rt::tests::death_signal_is_send_and_static ... ok
[INFO] [stdout] test shared_memory::heap::tests::linux::default_seals_are_grow_shrink_seal ... ok
[INFO] [stdout] test rt::tokio_rt::tests::completes_when_the_obituary_arrives ... ok
[INFO] [stdout] test shared_memory::dealer::tests::page_aligned_allocation_pads_then_reuses_pad ... ok
[INFO] [stdout] test rt::tokio_rt::tests::the_signal_survives_the_binder_handle_going_away ... ok
[INFO] [stdout] test shared_memory::heap::tests::dont_map_locally_skips_mapping ... ok
[INFO] [stdout] test shared_memory::dealer::tests::allocation_outlives_dealer_gracefully ... ok
[INFO] [stdout] test shared_memory::heap::tests::linux::mapped_heap_reports_seal_seal_as_invalid_operation ... ok
[INFO] [stdout] test shared_memory::dealer::tests::best_fit_prefers_smallest_sufficient_hole ... ok
[INFO] [stdout] test shared_memory::dealer::tests::dealer_refuses_unmapped_heap ... ok
[INFO] [stdout] test shared_memory::heap::tests::linux::future_write_seal_blocks_new_writable_mapping ... ok
[INFO] [stdout] test shared_memory::heap::tests::dup_fd_maps_the_same_pages_in_process ... ok
[INFO] [stdout] test shared_memory::heap::tests::from_fd_rejects_bad_geometry ... ok
[INFO] [stdout] test shared_memory::heap::tests::linux::read_only_adds_future_write_and_allow_sealing_omits_seal ... ok
[INFO] [stdout] test shared_memory::heap::tests::linux::seal_future_write_needs_allow_sealing ... ok
[INFO] [stdout] test shared_memory::heap::tests::linux::sealed_fd_cannot_grow ... ok
[INFO] [stdout] test shared_memory::heap::tests::to_parcel_fd_is_cloexec_and_independent ... ok
[INFO] [stdout] test shared_memory::heap::tests::new_rounds_size_up_to_page_and_maps ... ok
[INFO] [stdout] test shared_memory::heap::tests::owner_of_read_only_heap_can_still_write ... ok
[INFO] [stdout] test shared_memory::heap::tests::linux::strict_accepts_sealed_and_rejects_unsealed ... ok
[INFO] [stdout] test shared_memory::heap::tests::receiver_honours_read_only_flag ... ok
[INFO] [stdout] test shared_memory::heap::tests::zero_size_is_bad_value ... ok
[INFO] [stdout] test shared_memory::heap::tests::write_then_read_roundtrip_and_bounds ... ok
[INFO] [stdout] test shared_memory::shared::tests::create_then_adopt_by_fd_recovers_size_and_shares_pages ... ok
[INFO] [stdout] test shared_memory::shared::tests::received_region_cannot_be_sealed_on_macos_but_can_on_linux ... ok
[INFO] [stdout] test shared_memory::wire::tests::memory_base_window_is_bounds_checked ... ok
[INFO] [stdout] test shared_memory::tests::constructor_matches_is_supported ... ok
[INFO] [stdout] test shared_memory::wire::tests::heap_id_reply_is_built_from_heap_fd_only ... ok
[INFO] [stdout] test shared_memory::tests::flags_match_aosp_constants ... ok
[INFO] [stdout] test shared_memory::wire::tests::heap_id_reply_layout_matches_aosp ... ok
[INFO] [stdout] test shared_memory::tests::imemoryheap_is_object_safe ... ok
[INFO] [stdout] test shared_memory::wire::tests::clamp_window_matches_aosp_rules ... ok
[INFO] [stdout] test shared_memory::wire::tests::unknown_code_is_rejected ... ok
[INFO] [stdout] test shared_memory::wire::tests::unresolved_bp_memory_reports_empty_window ... ok
[INFO] [stdout] test status::tests::a_typed_service_error_survives_the_wire ... ok
[INFO] [stdout] test status::tests::extended_error_struct_layout_matches_kernel ... ok
[INFO] [stdout] test status::tests::deserialize_skips_nonzero_remote_stack_trace_header ... ok
[INFO] [stdout] test status::tests::deserialize_skips_appops_then_reply_header_collapses_to_none ... ok
[INFO] [stdout] test status::tests::flag_collect_noted_app_ops_matches_aosp_userspace ... ok
[INFO] [stdout] test shared_memory::shared::tests::region_size_rejects_non_region_fd ... ok
[INFO] [stdout] test status::tests::appops_header_exception_codes_match_aosp_wire ... ok
[INFO] [stdout] test shared_memory::shared::tests::sealed_read_only_is_detected_by_receiver ... ok
[INFO] [stdout] test shared_memory::heap::tests::unaligned_copies_round_trip_and_preserve_neighbours ... ok
[INFO] [stdout] test shared_memory::shared::tests::parcel_roundtrip_is_a_bare_fd ... ok
[INFO] [stdout] test status::tests::deserialize_skips_appops_header_then_surfaces_real_exception ... ok
[INFO] [stdout] test status::tests::binder_result_question_marks_io_and_slice_errors ... ok
[INFO] [stdout] test status::tests::deserialize_skips_appops_header_then_reads_ex_none ... ok
[INFO] [stdout] test status::tests::unexpected_null_is_a_transaction_error_not_an_exception ... ok
[INFO] [stdout] test stream::calls::tests::a_batch_before_the_producer_introduces_itself_is_refused ... ok
[INFO] [stdout] test status::tests::flag_update_txn_matches_kernel_wire ... ok
[INFO] [stdout] test status::tests::serialize_transaction_failed_returns_err_without_writing ... ok
[INFO] [stdout] test stream::calls::tests::a_batch_sent_without_credit_ends_the_stream ... ok
[INFO] [stdout] test status::tests::status_with_exception_never_maps_to_ok ... ok
[INFO] [stdout] test status::tests::test_status ... ok
[INFO] [stdout] test status::tests::test_status_display ... ok
[INFO] [stdout] test stream::calls::tests::a_batch_with_a_negative_count_ends_the_stream ... ok
[INFO] [stdout] test stream::calls::tests::a_batch_in_transit_settles_on_every_way_out ... ok
[INFO] [stdout] test stream::calls::tests::a_batch_that_claims_more_items_than_it_carries_is_refused ... ok
[INFO] [stdout] test status::tests::test_status_serialize ... ok
[INFO] [stdout] test stream::calls::tests::a_binder_that_is_not_a_sink_is_refused ... ok
[INFO] [stdout] test stream::calls::tests::a_consumer_whose_pool_is_gone_ends_the_stream ... ok
[INFO] [stdout] test stream::calls::tests::a_consumer_dropped_before_the_stream_starts_cancels_it_on_arrival ... ok
[INFO] [stdout] test stream::calls::tests::a_grant_nobody_sent_is_sent_by_the_next_call ... ok
[INFO] [stdout] test stream::calls::tests::a_running_total_is_counted_once_by_the_producer ... ok
[INFO] [stdout] test stream::calls::tests::a_dropped_producer_flushes_and_reports_that_it_never_ended ... ok
[INFO] [stdout] test stream::calls::tests::a_grant_settles_on_every_way_out ... ok
[INFO] [stdout] test stream::calls::tests::a_second_on_start_cannot_end_the_stream ... ok
[INFO] [stdout] test stream::calls::tests::a_send_that_cannot_say_whether_it_arrived_ends_the_producer ... ok
[INFO] [stdout] test stream::calls::tests::a_terminator_in_transit_is_sent_on_every_way_out ... ok
[INFO] [stdout] test stream::calls::tests::a_dropped_producer_with_no_credit_still_ends_the_stream ... ok
[INFO] [stdout] test stream::calls::tests::a_dropped_send_async_gives_back_the_thread_its_credit_wait_held ... ok
[INFO] [stdout] test stream::calls::tests::an_end_the_pool_drops_unrun_reports_the_send_not_the_pool ... ok
[INFO] [stdout] test stream::calls::tests::an_end_the_pool_cannot_take_still_terminates_the_stream ... ok
[INFO] [stdout] test stream::calls::tests::an_item_refused_part_way_leaves_its_neighbours_intact ... ok
[INFO] [stdout] test stream::calls::tests::an_opening_window_of_nothing_is_refused ... ok
[INFO] [stdout] test stream::calls::tests::an_opening_window_below_the_grant_threshold_does_not_stall ... ok
[INFO] [stdout] test stream::calls::tests::an_abandon_dropped_while_its_wait_sleeps_ends_the_wait ... ok
[INFO] [stdout] test stream::calls::tests::grants_that_keep_failing_do_not_raise_what_the_producer_may_send ... ok
[INFO] [stdout] test stream::calls::tests::an_opening_window_the_consumer_does_not_accept_is_refused_at_the_start ... ok
[INFO] [stdout] test stream::calls::tests::a_wait_begun_before_the_producer_starts_ends_when_it_starts ... ok
[INFO] [stdout] test stream::calls::tests::what_a_failed_send_says_about_the_batch ... ok
[INFO] [stdout] test stream::calls::tests::items_arrive_in_order_and_the_stream_ends_clean ... ok
[INFO] [stdout] test stream::pool::tests::a_hand_off_that_queues_and_unwinds_gives_the_token_back ... ok
[INFO] [stdout] test stream::calls::tests::items_a_failed_batch_lost_are_reported_by_the_terminator ... ok
[INFO] [stdout] test stream::ring::tests::a_bad_header_inside_the_batch_ends_the_stream_after_the_items_before_it ... ok
[INFO] [stdout] test stream::ring::tests::a_calls_contract_call_on_a_ring_sink_ends_the_stream ... ok
[INFO] [stdout] test stream::calls::tests::the_grant_threshold_is_held_to_the_opening_window ... ok
[INFO] [stdout] test stream::calls::tests::an_async_producer_waits_for_credit_without_holding_the_thread ... ok
[INFO] [stdout] test stream::ring::tests::a_death_notice_is_no_end_status_while_records_remain ... ok
[INFO] [stdout] test stream::ring::tests::a_death_noticed_after_a_refill_ends_the_stream_after_the_batch ... ok
[INFO] [stdout] test stream::ring::tests::a_cancel_releases_a_producer_parked_on_a_full_ring ... ok
[INFO] [stdout] test lazy_service::tests::registrations_do_not_overlap ... ok
[INFO] [stdout] test stream::ring::tests::a_dropped_send_async_gives_its_pool_thread_back_at_the_deadline ... ok
[INFO] [stdout] test stream::calls::tests::a_send_async_out_of_credit_times_out_and_the_item_is_not_queued ... ok
[INFO] [stdout] test stream::ring::tests::a_failure_recorded_before_a_clean_end_record_is_the_reported_end ... ok
[INFO] [stdout] test stream::ring::tests::a_failure_a_dropped_send_async_left_is_returned_by_the_next_send ... ok
[INFO] [stdout] test stream::ring::tests::a_lone_item_is_not_held_back_for_a_batch ... ok
[INFO] [stdout] test stream::ring::tests::a_record_committed_in_two_parts_ends_the_stream ... ok
[INFO] [stdout] test stream::ring::tests::a_record_header_the_ring_cannot_hold_ends_the_stream ... ok
[INFO] [stdout] test stream::ring::tests::a_record_that_does_not_decode_ends_the_stream ... ok
[INFO] [stdout] test stream::calls::tests::a_send_behind_a_batch_that_breaks_the_stream_queues_nothing ... ok
[INFO] [stdout] test stream::calls::tests::draining_a_batch_buys_exactly_one_batch_more ... ok
[INFO] [stdout] test stream::ring::tests::a_refill_takes_every_committed_record_and_wakes_once ... ok
[INFO] [stdout] test stream::ring::tests::a_ring_no_larger_than_the_reserve_is_refused ... ok
[INFO] [stdout] test stream::ring::tests::a_ring_wider_than_the_producer_accepts_is_refused_at_attach ... ok
[INFO] [stdout] test stream::ring::tests::a_send_async_dropped_behind_an_orphan_is_counted_lost ... ok
[INFO] [stdout] test shared_memory::heap::tests::drop_releases_fd_and_mapping ... ok
[INFO] [stdout] test stream::ring::tests::a_finished_recv_async_wait_leaves_the_futex_clear ... ok
[INFO] [stdout] test stream::ring::tests::a_spin_turned_off_is_probed_and_a_probe_that_finds_turns_it_on ... ok
[INFO] [stdout] test stream::ring::tests::a_spin_with_no_free_slot_reports_no_spin ... ok
[INFO] [stdout] test stream::ring::tests::a_send_async_that_times_out_returns_its_pool_thread_and_loses_nothing ... ok
[INFO] [stdout] test stream::ring::tests::a_full_ring_stops_the_producer_until_the_consumer_reads ... ok
[INFO] [stdout] test stream::ring::tests::an_async_pair_finishes_on_a_current_thread_runtime ... ok
[INFO] [stdout] test stream::ring::tests::an_end_committed_before_a_death_noticed_after_the_look_is_read ... ok
[INFO] [stdout] test stream::calls::tests::a_cancel_releases_a_producer_waiting_for_credit ... ok
[INFO] [stdout] test stream::ring::tests::an_end_record_inside_the_batch_follows_the_items_before_it ... ok
[INFO] [stdout] test stream::ring::tests::an_end_record_outranks_a_death_noticed_while_it_is_being_read ... ok
[INFO] [stdout] test stream::ring::tests::an_end_record_outranks_a_death_that_followed_it ... ok
[INFO] [stdout] test stream::ring::tests::an_end_status_round_trips_through_the_record ... ok
[INFO] [stdout] test stream::ring::tests::an_item_larger_than_the_ring_allows_is_refused_and_not_written ... ok
[INFO] [stdout] test stream::ring::tests::dropping_the_consumer_cancels_the_producer ... ok
[INFO] [stdout] test stream::ring::tests::records_cross_the_ring_in_order_and_the_end_is_last ... ok
[INFO] [stdout] test stream::ring::tests::the_end_message_is_cut_to_the_reserve_on_a_character_boundary ... ok
[INFO] [stdout] test stream::ring::tests::the_end_record_goes_in_without_waiting_when_the_ring_is_full ... ok
[INFO] [stdout] test stream::ring::tests::the_spin_turns_off_after_wasted_spins_and_back_on_after_a_quick_wake ... ok
[INFO] [stdout] test stream::tests::a_borrowed_endpoint_casts_through_try_clone ... ok
[INFO] [stdout] test stream::tests::a_borrowed_item_type_opens_through_open_borrowed ... ok
[INFO] [stdout] test stream::calls::tests::a_grant_that_fails_is_retried_by_the_next_poll ... ok
[INFO] [stdout] test stream::tests::a_cast_endpoint_carries_a_type_that_encodes_alike ... ok
[INFO] [stdout] test stream::tests::a_dropped_sink_ends_the_stream_as_failed ... ok
[INFO] [stdout] test stream::calls::tests::a_full_window_stops_the_producer_until_the_consumer_drains ... ok
[INFO] [stdout] test stream::tests::a_local_peer_gets_a_ring_endpoint_on_linux ... ok
[INFO] [stdout] test stream::tests::a_reused_parcel_is_neither_lost_nor_left_with_the_last_item ... ok
[INFO] [stdout] test stream::ring::tests::a_stream_that_keeps_parking_loses_no_wake ... ok
[INFO] [stdout] test stream::ring::tests::an_end_past_its_deadline_gives_up_the_record_in_transit ... ok
[INFO] [stdout] test stream::tests::a_service_specific_failure_survives_the_terminator ... ok
[INFO] [stdout] test stream::tests::a_status_round_trips_through_the_terminator_arguments ... ok
[INFO] [stdout] test stream::tests::a_status_the_producer_accepts_is_one_the_consumer_reads ... ok
[INFO] [stdout] test stream::tests::a_terminator_that_cannot_be_carried_is_refused ... ok
[INFO] [stdout] test stream::tests::a_token_answers_no_transaction ... ok
[INFO] [stdout] test stream::tests::a_zero_send_timeout_never_waits_and_send_all_keeps_what_went_in ... ok
[INFO] [stdout] test stream::tests::an_endpoint_formats_whatever_its_item_type ... ok
[INFO] [stdout] test stream::tests::an_endpoint_without_a_sink_is_refused ... ok
[INFO] [stdout] test stream::tests::an_exception_code_the_wire_may_not_carry_is_refused ... ok
[INFO] [stdout] test stream::tests::a_send_timeout_ends_a_wait_for_credit_and_the_item_is_not_queued ... ok
[INFO] [stdout] test stream::tests::items_arrive_in_order_and_the_stream_ends_clean ... ok
[INFO] [stdout] test sys::binder::tests::write_read_lends_the_read_buffer_in_whole_words ... ok
[INFO] [stdout] test sys::binder::tests::write_read_refuses_a_consumed_count_outside_its_buffer ... ok
[INFO] [stdout] test tests::process_state ... FAILED
[INFO] [stdout] test thread_state::tests::a_handler_dead_object_is_not_replied_as_dead_object ... ok
[INFO] [stdout] test thread_state::tests::a_refused_command_is_named_from_the_offset_the_driver_stopped_at ... ok
[INFO] [stdout] test thread_state::tests::a_refused_freeze_request_behind_queued_commands_fails ... FAILED
[INFO] [stdout] test proxy_count::tests::per_uid_enabled_tracks_each_uid ... ok
[INFO] [stdout] test thread_state::tests::a_sid_copy_crosses_pages_and_keeps_to_its_bound ... ok
[INFO] [stdout] test thread_state::tests::a_short_write_names_the_command_before_the_offset ... ok
[INFO] [stdout] test stream::ring::tests::a_timeout_leaves_the_stream_running ... ok
[INFO] [stdout] test thread_state::tests::an_unset_errno_is_unknown_not_a_panic ... ok
[INFO] [stdout] test thread_state::tests::binder_frozen_state_info_layout ... ok
[INFO] [stdout] test thread_state::tests::freeze_observer_bc_constants_match_uapi ... ok
[INFO] [stdout] test thread_state::tests::freeze_observer_br_constants_match_uapi ... ok
[INFO] [stdout] test thread_state::tests::calling_sid_outlives_the_transaction_buffer ... FAILED
[INFO] [stdout] test thread_state::tests::a_sid_copy_stops_at_a_page_it_cannot_read ... ok
[INFO] [stdout] test thread_state::tests::frozen_binder_handshake_queues_the_done_once_whatever_notify_does ... ok
[INFO] [stdout] test thread_state::tests::test_calling_identity_token_pack_unpack_round_trip ... ok
[INFO] [stdout] test proxy_count::tests::global_counter_increments_and_decrements ... ok
[INFO] [stdout] test thread_state::tests::test_dispatch_transact_caught_propagates_normal_result ... ok
[INFO] [stdout] test thread_state::tests::test_dispatch_transact_caught_isolates_panic ... ok
[INFO] [stdout] test thread_state::tests::test_drive_dead_binder_handshake_orchestration ... ok
[INFO] [stdout] test thread_state::tests::test_get_calling_inside_transaction_extracts_fields ... FAILED
[INFO] [stdout] test stream::tests::an_item_with_a_binder_is_refused ... ok
[INFO] [stdout] test stream::tests::a_send_timeout_ends_a_send_on_a_full_ring_and_the_stream_goes_on ... ok
[INFO] [stdout] test thread_state::tests::test_get_calling_outside_transaction_returns_defaults ... FAILED
[INFO] [stdout] test thread_state::tests::test_process_pending_derefs_handles_reentrant_push_from_drop ... FAILED
[INFO] [stdout] test thread_state::tests::test_return_to_str ... ok
[INFO] [stdout] test thread_state::tests::test_command_to_str ... ok
[INFO] [stdout] test thread_state::tests::test_strict_mode_policy_round_trip ... FAILED
[INFO] [stdout] test thread_state::tests::work_source_dispatch_guard_resets_and_restores_when_nested ... ok
[INFO] [stdout] test thread_state::tests::work_source_dispatch_guard_restores_on_unwind ... ok
[INFO] [stdout] test thread_state::tests::test_get_calling_sid_null_secctx_returns_none ... FAILED
[INFO] [stdout] test thread_state::tests::work_source_is_written_to_the_request_header_only_when_propagating ... ok
[INFO] [stdout] test thread_state::tests::work_source_received_value_does_not_propagate ... ok
[INFO] [stdout] test thread_state::tests::test_clear_and_restore_calling_identity_round_trip ... FAILED
[INFO] [stdout] test thread_state::tests::work_source_set_clear_restore_outside_a_transaction ... ok
[INFO] [stdout] test transport_caps::tests::require_reports_only_what_is_missing ... ok
[INFO] [stdout] test transport_caps::tests::set_algebra ... ok
[INFO] [stdout] test transaction_data::tests::target_ptr_reads_all_eight_bytes ... ok
[INFO] [stdout] test transaction_data::tests::to_bytes_is_the_uapi_layout_and_round_trips ... ok
[INFO] [stdout] test transport_caps::tests::display_names_the_bits ... ok
[INFO] [stdout] test stream::calls::tests::a_blocking_consumer_gives_up_only_on_a_producer_that_may_be_out_of_credit ... ok
[INFO] [stdout] test stream::tests::a_flush_that_times_out_keeps_its_batch_and_an_end_that_does_still_ends ... ok
[INFO] [stdout] test stream::ring::tests::a_dead_consumer_releases_a_parked_producer ... ok
[INFO] [stdout] test stream::ring::tests::a_dead_producer_releases_a_blocked_consumer_after_what_it_wrote ... ok
[INFO] [stdout] test stream::ring::tests::a_dropped_send_async_keeps_its_place_and_is_given_up_on_drop ... ok
[INFO] [stdout] test stream::ring::tests::a_sparse_stream_stops_the_consumer_spinning ... ok
[INFO] [stdout] test stream::tests::a_cancel_releases_a_parked_producer_and_the_next_send_is_refused ... ok
[INFO] [stdout] test stream::ring::tests::a_record_that_lands_after_the_look_is_not_slept_through_by_recv ... ok
[INFO] [stdout] test stream::ring::tests::a_record_that_lands_after_the_look_is_not_slept_through_by_recv_async ... ok
[INFO] [stdout] test stream::ring::tests::a_dropped_recv_async_does_not_lose_the_next_record ... ok
[INFO] [stdout] 
[INFO] [stdout] failures:
[INFO] [stdout] 
[INFO] [stdout] ---- binderfs::tests::test_add_device stdout ----
[INFO] [stdout] 
[INFO] [stdout] thread 'binderfs::tests::test_add_device' (1973) panicked at src/binderfs.rs:95:55:
[INFO] [stdout] called `Result::unwrap()` on an `Err` value: Os { code: 2, kind: NotFound, message: "No such file or directory" }
[INFO] [stdout] stack backtrace:
[INFO] [stdout]    0:     0x63e844f2ceb1 - <<std[617be2ca0a6fd877]::sys::backtrace::BacktraceLock>::print::DisplayBacktrace as core[a373ad73a504971]::fmt::Display>::fmt
[INFO] [stdout]    1:     0x63e844f4325a - core[a373ad73a504971]::fmt::write
[INFO] [stdout]    2:     0x63e844f31a0c - <alloc[2e1b2a31b91974c5]::vec::Vec<u8> as core[a373ad73a504971]::io::write::Write>::write_fmt
[INFO] [stdout]    3:     0x63e844f065e6 - std[617be2ca0a6fd877]::panicking::default_hook::{closure#0}
[INFO] [stdout]    4:     0x63e844f23e19 - std[617be2ca0a6fd877]::panicking::default_hook
[INFO] [stdout]    5:     0x63e844ebb190 - test[aada8e7e76ba119b]::test_main_inner::{closure#0}
[INFO] [stdout]    6:     0x63e844f24142 - std[617be2ca0a6fd877]::panicking::panic_with_hook
[INFO] [stdout]    7:     0x63e844f06692 - std[617be2ca0a6fd877]::panicking::panic_handler::{closure#0}
[INFO] [stdout]    8:     0x63e844efeb69 - std[617be2ca0a6fd877]::sys::backtrace::__rust_end_short_backtrace::<std[617be2ca0a6fd877]::panicking::panic_handler::{closure#0}, !>
[INFO] [stdout]    9:     0x63e844f073ad - __rustc[ea4f61d10b84890b]::rust_begin_unwind
[INFO] [stdout]   10:     0x63e844f439bc - core[a373ad73a504971]::panicking::panic_fmt
[INFO] [stdout]   11:     0x63e844f43792 - core[a373ad73a504971]::result::unwrap_failed
[INFO] [stdout]   12:     0x63e844e23c12 - <rsbinder[cfaabd536a6c27b4]::binderfs::tests::test_add_device::{closure#0} as core[a373ad73a504971]::ops::function::FnOnce<()>>::call_once
[INFO] [stdout]   13:     0x63e844eae5db - test[aada8e7e76ba119b]::__rust_begin_short_backtrace::<core[a373ad73a504971]::result::Result<(), alloc[2e1b2a31b91974c5]::string::String>, fn() -> core[a373ad73a504971]::result::Result<(), alloc[2e1b2a31b91974c5]::string::String>>
[INFO] [stdout]   14:     0x63e844ebb7b5 - test[aada8e7e76ba119b]::run_test::{closure#0}
[INFO] [stdout]   15:     0x63e844eb50a4 - std[617be2ca0a6fd877]::sys::backtrace::__rust_begin_short_backtrace::<test[aada8e7e76ba119b]::run_test::{closure#1}, ()>
[INFO] [stdout]   16:     0x63e844ebe842 - <std[617be2ca0a6fd877]::thread::lifecycle::spawn_unchecked<test[aada8e7e76ba119b]::run_test::{closure#1}, ()>::{closure#1} as core[a373ad73a504971]::ops::function::FnOnce<()>>::call_once::{shim:vtable#0}
[INFO] [stdout]   17:     0x63e844f2c18f - <std[617be2ca0a6fd877]::sys::thread::unix::Thread>::new::thread_start
[INFO] [stdout]   18:     0x75c6352e6dfa - <unknown>
[INFO] [stdout]   19:     0x75c63537a3d4 - clone
[INFO] [stdout]   20:                0x0 - <unknown>
[INFO] [stdout] 
[INFO] [stdout] ---- process_state::tests::test_native_dedup_reserves_against_concurrent_removal stdout ----
[INFO] [stdout] 
[INFO] [stdout] thread 'process_state::tests::test_native_dedup_reserves_against_concurrent_removal' (2185) panicked at src/process_state.rs:2448:52:
[INFO] [stdout] init_default: "Opening '/dev/binder' failed: No such file or directory (os error 2)\n"
[INFO] [stdout] stack backtrace:
[INFO] [stdout]    0:     0x63e844f2ceb1 - <<std[617be2ca0a6fd877]::sys::backtrace::BacktraceLock>::print::DisplayBacktrace as core[a373ad73a504971]::fmt::Display>::fmt
[INFO] [stdout]    1:     0x63e844f4325a - core[a373ad73a504971]::fmt::write
[INFO] [stdout]    2:     0x63e844f31a0c - <alloc[2e1b2a31b91974c5]::vec::Vec<u8> as core[a373ad73a504971]::io::write::Write>::write_fmt
[INFO] [stdout]    3:     0x63e844f065e6 - std[617be2ca0a6fd877]::panicking::default_hook::{closure#0}
[INFO] [stdout]    4:     0x63e844f23e19 - std[617be2ca0a6fd877]::panicking::default_hook
[INFO] [stdout]    5:     0x63e844ebb190 - test[aada8e7e76ba119b]::test_main_inner::{closure#0}
[INFO] [stdout]    6:     0x63e844f24142 - std[617be2ca0a6fd877]::panicking::panic_with_hook
[INFO] [stdout]    7:     0x63e844f06692 - std[617be2ca0a6fd877]::panicking::panic_handler::{closure#0}
[INFO] [stdout]    8:     0x63e844efeb69 - std[617be2ca0a6fd877]::sys::backtrace::__rust_end_short_backtrace::<std[617be2ca0a6fd877]::panicking::panic_handler::{closure#0}, !>
[INFO] [stdout]    9:     0x63e844f073ad - __rustc[ea4f61d10b84890b]::rust_begin_unwind
[INFO] [stdout]   10:     0x63e844f439bc - core[a373ad73a504971]::panicking::panic_fmt
[INFO] [stdout]   11:     0x63e844f43792 - core[a373ad73a504971]::result::unwrap_failed
[INFO] [stdout]   12:     0x63e844d5d185 - <rsbinder[cfaabd536a6c27b4]::process_state::tests::test_native_dedup_reserves_against_concurrent_removal::{closure#0} as core[a373ad73a504971]::ops::function::FnOnce<()>>::call_once
[INFO] [stdout]   13:     0x63e844eaad3d - serial_test[544546f79c6a7213]::serial_code_lock::local_serial_core
[INFO] [stdout]   14:     0x63e844d5a230 - <rsbinder[cfaabd536a6c27b4]::process_state::tests::test_native_dedup_reserves_against_concurrent_removal::{closure#0} as core[a373ad73a504971]::ops::function::FnOnce<()>>::call_once
[INFO] [stdout]   15:     0x63e844eae5db - test[aada8e7e76ba119b]::__rust_begin_short_backtrace::<core[a373ad73a504971]::result::Result<(), alloc[2e1b2a31b91974c5]::string::String>, fn() -> core[a373ad73a504971]::result::Result<(), alloc[2e1b2a31b91974c5]::string::String>>
[INFO] [stdout]   16:     0x63e844ebb7b5 - test[aada8e7e76ba119b]::run_test::{closure#0}
[INFO] [stdout]   17:     0x63e844eb50a4 - std[617be2ca0a6fd877]::sys::backtrace::__rust_begin_short_backtrace::<test[aada8e7e76ba119b]::run_test::{closure#1}, ()>
[INFO] [stdout]   18:     0x63e844ebe842 - <std[617be2ca0a6fd877]::thread::lifecycle::spawn_unchecked<test[aada8e7e76ba119b]::run_test::{closure#1}, ()>::{closure#1} as core[a373ad73a504971]::ops::function::FnOnce<()>>::call_once::{shim:vtable#0}
[INFO] [stdout]   19:     0x63e844f2c18f - <std[617be2ca0a6fd877]::sys::thread::unix::Thread>::new::thread_start
[INFO] [stdout]   20:     0x75c6352e6dfa - <unknown>
[INFO] [stdout]   21:     0x75c63537a3d4 - clone
[INFO] [stdout]   22:                0x0 - <unknown>
[INFO] [stdout] 
[INFO] [stdout] ---- process_state::tests::test_native_distinct_arcs_get_distinct_ids stdout ----
[INFO] [stdout] 
[INFO] [stdout] thread 'process_state::tests::test_native_distinct_arcs_get_distinct_ids' (2187) panicked at src/process_state.rs:2483:52:
[INFO] [stdout] init_default: "Opening '/dev/binder' failed: No such file or directory (os error 2)\n"
[INFO] [stdout] stack backtrace:
[INFO] [stdout]    0:     0x63e844f2ceb1 - <<std[617be2ca0a6fd877]::sys::backtrace::BacktraceLock>::print::DisplayBacktrace as core[a373ad73a504971]::fmt::Display>::fmt
[INFO] [stdout]    1:     0x63e844f4325a - core[a373ad73a504971]::fmt::write
[INFO] [stdout]    2:     0x63e844f31a0c - <alloc[2e1b2a31b91974c5]::vec::Vec<u8> as core[a373ad73a504971]::io::write::Write>::write_fmt
[INFO] [stdout]    3:     0x63e844f065e6 - std[617be2ca0a6fd877]::panicking::default_hook::{closure#0}
[INFO] [stdout]    4:     0x63e844f23e19 - std[617be2ca0a6fd877]::panicking::default_hook
[INFO] [stdout]    5:     0x63e844ebb190 - test[aada8e7e76ba119b]::test_main_inner::{closure#0}
[INFO] [stdout]    6:     0x63e844f24142 - std[617be2ca0a6fd877]::panicking::panic_with_hook
[INFO] [stdout]    7:     0x63e844f06692 - std[617be2ca0a6fd877]::panicking::panic_handler::{closure#0}
[INFO] [stdout]    8:     0x63e844efeb69 - std[617be2ca0a6fd877]::sys::backtrace::__rust_end_short_backtrace::<std[617be2ca0a6fd877]::panicking::panic_handler::{closure#0}, !>
[INFO] [stdout]    9:     0x63e844f073ad - __rustc[ea4f61d10b84890b]::rust_begin_unwind
[INFO] [stdout]   10:     0x63e844f439bc - core[a373ad73a504971]::panicking::panic_fmt
[INFO] [stdout]   11:     0x63e844f43792 - core[a373ad73a504971]::result::unwrap_failed
[INFO] [stdout]   12:     0x63e844d5bb6f - <rsbinder[cfaabd536a6c27b4]::process_state::tests::test_native_distinct_arcs_get_distinct_ids::{closure#0} as core[a373ad73a504971]::ops::function::FnOnce<()>>::call_once
[INFO] [stdout]   13:     0x63e844eaad3d - serial_test[544546f79c6a7213]::serial_code_lock::local_serial_core
[INFO] [stdout]   14:     0x63e844d58ff0 - <rsbinder[cfaabd536a6c27b4]::process_state::tests::test_native_distinct_arcs_get_distinct_ids::{closure#0} as core[a373ad73a504971]::ops::function::FnOnce<()>>::call_once
[INFO] [stdout]   15:     0x63e844eae5db - test[aada8e7e76ba119b]::__rust_begin_short_backtrace::<core[a373ad73a504971]::result::Result<(), alloc[2e1b2a31b91974c5]::string::String>, fn() -> core[a373ad73a504971]::result::Result<(), alloc[2e1b2a31b91974c5]::string::String>>
[INFO] [stdout]   16:     0x63e844ebb7b5 - test[aada8e7e76ba119b]::run_test::{closure#0}
[INFO] [stdout]   17:     0x63e844eb50a4 - std[617be2ca0a6fd877]::sys::backtrace::__rust_begin_short_backtrace::<test[aada8e7e76ba119b]::run_test::{closure#1}, ()>
[INFO] [stdout]   18:     0x63e844ebe842 - <std[617be2ca0a6fd877]::thread::lifecycle::spawn_unchecked<test[aada8e7e76ba119b]::run_test::{closure#1}, ()>::{closure#1} as core[a373ad73a504971]::ops::function::FnOnce<()>>::call_once::{shim:vtable#0}
[INFO] [stdout]   19:     0x63e844f2c18f - <std[617be2ca0a6fd877]::sys::thread::unix::Thread>::new::thread_start
[INFO] [stdout]   20:     0x75c6352e6dfa - <unknown>
[INFO] [stdout]   21:     0x75c63537a3d4 - clone
[INFO] [stdout]   22:                0x0 - <unknown>
[INFO] [stdout] 
[INFO] [stdout] ---- process_state::tests::test_native_dedup_same_arc stdout ----
[INFO] [stdout] 
[INFO] [stdout] thread 'process_state::tests::test_native_dedup_same_arc' (2186) panicked at src/process_state.rs:2414:52:
[INFO] [stdout] init_default: "Opening '/dev/binder' failed: No such file or directory (os error 2)\n"
[INFO] [stdout] stack backtrace:
[INFO] [stdout]    0:     0x63e844f2ceb1 - <<std[617be2ca0a6fd877]::sys::backtrace::BacktraceLock>::print::DisplayBacktrace as core[a373ad73a504971]::fmt::Display>::fmt
[INFO] [stdout]    1:     0x63e844f4325a - core[a373ad73a504971]::fmt::write
[INFO] [stdout]    2:     0x63e844f31a0c - <alloc[2e1b2a31b91974c5]::vec::Vec<u8> as core[a373ad73a504971]::io::write::Write>::write_fmt
[INFO] [stdout]    3:     0x63e844f065e6 - std[617be2ca0a6fd877]::panicking::default_hook::{closure#0}
[INFO] [stdout]    4:     0x63e844f23e19 - std[617be2ca0a6fd877]::panicking::default_hook
[INFO] [stdout]    5:     0x63e844ebb190 - test[aada8e7e76ba119b]::test_main_inner::{closure#0}
[INFO] [stdout]    6:     0x63e844f24142 - std[617be2ca0a6fd877]::panicking::panic_with_hook
[INFO] [stdout]    7:     0x63e844f06692 - std[617be2ca0a6fd877]::panicking::panic_handler::{closure#0}
[INFO] [stdout]    8:     0x63e844efeb69 - std[617be2ca0a6fd877]::sys::backtrace::__rust_end_short_backtrace::<std[617be2ca0a6fd877]::panicking::panic_handler::{closure#0}, !>
[INFO] [stdout]    9:     0x63e844f073ad - __rustc[ea4f61d10b84890b]::rust_begin_unwind
[INFO] [stdout]   10:     0x63e844f439bc - core[a373ad73a504971]::panicking::panic_fmt
[INFO] [stdout]   11:     0x63e844f43792 - core[a373ad73a504971]::result::unwrap_failed
[INFO] [stdout]   12:     0x63e844d5aa45 - <rsbinder[cfaabd536a6c27b4]::process_state::tests::test_native_dedup_same_arc::{closure#0} as core[a373ad73a504971]::ops::function::FnOnce<()>>::call_once
[INFO] [stdout]   13:     0x63e844eaad3d - serial_test[544546f79c6a7213]::serial_code_lock::local_serial_core
[INFO] [stdout]   14:     0x63e844d58d60 - <rsbinder[cfaabd536a6c27b4]::process_state::tests::test_native_dedup_same_arc::{closure#0} as core[a373ad73a504971]::ops::function::FnOnce<()>>::call_once
[INFO] [stdout]   15:     0x63e844eae5db - test[aada8e7e76ba119b]::__rust_begin_short_backtrace::<core[a373ad73a504971]::result::Result<(), alloc[2e1b2a31b91974c5]::string::String>, fn() -> core[a373ad73a504971]::result::Result<(), alloc[2e1b2a31b91974c5]::string::String>>
[INFO] [stdout]   16:     0x63e844ebb7b5 - test[aada8e7e76ba119b]::run_test::{closure#0}
[INFO] [stdout]   17:     0x63e844eb50a4 - std[617be2ca0a6fd877]::sys::backtrace::__rust_begin_short_backtrace::<test[aada8e7e76ba119b]::run_test::{closure#1}, ()>
[INFO] [stdout]   18:     0x63e844ebe842 - <std[617be2ca0a6fd877]::thread::lifecycle::spawn_unchecked<test[aada8e7e76ba119b]::run_test::{closure#1}, ()>::{closure#1} as core[a373ad73a504971]::ops::function::FnOnce<()>>::call_once::{shim:vtable#0}
[INFO] [stdout]   19:     0x63e844f2c18f - <std[617be2ca0a6fd877]::sys::thread::unix::Thread>::new::thread_start
[INFO] [stdout]   20:     0x75c6352e6dfa - <unknown>
[INFO] [stdout]   21:     0x75c63537a3d4 - clone
[INFO] [stdout]   22:                0x0 - <unknown>
[INFO] [stdout] 
[INFO] [stdout] ---- process_state::tests::test_native_uaf_window_closed stdout ----
[INFO] [stdout] 
[INFO] [stdout] thread 'process_state::tests::test_native_uaf_window_closed' (2189) panicked at src/process_state.rs:2363:52:
[INFO] [stdout] init_default: "Opening '/dev/binder' failed: No such file or directory (os error 2)\n"
[INFO] [stdout] stack backtrace:
[INFO] [stdout]    0:     0x63e844f2ceb1 - <<std[617be2ca0a6fd877]::sys::backtrace::BacktraceLock>::print::DisplayBacktrace as core[a373ad73a504971]::fmt::Display>::fmt
[INFO] [stdout]    1:     0x63e844f4325a - core[a373ad73a504971]::fmt::write
[INFO] [stdout]    2:     0x63e844f31a0c - <alloc[2e1b2a31b91974c5]::vec::Vec<u8> as core[a373ad73a504971]::io::write::Write>::write_fmt
[INFO] [stdout]    3:     0x63e844f065e6 - std[617be2ca0a6fd877]::panicking::default_hook::{closure#0}
[INFO] [stdout]    4:     0x63e844f23e19 - std[617be2ca0a6fd877]::panicking::default_hook
[INFO] [stdout]    5:     0x63e844ebb190 - test[aada8e7e76ba119b]::test_main_inner::{closure#0}
[INFO] [stdout]    6:     0x63e844f24142 - std[617be2ca0a6fd877]::panicking::panic_with_hook
[INFO] [stdout]    7:     0x63e844f06692 - std[617be2ca0a6fd877]::panicking::panic_handler::{closure#0}
[INFO] [stdout]    8:     0x63e844efeb69 - std[617be2ca0a6fd877]::sys::backtrace::__rust_end_short_backtrace::<std[617be2ca0a6fd877]::panicking::panic_handler::{closure#0}, !>
[INFO] [stdout]    9:     0x63e844f073ad - __rustc[ea4f61d10b84890b]::rust_begin_unwind
[INFO] [stdout]   10:     0x63e844f439bc - core[a373ad73a504971]::panicking::panic_fmt
[INFO] [stdout]   11:     0x63e844f43792 - core[a373ad73a504971]::result::unwrap_failed
[INFO] [stdout]   12:     0x63e844d5ae72 - <rsbinder[cfaabd536a6c27b4]::process_state::tests::test_native_uaf_window_closed::{closure#0} as core[a373ad73a504971]::ops::function::FnOnce<()>>::call_once
[INFO] [stdout]   13:     0x63e844eaad3d - serial_test[544546f79c6a7213]::serial_code_lock::local_serial_core
[INFO] [stdout]   14:     0x63e844d58de0 - <rsbinder[cfaabd536a6c27b4]::process_state::tests::test_native_uaf_window_closed::{closure#0} as core[a373ad73a504971]::ops::function::FnOnce<()>>::call_once
[INFO] [stdout]   15:     0x63e844eae5db - test[aada8e7e76ba119b]::__rust_begin_short_backtrace::<core[a373ad73a504971]::result::Result<(), alloc[2e1b2a31b91974c5]::string::String>, fn() -> core[a373ad73a504971]::result::Result<(), alloc[2e1b2a31b91974c5]::string::String>>
[INFO] [stdout]   16:     0x63e844ebb7b5 - test[aada8e7e76ba119b]::run_test::{closure#0}
[INFO] [stdout]   17:     0x63e844eb50a4 - std[617be2ca0a6fd877]::sys::backtrace::__rust_begin_short_backtrace::<test[aada8e7e76ba119b]::run_test::{closure#1}, ()>
[INFO] [stdout]   18:     0x63e844ebe842 - <std[617be2ca0a6fd877]::thread::lifecycle::spawn_unchecked<test[aada8e7e76ba119b]::run_test::{closure#1}, ()>::{closure#1} as core[a373ad73a504971]::ops::function::FnOnce<()>>::call_once::{shim:vtable#0}
[INFO] [stdout]   19:     0x63e844f2c18f - <std[617be2ca0a6fd877]::sys::thread::unix::Thread>::new::thread_start
[INFO] [stdout]   20:     0x75c6352e6dfa - <unknown>
[INFO] [stdout]   21:     0x75c63537a3d4 - clone
[INFO] [stdout]   22:                0x0 - <unknown>
[INFO] [stdout] 
[INFO] [stdout] ---- process_state::tests::test_concurrent_strong_proxy_case_b_resurrection stdout ----
[INFO] [stdout] 
[INFO] [stdout] thread 'process_state::tests::test_concurrent_strong_proxy_case_b_resurrection' (2183) panicked at src/process_state.rs:713:14:
[INFO] [stdout] ProcessState is not initialized!
[INFO] [stdout] stack backtrace:
[INFO] [stdout]    0:     0x63e844f2ceb1 - <<std[617be2ca0a6fd877]::sys::backtrace::BacktraceLock>::print::DisplayBacktrace as core[a373ad73a504971]::fmt::Display>::fmt
[INFO] [stdout]    1:     0x63e844f4325a - core[a373ad73a504971]::fmt::write
[INFO] [stdout]    2:     0x63e844f31a0c - <alloc[2e1b2a31b91974c5]::vec::Vec<u8> as core[a373ad73a504971]::io::write::Write>::write_fmt
[INFO] [stdout]    3:     0x63e844f065e6 - std[617be2ca0a6fd877]::panicking::default_hook::{closure#0}
[INFO] [stdout]    4:     0x63e844f23e19 - std[617be2ca0a6fd877]::panicking::default_hook
[INFO] [stdout]    5:     0x63e844ebb190 - test[aada8e7e76ba119b]::test_main_inner::{closure#0}
[INFO] [stdout]    6:     0x63e844f24142 - std[617be2ca0a6fd877]::panicking::panic_with_hook
[INFO] [stdout]    7:     0x63e844f06692 - std[617be2ca0a6fd877]::panicking::panic_handler::{closure#0}
[INFO] [stdout]    8:     0x63e844efeb69 - std[617be2ca0a6fd877]::sys::backtrace::__rust_end_short_backtrace::<std[617be2ca0a6fd877]::panicking::panic_handler::{closure#0}, !>
[INFO] [stdout]    9:     0x63e844f073ad - __rustc[ea4f61d10b84890b]::rust_begin_unwind
[INFO] [stdout]   10:     0x63e844f439bc - core[a373ad73a504971]::panicking::panic_fmt
[INFO] [stdout]   11:     0x63e844f43714 - core[a373ad73a504971]::option::expect_failed
[INFO] [stdout]   12:     0x63e844d5c9d6 - <rsbinder[cfaabd536a6c27b4]::process_state::tests::test_concurrent_strong_proxy_case_b_resurrection::{closure#0} as core[a373ad73a504971]::ops::function::FnOnce<()>>::call_once
[INFO] [stdout]   13:     0x63e844eaad3d - serial_test[544546f79c6a7213]::serial_code_lock::local_serial_core
[INFO] [stdout]   14:     0x63e844d59660 - <rsbinder[cfaabd536a6c27b4]::process_state::tests::test_concurrent_strong_proxy_case_b_resurrection::{closure#0} as core[a373ad73a504971]::ops::function::FnOnce<()>>::call_once
[INFO] [stdout]   15:     0x63e844eae5db - test[aada8e7e76ba119b]::__rust_begin_short_backtrace::<core[a373ad73a504971]::result::Result<(), alloc[2e1b2a31b91974c5]::string::String>, fn() -> core[a373ad73a504971]::result::Result<(), alloc[2e1b2a31b91974c5]::string::String>>
[INFO] [stdout]   16:     0x63e844ebb7b5 - test[aada8e7e76ba119b]::run_test::{closure#0}
[INFO] [stdout]   17:     0x63e844eb50a4 - std[617be2ca0a6fd877]::sys::backtrace::__rust_begin_short_backtrace::<test[aada8e7e76ba119b]::run_test::{closure#1}, ()>
[INFO] [stdout]   18:     0x63e844ebe842 - <std[617be2ca0a6fd877]::thread::lifecycle::spawn_unchecked<test[aada8e7e76ba119b]::run_test::{closure#1}, ()>::{closure#1} as core[a373ad73a504971]::ops::function::FnOnce<()>>::call_once::{shim:vtable#0}
[INFO] [stdout]   19:     0x63e844f2c18f - <std[617be2ca0a6fd877]::sys::thread::unix::Thread>::new::thread_start
[INFO] [stdout]   20:     0x75c6352e6dfa - <unknown>
[INFO] [stdout]   21:     0x75c63537a3d4 - clone
[INFO] [stdout]   22:                0x0 - <unknown>
[INFO] [stdout] 
[INFO] [stdout] ---- process_state::tests::test_concurrent_strong_proxy_same_handle_returns_same_arc stdout ----
[INFO] [stdout] 
[INFO] [stdout] thread '<unnamed>' (2195) panicked at src/process_state.rs:713:14:
[INFO] [stdout] ProcessState is not initialized!
[INFO] [stdout] stack backtrace:
[INFO] [stdout]    0:     0x63e844f2ceb1 - <<std[617be2ca0a6fd877]::sys::backtrace::BacktraceLock>::print::DisplayBacktrace as core[a373ad73a504971]::fmt::Display>::fmt
[INFO] [stdout]    1:     0x63e844f4325a - core[a373ad73a504971]::fmt::write
[INFO] [stdout]    2:     0x63e844f31a0c - <alloc[2e1b2a31b91974c5]::vec::Vec<u8> as core[a373ad73a504971]::io::write::Write>::write_fmt
[INFO] [stdout]    3:     0x63e844f065e6 - std[617be2ca0a6fd877]::panicking::default_hook::{closure#0}
[INFO] [stdout]    4:     0x63e844f23e19 - std[617be2ca0a6fd877]::panicking::default_hook
[INFO] [stdout]    5:     0x63e844ebb190 - test[aada8e7e76ba119b]::test_main_inner::{closure#0}
[INFO] [stdout]    6:     0x63e844f24142 - std[617be2ca0a6fd877]::panicking::panic_with_hook
[INFO] [stdout]    7:     0x63e844f06692 - std[617be2ca0a6fd877]::panicking::panic_handler::{closure#0}
[INFO] [stdout]    8:     0x63e844efeb69 - std[617be2ca0a6fd877]::sys::backtrace::__rust_end_short_backtrace::<std[617be2ca0a6fd877]::panicking::panic_handler::{closure#0}, !>
[INFO] [stdout]    9:     0x63e844f073ad - __rustc[ea4f61d10b84890b]::rust_begin_unwind
[INFO] [stdout]   10:     0x63e844f439bc - core[a373ad73a504971]::panicking::panic_fmt
[INFO] [stdout]   11:     0x63e844f43714 - core[a373ad73a504971]::option::expect_failed
[INFO] [stdout]   12:     0x63e844dee76f - std[617be2ca0a6fd877]::sys::backtrace::__rust_begin_short_backtrace::<rsbinder[cfaabd536a6c27b4]::process_state::tests::test_concurrent_strong_proxy_case_b_resurrection::{closure#0}::{closure#0}::{closure#0}::{closure#0}, core[a373ad73a504971]::result::Result<rsbinder[cfaabd536a6c27b4]::binder::SIBinder, rsbinder[cfaabd536a6c27b4]::error::StatusCode>>
[INFO] [stdout]   13:     0x63e844d515c6 - <std[617be2ca0a6fd877]::thread::lifecycle::spawn_unchecked<rsbinder[cfaabd536a6c27b4]::process_state::tests::test_concurrent_strong_proxy_same_handle_returns_same_arc::{closure#0}::{closure#0}::{closure#0}, core[a373ad73a504971]::result::Result<rsbinder[cfaabd536a6c27b4]::binder::SIBinder, rsbinder[cfaabd536a6c27b4]::error::StatusCode>>::{closure#1} as core[a373ad73a504971]::ops::function::FnOnce<()>>::call_once::{shim:vtable#0}
[INFO] [stdout]   14:     0x63e844f2c18f - <std[617be2ca0a6fd877]::sys::thread::unix::Thread>::new::thread_start
[INFO] [stdout]   15:     0x75c6352e6dfa - <unknown>
[INFO] [stdout]   16:     0x75c63537a3d4 - clone
[INFO] [stdout]   17:                0x0 - <unknown>
[INFO] [stdout] 
[INFO] [stdout] thread '<unnamed>' (2192) panicked at src/process_state.rs:713:14:
[INFO] [stdout] ProcessState is not initialized!
[INFO] [stdout] stack backtrace:
[INFO] [stdout]    0:     0x63e844f2ceb1 - <<std[617be2ca0a6fd877]::sys::backtrace::BacktraceLock>::print::DisplayBacktrace as core[a373ad73a504971]::fmt::Display>::fmt
[INFO] [stdout]    1:     0x63e844f4325a - core[a373ad73a504971]::fmt::write
[INFO] [stdout]    2:     0x63e844f31a0c - <alloc[2e1b2a31b91974c5]::vec::Vec<u8> as core[a373ad73a504971]::io::write::Write>::write_fmt
[INFO] [stdout]    3:     0x63e844f065e6 - std[617be2ca0a6fd877]::panicking::default_hook::{closure#0}
[INFO] [stdout]    4:     0x63e844f23e19 - std[617be2ca0a6fd877]::panicking::default_hook
[INFO] [stdout]    5:     0x63e844ebb190 - test[aada8e7e76ba119b]::test_main_inner::{closure#0}
[INFO] [stdout]    6:     0x63e844f24142 - std[617be2ca0a6fd877]::panicking::panic_with_hook
[INFO] [stdout]    7:     0x63e844f06692 - std[617be2ca0a6fd877]::panicking::panic_handler::{closure#0}
[INFO] [stdout]    8:     0x63e844efeb69 - std[617be2ca0a6fd877]::sys::backtrace::__rust_end_short_backtrace::<std[617be2ca0a6fd877]::panicking::panic_handler::{closure#0}, !>
[INFO] [stdout]    9:     0x63e844f073ad - __rustc[ea4f61d10b84890b]::rust_begin_unwind
[INFO] [stdout]   10:     0x63e844f439bc - core[a373ad73a504971]::panicking::panic_fmt
[INFO] [stdout]   11:     0x63e844f43714 - core[a373ad73a504971]::option::expect_failed
[INFO] [stdout]   12:     0x63e844dee76f - std[617be2ca0a6fd877]::sys::backtrace::__rust_begin_short_backtrace::<rsbinder[cfaabd536a6c27b4]::process_state::tests::test_concurrent_strong_proxy_case_b_resurrection::{closure#0}::{closure#0}::{closure#0}::{closure#0}, core[a373ad73a504971]::result::Result<rsbinder[cfaabd536a6c27b4]::binder::SIBinder, rsbinder[cfaabd536a6c27b4]::error::StatusCode>>
[INFO] [stdout]   13:     0x63e844d515c6 - <std[617be2ca0a6fd877]::thread::lifecycle::spawn_unchecked<rsbinder[cfaabd536a6c27b4]::process_state::tests::test_concurrent_strong_proxy_same_handle_returns_same_arc::{closure#0}::{closure#0}::{closure#0}, core[a373ad73a504971]::result::Result<rsbinder[cfaabd536a6c27b4]::binder::SIBinder, rsbinder[cfaabd536a6c27b4]::error::StatusCode>>::{closure#1} as core[a373ad73a504971]::ops::function::FnOnce<()>>::call_once::{shim:vtable#0}
[INFO] [stdout]   14:     0x63e844f2c18f - <std[617be2ca0a6fd877]::sys::thread::unix::Thread>::new::thread_start
[INFO] [stdout]   15:     0x75c6352e6dfa - <unknown>
[INFO] [stdout]   16:     0x75c63537a3d4 - clone
[INFO] [stdout]   17:                0x0 - <unknown>
[INFO] [stdout] 
[INFO] [stdout] thread '<unnamed>' (2196) panicked at src/process_state.rs:713:14:
[INFO] [stdout] ProcessState is not initialized!
[INFO] [stdout] stack backtrace:
[INFO] [stdout]    0:     0x63e844f2ceb1 - <<std[617be2ca0a6fd877]::sys::backtrace::BacktraceLock>::print::DisplayBacktrace as core[a373ad73a504971]::fmt::Display>::fmt
[INFO] [stdout]    1:     0x63e844f4325a - core[a373ad73a504971]::fmt::write
[INFO] [stdout]    2:     0x63e844f31a0c - <alloc[2e1b2a31b91974c5]::vec::Vec<u8> as core[a373ad73a504971]::io::write::Write>::write_fmt
[INFO] [stdout]    3:     0x63e844f065e6 - std[617be2ca0a6fd877]::panicking::default_hook::{closure#0}
[INFO] [stdout]    4:     0x63e844f23e19 - std[617be2ca0a6fd877]::panicking::default_hook
[INFO] [stdout]    5:     0x63e844ebb190 - test[aada8e7e76ba119b]::test_main_inner::{closure#0}
[INFO] [stdout]    6:     0x63e844f24142 - std[617be2ca0a6fd877]::panicking::panic_with_hook
[INFO] [stdout]    7:     0x63e844f06692 - std[617be2ca0a6fd877]::panicking::panic_handler::{closure#0}
[INFO] [stdout]    8:     0x63e844efeb69 - std[617be2ca0a6fd877]::sys::backtrace::__rust_end_short_backtrace::<std[617be2ca0a6fd877]::panicking::panic_handler::{closure#0}, !>
[INFO] [stdout]    9:     0x63e844f073ad - __rustc[ea4f61d10b84890b]::rust_begin_unwind
[INFO] [stdout]   10:     0x63e844f439bc - core[a373ad73a504971]::panicking::panic_fmt
[INFO] [stdout]   11:     0x63e844f43714 - core[a373ad73a504971]::option::expect_failed
[INFO] [stdout]   12:     0x63e844dee76f - std[617be2ca0a6fd877]::sys::backtrace::__rust_begin_short_backtrace::<rsbinder[cfaabd536a6c27b4]::process_state::tests::test_concurrent_strong_proxy_case_b_resurrection::{closure#0}::{closure#0}::{closure#0}::{closure#0}, core[a373ad73a504971]::result::Result<rsbinder[cfaabd536a6c27b4]::binder::SIBinder, rsbinder[cfaabd536a6c27b4]::error::StatusCode>>
[INFO] [stdout]   13:     0x63e844d515c6 - <std[617be2ca0a6fd877]::thread::lifecycle::spawn_unchecked<rsbinder[cfaabd536a6c27b4]::process_state::tests::test_concurrent_strong_proxy_same_handle_returns_same_arc::{closure#0}::{closure#0}::{closure#0}, core[a373ad73a504971]::result::Result<rsbinder[cfaabd536a6c27b4]::binder::SIBinder, rsbinder[cfaabd536a6c27b4]::error::StatusCode>>::{closure#1} as core[a373ad73a504971]::ops::function::FnOnce<()>>::call_once::{shim:vtable#0}
[INFO] [stdout]   14:     0x63e844f2c18f - <std[617be2ca0a6fd877]::sys::thread::unix::Thread>::new::thread_start
[INFO] [stdout]   15:     0x75c6352e6dfa - <unknown>
[INFO] [stdout]   16:     0x75c63537a3d4 - clone
[INFO] [stdout]   17:                0x0 - <unknown>
[INFO] [stdout] 
[INFO] [stdout] thread '<unnamed>' (2199) panicked at src/process_state.rs:713:14:
[INFO] [stdout] ProcessState is not initialized!
[INFO] [stdout] stack backtrace:
[INFO] [stdout]    0:     0x63e844f2ceb1 - <<std[617be2ca0a6fd877]::sys::backtrace::BacktraceLock>::print::DisplayBacktrace as core[a373ad73a504971]::fmt::Display>::fmt
[INFO] [stdout]    1:     0x63e844f4325a - core[a373ad73a504971]::fmt::write
[INFO] [stdout]    2:     0x63e844f31a0c - <alloc[2e1b2a31b91974c5]::vec::Vec<u8> as core[a373ad73a504971]::io::write::Write>::write_fmt
[INFO] [stdout]    3:     0x63e844f065e6 - std[617be2ca0a6fd877]::panicking::default_hook::{closure#0}
[INFO] [stdout]    4:     0x63e844f23e19 - std[617be2ca0a6fd877]::panicking::default_hook
[INFO] [stdout]    5:     0x63e844ebb190 - test[aada8e7e76ba119b]::test_main_inner::{closure#0}
[INFO] [stdout]    6:     0x63e844f24142 - std[617be2ca0a6fd877]::panicking::panic_with_hook
[INFO] [stdout]    7:     0x63e844f06692 - std[617be2ca0a6fd877]::panicking::panic_handler::{closure#0}
[INFO] [stdout]    8:     0x63e844efeb69 - std[617be2ca0a6fd877]::sys::backtrace::__rust_end_short_backtrace::<std[617be2ca0a6fd877]::panicking::panic_handler::{closure#0}, !>
[INFO] [stdout]    9:     0x63e844f073ad - __rustc[ea4f61d10b84890b]::rust_begin_unwind
[INFO] [stdout]   10:     0x63e844f439bc - core[a373ad73a504971]::panicking::panic_fmt
[INFO] [stdout]   11:     0x63e844f43714 - core[a373ad73a504971]::option::expect_failed
[INFO] [stdout]   12:     0x63e844dee76f - std[617be2ca0a6fd877]::sys::backtrace::__rust_begin_short_backtrace::<rsbinder[cfaabd536a6c27b4]::process_state::tests::test_concurrent_strong_proxy_case_b_resurrection::{closure#0}::{closure#0}::{closure#0}::{closure#0}, core[a373ad73a504971]::result::Result<rsbinder[cfaabd536a6c27b4]::binder::SIBinder, rsbinder[cfaabd536a6c27b4]::error::StatusCode>>
[INFO] [stdout]   13:     0x63e844d515c6 - <std[617be2ca0a6fd877]::thread::lifecycle::spawn_unchecked<rsbinder[cfaabd536a6c27b4]::process_state::tests::test_concurrent_strong_proxy_same_handle_returns_same_arc::{closure#0}::{closure#0}::{closure#0}, core[a373ad73a504971]::result::Result<rsbinder[cfaabd536a6c27b4]::binder::SIBinder, rsbinder[cfaabd536a6c27b4]::error::StatusCode>>::{closure#1} as core[a373ad73a504971]::ops::function::FnOnce<()>>::call_once::{shim:vtable#0}
[INFO] [stdout]   14:     0x63e844f2c18f - <std[617be2ca0a6fd877]::sys::thread::unix::Thread>::new::thread_start
[INFO] [stdout]   15:     0x75c6352e6dfa - <unknown>
[INFO] [stdout]   16:     0x75c63537a3d4 - clone
[INFO] [stdout]   17:                0x0 - <unknown>
[INFO] [stdout] 
[INFO] [stdout] thread 'process_state::tests::test_concurrent_strong_proxy_same_handle_returns_same_arc' (2184) panicked at src/process_state.rs:2058:22:
[INFO] [stdout] thread panic: Any { .. }
[INFO] [stdout] stack backtrace:
[INFO] [stdout]    0:     0x63e844f2ceb1 - <<std[617be2ca0a6fd877]::sys::backtrace::BacktraceLock>::print::DisplayBacktrace as core[a373ad73a504971]::fmt::Display>::fmt
[INFO] [stdout]    1:     0x63e844f4325a - core[a373ad73a504971]::fmt::write
[INFO] [stdout]    2:     0x63e844f31a0c - <alloc[2e1b2a31b91974c5]::vec::Vec<u8> as core[a373ad73a504971]::io::write::Write>::write_fmt
[INFO] [stdout]    3:     0x63e844f065e6 - std[617be2ca0a6fd877]::panicking::default_hook::{closure#0}
[INFO] [stdout]    4:     0x63e844f23e19 - std[617be2ca0a6fd877]::panicking::default_hook
[INFO] [stdout]    5:     0x63e844ebb190 - test[aada8e7e76ba119b]::test_main_inner::{closure#0}
[INFO] [stdout]    6:     0x63e844f24142 - std[617be2ca0a6fd877]::panicking::panic_with_hook
[INFO] [stdout]    7:     0x63e844f06692 - std[617be2ca0a6fd877]::panicking::panic_handler::{closure#0}
[INFO] [stdout]    8:     0x63e844efeb69 - std[617be2ca0a6fd877]::sys::backtrace::__rust_end_short_backtrace::<std[617be2ca0a6fd877]::panicking::panic_handler::{closure#0}, !>
[INFO] [stdout]    9:     0x63e844f073ad - __rustc[ea4f61d10b84890b]::rust_begin_unwind
[INFO] [stdout]   10:     0x63e844f439bc - core[a373ad73a504971]::panicking::panic_fmt
[INFO] [stdout]   11:     0x63e844f43792 - core[a373ad73a504971]::result::unwrap_failed
[INFO] [stdout]   12:     0x63e844ce6ed7 - <alloc[2e1b2a31b91974c5]::vec::into_iter::IntoIter<std[617be2ca0a6fd877]::thread::join_handle::JoinHandle<core[a373ad73a504971]::result::Result<rsbinder[cfaabd536a6c27b4]::binder::SIBinder, rsbinder[cfaabd536a6c27b4]::error::StatusCode>>> as core[a373ad73a504971]::iter::traits::iterator::Iterator>::try_fold::<alloc[2e1b2a31b91974c5]::vec::in_place_drop::InPlaceDrop<rsbinder[cfaabd536a6c27b4]::binder::SIBinder>, core[a373ad73a504971]::iter::adapters::map::map_try_fold<std[617be2ca0a6fd877]::thread::join_handle::JoinHandle<core[a373ad73a504971]::result::Result<rsbinder[cfaabd536a6c27b4]::binder::SIBinder, rsbinder[cfaabd536a6c27b4]::error::StatusCode>>, rsbinder[cfaabd536a6c27b4]::binder::SIBinder, alloc[2e1b2a31b91974c5]::vec::in_place_drop::InPlaceDrop<rsbinder[cfaabd536a6c27b4]::binder::SIBinder>, core[a373ad73a504971]::result::Result<alloc[2e1b2a31b91974c5]::vec::in_place_drop::InPlaceDrop<rsbinder[cfaabd536a6c27b4]::binder::SIBinder>, !>, rsbinder[cfaabd536a6c27b4]::process_state::tests::test_concurrent_strong_proxy_same_handle_returns_same_arc::{closure#0}::{closure#1}, alloc[2e1b2a31b91974c5]::vec::in_place_collect::write_in_place_with_drop<rsbinder[cfaabd536a6c27b4]::binder::SIBinder>::{closure#0}>::{closure#0}, core[a373ad73a504971]::result::Result<alloc[2e1b2a31b91974c5]::vec::in_place_drop::InPlaceDrop<rsbinder[cfaabd536a6c27b4]::binder::SIBinder>, !>>
[INFO] [stdout]   13:     0x63e844d6b9f3 - alloc[2e1b2a31b91974c5]::vec::in_place_collect::from_iter_in_place::<core[a373ad73a504971]::iter::adapters::map::Map<alloc[2e1b2a31b91974c5]::vec::into_iter::IntoIter<std[617be2ca0a6fd877]::thread::join_handle::JoinHandle<core[a373ad73a504971]::result::Result<rsbinder[cfaabd536a6c27b4]::binder::SIBinder, rsbinder[cfaabd536a6c27b4]::error::StatusCode>>>, rsbinder[cfaabd536a6c27b4]::process_state::tests::test_concurrent_strong_proxy_same_handle_returns_same_arc::{closure#0}::{closure#1}>, rsbinder[cfaabd536a6c27b4]::binder::SIBinder>
[INFO] [stdout]   14:     0x63e844d5d386 - <rsbinder[cfaabd536a6c27b4]::process_state::tests::test_concurrent_strong_proxy_same_handle_returns_same_arc::{closure#0} as core[a373ad73a504971]::ops::function::FnOnce<()>>::call_once
[INFO] [stdout]   15:     0x63e844eaad3d - serial_test[544546f79c6a7213]::serial_code_lock::local_serial_core
[INFO] [stdout]   16:     0x63e844d5a6c0 - <rsbinder[cfaabd536a6c27b4]::process_state::tests::test_concurrent_strong_proxy_same_handle_returns_same_arc::{closure#0} as core[a373ad73a504971]::ops::function::FnOnce<()>>::call_once
[INFO] [stdout]   17:     0x63e844eae5db - test[aada8e7e76ba119b]::__rust_begin_short_backtrace::<core[a373ad73a504971]::result::Result<(), alloc[2e1b2a31b91974c5]::string::String>, fn() -> core[a373ad73a504971]::result::Result<(), alloc[2e1b2a31b91974c5]::string::String>>
[INFO] [stdout]   18:     0x63e844ebb7b5 - test[aada8e7e76ba119b]::run_test::{closure#0}
[INFO] [stdout]   19:     0x63e844eb50a4 - std[617be2ca0a6fd877]::sys::backtrace::__rust_begin_short_backtrace::<test[aada8e7e76ba119b]::run_test::{closure#1}, ()>
[INFO] [stdout]   20:     0x63e844ebe842 - <std[617be2ca0a6fd877]::thread::lifecycle::spawn_unchecked<test[aada8e7e76ba119b]::run_test::{closure#1}, ()>::{closure#1} as core[a373ad73a504971]::ops::function::FnOnce<()>>::call_once::{shim:vtable#0}
[INFO] [stdout]   21:     0x63e844f2c18f - <std[617be2ca0a6fd877]::sys::thread::unix::Thread>::new::thread_start
[INFO] [stdout]   22:     0x75c6352e6dfa - <unknown>
[INFO] [stdout]   23:     0x75c63537a3d4 - clone
[INFO] [stdout]   24:                0x0 - <unknown>
[INFO] [stdout] 
[INFO] [stdout] thread '<unnamed>' (2193) panicked at src/process_state.rs:713:14:
[INFO] [stdout] ProcessState is not initialized!
[INFO] [stdout] stack backtrace:
[INFO] [stdout]    0:     0x63e844f2ceb1 - <<std[617be2ca0a6fd877]::sys::backtrace::BacktraceLock>::print::DisplayBacktrace as core[a373ad73a504971]::fmt::Display>::fmt
[INFO] [stdout]    1:     0x63e844f4325a - core[a373ad73a504971]::fmt::write
[INFO] [stdout]    2:     0x63e844f31a0c - <alloc[2e1b2a31b91974c5]::vec::Vec<u8> as core[a373ad73a504971]::io::write::Write>::write_fmt
[INFO] [stdout]    3:     0x63e844f065e6 - std[617be2ca0a6fd877]::panicking::default_hook::{closure#0}
[INFO] [stdout]    4:     0x63e844f23e19 - std[617be2ca0a6fd877]::panicking::default_hook
[INFO] [stdout]    5:     0x63e844ebb190 - test[aada8e7e76ba119b]::test_main_inner::{closure#0}
[INFO] [stdout]    6:     0x63e844f24142 - std[617be2ca0a6fd877]::panicking::panic_with_hook
[INFO] [stdout]    7:     0x63e844f06692 - std[617be2ca0a6fd877]::panicking::panic_handler::{closure#0}
[INFO] [stdout]    8:     0x63e844efeb69 - std[617be2ca0a6fd877]::sys::backtrace::__rust_end_short_backtrace::<std[617be2ca0a6fd877]::panicking::panic_handler::{closure#0}, !>
[INFO] [stdout]    9:     0x63e844f073ad - __rustc[ea4f61d10b84890b]::rust_begin_unwind
[INFO] [stdout]   10:     0x63e844f439bc - core[a373ad73a504971]::panicking::panic_fmt
[INFO] [stdout]   11:     0x63e844f43714 - core[a373ad73a504971]::option::expect_failed
[INFO] [stdout]   12:     0x63e844dee76f - std[617be2ca0a6fd877]::sys::backtrace::__rust_begin_short_backtrace::<rsbinder[cfaabd536a6c27b4]::process_state::tests::test_concurrent_strong_proxy_case_b_resurrection::{closure#0}::{closure#0}::{closure#0}::{closure#0}, core[a373ad73a504971]::result::Result<rsbinder[cfaabd536a6c27b4]::binder::SIBinder, rsbinder[cfaabd536a6c27b4]::error::StatusCode>>
[INFO] [stdout]   13:     0x63e844d515c6 - <std[617be2ca0a6fd877]::thread::lifecycle::spawn_unchecked<rsbinder[cfaabd536a6c27b4]::process_state::tests::test_concurrent_strong_proxy_same_handle_returns_same_arc::{closure#0}::{closure#0}::{closure#0}, core[a373ad73a504971]::result::Result<rsbinder[cfaabd536a6c27b4]::binder::SIBinder, rsbinder[cfaabd536a6c27b4]::error::StatusCode>>::{closure#1} as core[a373ad73a504971]::ops::function::FnOnce<()>>::call_once::{shim:vtable#0}
[INFO] [stdout]   14:     0x63e844f2c18f - <std[617be2ca0a6fd877]::sys::thread::unix::Thread>::new::thread_start
[INFO] [stdout]   15:     0x75c6352e6dfa - <unknown>
[INFO] [stdout]   16:     0x75c63537a3d4 - clone
[INFO] [stdout]   17:                0x0 - <unknown>
[INFO] [stdout] 
[INFO] [stdout] ---- process_state::tests::test_process_state_context_object stdout ----
[INFO] [stdout] 
[INFO] [stdout] thread 'process_state::tests::test_process_state_context_object' (2191) panicked at src/process_state.rs:2027:52:
[INFO] [stdout] init_default: "Opening '/dev/binder' failed: No such file or directory (os error 2)\n"
[INFO] [stdout] stack backtrace:
[INFO] [stdout]    0:     0x63e844f2ceb1 - <<std[617be2ca0a6fd877]::sys::backtrace::BacktraceLock>::print::DisplayBacktrace as core[a373ad73a504971]::fmt::Display>::fmt
[INFO] [stdout]    1:     0x63e844f4325a - core[a373ad73a504971]::fmt::write
[INFO] [stdout]    2:     0x63e844f31a0c - <alloc[2e1b2a31b91974c5]::vec::Vec<u8> as core[a373ad73a504971]::io::write::Write>::write_fmt
[INFO] [stdout]    3:     0x63e844f065e6 - std[617be2ca0a6fd877]::panicking::default_hook::{closure#0}
[INFO] [stdout]    4:     0x63e844f23e19 - std[617be2ca0a6fd877]::panicking::default_hook
[INFO] [stdout]    5:     0x63e844ebb190 - test[aada8e7e76ba119b]::test_main_inner::{closure#0}
[INFO] [stdout]    6:     0x63e844f24142 - std[617be2ca0a6fd877]::panicking::panic_with_hook
[INFO] [stdout]    7:     0x63e844f06692 - std[617be2ca0a6fd877]::panicking::panic_handler::{closure#0}
[INFO] [stdout]    8:     0x63e844efeb69 - std[617be2ca0a6fd877]::sys::backtrace::__rust_end_short_backtrace::<std[617be2ca0a6fd877]::panicking::panic_handler::{closure#0}, !>
[INFO] [stdout]    9:     0x63e844f073ad - __rustc[ea4f61d10b84890b]::rust_begin_unwind
[INFO] [stdout]   10:     0x63e844f439bc - core[a373ad73a504971]::panicking::panic_fmt
[INFO] [stdout]   11:     0x63e844f43792 - core[a373ad73a504971]::result::unwrap_failed
[INFO] [stdout]   12:     0x63e844d5b260 - <rsbinder[cfaabd536a6c27b4]::process_state::tests::test_process_state_context_object::{closure#0} as core[a373ad73a504971]::ops::function::FnOnce<()>>::call_once
[INFO] [stdout]   13:     0x63e844eaad3d - serial_test[544546f79c6a7213]::serial_code_lock::local_serial_core
[INFO] [stdout]   14:     0x63e844d58e60 - <rsbinder[cfaabd536a6c27b4]::process_state::tests::test_process_state_context_object::{closure#0} as core[a373ad73a504971]::ops::function::FnOnce<()>>::call_once
[INFO] [stdout]   15:     0x63e844eae5db - test[aada8e7e76ba119b]::__rust_begin_short_backtrace::<core[a373ad73a504971]::result::Result<(), alloc[2e1b2a31b91974c5]::string::String>, fn() -> core[a373ad73a504971]::result::Result<(), alloc[2e1b2a31b91974c5]::string::String>>
[INFO] [stdout]   16:     0x63e844ebb7b5 - test[aada8e7e76ba119b]::run_test::{closure#0}
[INFO] [stdout]   17:     0x63e844eb50a4 - std[617be2ca0a6fd877]::sys::backtrace::__rust_begin_short_backtrace::<test[aada8e7e76ba119b]::run_test::{closure#1}, ()>
[INFO] [stdout]   18:     0x63e844ebe842 - <std[617be2ca0a6fd877]::thread::lifecycle::spawn_unchecked<test[aada8e7e76ba119b]::run_test::{closure#1}, ()>::{closure#1} as core[a373ad73a504971]::ops::function::FnOnce<()>>::call_once::{shim:vtable#0}
[INFO] [stdout]   19:     0x63e844f2c18f - <std[617be2ca0a6fd877]::sys::thread::unix::Thread>::new::thread_start
[INFO] [stdout]   20:     0x75c6352e6dfa - <unknown>
[INFO] [stdout]   21:     0x75c63537a3d4 - clone
[INFO] [stdout]   22:                0x0 - <unknown>
[INFO] [stdout] 
[INFO] [stdout] ---- process_state::tests::test_native_lookup_does_not_change_counts stdout ----
[INFO] [stdout] 
[INFO] [stdout] thread 'process_state::tests::test_native_lookup_does_not_change_counts' (2188) panicked at src/process_state.rs:2508:52:
[INFO] [stdout] init_default: "Opening '/dev/binder' failed: No such file or directory (os error 2)\n"
[INFO] [stdout] stack backtrace:
[INFO] [stdout]    0:     0x63e844f2ceb1 - <<std[617be2ca0a6fd877]::sys::backtrace::BacktraceLock>::print::DisplayBacktrace as core[a373ad73a504971]::fmt::Display>::fmt
[INFO] [stdout]    1:     0x63e844f4325a - core[a373ad73a504971]::fmt::write
[INFO] [stdout]    2:     0x63e844f31a0c - <alloc[2e1b2a31b91974c5]::vec::Vec<u8> as core[a373ad73a504971]::io::write::Write>::write_fmt
[INFO] [stdout]    3:     0x63e844f065e6 - std[617be2ca0a6fd877]::panicking::default_hook::{closure#0}
[INFO] [stdout]    4:     0x63e844f23e19 - std[617be2ca0a6fd877]::panicking::default_hook
[INFO] [stdout]    5:     0x63e844ebb190 - test[aada8e7e76ba119b]::test_main_inner::{closure#0}
[INFO] [stdout]    6:     0x63e844f24142 - std[617be2ca0a6fd877]::panicking::panic_with_hook
[INFO] [stdout]    7:     0x63e844f06692 - std[617be2ca0a6fd877]::panicking::panic_handler::{closure#0}
[INFO] [stdout]    8:     0x63e844efeb69 - std[617be2ca0a6fd877]::sys::backtrace::__rust_end_short_backtrace::<std[617be2ca0a6fd877]::panicking::panic_handler::{closure#0}, !>
[INFO] [stdout]    9:     0x63e844f073ad - __rustc[ea4f61d10b84890b]::rust_begin_unwind
[INFO] [stdout]   10:     0x63e844f439bc - core[a373ad73a504971]::panicking::panic_fmt
[INFO] [stdout]   11:     0x63e844f43792 - core[a373ad73a504971]::result::unwrap_failed
[INFO] [stdout]   12:     0x63e844d5b7a7 - <rsbinder[cfaabd536a6c27b4]::process_state::tests::test_native_lookup_does_not_change_counts::{closure#0} as core[a373ad73a504971]::ops::function::FnOnce<()>>::call_once
[INFO] [stdout]   13:     0x63e844eaad3d - serial_test[544546f79c6a7213]::serial_code_lock::local_serial_core
[INFO] [stdout]   14:     0x63e844d58f70 - <rsbinder[cfaabd536a6c27b4]::process_state::tests::test_native_lookup_does_not_change_counts::{closure#0} as core[a373ad73a504971]::ops::function::FnOnce<()>>::call_once
[INFO] [stdout]   15:     0x63e844eae5db - test[aada8e7e76ba119b]::__rust_begin_short_backtrace::<core[a373ad73a504971]::result::Result<(), alloc[2e1b2a31b91974c5]::string::String>, fn() -> core[a373ad73a504971]::result::Result<(), alloc[2e1b2a31b91974c5]::string::String>>
[INFO] [stdout]   16:     0x63e844ebb7b5 - test[aada8e7e76ba119b]::run_test::{closure#0}
[INFO] [stdout]   17:     0x63e844eb50a4 - std[617be2ca0a6fd877]::sys::backtrace::__rust_begin_short_backtrace::<test[aada8e7e76ba119b]::run_test::{closure#1}, ()>
[INFO] [stdout]   18:     0x63e844ebe842 - <std[617be2ca0a6fd877]::thread::lifecycle::spawn_unchecked<test[aada8e7e76ba119b]::run_test::{closure#1}, ()>::{closure#1} as core[a373ad73a504971]::ops::function::FnOnce<()>>::call_once::{shim:vtable#0}
[INFO] [stdout]   19:     0x63e844f2c18f - <std[617be2ca0a6fd877]::sys::thread::unix::Thread>::new::thread_start
[INFO] [stdout]   20:     0x75c6352e6dfa - <unknown>
[INFO] [stdout]   21:     0x75c63537a3d4 - clone
[INFO] [stdout]   22:                0x0 - <unknown>
[INFO] [stdout] 
[INFO] [stdout] ---- process_state::tests::test_process_state stdout ----
[INFO] [stdout] 
[INFO] [stdout] thread 'process_state::tests::test_process_state' (2190) panicked at src/process_state.rs:2001:52:
[INFO] [stdout] init_default: "Opening '/dev/binder' failed: No such file or directory (os error 2)\n"
[INFO] [stdout] stack backtrace:
[INFO] [stdout]    0:     0x63e844f2ceb1 - <<std[617be2ca0a6fd877]::sys::backtrace::BacktraceLock>::print::DisplayBacktrace as core[a373ad73a504971]::fmt::Display>::fmt
[INFO] [stdout]    1:     0x63e844f4325a - core[a373ad73a504971]::fmt::write
[INFO] [stdout]    2:     0x63e844f31a0c - <alloc[2e1b2a31b91974c5]::vec::Vec<u8> as core[a373ad73a504971]::io::write::Write>::write_fmt
[INFO] [stdout]    3:     0x63e844f065e6 - std[617be2ca0a6fd877]::panicking::default_hook::{closure#0}
[INFO] [stdout]    4:     0x63e844f23e19 - std[617be2ca0a6fd877]::panicking::default_hook
[INFO] [stdout]    5:     0x63e844ebb190 - test[aada8e7e76ba119b]::test_main_inner::{closure#0}
[INFO] [stdout]    6:     0x63e844f24142 - std[617be2ca0a6fd877]::panicking::panic_with_hook
[INFO] [stdout]    7:     0x63e844f06692 - std[617be2ca0a6fd877]::panicking::panic_handler::{closure#0}
[INFO] [stdout]    8:     0x63e844efeb69 - std[617be2ca0a6fd877]::sys::backtrace::__rust_end_short_backtrace::<std[617be2ca0a6fd877]::panicking::panic_handler::{closure#0}, !>
[INFO] [stdout]    9:     0x63e844f073ad - __rustc[ea4f61d10b84890b]::rust_begin_unwind
[INFO] [stdout]   10:     0x63e844f439bc - core[a373ad73a504971]::panicking::panic_fmt
[INFO] [stdout]   11:     0x63e844f43792 - core[a373ad73a504971]::result::unwrap_failed
[INFO] [stdout]   12:     0x63e844d56c04 - rsbinder[cfaabd536a6c27b4]::process_state::tests::assert_process_state_initialized
[INFO] [stdout]   13:     0x63e844eaad3d - serial_test[544546f79c6a7213]::serial_code_lock::local_serial_core
[INFO] [stdout]   14:     0x63e844d58ce0 - <rsbinder[cfaabd536a6c27b4]::process_state::tests::test_process_state::{closure#0} as core[a373ad73a504971]::ops::function::FnOnce<()>>::call_once
[INFO] [stdout]   15:     0x63e844eae5db - test[aada8e7e76ba119b]::__rust_begin_short_backtrace::<core[a373ad73a504971]::result::Result<(), alloc[2e1b2a31b91974c5]::string::String>, fn() -> core[a373ad73a504971]::result::Result<(), alloc[2e1b2a31b91974c5]::string::String>>
[INFO] [stdout]   16:     0x63e844ebb7b5 - test[aada8e7e76ba119b]::run_test::{closure#0}
[INFO] [stdout]   17:     0x63e844eb50a4 - std[617be2ca0a6fd877]::sys::backtrace::__rust_begin_short_backtrace::<test[aada8e7e76ba119b]::run_test::{closure#1}, ()>
[INFO] [stdout]   18:     0x63e844ebe842 - <std[617be2ca0a6fd877]::thread::lifecycle::spawn_unchecked<test[aada8e7e76ba119b]::run_test::{closure#1}, ()>::{closure#1} as core[a373ad73a504971]::ops::function::FnOnce<()>>::call_once::{shim:vtable#0}
[INFO] [stdout]   19:     0x63e844f2c18f - <std[617be2ca0a6fd877]::sys::thread::unix::Thread>::new::thread_start
[INFO] [stdout]   20:     0x75c6352e6dfa - <unknown>
[INFO] [stdout]   21:     0x75c63537a3d4 - clone
[INFO] [stdout]   22:                0x0 - <unknown>
[INFO] [stdout] 
[INFO] [stdout] ---- process_state::tests::set_call_restriction_reaches_a_thread_that_already_used_binder stdout ----
[INFO] [stdout] 
[INFO] [stdout] thread 'process_state::tests::set_call_restriction_reaches_a_thread_that_already_used_binder' (2182) panicked at src/process_state.rs:2272:52:
[INFO] [stdout] init_default: "Opening '/dev/binder' failed: No such file or directory (os error 2)\n"
[INFO] [stdout] stack backtrace:
[INFO] [stdout]    0:     0x63e844f2ceb1 - <<std[617be2ca0a6fd877]::sys::backtrace::BacktraceLock>::print::DisplayBacktrace as core[a373ad73a504971]::fmt::Display>::fmt
[INFO] [stdout]    1:     0x63e844f4325a - core[a373ad73a504971]::fmt::write
[INFO] [stdout]    2:     0x63e844f31a0c - <alloc[2e1b2a31b91974c5]::vec::Vec<u8> as core[a373ad73a504971]::io::write::Write>::write_fmt
[INFO] [stdout]    3:     0x63e844f065e6 - std[617be2ca0a6fd877]::panicking::default_hook::{closure#0}
[INFO] [stdout]    4:     0x63e844f23e19 - std[617be2ca0a6fd877]::panicking::default_hook
[INFO] [stdout]    5:     0x63e844ebb190 - test[aada8e7e76ba119b]::test_main_inner::{closure#0}
[INFO] [stdout]    6:     0x63e844f24142 - std[617be2ca0a6fd877]::panicking::panic_with_hook
[INFO] [stdout]    7:     0x63e844f06692 - std[617be2ca0a6fd877]::panicking::panic_handler::{closure#0}
[INFO] [stdout]    8:     0x63e844efeb69 - std[617be2ca0a6fd877]::sys::backtrace::__rust_end_short_backtrace::<std[617be2ca0a6fd877]::panicking::panic_handler::{closure#0}, !>
[INFO] [stdout]    9:     0x63e844f073ad - __rustc[ea4f61d10b84890b]::rust_begin_unwind
[INFO] [stderr] error: test failed, to rerun pass `--lib`
[INFO] [stdout]   10:     0x63e844f439bc - core[a373ad73a504971]::panicking::panic_fmt
[INFO] [stdout]   11:     0x63e844f43792 - core[a373ad73a504971]::result::unwrap_failed
[INFO] [stdout]   12:     0x63e844d5e24b - <rsbinder[cfaabd536a6c27b4]::process_state::tests::set_call_restriction_reaches_a_thread_that_already_used_binder::{closure#0} as core[a373ad73a504971]::ops::function::FnOnce<()>>::call_once
[INFO] [stdout]   13:     0x63e844eaad3d - serial_test[544546f79c6a7213]::serial_code_lock::local_serial_core
[INFO] [stdout]   14:     0x63e844d5a7c0 - <rsbinder[cfaabd536a6c27b4]::process_state::tests::set_call_restriction_reaches_a_thread_that_already_used_binder::{closure#0} as core[a373ad73a504971]::ops::function::FnOnce<()>>::call_once
[INFO] [stdout]   15:     0x63e844eae5db - test[aada8e7e76ba119b]::__rust_begin_short_backtrace::<core[a373ad73a504971]::result::Result<(), alloc[2e1b2a31b91974c5]::string::String>, fn() -> core[a373ad73a504971]::result::Result<(), alloc[2e1b2a31b91974c5]::string::String>>
[INFO] [stdout]   16:     0x63e844ebb7b5 - test[aada8e7e76ba119b]::run_test::{closure#0}
[INFO] [stdout]   17:     0x63e844eb50a4 - std[617be2ca0a6fd877]::sys::backtrace::__rust_begin_short_backtrace::<test[aada8e7e76ba119b]::run_test::{closure#1}, ()>
[INFO] [stdout]   18:     0x63e844ebe842 - <std[617be2ca0a6fd877]::thread::lifecycle::spawn_unchecked<test[aada8e7e76ba119b]::run_test::{closure#1}, ()>::{closure#1} as core[a373ad73a504971]::ops::function::FnOnce<()>>::call_once::{shim:vtable#0}
[INFO] [stdout]   19:     0x63e844f2c18f - <std[617be2ca0a6fd877]::sys::thread::unix::Thread>::new::thread_start
[INFO] [stdout]   20:     0x75c6352e6dfa - <unknown>
[INFO] [stdout]   21:     0x75c63537a3d4 - clone
[INFO] [stdout]   22:                0x0 - <unknown>
[INFO] [stdout] 
[INFO] [stdout] ---- process_state::tests::test_process_state_disable_background_scheduling stdout ----
[INFO] [stdout] 
[INFO] [stdout] thread 'process_state::tests::test_process_state_disable_background_scheduling' (2200) panicked at src/process_state.rs:2260:52:
[INFO] [stdout] init_default: "Opening '/dev/binder' failed: No such file or directory (os error 2)\n"
[INFO] [stdout] stack backtrace:
[INFO] [stdout]    0:     0x63e844f2ceb1 - <<std[617be2ca0a6fd877]::sys::backtrace::BacktraceLock>::print::DisplayBacktrace as core[a373ad73a504971]::fmt::Display>::fmt
[INFO] [stdout]    1:     0x63e844f4325a - core[a373ad73a504971]::fmt::write
[INFO] [stdout]    2:     0x63e844f31a0c - <alloc[2e1b2a31b91974c5]::vec::Vec<u8> as core[a373ad73a504971]::io::write::Write>::write_fmt
[INFO] [stdout]    3:     0x63e844f065e6 - std[617be2ca0a6fd877]::panicking::default_hook::{closure#0}
[INFO] [stdout]    4:     0x63e844f23e19 - std[617be2ca0a6fd877]::panicking::default_hook
[INFO] [stdout]    5:     0x63e844ebb190 - test[aada8e7e76ba119b]::test_main_inner::{closure#0}
[INFO] [stdout]    6:     0x63e844f24142 - std[617be2ca0a6fd877]::panicking::panic_with_hook
[INFO] [stdout]    7:     0x63e844f06692 - std[617be2ca0a6fd877]::panicking::panic_handler::{closure#0}
[INFO] [stdout]    8:     0x63e844efeb69 - std[617be2ca0a6fd877]::sys::backtrace::__rust_end_short_backtrace::<std[617be2ca0a6fd877]::panicking::panic_handler::{closure#0}, !>
[INFO] [stdout]    9:     0x63e844f073ad - __rustc[ea4f61d10b84890b]::rust_begin_unwind
[INFO] [stdout]   10:     0x63e844f439bc - core[a373ad73a504971]::panicking::panic_fmt
[INFO] [stdout]   11:     0x63e844f43792 - core[a373ad73a504971]::result::unwrap_failed
[INFO] [stdout]   12:     0x63e844d5ceea - <rsbinder[cfaabd536a6c27b4]::process_state::tests::test_process_state_disable_background_scheduling::{closure#0} as core[a373ad73a504971]::ops::function::FnOnce<()>>::call_once
[INFO] [stdout]   13:     0x63e844eaad3d - serial_test[544546f79c6a7213]::serial_code_lock::local_serial_core
[INFO] [stdout]   14:     0x63e844d596e0 - <rsbinder[cfaabd536a6c27b4]::process_state::tests::test_process_state_disable_background_scheduling::{closure#0} as core[a373ad73a504971]::ops::function::FnOnce<()>>::call_once
[INFO] [stdout]   15:     0x63e844eae5db - test[aada8e7e76ba119b]::__rust_begin_short_backtrace::<core[a373ad73a504971]::result::Result<(), alloc[2e1b2a31b91974c5]::string::String>, fn() -> core[a373ad73a504971]::result::Result<(), alloc[2e1b2a31b91974c5]::string::String>>
[INFO] [stdout]   16:     0x63e844ebb7b5 - test[aada8e7e76ba119b]::run_test::{closure#0}
[INFO] [stdout]   17:     0x63e844eb50a4 - std[617be2ca0a6fd877]::sys::backtrace::__rust_begin_short_backtrace::<test[aada8e7e76ba119b]::run_test::{closure#1}, ()>
[INFO] [stdout]   18:     0x63e844ebe842 - <std[617be2ca0a6fd877]::thread::lifecycle::spawn_unchecked<test[aada8e7e76ba119b]::run_test::{closure#1}, ()>::{closure#1} as core[a373ad73a504971]::ops::function::FnOnce<()>>::call_once::{shim:vtable#0}
[INFO] [stdout]   19:     0x63e844f2c18f - <std[617be2ca0a6fd877]::sys::thread::unix::Thread>::new::thread_start
[INFO] [stdout]   20:     0x75c6352e6dfa - <unknown>
[INFO] [stdout]   21:     0x75c63537a3d4 - clone
[INFO] [stdout]   22:                0x0 - <unknown>
[INFO] [stdout] 
[INFO] [stdout] ---- process_state::tests::test_process_state_start_thread_pool stdout ----
[INFO] [stdout] 
[INFO] [stdout] thread 'process_state::tests::test_process_state_start_thread_pool' (2201) panicked at src/process_state.rs:2001:52:
[INFO] [stdout] init_default: "Opening '/dev/binder' failed: No such file or directory (os error 2)\n"
[INFO] [stdout] stack backtrace:
[INFO] [stdout]    0:     0x63e844f2ceb1 - <<std[617be2ca0a6fd877]::sys::backtrace::BacktraceLock>::print::DisplayBacktrace as core[a373ad73a504971]::fmt::Display>::fmt
[INFO] [stdout]    1:     0x63e844f4325a - core[a373ad73a504971]::fmt::write
[INFO] [stdout]    2:     0x63e844f31a0c - <alloc[2e1b2a31b91974c5]::vec::Vec<u8> as core[a373ad73a504971]::io::write::Write>::write_fmt
[INFO] [stdout]    3:     0x63e844f065e6 - std[617be2ca0a6fd877]::panicking::default_hook::{closure#0}
[INFO] [stdout]    4:     0x63e844f23e19 - std[617be2ca0a6fd877]::panicking::default_hook
[INFO] [stdout]    5:     0x63e844ebb190 - test[aada8e7e76ba119b]::test_main_inner::{closure#0}
[INFO] [stdout]    6:     0x63e844f24142 - std[617be2ca0a6fd877]::panicking::panic_with_hook
[INFO] [stdout]    7:     0x63e844f06692 - std[617be2ca0a6fd877]::panicking::panic_handler::{closure#0}
[INFO] [stdout]    8:     0x63e844efeb69 - std[617be2ca0a6fd877]::sys::backtrace::__rust_end_short_backtrace::<std[617be2ca0a6fd877]::panicking::panic_handler::{closure#0}, !>
[INFO] [stdout]    9:     0x63e844f073ad - __rustc[ea4f61d10b84890b]::rust_begin_unwind
[INFO] [stdout]   10:     0x63e844f439bc - core[a373ad73a504971]::panicking::panic_fmt
[INFO] [stdout]   11:     0x63e844f43792 - core[a373ad73a504971]::result::unwrap_failed
[INFO] [stdout]   12:     0x63e844d56c04 - rsbinder[cfaabd536a6c27b4]::process_state::tests::assert_process_state_initialized
[INFO] [stdout]   13:     0x63e844d5b2cb - <rsbinder[cfaabd536a6c27b4]::process_state::tests::test_process_state_start_thread_pool::{closure#0} as core[a373ad73a504971]::ops::function::FnOnce<()>>::call_once
[INFO] [stdout]   14:     0x63e844eaad3d - serial_test[544546f79c6a7213]::serial_code_lock::local_serial_core
[INFO] [stdout]   15:     0x63e844d58ee0 - <rsbinder[cfaabd536a6c27b4]::process_state::tests::test_process_state_start_thread_pool::{closure#0} as core[a373ad73a504971]::ops::function::FnOnce<()>>::call_once
[INFO] [stdout]   16:     0x63e844eae5db - test[aada8e7e76ba119b]::__rust_begin_short_backtrace::<core[a373ad73a504971]::result::Result<(), alloc[2e1b2a31b91974c5]::string::String>, fn() -> core[a373ad73a504971]::result::Result<(), alloc[2e1b2a31b91974c5]::string::String>>
[INFO] [stdout]   17:     0x63e844ebb7b5 - test[aada8e7e76ba119b]::run_test::{closure#0}
[INFO] [stdout]   18:     0x63e844eb50a4 - std[617be2ca0a6fd877]::sys::backtrace::__rust_begin_short_backtrace::<test[aada8e7e76ba119b]::run_test::{closure#1}, ()>
[INFO] [stdout]   19:     0x63e844ebe842 - <std[617be2ca0a6fd877]::thread::lifecycle::spawn_unchecked<test[aada8e7e76ba119b]::run_test::{closure#1}, ()>::{closure#1} as core[a373ad73a504971]::ops::function::FnOnce<()>>::call_once::{shim:vtable#0}
[INFO] [stdout]   20:     0x63e844f2c18f - <std[617be2ca0a6fd877]::sys::thread::unix::Thread>::new::thread_start
[INFO] [stdout]   21:     0x75c6352e6dfa - <unknown>
[INFO] [stdout]   22:     0x75c63537a3d4 - clone
[INFO] [stdout]   23:                0x0 - <unknown>
[INFO] [stdout] 
[INFO] [stdout] ---- process_state::tests::test_strong_proxy_under_same_thread_dead_binder_no_deadlock stdout ----
[INFO] [stdout] 
[INFO] [stdout] thread 'process_state::tests::test_strong_proxy_under_same_thread_dead_binder_no_deadlock' (2203) panicked at src/process_state.rs:2207:52:
[INFO] [stdout] init_default: "Opening '/dev/binder' failed: No such file or directory (os error 2)\n"
[INFO] [stdout] stack backtrace:
[INFO] [stdout]    0:     0x63e844f2ceb1 - <<std[617be2ca0a6fd877]::sys::backtrace::BacktraceLock>::print::DisplayBacktrace as core[a373ad73a504971]::fmt::Display>::fmt
[INFO] [stdout]    1:     0x63e844f4325a - core[a373ad73a504971]::fmt::write
[INFO] [stdout]    2:     0x63e844f31a0c - <alloc[2e1b2a31b91974c5]::vec::Vec<u8> as core[a373ad73a504971]::io::write::Write>::write_fmt
[INFO] [stdout]    3:     0x63e844f065e6 - std[617be2ca0a6fd877]::panicking::default_hook::{closure#0}
[INFO] [stdout]    4:     0x63e844f23e19 - std[617be2ca0a6fd877]::panicking::default_hook
[INFO] [stdout]    5:     0x63e844ebb190 - test[aada8e7e76ba119b]::test_main_inner::{closure#0}
[INFO] [stdout]    6:     0x63e844f24142 - std[617be2ca0a6fd877]::panicking::panic_with_hook
[INFO] [stdout]    7:     0x63e844f06692 - std[617be2ca0a6fd877]::panicking::panic_handler::{closure#0}
[INFO] [stdout]    8:     0x63e844efeb69 - std[617be2ca0a6fd877]::sys::backtrace::__rust_end_short_backtrace::<std[617be2ca0a6fd877]::panicking::panic_handler::{closure#0}, !>
[INFO] [stdout]    9:     0x63e844f073ad - __rustc[ea4f61d10b84890b]::rust_begin_unwind
[INFO] [stdout]   10:     0x63e844f439bc - core[a373ad73a504971]::panicking::panic_fmt
[INFO] [stdout]   11:     0x63e844f43792 - core[a373ad73a504971]::result::unwrap_failed
[INFO] [stdout]   12:     0x63e844d5ddac - <rsbinder[cfaabd536a6c27b4]::process_state::tests::test_strong_proxy_under_same_thread_dead_binder_no_deadlock::{closure#0} as core[a373ad73a504971]::ops::function::FnOnce<()>>::call_once
[INFO] [stdout]   13:     0x63e844eaad3d - serial_test[544546f79c6a7213]::serial_code_lock::local_serial_core
[INFO] [stdout]   14:     0x63e844d5a740 - <rsbinder[cfaabd536a6c27b4]::process_state::tests::test_strong_proxy_under_same_thread_dead_binder_no_deadlock::{closure#0} as core[a373ad73a504971]::ops::function::FnOnce<()>>::call_once
[INFO] [stdout]   15:     0x63e844eae5db - test[aada8e7e76ba119b]::__rust_begin_short_backtrace::<core[a373ad73a504971]::result::Result<(), alloc[2e1b2a31b91974c5]::string::String>, fn() -> core[a373ad73a504971]::result::Result<(), alloc[2e1b2a31b91974c5]::string::String>>
[INFO] [stdout]   16:     0x63e844ebb7b5 - test[aada8e7e76ba119b]::run_test::{closure#0}
[INFO] [stdout]   17:     0x63e844eb50a4 - std[617be2ca0a6fd877]::sys::backtrace::__rust_begin_short_backtrace::<test[aada8e7e76ba119b]::run_test::{closure#1}, ()>
[INFO] [stdout]   18:     0x63e844ebe842 - <std[617be2ca0a6fd877]::thread::lifecycle::spawn_unchecked<test[aada8e7e76ba119b]::run_test::{closure#1}, ()>::{closure#1} as core[a373ad73a504971]::ops::function::FnOnce<()>>::call_once::{shim:vtable#0}
[INFO] [stdout]   19:     0x63e844f2c18f - <std[617be2ca0a6fd877]::sys::thread::unix::Thread>::new::thread_start
[INFO] [stdout]   20:     0x75c6352e6dfa - <unknown>
[INFO] [stdout]   21:     0x75c63537a3d4 - clone
[INFO] [stdout]   22:                0x0 - <unknown>
[INFO] [stdout] 
[INFO] [stdout] ---- process_state::tests::test_process_state_strong_proxy_for_handle stdout ----
[INFO] [stdout] 
[INFO] [stdout] thread 'process_state::tests::test_process_state_strong_proxy_for_handle' (2202) panicked at src/process_state.rs:2038:52:
[INFO] [stdout] init_default: "Opening '/dev/binder' failed: No such file or directory (os error 2)\n"
[INFO] [stdout] stack backtrace:
[INFO] [stdout]    0:     0x63e844f2ceb1 - <<std[617be2ca0a6fd877]::sys::backtrace::BacktraceLock>::print::DisplayBacktrace as core[a373ad73a504971]::fmt::Display>::fmt
[INFO] [stdout]    1:     0x63e844f4325a - core[a373ad73a504971]::fmt::write
[INFO] [stdout]    2:     0x63e844f31a0c - <alloc[2e1b2a31b91974c5]::vec::Vec<u8> as core[a373ad73a504971]::io::write::Write>::write_fmt
[INFO] [stdout]    3:     0x63e844f065e6 - std[617be2ca0a6fd877]::panicking::default_hook::{closure#0}
[INFO] [stdout]    4:     0x63e844f23e19 - std[617be2ca0a6fd877]::panicking::default_hook
[INFO] [stdout]    5:     0x63e844ebb190 - test[aada8e7e76ba119b]::test_main_inner::{closure#0}
[INFO] [stdout]    6:     0x63e844f24142 - std[617be2ca0a6fd877]::panicking::panic_with_hook
[INFO] [stdout]    7:     0x63e844f06692 - std[617be2ca0a6fd877]::panicking::panic_handler::{closure#0}
[INFO] [stdout]    8:     0x63e844efeb69 - std[617be2ca0a6fd877]::sys::backtrace::__rust_end_short_backtrace::<std[617be2ca0a6fd877]::panicking::panic_handler::{closure#0}, !>
[INFO] [stdout]    9:     0x63e844f073ad - __rustc[ea4f61d10b84890b]::rust_begin_unwind
[INFO] [stdout]   10:     0x63e844f439bc - core[a373ad73a504971]::panicking::panic_fmt
[INFO] [stdout]   11:     0x63e844f43792 - core[a373ad73a504971]::result::unwrap_failed
[INFO] [stdout]   12:     0x63e844d5be90 - <rsbinder[cfaabd536a6c27b4]::process_state::tests::test_process_state_strong_proxy_for_handle::{closure#0} as core[a373ad73a504971]::ops::function::FnOnce<()>>::call_once
[INFO] [stdout]   13:     0x63e844eaad3d - serial_test[544546f79c6a7213]::serial_code_lock::local_serial_core
[INFO] [stdout]   14:     0x63e844d59070 - <rsbinder[cfaabd536a6c27b4]::process_state::tests::test_process_state_strong_proxy_for_handle::{closure#0} as core[a373ad73a504971]::ops::function::FnOnce<()>>::call_once
[INFO] [stdout]   15:     0x63e844eae5db - test[aada8e7e76ba119b]::__rust_begin_short_backtrace::<core[a373ad73a504971]::result::Result<(), alloc[2e1b2a31b91974c5]::string::String>, fn() -> core[a373ad73a504971]::result::Result<(), alloc[2e1b2a31b91974c5]::string::String>>
[INFO] [stdout]   16:     0x63e844ebb7b5 - test[aada8e7e76ba119b]::run_test::{closure#0}
[INFO] [stdout]   17:     0x63e844eb50a4 - std[617be2ca0a6fd877]::sys::backtrace::__rust_begin_short_backtrace::<test[aada8e7e76ba119b]::run_test::{closure#1}, ()>
[INFO] [stdout]   18:     0x63e844ebe842 - <std[617be2ca0a6fd877]::thread::lifecycle::spawn_unchecked<test[aada8e7e76ba119b]::run_test::{closure#1}, ()>::{closure#1} as core[a373ad73a504971]::ops::function::FnOnce<()>>::call_once::{shim:vtable#0}
[INFO] [stdout]   19:     0x63e844f2c18f - <std[617be2ca0a6fd877]::sys::thread::unix::Thread>::new::thread_start
[INFO] [stdout]   20:     0x75c6352e6dfa - <unknown>
[INFO] [stdout]   21:     0x75c63537a3d4 - clone
[INFO] [stdout]   22:                0x0 - <unknown>
[INFO] [stdout] 
[INFO] [stdout] ---- tests::process_state stdout ----
[INFO] [stdout] 
[INFO] [stdout] thread 'tests::process_state' (2473) panicked at src/lib.rs:480:80:
[INFO] [stdout] init: "Opening '/dev/binderfs/binder' failed: No such file or directory (os error 2)\n"
[INFO] [stdout] stack backtrace:
[INFO] [stdout]    0:     0x63e844f2ceb1 - <<std[617be2ca0a6fd877]::sys::backtrace::BacktraceLock>::print::DisplayBacktrace as core[a373ad73a504971]::fmt::Display>::fmt
[INFO] [stdout]    1:     0x63e844f4325a - core[a373ad73a504971]::fmt::write
[INFO] [stdout]    2:     0x63e844f31a0c - <alloc[2e1b2a31b91974c5]::vec::Vec<u8> as core[a373ad73a504971]::io::write::Write>::write_fmt
[INFO] [stdout]    3:     0x63e844f065e6 - std[617be2ca0a6fd877]::panicking::default_hook::{closure#0}
[INFO] [stdout]    4:     0x63e844f23e19 - std[617be2ca0a6fd877]::panicking::default_hook
[INFO] [stdout]    5:     0x63e844ebb190 - test[aada8e7e76ba119b]::test_main_inner::{closure#0}
[INFO] [stdout]    6:     0x63e844f24142 - std[617be2ca0a6fd877]::panicking::panic_with_hook
[INFO] [stdout]    7:     0x63e844f06692 - std[617be2ca0a6fd877]::panicking::panic_handler::{closure#0}
[INFO] [stdout]    8:     0x63e844efeb69 - std[617be2ca0a6fd877]::sys::backtrace::__rust_end_short_backtrace::<std[617be2ca0a6fd877]::panicking::panic_handler::{closure#0}, !>
[INFO] [stdout]    9:     0x63e844f073ad - __rustc[ea4f61d10b84890b]::rust_begin_unwind
[INFO] [stdout]   10:     0x63e844f439bc - core[a373ad73a504971]::panicking::panic_fmt
[INFO] [stdout]   11:     0x63e844f43792 - core[a373ad73a504971]::result::unwrap_failed
[INFO] [stdout]   12:     0x63e844d58c5d - <rsbinder[cfaabd536a6c27b4]::tests::process_state::{closure#0} as core[a373ad73a504971]::ops::function::FnOnce<()>>::call_once
[INFO] [stdout]   13:     0x63e844eaad3d - serial_test[544546f79c6a7213]::serial_code_lock::local_serial_core
[INFO] [stdout]   14:     0x63e844d58bb0 - <rsbinder[cfaabd536a6c27b4]::tests::process_state::{closure#0} as core[a373ad73a504971]::ops::function::FnOnce<()>>::call_once
[INFO] [stdout]   15:     0x63e844eae5db - test[aada8e7e76ba119b]::__rust_begin_short_backtrace::<core[a373ad73a504971]::result::Result<(), alloc[2e1b2a31b91974c5]::string::String>, fn() -> core[a373ad73a504971]::result::Result<(), alloc[2e1b2a31b91974c5]::string::String>>
[INFO] [stdout]   16:     0x63e844ebb7b5 - test[aada8e7e76ba119b]::run_test::{closure#0}
[INFO] [stdout]   17:     0x63e844eb50a4 - std[617be2ca0a6fd877]::sys::backtrace::__rust_begin_short_backtrace::<test[aada8e7e76ba119b]::run_test::{closure#1}, ()>
[INFO] [stdout]   18:     0x63e844ebe842 - <std[617be2ca0a6fd877]::thread::lifecycle::spawn_unchecked<test[aada8e7e76ba119b]::run_test::{closure#1}, ()>::{closure#1} as core[a373ad73a504971]::ops::function::FnOnce<()>>::call_once::{shim:vtable#0}
[INFO] [stdout]   19:     0x63e844f2c18f - <std[617be2ca0a6fd877]::sys::thread::unix::Thread>::new::thread_start
[INFO] [stdout]   20:     0x75c6352e6dfa - <unknown>
[INFO] [stdout]   21:     0x75c63537a3d4 - clone
[INFO] [stdout]   22:                0x0 - <unknown>
[INFO] [stdout] 
[INFO] [stdout] ---- thread_state::tests::a_refused_freeze_request_behind_queued_commands_fails stdout ----
[INFO] [stdout] 
[INFO] [stdout] thread 'thread_state::tests::a_refused_freeze_request_behind_queued_commands_fails' (2476) panicked at src/thread_state.rs:3931:9:
[INFO] [stdout] child thread_state::tests::a_refused_freeze_request_behind_queued_commands_fails: ExitStatus(unix_wait_status(25856))
[INFO] [stdout] 
[INFO] [stdout] running 1 test
[INFO] [stdout] test thread_state::tests::a_refused_freeze_request_behind_queued_commands_fails ... FAILED
[INFO] [stdout] 
[INFO] [stdout] failures:
[INFO] [stdout] 
[INFO] [stdout] ---- thread_state::tests::a_refused_freeze_request_behind_queued_commands_fails stdout ----
[INFO] [stdout] 
[INFO] [stdout] thread 'thread_state::tests::a_refused_freeze_request_behind_queued_commands_fails' (2478) panicked at src/thread_state.rs:3949:46:
[INFO] [stdout] init_default: "Opening '/dev/binder' failed: No such file or directory (os error 2)\n"
[INFO] [stdout] stack backtrace:
[INFO] [stdout]    0:     0x57c30d92feb1 - <<std[617be2ca0a6fd877]::sys::backtrace::BacktraceLock>::print::DisplayBacktrace as core[a373ad73a504971]::fmt::Display>::fmt
[INFO] [stdout]    1:     0x57c30d94625a - core[a373ad73a504971]::fmt::write
[INFO] [stdout]    2:     0x57c30d934a0c - <alloc[2e1b2a31b91974c5]::vec::Vec<u8> as core[a373ad73a504971]::io::write::Write>::write_fmt
[INFO] [stdout]    3:     0x57c30d9095e6 - std[617be2ca0a6fd877]::panicking::default_hook::{closure#0}
[INFO] [stdout]    4:     0x57c30d926e19 - std[617be2ca0a6fd877]::panicking::default_hook
[INFO] [stdout]    5:     0x57c30d8be190 - test[aada8e7e76ba119b]::test_main_inner::{closure#0}
[INFO] [stdout]    6:     0x57c30d927142 - std[617be2ca0a6fd877]::panicking::panic_with_hook
[INFO] [stdout]    7:     0x57c30d909692 - std[617be2ca0a6fd877]::panicking::panic_handler::{closure#0}
[INFO] [stdout]    8:     0x57c30d901b69 - std[617be2ca0a6fd877]::sys::backtrace::__rust_end_short_backtrace::<std[617be2ca0a6fd877]::panicking::panic_handler::{closure#0}, !>
[INFO] [stdout]    9:     0x57c30d90a3ad - __rustc[ea4f61d10b84890b]::rust_begin_unwind
[INFO] [stdout]   10:     0x57c30d9469bc - core[a373ad73a504971]::panicking::panic_fmt
[INFO] [stdout]   11:     0x57c30d946792 - core[a373ad73a504971]::result::unwrap_failed
[INFO] [stdout]   12:     0x57c30d79550c - <rsbinder[cfaabd536a6c27b4]::thread_state::tests::a_refused_freeze_request_behind_queued_commands_fails::{closure#0}::{closure#0} as core[a373ad73a504971]::ops::function::FnOnce<()>>::call_once
[INFO] [stdout]   13:     0x57c30d790c94 - rsbinder[cfaabd536a6c27b4]::thread_state::tests::in_child_process
[INFO] [stdout]   14:     0x57c30d8add3d - serial_test[544546f79c6a7213]::serial_code_lock::local_serial_core
[INFO] [stdout]   15:     0x57c30d797460 - <rsbinder[cfaabd536a6c27b4]::thread_state::tests::a_refused_freeze_request_behind_queued_commands_fails::{closure#0} as core[a373ad73a504971]::ops::function::FnOnce<()>>::call_once
[INFO] [stdout]   16:     0x57c30d8b15db - test[aada8e7e76ba119b]::__rust_begin_short_backtrace::<core[a373ad73a504971]::result::Result<(), alloc[2e1b2a31b91974c5]::string::String>, fn() -> core[a373ad73a504971]::result::Result<(), alloc[2e1b2a31b91974c5]::string::String>>
[INFO] [stdout]   17:     0x57c30d8be7b5 - test[aada8e7e76ba119b]::run_test::{closure#0}
[INFO] [stdout]   18:     0x57c30d8b80a4 - std[617be2ca0a6fd877]::sys::backtrace::__rust_begin_short_backtrace::<test[aada8e7e76ba119b]::run_test::{closure#1}, ()>
[INFO] [stdout]   19:     0x57c30d8c1842 - <std[617be2ca0a6fd877]::thread::lifecycle::spawn_unchecked<test[aada8e7e76ba119b]::run_test::{closure#1}, ()>::{closure#1} as core[a373ad73a504971]::ops::function::FnOnce<()>>::call_once::{shim:vtable#0}
[INFO] [stdout]   20:     0x57c30d92f18f - <std[617be2ca0a6fd877]::sys::thread::unix::Thread>::new::thread_start
[INFO] [stdout]   21:     0x7d8a9d792dfa - <unknown>
[INFO] [stdout]   22:     0x7d8a9d8263d4 - clone
[INFO] [stdout]   23:                0x0 - <unknown>
[INFO] [stdout] 
[INFO] [stdout] 
[INFO] [stdout] failures:
[INFO] [stdout]     thread_state::tests::a_refused_freeze_request_behind_queued_commands_fails
[INFO] [stdout] 
[INFO] [stdout] test result: FAILED. 0 passed; 1 failed; 0 ignored; 0 measured; 458 filtered out; finished in 0.00s
[INFO] [stdout] 
[INFO] [stdout] 
[INFO] [stdout] 
[INFO] [stdout] stack backtrace:
[INFO] [stdout]    0:     0x63e844f2ceb1 - <<std[617be2ca0a6fd877]::sys::backtrace::BacktraceLock>::print::DisplayBacktrace as core[a373ad73a504971]::fmt::Display>::fmt
[INFO] [stdout]    1:     0x63e844f4325a - core[a373ad73a504971]::fmt::write
[INFO] [stdout]    2:     0x63e844f31a0c - <alloc[2e1b2a31b91974c5]::vec::Vec<u8> as core[a373ad73a504971]::io::write::Write>::write_fmt
[INFO] [stdout]    3:     0x63e844f065e6 - std[617be2ca0a6fd877]::panicking::default_hook::{closure#0}
[INFO] [stdout]    4:     0x63e844f23e19 - std[617be2ca0a6fd877]::panicking::default_hook
[INFO] [stdout]    5:     0x63e844ebb190 - test[aada8e7e76ba119b]::test_main_inner::{closure#0}
[INFO] [stdout]    6:     0x63e844f24142 - std[617be2ca0a6fd877]::panicking::panic_with_hook
[INFO] [stdout]    7:     0x63e844f06692 - std[617be2ca0a6fd877]::panicking::panic_handler::{closure#0}
[INFO] [stdout]    8:     0x63e844efeb69 - std[617be2ca0a6fd877]::sys::backtrace::__rust_end_short_backtrace::<std[617be2ca0a6fd877]::panicking::panic_handler::{closure#0}, !>
[INFO] [stdout]    9:     0x63e844f073ad - __rustc[ea4f61d10b84890b]::rust_begin_unwind
[INFO] [stdout]   10:     0x63e844f439bc - core[a373ad73a504971]::panicking::panic_fmt
[INFO] [stdout]   11:     0x63e844d8df5f - rsbinder[cfaabd536a6c27b4]::thread_state::tests::in_child_process
[INFO] [stdout]   12:     0x63e844eaad3d - serial_test[544546f79c6a7213]::serial_code_lock::local_serial_core
[INFO] [stdout]   13:     0x63e844d94460 - <rsbinder[cfaabd536a6c27b4]::thread_state::tests::a_refused_freeze_request_behind_queued_commands_fails::{closure#0} as core[a373ad73a504971]::ops::function::FnOnce<()>>::call_once
[INFO] [stdout]   14:     0x63e844eae5db - test[aada8e7e76ba119b]::__rust_begin_short_backtrace::<core[a373ad73a504971]::result::Result<(), alloc[2e1b2a31b91974c5]::string::String>, fn() -> core[a373ad73a504971]::result::Result<(), alloc[2e1b2a31b91974c5]::string::String>>
[INFO] [stdout]   15:     0x63e844ebb7b5 - test[aada8e7e76ba119b]::run_test::{closure#0}
[INFO] [stdout]   16:     0x63e844eb50a4 - std[617be2ca0a6fd877]::sys::backtrace::__rust_begin_short_backtrace::<test[aada8e7e76ba119b]::run_test::{closure#1}, ()>
[INFO] [stdout]   17:     0x63e844ebe842 - <std[617be2ca0a6fd877]::thread::lifecycle::spawn_unchecked<test[aada8e7e76ba119b]::run_test::{closure#1}, ()>::{closure#1} as core[a373ad73a504971]::ops::function::FnOnce<()>>::call_once::{shim:vtable#0}
[INFO] [stdout]   18:     0x63e844f2c18f - <std[617be2ca0a6fd877]::sys::thread::unix::Thread>::new::thread_start
[INFO] [stdout]   19:     0x75c6352e6dfa - <unknown>
[INFO] [stdout]   20:     0x75c63537a3d4 - clone
[INFO] [stdout]   21:                0x0 - <unknown>
[INFO] [stdout] 
[INFO] [stdout] ---- thread_state::tests::calling_sid_outlives_the_transaction_buffer stdout ----
[INFO] [stdout] 
[INFO] [stdout] thread 'thread_state::tests::calling_sid_outlives_the_transaction_buffer' (2485) panicked at src/thread_state.rs:3831:38:
[INFO] [stdout] init_default: "Opening '/dev/binder' failed: No such file or directory (os error 2)\n"
[INFO] [stdout] stack backtrace:
[INFO] [stdout]    0:     0x63e844f2ceb1 - <<std[617be2ca0a6fd877]::sys::backtrace::BacktraceLock>::print::DisplayBacktrace as core[a373ad73a504971]::fmt::Display>::fmt
[INFO] [stdout]    1:     0x63e844f4325a - core[a373ad73a504971]::fmt::write
[INFO] [stdout]    2:     0x63e844f31a0c - <alloc[2e1b2a31b91974c5]::vec::Vec<u8> as core[a373ad73a504971]::io::write::Write>::write_fmt
[INFO] [stdout]    3:     0x63e844f065e6 - std[617be2ca0a6fd877]::panicking::default_hook::{closure#0}
[INFO] [stdout]    4:     0x63e844f23e19 - std[617be2ca0a6fd877]::panicking::default_hook
[INFO] [stdout]    5:     0x63e844ebb190 - test[aada8e7e76ba119b]::test_main_inner::{closure#0}
[INFO] [stdout]    6:     0x63e844f24142 - std[617be2ca0a6fd877]::panicking::panic_with_hook
[INFO] [stdout]    7:     0x63e844f06692 - std[617be2ca0a6fd877]::panicking::panic_handler::{closure#0}
[INFO] [stdout]    8:     0x63e844efeb69 - std[617be2ca0a6fd877]::sys::backtrace::__rust_end_short_backtrace::<std[617be2ca0a6fd877]::panicking::panic_handler::{closure#0}, !>
[INFO] [stdout]    9:     0x63e844f073ad - __rustc[ea4f61d10b84890b]::rust_begin_unwind
[INFO] [stdout]   10:     0x63e844f439bc - core[a373ad73a504971]::panicking::panic_fmt
[INFO] [stdout]   11:     0x63e844f43792 - core[a373ad73a504971]::result::unwrap_failed
[INFO] [stdout]   12:     0x63e844d95e56 - <rsbinder[cfaabd536a6c27b4]::thread_state::tests::calling_sid_outlives_the_transaction_buffer::{closure#0} as core[a373ad73a504971]::ops::function::FnOnce<()>>::call_once
[INFO] [stdout]   13:     0x63e844eaad3d - serial_test[544546f79c6a7213]::serial_code_lock::local_serial_core
[INFO] [stdout]   14:     0x63e844d92860 - <rsbinder[cfaabd536a6c27b4]::thread_state::tests::calling_sid_outlives_the_transaction_buffer::{closure#0} as core[a373ad73a504971]::ops::function::FnOnce<()>>::call_once
[INFO] [stdout]   15:     0x63e844eae5db - test[aada8e7e76ba119b]::__rust_begin_short_backtrace::<core[a373ad73a504971]::result::Result<(), alloc[2e1b2a31b91974c5]::string::String>, fn() -> core[a373ad73a504971]::result::Result<(), alloc[2e1b2a31b91974c5]::string::String>>
[INFO] [stdout]   16:     0x63e844ebb7b5 - test[aada8e7e76ba119b]::run_test::{closure#0}
[INFO] [stdout]   17:     0x63e844eb50a4 - std[617be2ca0a6fd877]::sys::backtrace::__rust_begin_short_backtrace::<test[aada8e7e76ba119b]::run_test::{closure#1}, ()>
[INFO] [stdout]   18:     0x63e844ebe842 - <std[617be2ca0a6fd877]::thread::lifecycle::spawn_unchecked<test[aada8e7e76ba119b]::run_test::{closure#1}, ()>::{closure#1} as core[a373ad73a504971]::ops::function::FnOnce<()>>::call_once::{shim:vtable#0}
[INFO] [stdout]   19:     0x63e844f2c18f - <std[617be2ca0a6fd877]::sys::thread::unix::Thread>::new::thread_start
[INFO] [stdout]   20:     0x75c6352e6dfa - <unknown>
[INFO] [stdout]   21:     0x75c63537a3d4 - clone
[INFO] [stdout]   22:                0x0 - <unknown>
[INFO] [stdout] 
[INFO] [stdout] ---- thread_state::tests::test_get_calling_inside_transaction_extracts_fields stdout ----
[INFO] [stdout] 
[INFO] [stdout] thread 'thread_state::tests::test_get_calling_inside_transaction_extracts_fields' (2496) panicked at src/thread_state.rs:3662:38:
[INFO] [stdout] init_default: "Opening '/dev/binder' failed: No such file or directory (os error 2)\n"
[INFO] [stdout] stack backtrace:
[INFO] [stdout]    0:     0x63e844f2ceb1 - <<std[617be2ca0a6fd877]::sys::backtrace::BacktraceLock>::print::DisplayBacktrace as core[a373ad73a504971]::fmt::Display>::fmt
[INFO] [stdout]    1:     0x63e844f4325a - core[a373ad73a504971]::fmt::write
[INFO] [stdout]    2:     0x63e844f31a0c - <alloc[2e1b2a31b91974c5]::vec::Vec<u8> as core[a373ad73a504971]::io::write::Write>::write_fmt
[INFO] [stdout]    3:     0x63e844f065e6 - std[617be2ca0a6fd877]::panicking::default_hook::{closure#0}
[INFO] [stdout]    4:     0x63e844f23e19 - std[617be2ca0a6fd877]::panicking::default_hook
[INFO] [stdout]    5:     0x63e844ebb190 - test[aada8e7e76ba119b]::test_main_inner::{closure#0}
[INFO] [stdout]    6:     0x63e844f24142 - std[617be2ca0a6fd877]::panicking::panic_with_hook
[INFO] [stdout]    7:     0x63e844f06692 - std[617be2ca0a6fd877]::panicking::panic_handler::{closure#0}
[INFO] [stdout]    8:     0x63e844efeb69 - std[617be2ca0a6fd877]::sys::backtrace::__rust_end_short_backtrace::<std[617be2ca0a6fd877]::panicking::panic_handler::{closure#0}, !>
[INFO] [stdout]    9:     0x63e844f073ad - __rustc[ea4f61d10b84890b]::rust_begin_unwind
[INFO] [stdout]   10:     0x63e844f439bc - core[a373ad73a504971]::panicking::panic_fmt
[INFO] [stdout]   11:     0x63e844f43792 - core[a373ad73a504971]::result::unwrap_failed
[INFO] [stdout]   12:     0x63e844d97070 - <rsbinder[cfaabd536a6c27b4]::thread_state::tests::test_get_calling_inside_transaction_extracts_fields::{closure#0} as core[a373ad73a504971]::ops::function::FnOnce<()>>::call_once
[INFO] [stdout]   13:     0x63e844eaad3d - serial_test[544546f79c6a7213]::serial_code_lock::local_serial_core
[INFO] [stdout]   14:     0x63e844d94370 - <rsbinder[cfaabd536a6c27b4]::thread_state::tests::test_get_calling_inside_transaction_extracts_fields::{closure#0} as core[a373ad73a504971]::ops::function::FnOnce<()>>::call_once
[INFO] [stdout]   15:     0x63e844eae5db - test[aada8e7e76ba119b]::__rust_begin_short_backtrace::<core[a373ad73a504971]::result::Result<(), alloc[2e1b2a31b91974c5]::string::String>, fn() -> core[a373ad73a504971]::result::Result<(), alloc[2e1b2a31b91974c5]::string::String>>
[INFO] [stdout]   16:     0x63e844ebb7b5 - test[aada8e7e76ba119b]::run_test::{closure#0}
[INFO] [stdout]   17:     0x63e844eb50a4 - std[617be2ca0a6fd877]::sys::backtrace::__rust_begin_short_backtrace::<test[aada8e7e76ba119b]::run_test::{closure#1}, ()>
[INFO] [stdout]   18:     0x63e844ebe842 - <std[617be2ca0a6fd877]::thread::lifecycle::spawn_unchecked<test[aada8e7e76ba119b]::run_test::{closure#1}, ()>::{closure#1} as core[a373ad73a504971]::ops::function::FnOnce<()>>::call_once::{shim:vtable#0}
[INFO] [stdout]   19:     0x63e844f2c18f - <std[617be2ca0a6fd877]::sys::thread::unix::Thread>::new::thread_start
[INFO] [stdout]   20:     0x75c6352e6dfa - <unknown>
[INFO] [stdout]   21:     0x75c63537a3d4 - clone
[INFO] [stdout]   22:                0x0 - <unknown>
[INFO] [stdout] 
[INFO] [stdout] ---- thread_state::tests::test_get_calling_outside_transaction_returns_defaults stdout ----
[INFO] [stdout] 
[INFO] [stdout] thread 'thread_state::tests::test_get_calling_outside_transaction_returns_defaults' (2497) panicked at src/thread_state.rs:3642:38:
[INFO] [stdout] init_default: "Opening '/dev/binder' failed: No such file or directory (os error 2)\n"
[INFO] [stdout] stack backtrace:
[INFO] [stdout]    0:     0x63e844f2ceb1 - <<std[617be2ca0a6fd877]::sys::backtrace::BacktraceLock>::print::DisplayBacktrace as core[a373ad73a504971]::fmt::Display>::fmt
[INFO] [stdout]    1:     0x63e844f4325a - core[a373ad73a504971]::fmt::write
[INFO] [stdout]    2:     0x63e844f31a0c - <alloc[2e1b2a31b91974c5]::vec::Vec<u8> as core[a373ad73a504971]::io::write::Write>::write_fmt
[INFO] [stdout]    3:     0x63e844f065e6 - std[617be2ca0a6fd877]::panicking::default_hook::{closure#0}
[INFO] [stdout]    4:     0x63e844f23e19 - std[617be2ca0a6fd877]::panicking::default_hook
[INFO] [stdout]    5:     0x63e844ebb190 - test[aada8e7e76ba119b]::test_main_inner::{closure#0}
[INFO] [stdout]    6:     0x63e844f24142 - std[617be2ca0a6fd877]::panicking::panic_with_hook
[INFO] [stdout]    7:     0x63e844f06692 - std[617be2ca0a6fd877]::panicking::panic_handler::{closure#0}
[INFO] [stdout]    8:     0x63e844efeb69 - std[617be2ca0a6fd877]::sys::backtrace::__rust_end_short_backtrace::<std[617be2ca0a6fd877]::panicking::panic_handler::{closure#0}, !>
[INFO] [stdout]    9:     0x63e844f073ad - __rustc[ea4f61d10b84890b]::rust_begin_unwind
[INFO] [stdout]   10:     0x63e844f439bc - core[a373ad73a504971]::panicking::panic_fmt
[INFO] [stdout]   11:     0x63e844f43792 - core[a373ad73a504971]::result::unwrap_failed
[INFO] [stdout]   12:     0x63e844d97677 - <rsbinder[cfaabd536a6c27b4]::thread_state::tests::test_get_calling_outside_transaction_returns_defaults::{closure#0} as core[a373ad73a504971]::ops::function::FnOnce<()>>::call_once
[INFO] [stdout]   13:     0x63e844eaad3d - serial_test[544546f79c6a7213]::serial_code_lock::local_serial_core
[INFO] [stdout]   14:     0x63e844d944e0 - <rsbinder[cfaabd536a6c27b4]::thread_state::tests::test_get_calling_outside_transaction_returns_defaults::{closure#0} as core[a373ad73a504971]::ops::function::FnOnce<()>>::call_once
[INFO] [stdout]   15:     0x63e844eae5db - test[aada8e7e76ba119b]::__rust_begin_short_backtrace::<core[a373ad73a504971]::result::Result<(), alloc[2e1b2a31b91974c5]::string::String>, fn() -> core[a373ad73a504971]::result::Result<(), alloc[2e1b2a31b91974c5]::string::String>>
[INFO] [stdout]   16:     0x63e844ebb7b5 - test[aada8e7e76ba119b]::run_test::{closure#0}
[INFO] [stdout]   17:     0x63e844eb50a4 - std[617be2ca0a6fd877]::sys::backtrace::__rust_begin_short_backtrace::<test[aada8e7e76ba119b]::run_test::{closure#1}, ()>
[INFO] [stdout]   18:     0x63e844ebe842 - <std[617be2ca0a6fd877]::thread::lifecycle::spawn_unchecked<test[aada8e7e76ba119b]::run_test::{closure#1}, ()>::{closure#1} as core[a373ad73a504971]::ops::function::FnOnce<()>>::call_once::{shim:vtable#0}
[INFO] [stdout]   19:     0x63e844f2c18f - <std[617be2ca0a6fd877]::sys::thread::unix::Thread>::new::thread_start
[INFO] [stdout]   20:     0x75c6352e6dfa - <unknown>
[INFO] [stdout]   21:     0x75c63537a3d4 - clone
[INFO] [stdout]   22:                0x0 - <unknown>
[INFO] [stdout] 
[INFO] [stdout] ---- thread_state::tests::test_process_pending_derefs_handles_reentrant_push_from_drop stdout ----
[INFO] [stdout] 
[INFO] [stdout] thread 'thread_state::tests::test_process_pending_derefs_handles_reentrant_push_from_drop' (2499) panicked at src/thread_state.rs:3418:52:
[INFO] [stdout] init_default: "Opening '/dev/binder' failed: No such file or directory (os error 2)\n"
[INFO] [stdout] stack backtrace:
[INFO] [stdout]    0:     0x63e844f2ceb1 - <<std[617be2ca0a6fd877]::sys::backtrace::BacktraceLock>::print::DisplayBacktrace as core[a373ad73a504971]::fmt::Display>::fmt
[INFO] [stdout]    1:     0x63e844f4325a - core[a373ad73a504971]::fmt::write
[INFO] [stdout]    2:     0x63e844f31a0c - <alloc[2e1b2a31b91974c5]::vec::Vec<u8> as core[a373ad73a504971]::io::write::Write>::write_fmt
[INFO] [stdout]    3:     0x63e844f065e6 - std[617be2ca0a6fd877]::panicking::default_hook::{closure#0}
[INFO] [stdout]    4:     0x63e844f23e19 - std[617be2ca0a6fd877]::panicking::default_hook
[INFO] [stdout]    5:     0x63e844ebb190 - test[aada8e7e76ba119b]::test_main_inner::{closure#0}
[INFO] [stdout]    6:     0x63e844f24142 - std[617be2ca0a6fd877]::panicking::panic_with_hook
[INFO] [stdout]    7:     0x63e844f06692 - std[617be2ca0a6fd877]::panicking::panic_handler::{closure#0}
[INFO] [stdout]    8:     0x63e844efeb69 - std[617be2ca0a6fd877]::sys::backtrace::__rust_end_short_backtrace::<std[617be2ca0a6fd877]::panicking::panic_handler::{closure#0}, !>
[INFO] [stdout]    9:     0x63e844f073ad - __rustc[ea4f61d10b84890b]::rust_begin_unwind
[INFO] [stdout]   10:     0x63e844f439bc - core[a373ad73a504971]::panicking::panic_fmt
[INFO] [stdout]   11:     0x63e844f43792 - core[a373ad73a504971]::result::unwrap_failed
[INFO] [stdout]   12:     0x63e844d97ec2 - <rsbinder[cfaabd536a6c27b4]::thread_state::tests::test_process_pending_derefs_handles_reentrant_push_from_drop::{closure#0} as core[a373ad73a504971]::ops::function::FnOnce<()>>::call_once
[INFO] [stdout]   13:     0x63e844eaad3d - serial_test[544546f79c6a7213]::serial_code_lock::local_serial_core
[INFO] [stdout]   14:     0x63e844d94910 - <rsbinder[cfaabd536a6c27b4]::thread_state::tests::test_process_pending_derefs_handles_reentrant_push_from_drop::{closure#0} as core[a373ad73a504971]::ops::function::FnOnce<()>>::call_once
[INFO] [stdout]   15:     0x63e844eae5db - test[aada8e7e76ba119b]::__rust_begin_short_backtrace::<core[a373ad73a504971]::result::Result<(), alloc[2e1b2a31b91974c5]::string::String>, fn() -> core[a373ad73a504971]::result::Result<(), alloc[2e1b2a31b91974c5]::string::String>>
[INFO] [stdout]   16:     0x63e844ebb7b5 - test[aada8e7e76ba119b]::run_test::{closure#0}
[INFO] [stdout]   17:     0x63e844eb50a4 - std[617be2ca0a6fd877]::sys::backtrace::__rust_begin_short_backtrace::<test[aada8e7e76ba119b]::run_test::{closure#1}, ()>
[INFO] [stdout]   18:     0x63e844ebe842 - <std[617be2ca0a6fd877]::thread::lifecycle::spawn_unchecked<test[aada8e7e76ba119b]::run_test::{closure#1}, ()>::{closure#1} as core[a373ad73a504971]::ops::function::FnOnce<()>>::call_once::{shim:vtable#0}
[INFO] [stdout]   19:     0x63e844f2c18f - <std[617be2ca0a6fd877]::sys::thread::unix::Thread>::new::thread_start
[INFO] [stdout]   20:     0x75c6352e6dfa - <unknown>
[INFO] [stdout]   21:     0x75c63537a3d4 - clone
[INFO] [stdout]   22:                0x0 - <unknown>
[INFO] [stdout] 
[INFO] [stdout] ---- thread_state::tests::test_strict_mode_policy_round_trip stdout ----
[INFO] [stdout] 
[INFO] [stdout] thread 'thread_state::tests::test_strict_mode_policy_round_trip' (2501) panicked at src/thread_state.rs:4080:38:
[INFO] [stdout] init_default: "Opening '/dev/binder' failed: No such file or directory (os error 2)\n"
[INFO] [stdout] stack backtrace:
[INFO] [stdout]    0:     0x63e844f2ceb1 - <<std[617be2ca0a6fd877]::sys::backtrace::BacktraceLock>::print::DisplayBacktrace as core[a373ad73a504971]::fmt::Display>::fmt
[INFO] [stdout]    1:     0x63e844f4325a - core[a373ad73a504971]::fmt::write
[INFO] [stdout]    2:     0x63e844f31a0c - <alloc[2e1b2a31b91974c5]::vec::Vec<u8> as core[a373ad73a504971]::io::write::Write>::write_fmt
[INFO] [stdout]    3:     0x63e844f065e6 - std[617be2ca0a6fd877]::panicking::default_hook::{closure#0}
[INFO] [stdout]    4:     0x63e844f23e19 - std[617be2ca0a6fd877]::panicking::default_hook
[INFO] [stdout]    5:     0x63e844ebb190 - test[aada8e7e76ba119b]::test_main_inner::{closure#0}
[INFO] [stdout]    6:     0x63e844f24142 - std[617be2ca0a6fd877]::panicking::panic_with_hook
[INFO] [stdout]    7:     0x63e844f06692 - std[617be2ca0a6fd877]::panicking::panic_handler::{closure#0}
[INFO] [stdout]    8:     0x63e844efeb69 - std[617be2ca0a6fd877]::sys::backtrace::__rust_end_short_backtrace::<std[617be2ca0a6fd877]::panicking::panic_handler::{closure#0}, !>
[INFO] [stdout]    9:     0x63e844f073ad - __rustc[ea4f61d10b84890b]::rust_begin_unwind
[INFO] [stdout]   10:     0x63e844f439bc - core[a373ad73a504971]::panicking::panic_fmt
[INFO] [stdout]   11:     0x63e844f43792 - core[a373ad73a504971]::result::unwrap_failed
[INFO] [stdout]   12:     0x63e844d95693 - <rsbinder[cfaabd536a6c27b4]::thread_state::tests::test_strict_mode_policy_round_trip::{closure#0} as core[a373ad73a504971]::ops::function::FnOnce<()>>::call_once
[INFO] [stdout]   13:     0x63e844eaad3d - serial_test[544546f79c6a7213]::serial_code_lock::local_serial_core
[INFO] [stdout]   14:     0x63e844d926a0 - <rsbinder[cfaabd536a6c27b4]::thread_state::tests::test_strict_mode_policy_round_trip::{closure#0} as core[a373ad73a504971]::ops::function::FnOnce<()>>::call_once
[INFO] [stdout]   15:     0x63e844eae5db - test[aada8e7e76ba119b]::__rust_begin_short_backtrace::<core[a373ad73a504971]::result::Result<(), alloc[2e1b2a31b91974c5]::string::String>, fn() -> core[a373ad73a504971]::result::Result<(), alloc[2e1b2a31b91974c5]::string::String>>
[INFO] [stdout]   16:     0x63e844ebb7b5 - test[aada8e7e76ba119b]::run_test::{closure#0}
[INFO] [stdout]   17:     0x63e844eb50a4 - std[617be2ca0a6fd877]::sys::backtrace::__rust_begin_short_backtrace::<test[aada8e7e76ba119b]::run_test::{closure#1}, ()>
[INFO] [stdout]   18:     0x63e844ebe842 - <std[617be2ca0a6fd877]::thread::lifecycle::spawn_unchecked<test[aada8e7e76ba119b]::run_test::{closure#1}, ()>::{closure#1} as core[a373ad73a504971]::ops::function::FnOnce<()>>::call_once::{shim:vtable#0}
[INFO] [stdout]   19:     0x63e844f2c18f - <std[617be2ca0a6fd877]::sys::thread::unix::Thread>::new::thread_start
[INFO] [stdout]   20:     0x75c6352e6dfa - <unknown>
[INFO] [stdout]   21:     0x75c63537a3d4 - clone
[INFO] [stdout]   22:                0x0 - <unknown>
[INFO] [stdout] 
[INFO] [stdout] ---- thread_state::tests::test_get_calling_sid_null_secctx_returns_none stdout ----
[INFO] [stdout] 
[INFO] [stdout] thread 'thread_state::tests::test_get_calling_sid_null_secctx_returns_none' (2498) panicked at src/thread_state.rs:3819:38:
[INFO] [stdout] init_default: "Opening '/dev/binder' failed: No such file or directory (os error 2)\n"
[INFO] [stdout] stack backtrace:
[INFO] [stdout]    0:     0x63e844f2ceb1 - <<std[617be2ca0a6fd877]::sys::backtrace::BacktraceLock>::print::DisplayBacktrace as core[a373ad73a504971]::fmt::Display>::fmt
[INFO] [stdout]    1:     0x63e844f4325a - core[a373ad73a504971]::fmt::write
[INFO] [stdout]    2:     0x63e844f31a0c - <alloc[2e1b2a31b91974c5]::vec::Vec<u8> as core[a373ad73a504971]::io::write::Write>::write_fmt
[INFO] [stdout]    3:     0x63e844f065e6 - std[617be2ca0a6fd877]::panicking::default_hook::{closure#0}
[INFO] [stdout]    4:     0x63e844f23e19 - std[617be2ca0a6fd877]::panicking::default_hook
[INFO] [stdout]    5:     0x63e844ebb190 - test[aada8e7e76ba119b]::test_main_inner::{closure#0}
[INFO] [stdout]    6:     0x63e844f24142 - std[617be2ca0a6fd877]::panicking::panic_with_hook
[INFO] [stdout]    7:     0x63e844f06692 - std[617be2ca0a6fd877]::panicking::panic_handler::{closure#0}
[INFO] [stdout]    8:     0x63e844efeb69 - std[617be2ca0a6fd877]::sys::backtrace::__rust_end_short_backtrace::<std[617be2ca0a6fd877]::panicking::panic_handler::{closure#0}, !>
[INFO] [stdout]    9:     0x63e844f073ad - __rustc[ea4f61d10b84890b]::rust_begin_unwind
[INFO] [stdout]   10:     0x63e844f439bc - core[a373ad73a504971]::panicking::panic_fmt
[INFO] [stdout]   11:     0x63e844f43792 - core[a373ad73a504971]::result::unwrap_failed
[INFO] [stdout]   12:     0x63e844d9632f - <rsbinder[cfaabd536a6c27b4]::thread_state::tests::test_get_calling_sid_null_secctx_returns_none::{closure#0} as core[a373ad73a504971]::ops::function::FnOnce<()>>::call_once
[INFO] [stdout]   13:     0x63e844eaad3d - serial_test[544546f79c6a7213]::serial_code_lock::local_serial_core
[INFO] [stdout]   14:     0x63e844d92b60 - <rsbinder[cfaabd536a6c27b4]::thread_state::tests::test_get_calling_sid_null_secctx_returns_none::{closure#0} as core[a373ad73a504971]::ops::function::FnOnce<()>>::call_once
[INFO] [stdout]   15:     0x63e844eae5db - test[aada8e7e76ba119b]::__rust_begin_short_backtrace::<core[a373ad73a504971]::result::Result<(), alloc[2e1b2a31b91974c5]::string::String>, fn() -> core[a373ad73a504971]::result::Result<(), alloc[2e1b2a31b91974c5]::string::String>>
[INFO] [stdout]   16:     0x63e844ebb7b5 - test[aada8e7e76ba119b]::run_test::{closure#0}
[INFO] [stdout]   17:     0x63e844eb50a4 - std[617be2ca0a6fd877]::sys::backtrace::__rust_begin_short_backtrace::<test[aada8e7e76ba119b]::run_test::{closure#1}, ()>
[INFO] [stdout]   18:     0x63e844ebe842 - <std[617be2ca0a6fd877]::thread::lifecycle::spawn_unchecked<test[aada8e7e76ba119b]::run_test::{closure#1}, ()>::{closure#1} as core[a373ad73a504971]::ops::function::FnOnce<()>>::call_once::{shim:vtable#0}
[INFO] [stdout]   19:     0x63e844f2c18f - <std[617be2ca0a6fd877]::sys::thread::unix::Thread>::new::thread_start
[INFO] [stdout]   20:     0x75c6352e6dfa - <unknown>
[INFO] [stdout]   21:     0x75c63537a3d4 - clone
[INFO] [stdout]   22:                0x0 - <unknown>
[INFO] [stdout] 
[INFO] [stdout] ---- thread_state::tests::test_clear_and_restore_calling_identity_round_trip stdout ----
[INFO] [stdout] 
[INFO] [stdout] thread 'thread_state::tests::test_clear_and_restore_calling_identity_round_trip' (2491) panicked at src/thread_state.rs:4051:38:
[INFO] [stdout] init_default: "Opening '/dev/binder' failed: No such file or directory (os error 2)\n"
[INFO] [stdout] stack backtrace:
[INFO] [stdout]    0:     0x63e844f2ceb1 - <<std[617be2ca0a6fd877]::sys::backtrace::BacktraceLock>::print::DisplayBacktrace as core[a373ad73a504971]::fmt::Display>::fmt
[INFO] [stdout]    1:     0x63e844f4325a - core[a373ad73a504971]::fmt::write
[INFO] [stdout]    2:     0x63e844f31a0c - <alloc[2e1b2a31b91974c5]::vec::Vec<u8> as core[a373ad73a504971]::io::write::Write>::write_fmt
[INFO] [stdout]    3:     0x63e844f065e6 - std[617be2ca0a6fd877]::panicking::default_hook::{closure#0}
[INFO] [stdout]    4:     0x63e844f23e19 - std[617be2ca0a6fd877]::panicking::default_hook
[INFO] [stdout]    5:     0x63e844ebb190 - test[aada8e7e76ba119b]::test_main_inner::{closure#0}
[INFO] [stdout]    6:     0x63e844f24142 - std[617be2ca0a6fd877]::panicking::panic_with_hook
[INFO] [stdout]    7:     0x63e844f06692 - std[617be2ca0a6fd877]::panicking::panic_handler::{closure#0}
[INFO] [stdout]    8:     0x63e844efeb69 - std[617be2ca0a6fd877]::sys::backtrace::__rust_end_short_backtrace::<std[617be2ca0a6fd877]::panicking::panic_handler::{closure#0}, !>
[INFO] [stdout]    9:     0x63e844f073ad - __rustc[ea4f61d10b84890b]::rust_begin_unwind
[INFO] [stdout]   10:     0x63e844f439bc - core[a373ad73a504971]::panicking::panic_fmt
[INFO] [stdout]   11:     0x63e844f43792 - core[a373ad73a504971]::result::unwrap_failed
[INFO] [stdout]   12:     0x63e844d969c3 - <rsbinder[cfaabd536a6c27b4]::thread_state::tests::test_clear_and_restore_calling_identity_round_trip::{closure#0} as core[a373ad73a504971]::ops::function::FnOnce<()>>::call_once
[INFO] [stdout]   13:     0x63e844eaad3d - serial_test[544546f79c6a7213]::serial_code_lock::local_serial_core
[INFO] [stdout]   14:     0x63e844d94040 - <rsbinder[cfaabd536a6c27b4]::thread_state::tests::test_clear_and_restore_calling_identity_round_trip::{closure#0} as core[a373ad73a504971]::ops::function::FnOnce<()>>::call_once
[INFO] [stdout]   15:     0x63e844eae5db - test[aada8e7e76ba119b]::__rust_begin_short_backtrace::<core[a373ad73a504971]::result::Result<(), alloc[2e1b2a31b91974c5]::string::String>, fn() -> core[a373ad73a504971]::result::Result<(), alloc[2e1b2a31b91974c5]::string::String>>
[INFO] [stdout]   16:     0x63e844ebb7b5 - test[aada8e7e76ba119b]::run_test::{closure#0}
[INFO] [stdout]   17:     0x63e844eb50a4 - std[617be2ca0a6fd877]::sys::backtrace::__rust_begin_short_backtrace::<test[aada8e7e76ba119b]::run_test::{closure#1}, ()>
[INFO] [stdout]   18:     0x63e844ebe842 - <std[617be2ca0a6fd877]::thread::lifecycle::spawn_unchecked<test[aada8e7e76ba119b]::run_test::{closure#1}, ()>::{closure#1} as core[a373ad73a504971]::ops::function::FnOnce<()>>::call_once::{shim:vtable#0}
[INFO] [stdout]   19:     0x63e844f2c18f - <std[617be2ca0a6fd877]::sys::thread::unix::Thread>::new::thread_start
[INFO] [stdout]   20:     0x75c6352e6dfa - <unknown>
[INFO] [stdout]   21:     0x75c63537a3d4 - clone
[INFO] [stdout]   22:                0x0 - <unknown>
[INFO] [stdout] 
[INFO] [stdout] 
[INFO] [stdout] failures:
[INFO] [stdout]     binderfs::tests::test_add_device
[INFO] [stdout]     process_state::tests::set_call_restriction_reaches_a_thread_that_already_used_binder
[INFO] [stdout]     process_state::tests::test_concurrent_strong_proxy_case_b_resurrection
[INFO] [stdout]     process_state::tests::test_concurrent_strong_proxy_same_handle_returns_same_arc
[INFO] [stdout]     process_state::tests::test_native_dedup_reserves_against_concurrent_removal
[INFO] [stdout]     process_state::tests::test_native_dedup_same_arc
[INFO] [stdout]     process_state::tests::test_native_distinct_arcs_get_distinct_ids
[INFO] [stdout]     process_state::tests::test_native_lookup_does_not_change_counts
[INFO] [stdout]     process_state::tests::test_native_uaf_window_closed
[INFO] [stdout]     process_state::tests::test_process_state
[INFO] [stdout]     process_state::tests::test_process_state_context_object
[INFO] [stdout]     process_state::tests::test_process_state_disable_background_scheduling
[INFO] [stdout]     process_state::tests::test_process_state_start_thread_pool
[INFO] [stdout]     process_state::tests::test_process_state_strong_proxy_for_handle
[INFO] [stdout]     process_state::tests::test_strong_proxy_under_same_thread_dead_binder_no_deadlock
[INFO] [stdout]     tests::process_state
[INFO] [stdout]     thread_state::tests::a_refused_freeze_request_behind_queued_commands_fails
[INFO] [stdout]     thread_state::tests::calling_sid_outlives_the_transaction_buffer
[INFO] [stdout]     thread_state::tests::test_clear_and_restore_calling_identity_round_trip
[INFO] [stdout]     thread_state::tests::test_get_calling_inside_transaction_extracts_fields
[INFO] [stdout]     thread_state::tests::test_get_calling_outside_transaction_returns_defaults
[INFO] [stdout]     thread_state::tests::test_get_calling_sid_null_secctx_returns_none
[INFO] [stdout]     thread_state::tests::test_process_pending_derefs_handles_reentrant_push_from_drop
[INFO] [stdout]     thread_state::tests::test_strict_mode_policy_round_trip
[INFO] [stdout] 
[INFO] [stdout] test result: FAILED. 435 passed; 24 failed; 0 ignored; 0 measured; 0 filtered out; finished in 0.70s
[INFO] [stdout] 
[INFO] running `Command { std: "docker" "inspect" "fc4aab787c68a0d1bc151c56d77765fd35bffe3881bfc59bd92159485081c6fe", kill_on_drop: false }`
[INFO] running `Command { std: "docker" "rm" "-f" "fc4aab787c68a0d1bc151c56d77765fd35bffe3881bfc59bd92159485081c6fe", kill_on_drop: false }`
[INFO] [stdout] fc4aab787c68a0d1bc151c56d77765fd35bffe3881bfc59bd92159485081c6fe
