[INFO] fetching crate rsbinder-aidl 0.12.0...
[INFO] testing rsbinder-aidl-0.12.0 against 1.100.0-beta.1+cargoflags=--release for beta-release-1.100-2
[INFO] extracting crate rsbinder-aidl 0.12.0 into /workspace/builds/worker-5-tc2/source
[INFO] started tweaking crates.io crate rsbinder-aidl 0.12.0
[INFO] removed 0 missing examples
[INFO] removed 0 missing tests
[INFO] finished tweaking crates.io crate rsbinder-aidl 0.12.0
[INFO] tweaked toml for crates.io crate rsbinder-aidl 0.12.0 written to /workspace/builds/worker-5-tc2/source/Cargo.toml
[INFO] validating manifest of crates.io crate rsbinder-aidl 0.12.0 on toolchain 1.100.0-beta.1
[INFO] running `Command { std: CARGO_HOME="/workspace/cargo-home" RUSTUP_HOME="/workspace/rustup-home" "/workspace/cargo-home/bin/cargo" "+1.100.0-beta.1" "metadata" "--manifest-path" "Cargo.toml" "--no-deps", kill_on_drop: false }`
[INFO] crate crates.io crate rsbinder-aidl 0.12.0 already has a lockfile, it will not be regenerated
[INFO] running `Command { std: CARGO_HOME="/workspace/cargo-home" RUSTUP_HOME="/workspace/rustup-home" "/workspace/cargo-home/bin/cargo" "+1.100.0-beta.1" "fetch" "--manifest-path" "Cargo.toml", kill_on_drop: false }`
[INFO] running `Command { std: "docker" "create" "-v" "/var/lib/crater-agent-workspace/builds/worker-5-tc2/source:/opt/rustwide/workdir:ro,Z" "-v" "/var/lib/crater-agent-workspace/builds/worker-5-tc2/target:/opt/rustwide/target:rw,Z" "-v" "/var/lib/crater-agent-workspace/cargo-home:/opt/rustwide/cargo-home:ro,Z" "-v" "/var/lib/crater-agent-workspace/rustup-home:/opt/rustwide/rustup-home:ro,Z" "-m" "1610612736" "--network" "none" "ghcr.io/rust-lang/crates-build-env/linux@sha256:77db811e55d90add9212f6832c23229e3de5f1c1f9905e8cb07319ea15df73ac" "sleep" "infinity", kill_on_drop: false }`
[INFO] [stdout] 9ba3b6d9918dae7d29f3890c009adb9b529edba361fc674de6db2f2b9915e132
[INFO] running `Command { std: "docker" "start" "9ba3b6d9918dae7d29f3890c009adb9b529edba361fc674de6db2f2b9915e132", kill_on_drop: false }`
[INFO] running `Command { std: "docker" "inspect" "9ba3b6d9918dae7d29f3890c009adb9b529edba361fc674de6db2f2b9915e132", kill_on_drop: false }`
[INFO] running `Command { std: "docker" "exec" "-e" "SOURCE_DIR=/opt/rustwide/workdir" "-e" "CARGO_HOME=/opt/rustwide/cargo-home" "-e" "RUSTUP_HOME=/opt/rustwide/rustup-home" "-e" "CARGO_TARGET_DIR=/opt/rustwide/target" "-w" "/opt/rustwide/workdir" "--user" "0:0" "9ba3b6d9918dae7d29f3890c009adb9b529edba361fc674de6db2f2b9915e132" "/opt/rustwide/cargo-home/bin/cargo" "+1.100.0-beta.1" "metadata" "--no-deps" "--format-version=1", kill_on_drop: false }`
[INFO] running `Command { std: "docker" "inspect" "9ba3b6d9918dae7d29f3890c009adb9b529edba361fc674de6db2f2b9915e132", kill_on_drop: false }`
[INFO] running `Command { std: "docker" "exec" "-e" "SOURCE_DIR=/opt/rustwide/workdir" "-e" "CARGO_HOME=/opt/rustwide/cargo-home" "-e" "RUSTUP_HOME=/opt/rustwide/rustup-home" "-e" "CARGO_TARGET_DIR=/opt/rustwide/target" "-e" "CARGO_INCREMENTAL=0" "-e" "RUST_BACKTRACE=full" "-e" "RUSTFLAGS=--cap-lints=warn" "-e" "RUSTDOCFLAGS=--cap-lints=warn" "-w" "/opt/rustwide/workdir" "--user" "0:0" "9ba3b6d9918dae7d29f3890c009adb9b529edba361fc674de6db2f2b9915e132" "/opt/rustwide/cargo-home/bin/cargo" "+1.100.0-beta.1" "build" "--frozen" "--message-format=json" "--release", kill_on_drop: false }`
[INFO] [stderr]    Compiling regex-automata v0.4.18
[INFO] [stderr]    Compiling pest v2.9.1
[INFO] [stderr]    Compiling rustix v1.1.5
[INFO] [stderr]    Compiling object v0.37.3
[INFO] [stderr]    Compiling ucd-trie v0.1.7
[INFO] [stderr]    Compiling serde_json v1.0.151
[INFO] [stderr]    Compiling miette-derive v7.6.0
[INFO] [stderr]    Compiling owo-colors v4.4.0
[INFO] [stderr]    Compiling pest_meta v2.9.1
[INFO] [stderr]    Compiling terminal_size v0.4.4
[INFO] [stderr]    Compiling pest_generator v2.9.1
[INFO] [stderr]    Compiling pest_derive v2.9.1
[INFO] [stderr]    Compiling globset v0.4.19
[INFO] [stderr]    Compiling regex v1.13.1
[INFO] [stderr]    Compiling ignore v0.4.29
[INFO] [stderr]    Compiling backtrace v0.3.76
[INFO] [stderr]    Compiling backtrace-ext v0.2.1
[INFO] [stderr]    Compiling globwalk v0.9.1
[INFO] [stderr]    Compiling miette v7.6.0
[INFO] [stderr]    Compiling tera v1.20.1
[INFO] [stderr]    Compiling rsbinder-aidl v0.12.0 (/opt/rustwide/workdir)
[INFO] [stderr]     Finished `release` profile [optimized] target(s) in 55.38s
[INFO] running `Command { std: "docker" "inspect" "9ba3b6d9918dae7d29f3890c009adb9b529edba361fc674de6db2f2b9915e132", kill_on_drop: false }`
[INFO] running `Command { std: "docker" "exec" "-e" "SOURCE_DIR=/opt/rustwide/workdir" "-e" "CARGO_HOME=/opt/rustwide/cargo-home" "-e" "RUSTUP_HOME=/opt/rustwide/rustup-home" "-e" "CARGO_TARGET_DIR=/opt/rustwide/target" "-e" "CARGO_INCREMENTAL=0" "-e" "RUST_BACKTRACE=full" "-e" "RUSTFLAGS=--cap-lints=warn" "-e" "RUSTDOCFLAGS=--cap-lints=warn" "-w" "/opt/rustwide/workdir" "--user" "0:0" "9ba3b6d9918dae7d29f3890c009adb9b529edba361fc674de6db2f2b9915e132" "/opt/rustwide/cargo-home/bin/cargo" "+1.100.0-beta.1" "test" "--frozen" "--no-run" "--message-format=json" "--release", kill_on_drop: false }`
[INFO] [stderr]    Compiling rustix v1.1.5
[INFO] [stderr]    Compiling proc-macro2 v1.0.107
[INFO] [stderr]    Compiling unicode-ident v1.0.26
[INFO] [stderr]    Compiling getrandom v0.4.3
[INFO] [stderr]    Compiling similar v3.2.0
[INFO] [stderr]    Compiling quote v1.0.47
[INFO] [stderr]    Compiling syn v3.0.6
[INFO] [stderr]    Compiling terminal_size v0.4.4
[INFO] [stderr]    Compiling tempfile v3.27.0
[INFO] [stderr]    Compiling miette v7.6.0
[INFO] [stderr]    Compiling rsbinder-aidl v0.12.0 (/opt/rustwide/workdir)
[INFO] [stderr]     Finished `release` profile [optimized] target(s) in 1m 44s
[INFO] running `Command { std: "docker" "inspect" "9ba3b6d9918dae7d29f3890c009adb9b529edba361fc674de6db2f2b9915e132", kill_on_drop: false }`
[INFO] running `Command { std: "docker" "exec" "-e" "SOURCE_DIR=/opt/rustwide/workdir" "-e" "CARGO_HOME=/opt/rustwide/cargo-home" "-e" "RUSTUP_HOME=/opt/rustwide/rustup-home" "-e" "CARGO_TARGET_DIR=/opt/rustwide/target" "-e" "CARGO_INCREMENTAL=0" "-e" "RUST_BACKTRACE=full" "-e" "RUSTFLAGS=--cap-lints=warn" "-e" "RUSTDOCFLAGS=--cap-lints=warn" "-w" "/opt/rustwide/workdir" "--user" "0:0" "9ba3b6d9918dae7d29f3890c009adb9b529edba361fc674de6db2f2b9915e132" "/opt/rustwide/cargo-home/bin/cargo" "+1.100.0-beta.1" "test" "--frozen" "--release", kill_on_drop: false }`
[INFO] [stderr]     Finished `release` profile [optimized] target(s) in 0.16s
[INFO] [stderr]      Running unittests src/lib.rs (/opt/rustwide/target/release/build/rsbinder-aidl/aca681963258febb/out/rsbinder_aidl-aca681963258febb)
[INFO] [stdout] 
[INFO] [stdout] running 55 tests
[INFO] [stdout] test const_expr::tests::test_array_to_f64_returns_error ... ok
[INFO] [stdout] test const_expr::tests::test_char_to_bool_returns_error ... ok
[INFO] [stdout] test const_expr::tests::test_division_by_zero_is_error_not_panic ... ok
[INFO] [stdout] test error::tests::test_aidl_error_collect_flatten ... ok
[INFO] [stdout] test error::tests::test_aidl_error_collect_single ... ok
[INFO] [stdout] test const_expr::tests::test_array_to_i64_returns_error ... ok
[INFO] [stdout] test const_expr::tests::test_integer_overflow_is_diagnostic ... ok
[INFO] [stdout] test const_expr::tests::test_expression_arithmatic ... ok
[INFO] [stdout] test const_expr::tests::moderately_nested_expr_still_evaluates ... ok
[INFO] [stdout] test error::tests::test_aidl_error_into_box_dyn_error ... ok
[INFO] [stdout] test error::tests::test_parse_error_diagnostic_code ... ok
[INFO] [stdout] test error::tests::test_parse_error_display ... ok
[INFO] [stdout] test error::tests::test_pest_error_to_diagnostic_span ... ok
[INFO] [stdout] test error::tests::test_resolution_error_display ... ok
[INFO] [stdout] test error::tests::test_semantic_error_variants_display ... ok
[INFO] [stdout] test error::tests::test_aidl_error_from_parse_error ... ok
[INFO] [stdout] test error::tests::test_pest_error_to_diagnostic_eof ... ok
[INFO] [stdout] test error::tests::test_aidl_error_collect_empty ... ok
[INFO] [stdout] test generator::tests::test_negative_transaction_code ... ok
[INFO] [stdout] test const_expr::tests::test_string_concat_requires_plus_and_strings ... ok
[INFO] [stdout] test error::tests::test_pest_error_to_diagnostic_pos ... ok
[INFO] [stdout] test const_expr::tests::string_and_array_operands_take_no_comparison_or_unary ... ok
[INFO] [stdout] test error::tests::test_parse_error_source_span ... ok
[INFO] [stdout] test parser::tests::test_bitwise_precedence_matches_aosp ... ok
[INFO] [stdout] test const_expr::tests::test_array_to_bool_returns_error ... ok
[INFO] [stdout] test const_expr::tests::test_narrowing_out_of_range_is_diagnostic ... ok
[INFO] [stdout] test parser::tests::test_logical_not_is_not_bitwise ... ok
[INFO] [stdout] test parser::tests::test_nesting_depth_guard_rejects_unclosed_generics ... ok
[INFO] [stdout] test parser::tests::test_nesting_depth_guard_rejects_deep_input ... ok
[INFO] [stdout] test parser::tests::test_namespace_guard ... ok
[INFO] [stdout] test parser::tests::test_intvalue_underscores_and_unsigned_suffixes ... ok
[INFO] [stdout] test parser::tests::test_parse_string_concat_expression ... ok
[INFO] [stdout] test parser::tests::test_parse_expression ... ok
[INFO] [stdout] test parser::tests::test_second_type_parameter_set_is_rejected ... ok
[INFO] [stdout] test parser::tests::test_floatvalue_without_decimal_point ... ok
[INFO] [stdout] test const_expr::tests::test_double_conversion_preserves_f64_precision ... ok
[INFO] [stdout] test type_generator::tests::test_binder_declaration ... ok
[INFO] [stdout] test tests::test_relative_mod ... ok
[INFO] [stdout] test type_generator::tests::fixed_array_over_32_uses_array_from_fn_default ... ok
[INFO] [stdout] test const_expr::tests::test_shift_overflow_guard_matches_aosp ... ok
[INFO] [stdout] test type_generator::tests::test_type_decl_for_func ... ok
[INFO] [stdout] test parser::tests::test_source_guard_cleanup_on_drop ... ok
[INFO] [stdout] test type_generator::tests::test_type_declaration ... ok
[INFO] [stdout] test parser::tests::test_hex_unsigned_suffix_follows_aosp_parse_integral ... ok
[INFO] [stdout] test const_expr::tests::deeply_nested_expr_returns_error_not_stack_overflow ... ok
[INFO] [stdout] test parser::tests::test_source_guard_cleanup_on_panic ... ok
[INFO] [stdout] test const_expr::tests::test_char_binary_operand_is_diagnostic ... ok
[INFO] [stdout] test type_generator::tests::test_func_call_param ... ok
[INFO] [stdout] test type_generator::tests::test_type_decl_for_struct ... ok
[INFO] [stdout] test parser::tests::same_package_name_without_import_warns ... ok
[INFO] [stdout] test generator::tests::binder_impl_forwards_version_and_hash ... ok
[INFO] [stdout] test generator::tests::generated_trait_item_names_are_rejected_for_any_signature ... ok
[INFO] [stdout] test generator::tests::version_support_annotation_emits_version_meta ... ok
[INFO] [stdout] test parser::tests::bare_nullable_on_an_aosp_cycle_warns ... ok
[INFO] [stdout] test parser::tests::test_flat_interface_with_thousands_of_members_parses ... ok
[INFO] [stdout] 
[INFO] [stdout] test result: ok. 55 passed; 0 failed; 0 ignored; 0 measured; 0 filtered out; finished in 0.08s
[INFO] [stdout] 
[INFO] [stderr]      Running tests/aidl_fixture_sweep.rs (/opt/rustwide/target/release/build/rsbinder-aidl/952b3e987f4e386c/out/aidl_fixture_sweep-952b3e987f4e386c)
[INFO] [stdout] 
[INFO] [stdout] running 1 test
[INFO] [stdout] test aidl_fixture_sweep ... FAILED
[INFO] [stdout] 
[INFO] [stdout] failures:
[INFO] [stdout] 
[INFO] [stdout] ---- aidl_fixture_sweep stdout ----
[INFO] [stdout] 
[INFO] [stdout] thread 'aidl_fixture_sweep' (1889) panicked at tests/aidl_fixture_sweep.rs:124:5:
[INFO] [stdout] AOSP fixture root not found at "/opt/rustwide/tests/aidl"
[INFO] [stdout] stack backtrace:
[INFO] [stdout]    0:     0x59bd1b0427d1 - <<std[617be2ca0a6fd877]::sys::backtrace::BacktraceLock>::print::DisplayBacktrace as core[a373ad73a504971]::fmt::Display>::fmt
[INFO] [stdout]    1:     0x59bd1b05aa1a - core[a373ad73a504971]::fmt::write
[INFO] [stdout]    2:     0x59bd1b046d2c - <alloc[2e1b2a31b91974c5]::vec::Vec<u8> as core[a373ad73a504971]::io::write::Write>::write_fmt
[INFO] [stdout]    3:     0x59bd1b01c296 - std[617be2ca0a6fd877]::panicking::default_hook::{closure#0}
[INFO] [stdout]    4:     0x59bd1b0399e9 - std[617be2ca0a6fd877]::panicking::default_hook
[INFO] [stdout]    5:     0x59bd1ad55e10 - test[aada8e7e76ba119b]::test_main_inner::{closure#0}
[INFO] [stdout]    6:     0x59bd1b039d12 - std[617be2ca0a6fd877]::panicking::panic_with_hook
[INFO] [stdout]    7:     0x59bd1b01c342 - std[617be2ca0a6fd877]::panicking::panic_handler::{closure#0}
[INFO] [stdout]    8:     0x59bd1b014d09 - std[617be2ca0a6fd877]::sys::backtrace::__rust_end_short_backtrace::<std[617be2ca0a6fd877]::panicking::panic_handler::{closure#0}, !>
[INFO] [stdout]    9:     0x59bd1b01cf4d - __rustc[ea4f61d10b84890b]::rust_begin_unwind
[INFO] [stdout]   10:     0x59bd1b05b23c - core[a373ad73a504971]::panicking::panic_fmt
[INFO] [stdout]   11:     0x59bd1ac49538 - <aidl_fixture_sweep[b0bc3e05e9d5ae0]::aidl_fixture_sweep::{closure#0} as core[a373ad73a504971]::ops::function::FnOnce<()>>::call_once
[INFO] [stdout]   12:     0x59bd1ad4925b - test[aada8e7e76ba119b]::__rust_begin_short_backtrace::<core[a373ad73a504971]::result::Result<(), alloc[2e1b2a31b91974c5]::string::String>, fn() -> core[a373ad73a504971]::result::Result<(), alloc[2e1b2a31b91974c5]::string::String>>
[INFO] [stdout]   13:     0x59bd1ad56435 - test[aada8e7e76ba119b]::run_test::{closure#0}
[INFO] [stdout]   14:     0x59bd1ad4fd24 - std[617be2ca0a6fd877]::sys::backtrace::__rust_begin_short_backtrace::<test[aada8e7e76ba119b]::run_test::{closure#1}, ()>
[INFO] [stdout]   15:     0x59bd1ad594c2 - <std[617be2ca0a6fd877]::thread::lifecycle::spawn_unchecked<test[aada8e7e76ba119b]::run_test::{closure#1}, ()>::{closure#1} as core[a373ad73a504971]::ops::function::FnOnce<()>>::call_once::{shim:vtable#0}
[INFO] [stdout]   16:     0x59bd1b041adf - <std[617be2ca0a6fd877]::sys::thread::unix::Thread>::new::thread_start
[INFO] [stdout]   17:     0x7abadc267dfa - <unknown>
[INFO] [stdout]   18:     0x7abadc2fb3d4 - clone
[INFO] [stdout]   19:                0x0 - <unknown>
[INFO] [stdout] 
[INFO] [stdout] 
[INFO] [stdout] failures:
[INFO] [stdout]     aidl_fixture_sweep
[INFO] [stdout] 
[INFO] [stdout] test result: FAILED. 0 passed; 1 failed; 0 ignored; 0 measured; 0 filtered out; finished in 0.00s
[INFO] [stdout] 
[INFO] [stderr] error: test failed, to rerun pass `--test aidl_fixture_sweep`
[INFO] running `Command { std: "docker" "inspect" "9ba3b6d9918dae7d29f3890c009adb9b529edba361fc674de6db2f2b9915e132", kill_on_drop: false }`
[INFO] running `Command { std: "docker" "rm" "-f" "9ba3b6d9918dae7d29f3890c009adb9b529edba361fc674de6db2f2b9915e132", kill_on_drop: false }`
[INFO] [stdout] 9ba3b6d9918dae7d29f3890c009adb9b529edba361fc674de6db2f2b9915e132
