[INFO] fetching crate rsa_rs 0.3.1...
[INFO] testing rsa_rs-0.3.1 against 1.99.0-beta.8+cargoflags=--release for beta-release-1.100-2
[INFO] extracting crate rsa_rs 0.3.1 into /workspace/builds/worker-0-tc1/source
[INFO] started tweaking crates.io crate rsa_rs 0.3.1
[INFO] finished tweaking crates.io crate rsa_rs 0.3.1
[INFO] tweaked toml for crates.io crate rsa_rs 0.3.1 written to /workspace/builds/worker-0-tc1/source/Cargo.toml
[INFO] validating manifest of crates.io crate rsa_rs 0.3.1 on toolchain 1.99.0-beta.8
[INFO] running `Command { std: CARGO_HOME="/workspace/cargo-home" RUSTUP_HOME="/workspace/rustup-home" "/workspace/cargo-home/bin/cargo" "+1.99.0-beta.8" "metadata" "--manifest-path" "Cargo.toml" "--no-deps", kill_on_drop: false }`
[INFO] crate crates.io crate rsa_rs 0.3.1 already has a lockfile, it will not be regenerated
[INFO] running `Command { std: CARGO_HOME="/workspace/cargo-home" RUSTUP_HOME="/workspace/rustup-home" "/workspace/cargo-home/bin/cargo" "+1.99.0-beta.8" "fetch" "--manifest-path" "Cargo.toml", kill_on_drop: false }`
[INFO] [stderr]  Downloading crates ...
[INFO] [stderr]   Downloaded serde v1.0.152
[INFO] [stderr]   Downloaded quote v1.0.23
[INFO] [stderr]   Downloaded unicode-ident v1.0.6
[INFO] [stderr]   Downloaded serde_derive v1.0.152
[INFO] [stderr]   Downloaded plotters-svg v0.3.3
[INFO] [stderr]   Downloaded plotters-backend v0.3.4
[INFO] [stderr]   Downloaded csv-core v0.1.10
[INFO] [stderr]   Downloaded memoffset v0.7.1
[INFO] [stderr]   Downloaded ryu v1.0.12
[INFO] [stderr]   Downloaded wasm-bindgen-backend v0.2.83
[INFO] [stderr]   Downloaded itoa v1.0.5
[INFO] [stderr]   Downloaded num_cpus v1.15.0
[INFO] [stderr]   Downloaded hermit-abi v0.2.6
[INFO] [stderr]   Downloaded either v1.8.0
[INFO] [stderr]   Downloaded wasm-bindgen-macro v0.2.83
[INFO] [stderr]   Downloaded wasm-bindgen-shared v0.2.83
[INFO] [stderr]   Downloaded oorandom v11.1.3
[INFO] [stderr]   Downloaded unicode-width v0.1.10
[INFO] [stderr]   Downloaded getrandom v0.2.8
[INFO] [stderr]   Downloaded crossbeam-deque v0.8.2
[INFO] [stderr]   Downloaded wasm-bindgen-macro-support v0.2.83
[INFO] [stderr]   Downloaded criterion-plot v0.4.5
[INFO] [stderr]   Downloaded proc-macro2 v1.0.50
[INFO] [stderr]   Downloaded num-iter v0.1.43
[INFO] [stderr]   Downloaded num-integer v0.1.45
[INFO] [stderr]   Downloaded rayon-core v1.10.2
[INFO] [stderr]   Downloaded crossbeam-epoch v0.9.13
[INFO] [stderr]   Downloaded crossbeam-utils v0.8.14
[INFO] [stderr]   Downloaded half v1.8.2
[INFO] [stderr]   Downloaded once_cell v1.17.0
[INFO] [stderr]   Downloaded js-sys v0.3.60
[INFO] [stderr]   Downloaded bumpalo v3.12.0
[INFO] [stderr]   Downloaded num-bigint v0.4.3
[INFO] [stderr]   Downloaded crossbeam-channel v0.5.6
[INFO] [stderr]   Downloaded criterion v0.3.6
[INFO] [stderr]   Downloaded plotters v0.3.4
[INFO] [stderr]   Downloaded regex-automata v0.1.10
[INFO] [stderr]   Downloaded serde_json v1.0.91
[INFO] [stderr]   Downloaded rayon v1.6.1
[INFO] [stderr]   Downloaded syn v1.0.107
[INFO] [stderr]   Downloaded wasm-bindgen v0.2.83
[INFO] [stderr]   Downloaded regex v1.7.1
[INFO] [stderr]   Downloaded regex-syntax v0.6.28
[INFO] [stderr]   Downloaded libc v0.2.139
[INFO] [stderr]   Downloaded csv v1.1.6
[INFO] running `Command { std: "docker" "create" "-v" "/var/lib/crater-agent-workspace/builds/worker-0-tc1/source:/opt/rustwide/workdir:ro,Z" "-v" "/var/lib/crater-agent-workspace/builds/worker-0-tc1/target:/opt/rustwide/target:rw,Z" "-v" "/var/lib/crater-agent-workspace/cargo-home:/opt/rustwide/cargo-home:ro,Z" "-v" "/var/lib/crater-agent-workspace/rustup-home:/opt/rustwide/rustup-home:ro,Z" "-m" "1610612736" "--network" "none" "ghcr.io/rust-lang/crates-build-env/linux@sha256:77db811e55d90add9212f6832c23229e3de5f1c1f9905e8cb07319ea15df73ac" "sleep" "infinity", kill_on_drop: false }`
[INFO] [stdout] ac171119f278c08ccea962a9bb0da702e5bfd30d3033718da88bfb5463911584
[INFO] running `Command { std: "docker" "start" "ac171119f278c08ccea962a9bb0da702e5bfd30d3033718da88bfb5463911584", kill_on_drop: false }`
[INFO] running `Command { std: "docker" "inspect" "ac171119f278c08ccea962a9bb0da702e5bfd30d3033718da88bfb5463911584", kill_on_drop: false }`
[INFO] running `Command { std: "docker" "exec" "-e" "SOURCE_DIR=/opt/rustwide/workdir" "-e" "CARGO_HOME=/opt/rustwide/cargo-home" "-e" "RUSTUP_HOME=/opt/rustwide/rustup-home" "-e" "CARGO_TARGET_DIR=/opt/rustwide/target" "-w" "/opt/rustwide/workdir" "--user" "0:0" "ac171119f278c08ccea962a9bb0da702e5bfd30d3033718da88bfb5463911584" "/opt/rustwide/cargo-home/bin/cargo" "+1.99.0-beta.8" "metadata" "--no-deps" "--format-version=1", kill_on_drop: false }`
[INFO] running `Command { std: "docker" "inspect" "ac171119f278c08ccea962a9bb0da702e5bfd30d3033718da88bfb5463911584", kill_on_drop: false }`
[INFO] running `Command { std: "docker" "exec" "-e" "SOURCE_DIR=/opt/rustwide/workdir" "-e" "CARGO_HOME=/opt/rustwide/cargo-home" "-e" "RUSTUP_HOME=/opt/rustwide/rustup-home" "-e" "CARGO_TARGET_DIR=/opt/rustwide/target" "-e" "CARGO_INCREMENTAL=0" "-e" "RUST_BACKTRACE=full" "-e" "RUSTFLAGS=--cap-lints=warn" "-e" "RUSTDOCFLAGS=--cap-lints=warn" "-w" "/opt/rustwide/workdir" "--user" "0:0" "ac171119f278c08ccea962a9bb0da702e5bfd30d3033718da88bfb5463911584" "/opt/rustwide/cargo-home/bin/cargo" "+1.99.0-beta.8" "build" "--frozen" "--message-format=json" "--release", kill_on_drop: false }`
[INFO] [stderr]    Compiling libc v0.2.139
[INFO] [stderr]    Compiling proc-macro2 v1.0.50
[INFO] [stderr]    Compiling quote v1.0.23
[INFO] [stderr]    Compiling unicode-ident v1.0.6
[INFO] [stderr]    Compiling num-traits v0.2.15
[INFO] [stderr]    Compiling syn v1.0.107
[INFO] [stderr]    Compiling num-integer v0.1.45
[INFO] [stderr]    Compiling serde_derive v1.0.152
[INFO] [stderr]    Compiling serde v1.0.152
[INFO] [stderr]    Compiling num-iter v0.1.43
[INFO] [stderr]    Compiling num-bigint v0.4.3
[INFO] [stderr]    Compiling getrandom v0.2.8
[INFO] [stderr]    Compiling rand_core v0.6.4
[INFO] [stderr]    Compiling rand_chacha v0.3.1
[INFO] [stderr]    Compiling rand v0.8.5
[INFO] [stderr]    Compiling rsa_rs v0.3.1 (/opt/rustwide/workdir)
[INFO] [stdout] warning: use of deprecated constant `std::u32::MAX`: replaced by the `MAX` associated constant on this type
[INFO] [stdout]   --> src/keys/keypair.rs:91:44
[INFO] [stdout]    |
[INFO] [stdout] 91 |             if d < BigUint::from(std::u32::MAX) {
[INFO] [stdout]    |                                            ^^^
[INFO] [stdout]    |
[INFO] [stdout]    = note: `#[warn(deprecated)]` on by default
[INFO] [stdout] 
[INFO] [stdout] 
[INFO] [stderr]     Finished `release` profile [optimized] target(s) in 21.63s
[INFO] running `Command { std: "docker" "inspect" "ac171119f278c08ccea962a9bb0da702e5bfd30d3033718da88bfb5463911584", kill_on_drop: false }`
[INFO] running `Command { std: "docker" "exec" "-e" "SOURCE_DIR=/opt/rustwide/workdir" "-e" "CARGO_HOME=/opt/rustwide/cargo-home" "-e" "RUSTUP_HOME=/opt/rustwide/rustup-home" "-e" "CARGO_TARGET_DIR=/opt/rustwide/target" "-e" "CARGO_INCREMENTAL=0" "-e" "RUST_BACKTRACE=full" "-e" "RUSTFLAGS=--cap-lints=warn" "-e" "RUSTDOCFLAGS=--cap-lints=warn" "-w" "/opt/rustwide/workdir" "--user" "0:0" "ac171119f278c08ccea962a9bb0da702e5bfd30d3033718da88bfb5463911584" "/opt/rustwide/cargo-home/bin/cargo" "+1.99.0-beta.8" "test" "--frozen" "--no-run" "--message-format=json" "--release", kill_on_drop: false }`
[INFO] [stderr]    Compiling libc v0.2.139
[INFO] [stderr]    Compiling crossbeam-utils v0.8.14
[INFO] [stderr]    Compiling memoffset v0.7.1
[INFO] [stderr]    Compiling crossbeam-epoch v0.9.13
[INFO] [stderr]    Compiling memchr v2.5.0
[INFO] [stderr]    Compiling ryu v1.0.12
[INFO] [stderr]    Compiling serde_json v1.0.91
[INFO] [stderr]    Compiling rayon-core v1.10.2
[INFO] [stderr]    Compiling either v1.8.0
[INFO] [stderr]    Compiling regex-automata v0.1.10
[INFO] [stderr]    Compiling unicode-width v0.1.10
[INFO] [stderr]    Compiling plotters-backend v0.3.4
[INFO] [stderr]    Compiling itoa v1.0.5
[INFO] [stderr]    Compiling textwrap v0.11.0
[INFO] [stderr]    Compiling itertools v0.10.5
[INFO] [stderr]    Compiling plotters-svg v0.3.3
[INFO] [stderr]    Compiling half v1.8.2
[INFO] [stderr]    Compiling crossbeam-channel v0.5.6
[INFO] [stderr]    Compiling getrandom v0.2.8
[INFO] [stderr]    Compiling num_cpus v1.15.0
[INFO] [stderr]    Compiling rand_core v0.6.4
[INFO] [stderr]    Compiling bstr v0.2.17
[INFO] [stderr]    Compiling rand_chacha v0.3.1
[INFO] [stderr]    Compiling crossbeam-deque v0.8.2
[INFO] [stderr]    Compiling csv-core v0.1.10
[INFO] [stderr]    Compiling rand v0.8.5
[INFO] [stderr]    Compiling itoa v0.4.8
[INFO] [stderr]    Compiling regex-syntax v0.6.28
[INFO] [stderr]    Compiling walkdir v2.3.2
[INFO] [stderr]    Compiling criterion-plot v0.4.5
[INFO] [stderr]    Compiling clap v2.34.0
[INFO] [stderr]    Compiling csv v1.1.6
[INFO] [stderr]    Compiling num-bigint v0.4.3
[INFO] [stderr]    Compiling rayon v1.6.1
[INFO] [stderr]    Compiling tinytemplate v1.2.1
[INFO] [stderr]    Compiling regex v1.7.1
[INFO] [stderr]    Compiling atty v0.2.14
[INFO] [stderr]    Compiling serde_cbor v0.11.2
[INFO] [stderr]    Compiling plotters v0.3.4
[INFO] [stderr]    Compiling oorandom v11.1.3
[INFO] [stderr]    Compiling rsa_rs v0.3.1 (/opt/rustwide/workdir)
[INFO] [stdout] warning: use of deprecated constant `std::u32::MAX`: replaced by the `MAX` associated constant on this type
[INFO] [stdout]   --> src/keys/keypair.rs:91:44
[INFO] [stdout]    |
[INFO] [stdout] 91 |             if d < BigUint::from(std::u32::MAX) {
[INFO] [stdout]    |                                            ^^^
[INFO] [stdout]    |
[INFO] [stdout]    = note: `#[warn(deprecated)]` on by default
[INFO] [stdout] 
[INFO] [stdout] 
[INFO] [stderr]    Compiling criterion v0.3.6
[INFO] [stdout] warning: use of deprecated constant `std::u32::MAX`: replaced by the `MAX` associated constant on this type
[INFO] [stdout]   --> tests/thread_key_gen_test.rs:23:40
[INFO] [stdout]    |
[INFO] [stdout] 23 |         if d < BigUint::from(std::u32::MAX) {
[INFO] [stdout]    |                                        ^^^
[INFO] [stdout]    |
[INFO] [stdout]    = note: `#[warn(deprecated)]` on by default
[INFO] [stdout] 
[INFO] [stdout] 
[INFO] [stdout] warning: use of deprecated constant `std::u32::MAX`: replaced by the `MAX` associated constant on this type
[INFO] [stdout]   --> src/keys/keypair.rs:91:44
[INFO] [stdout]    |
[INFO] [stdout] 91 |             if d < BigUint::from(std::u32::MAX) {
[INFO] [stdout]    |                                            ^^^
[INFO] [stdout]    |
[INFO] [stdout]    = note: `#[warn(deprecated)]` on by default
[INFO] [stdout] 
[INFO] [stdout] 
[INFO] [stdout] warning: use of deprecated constant `std::u32::MAX`: replaced by the `MAX` associated constant on this type
[INFO] [stdout]    --> src/keys/keypair.rs:207:44
[INFO] [stdout]     |
[INFO] [stdout] 207 |             if d < BigUint::from(std::u32::MAX) {
[INFO] [stdout]     |                                            ^^^
[INFO] [stdout] 
[INFO] [stdout] 
[INFO] [stderr]     Finished `release` profile [optimized] target(s) in 1m 29s
[INFO] running `Command { std: "docker" "inspect" "ac171119f278c08ccea962a9bb0da702e5bfd30d3033718da88bfb5463911584", kill_on_drop: false }`
[INFO] running `Command { std: "docker" "exec" "-e" "SOURCE_DIR=/opt/rustwide/workdir" "-e" "CARGO_HOME=/opt/rustwide/cargo-home" "-e" "RUSTUP_HOME=/opt/rustwide/rustup-home" "-e" "CARGO_TARGET_DIR=/opt/rustwide/target" "-e" "CARGO_INCREMENTAL=0" "-e" "RUST_BACKTRACE=full" "-e" "RUSTFLAGS=--cap-lints=warn" "-e" "RUSTDOCFLAGS=--cap-lints=warn" "-w" "/opt/rustwide/workdir" "--user" "0:0" "ac171119f278c08ccea962a9bb0da702e5bfd30d3033718da88bfb5463911584" "/opt/rustwide/cargo-home/bin/cargo" "+1.99.0-beta.8" "test" "--frozen" "--release", kill_on_drop: false }`
[INFO] [stderr] warning: use of deprecated constant `std::u32::MAX`: replaced by the `MAX` associated constant on this type
[INFO] [stderr]   --> src/keys/keypair.rs:91:44
[INFO] [stderr]    |
[INFO] [stderr] 91 |             if d < BigUint::from(std::u32::MAX) {
[INFO] [stderr]    |                                            ^^^
[INFO] [stderr]    |
[INFO] [stderr]    = note: `#[warn(deprecated)]` on by default
[INFO] [stderr] 
[INFO] [stderr] warning: `rsa_rs` (lib) generated 1 warning
[INFO] [stderr] warning: use of deprecated constant `std::u32::MAX`: replaced by the `MAX` associated constant on this type
[INFO] [stderr]   --> tests/thread_key_gen_test.rs:23:40
[INFO] [stderr]    |
[INFO] [stderr] 23 |         if d < BigUint::from(std::u32::MAX) {
[INFO] [stderr]    |                                        ^^^
[INFO] [stderr]    |
[INFO] [stderr]    = note: `#[warn(deprecated)]` on by default
[INFO] [stderr] 
[INFO] [stderr] warning: use of deprecated constant `std::u32::MAX`: replaced by the `MAX` associated constant on this type
[INFO] [stderr]    --> src/keys/keypair.rs:207:44
[INFO] [stderr]     |
[INFO] [stderr] 207 |             if d < BigUint::from(std::u32::MAX) {
[INFO] [stderr]     |                                            ^^^
[INFO] [stderr] 
[INFO] [stderr] warning: `rsa_rs` (test "thread_key_gen_test") generated 1 warning
[INFO] [stderr] warning: `rsa_rs` (lib test) generated 2 warnings (1 duplicate)
[INFO] [stderr]     Finished `release` profile [optimized] target(s) in 0.12s
[INFO] [stderr]      Running unittests src/lib.rs (/opt/rustwide/target/release/deps/rsa_rs-8f665c0be2bcfceb)
[INFO] [stdout] 
[INFO] [stdout] running 15 tests
[INFO] [stdout] test utils::io::tests::test_cache_primes ... FAILED
[INFO] [stdout] test utils::math::tests::debug_miller_rabin ... ok
[INFO] [stdout] test utils::math::tests::assert_eq_mod_pow ... ok
[INFO] [stdout] test utils::io::tests::test_read_primes ... FAILED
[INFO] [stdout] test utils::io::tests::test_cached_primes ... ok
[INFO] [stdout] test utils::math::tests::debug_mod_pow ... ok
[INFO] [stdout] test utils::math::tests::debug_trial_composite ... ok
[INFO] [stdout] test utils::math::tests::test_get_n_bit_random_prime ... ok
[INFO] [stdout] test utils::math::tests::unit_test_is_prime_false ... ok
[INFO] [stdout] test utils::math::tests::unit_test_is_prime_true ... ok
[INFO] [stdout] test utils::math::tests::test_thread_get_n_bit_random_prime ... ok
[INFO] [stdout] test utils::math::tests::test_primality_sieve_of_eratosthenes ... ok
[INFO] [stdout] test keys::keypair::tests::test_key_gen ... ok
[INFO] [stdout] test utils::math::tests::debug_get_n_bit_random_prime ... ok
[INFO] [stdout] test keys::keypair::tests::debug_generate_key_pair ... ok
[INFO] [stderr] error: test failed, to rerun pass `--lib`
[INFO] [stdout] 
[INFO] [stdout] failures:
[INFO] [stdout] 
[INFO] [stdout] ---- utils::io::tests::test_cache_primes stdout ----
[INFO] [stdout] 
[INFO] [stdout] thread 'utils::io::tests::test_cache_primes' (1430) panicked at src/utils/io.rs:14:36:
[INFO] [stdout] error writing vector to file: Os { code: 30, kind: ReadOnlyFilesystem, message: "Read-only file system" }
[INFO] [stdout] stack backtrace:
[INFO] [stdout]    0:     0x5d6254faceb1 - <<std[70759c8f55707aa4]::sys::backtrace::BacktraceLock>::print::DisplayBacktrace as core[df12db4294e9bfd3]::fmt::Display>::fmt
[INFO] [stdout]    1:     0x5d6254fc197a - core[df12db4294e9bfd3]::fmt::write
[INFO] [stdout]    2:     0x5d6254fb13fc - <alloc[2182bb758b4b3781]::vec::Vec<u8> as core[df12db4294e9bfd3]::io::write::Write>::write_fmt
[INFO] [stdout]    3:     0x5d6254f88f46 - std[70759c8f55707aa4]::panicking::default_hook::{closure#0}
[INFO] [stdout]    4:     0x5d6254fa50b9 - std[70759c8f55707aa4]::panicking::default_hook
[INFO] [stdout]    5:     0x5d6254f2f1f0 - test[9d35eded1c95d3be]::test_main_inner::<test[9d35eded1c95d3be]::test_main_static::{closure#0}>::{closure#0}
[INFO] [stdout]    6:     0x5d6254fa5272 - std[70759c8f55707aa4]::panicking::panic_with_hook
[INFO] [stdout]    7:     0x5d6254f88ff2 - std[70759c8f55707aa4]::panicking::panic_handler::{closure#0}
[INFO] [stdout]    8:     0x5d6254f81bb9 - std[70759c8f55707aa4]::sys::backtrace::__rust_end_short_backtrace::<std[70759c8f55707aa4]::panicking::panic_handler::{closure#0}, !>
[INFO] [stdout]    9:     0x5d6254f89bed - __rustc[8fa7c3cbc660c2b3]::rust_begin_unwind
[INFO] [stdout]   10:     0x5d6254fc20ac - core[df12db4294e9bfd3]::panicking::panic_fmt
[INFO] [stdout]   11:     0x5d6254fc1e82 - core[df12db4294e9bfd3]::result::unwrap_failed
[INFO] [stdout]   12:     0x5d6254f1e816 - rsa_rs[bf66ed4a437e70aa]::utils::io::cache_primes
[INFO] [stdout]   13:     0x5d6254f13783 - rsa_rs[bf66ed4a437e70aa]::utils::io::tests::test_cache_primes
[INFO] [stdout]   14:     0x5d6254f19ce9 - <rsa_rs[bf66ed4a437e70aa]::utils::io::tests::test_cache_primes::{closure#0} as core[df12db4294e9bfd3]::ops::function::FnOnce<()>>::call_once
[INFO] [stdout]   15:     0x5d6254f224db - test[9d35eded1c95d3be]::__rust_begin_short_backtrace::<core[df12db4294e9bfd3]::result::Result<(), alloc[2182bb758b4b3781]::string::String>, fn() -> core[df12db4294e9bfd3]::result::Result<(), alloc[2182bb758b4b3781]::string::String>>
[INFO] [stdout]   16:     0x5d6254f2fb45 - test[9d35eded1c95d3be]::run_test::{closure#0}
[INFO] [stdout]   17:     0x5d6254f29404 - std[70759c8f55707aa4]::sys::backtrace::__rust_begin_short_backtrace::<test[9d35eded1c95d3be]::run_test::{closure#1}, ()>
[INFO] [stdout]   18:     0x5d6254f32ca2 - <std[70759c8f55707aa4]::thread::lifecycle::spawn_unchecked<test[9d35eded1c95d3be]::run_test::{closure#1}, ()>::{closure#1} as core[df12db4294e9bfd3]::ops::function::FnOnce<()>>::call_once::{shim:vtable#0}
[INFO] [stdout]   19:     0x5d6254fac229 - <std[70759c8f55707aa4]::sys::thread::unix::Thread>::new::thread_start
[INFO] [stdout]   20:     0x7d96e8776dfa - <unknown>
[INFO] [stdout]   21:     0x7d96e880a3d4 - clone
[INFO] [stdout]   22:                0x0 - <unknown>
[INFO] [stdout] 
[INFO] [stdout] ---- utils::io::tests::test_read_primes stdout ----
[INFO] [stdout] 
[INFO] [stdout] thread 'utils::io::tests::test_read_primes' (1432) panicked at src/utils/io.rs:14:36:
[INFO] [stdout] error writing vector to file: Os { code: 30, kind: ReadOnlyFilesystem, message: "Read-only file system" }
[INFO] [stdout] stack backtrace:
[INFO] [stdout]    0:     0x5d6254faceb1 - <<std[70759c8f55707aa4]::sys::backtrace::BacktraceLock>::print::DisplayBacktrace as core[df12db4294e9bfd3]::fmt::Display>::fmt
[INFO] [stdout]    1:     0x5d6254fc197a - core[df12db4294e9bfd3]::fmt::write
[INFO] [stdout]    2:     0x5d6254fb13fc - <alloc[2182bb758b4b3781]::vec::Vec<u8> as core[df12db4294e9bfd3]::io::write::Write>::write_fmt
[INFO] [stdout]    3:     0x5d6254f88f46 - std[70759c8f55707aa4]::panicking::default_hook::{closure#0}
[INFO] [stdout]    4:     0x5d6254fa50b9 - std[70759c8f55707aa4]::panicking::default_hook
[INFO] [stdout]    5:     0x5d6254f2f1f0 - test[9d35eded1c95d3be]::test_main_inner::<test[9d35eded1c95d3be]::test_main_static::{closure#0}>::{closure#0}
[INFO] [stdout]    6:     0x5d6254fa5272 - std[70759c8f55707aa4]::panicking::panic_with_hook
[INFO] [stdout]    7:     0x5d6254f88ff2 - std[70759c8f55707aa4]::panicking::panic_handler::{closure#0}
[INFO] [stdout]    8:     0x5d6254f81bb9 - std[70759c8f55707aa4]::sys::backtrace::__rust_end_short_backtrace::<std[70759c8f55707aa4]::panicking::panic_handler::{closure#0}, !>
[INFO] [stdout]    9:     0x5d6254f89bed - __rustc[8fa7c3cbc660c2b3]::rust_begin_unwind
[INFO] [stdout]   10:     0x5d6254fc20ac - core[df12db4294e9bfd3]::panicking::panic_fmt
[INFO] [stdout]   11:     0x5d6254fc1e82 - core[df12db4294e9bfd3]::result::unwrap_failed
[INFO] [stdout]   12:     0x5d6254f1e816 - rsa_rs[bf66ed4a437e70aa]::utils::io::cache_primes
[INFO] [stdout]   13:     0x5d6254f135f1 - rsa_rs[bf66ed4a437e70aa]::utils::io::tests::test_read_primes
[INFO] [stdout]   14:     0x5d6254f19cc9 - <rsa_rs[bf66ed4a437e70aa]::utils::io::tests::test_read_primes::{closure#0} as core[df12db4294e9bfd3]::ops::function::FnOnce<()>>::call_once
[INFO] [stdout]   15:     0x5d6254f224db - test[9d35eded1c95d3be]::__rust_begin_short_backtrace::<core[df12db4294e9bfd3]::result::Result<(), alloc[2182bb758b4b3781]::string::String>, fn() -> core[df12db4294e9bfd3]::result::Result<(), alloc[2182bb758b4b3781]::string::String>>
[INFO] [stdout]   16:     0x5d6254f2fb45 - test[9d35eded1c95d3be]::run_test::{closure#0}
[INFO] [stdout]   17:     0x5d6254f29404 - std[70759c8f55707aa4]::sys::backtrace::__rust_begin_short_backtrace::<test[9d35eded1c95d3be]::run_test::{closure#1}, ()>
[INFO] [stdout]   18:     0x5d6254f32ca2 - <std[70759c8f55707aa4]::thread::lifecycle::spawn_unchecked<test[9d35eded1c95d3be]::run_test::{closure#1}, ()>::{closure#1} as core[df12db4294e9bfd3]::ops::function::FnOnce<()>>::call_once::{shim:vtable#0}
[INFO] [stdout]   19:     0x5d6254fac229 - <std[70759c8f55707aa4]::sys::thread::unix::Thread>::new::thread_start
[INFO] [stdout]   20:     0x7d96e8776dfa - <unknown>
[INFO] [stdout]   21:     0x7d96e880a3d4 - clone
[INFO] [stdout]   22:                0x0 - <unknown>
[INFO] [stdout] 
[INFO] [stdout] 
[INFO] [stdout] failures:
[INFO] [stdout]     utils::io::tests::test_cache_primes
[INFO] [stdout]     utils::io::tests::test_read_primes
[INFO] [stdout] 
[INFO] [stdout] test result: FAILED. 13 passed; 2 failed; 0 ignored; 0 measured; 0 filtered out; finished in 7.78s
[INFO] [stdout] 
[INFO] running `Command { std: "docker" "inspect" "ac171119f278c08ccea962a9bb0da702e5bfd30d3033718da88bfb5463911584", kill_on_drop: false }`
[INFO] running `Command { std: "docker" "rm" "-f" "ac171119f278c08ccea962a9bb0da702e5bfd30d3033718da88bfb5463911584", kill_on_drop: false }`
[INFO] [stdout] ac171119f278c08ccea962a9bb0da702e5bfd30d3033718da88bfb5463911584
