[INFO] fetching crate rs_order_utils 0.4.2...
[INFO] testing rs_order_utils-0.4.2 against 1.99.0-beta.8+cargoflags=--release for beta-release-1.100-2
[INFO] extracting crate rs_order_utils 0.4.2 into /workspace/builds/worker-6-tc1/source
[INFO] started tweaking crates.io crate rs_order_utils 0.4.2
[INFO] removed 0 missing tests
[INFO] finished tweaking crates.io crate rs_order_utils 0.4.2
[INFO] tweaked toml for crates.io crate rs_order_utils 0.4.2 written to /workspace/builds/worker-6-tc1/source/Cargo.toml
[INFO] validating manifest of crates.io crate rs_order_utils 0.4.2 on toolchain 1.99.0-beta.8
[INFO] running `Command { std: CARGO_HOME="/workspace/cargo-home" RUSTUP_HOME="/workspace/rustup-home" "/workspace/cargo-home/bin/cargo" "+1.99.0-beta.8" "metadata" "--manifest-path" "Cargo.toml" "--no-deps", kill_on_drop: false }`
[INFO] crate crates.io crate rs_order_utils 0.4.2 already has a lockfile, it will not be regenerated
[INFO] running `Command { std: CARGO_HOME="/workspace/cargo-home" RUSTUP_HOME="/workspace/rustup-home" "/workspace/cargo-home/bin/cargo" "+1.99.0-beta.8" "fetch" "--manifest-path" "Cargo.toml", kill_on_drop: false }`
[INFO] [stderr]     Updating crates.io index
[INFO] [stderr]  Downloading crates ...
[INFO] [stderr]   Downloaded mio v1.1.0
[INFO] [stderr]   Downloaded alloy-sol-macro-input v1.5.7
[INFO] [stderr]   Downloaded alloy-sol-macro v1.5.7
[INFO] [stderr]   Downloaded syn-solidity v1.5.7
[INFO] [stderr]   Downloaded alloy-sol-types v1.5.7
[INFO] [stderr]   Downloaded alloy-sol-macro-expander v1.5.7
[INFO] [stderr]   Downloaded alloy-primitives v1.5.7
[INFO] [stderr]   Downloaded toml_datetime v0.7.3
[INFO] [stderr]   Downloaded ruint v1.17.0
[INFO] [stderr]   Downloaded toml_parser v1.0.4
[INFO] [stderr]   Downloaded toml_edit v0.23.7
[INFO] [stderr]   Downloaded syn v2.0.110
[INFO] [stderr]   Downloaded keccak-asm v0.1.6
[INFO] [stderr]   Downloaded rapidhash v4.4.1
[INFO] [stderr]   Downloaded sha3-asm v0.1.6
[INFO] [stderr]   Downloaded alloy-sol-type-parser v1.5.7
[INFO] [stderr]   Downloaded alloy-signer v1.8.3
[INFO] [stderr]   Downloaded alloy-json-abi v1.5.7
[INFO] [stderr]   Downloaded alloy-signer-local v1.8.3
[INFO] [stderr]   Downloaded alloy-network v1.8.3
[INFO] [stderr]   Downloaded futures-utils-wasm v0.1.0
[INFO] [stderr]   Downloaded alloy-serde v1.8.3
[INFO] [stderr]   Downloaded alloy-rpc-types-eth v1.8.3
[INFO] [stderr]   Downloaded alloy-network-primitives v1.8.3
[INFO] [stderr]   Downloaded alloy-eips v1.8.3
[INFO] [stderr]   Downloaded borsh-derive v1.6.1
[INFO] [stderr]   Downloaded alloy-eip7928 v0.3.5
[INFO] [stderr]   Downloaded alloy-tx-macros v1.8.3
[INFO] [stderr]   Downloaded c-kzg v2.1.7
[INFO] [stderr]   Downloaded alloy-trie v0.9.5
[INFO] [stderr]   Downloaded nybbles v0.4.8
[INFO] [stderr]   Downloaded alloy-consensus v1.8.3
[INFO] [stderr]   Downloaded alloy-rpc-types-any v1.8.3
[INFO] [stderr]   Downloaded alloy-consensus-any v1.8.3
[INFO] [stderr]   Downloaded alloy-json-rpc v1.8.3
[INFO] running `Command { std: "docker" "create" "-v" "/var/lib/crater-agent-workspace/builds/worker-6-tc1/source:/opt/rustwide/workdir:ro,Z" "-v" "/var/lib/crater-agent-workspace/builds/worker-6-tc1/target:/opt/rustwide/target:rw,Z" "-v" "/var/lib/crater-agent-workspace/cargo-home:/opt/rustwide/cargo-home:ro,Z" "-v" "/var/lib/crater-agent-workspace/rustup-home:/opt/rustwide/rustup-home:ro,Z" "-m" "1610612736" "--network" "none" "ghcr.io/rust-lang/crates-build-env/linux@sha256:77db811e55d90add9212f6832c23229e3de5f1c1f9905e8cb07319ea15df73ac" "sleep" "infinity", kill_on_drop: false }`
[INFO] [stdout] 03b769c5af0323c67e932ed1e446484d040a889483f18230fd6ee707768099e2
[INFO] running `Command { std: "docker" "start" "03b769c5af0323c67e932ed1e446484d040a889483f18230fd6ee707768099e2", kill_on_drop: false }`
[INFO] running `Command { std: "docker" "inspect" "03b769c5af0323c67e932ed1e446484d040a889483f18230fd6ee707768099e2", kill_on_drop: false }`
[INFO] running `Command { std: "docker" "exec" "-e" "SOURCE_DIR=/opt/rustwide/workdir" "-e" "CARGO_HOME=/opt/rustwide/cargo-home" "-e" "RUSTUP_HOME=/opt/rustwide/rustup-home" "-e" "CARGO_TARGET_DIR=/opt/rustwide/target" "-w" "/opt/rustwide/workdir" "--user" "0:0" "03b769c5af0323c67e932ed1e446484d040a889483f18230fd6ee707768099e2" "/opt/rustwide/cargo-home/bin/cargo" "+1.99.0-beta.8" "metadata" "--no-deps" "--format-version=1", kill_on_drop: false }`
[INFO] running `Command { std: "docker" "inspect" "03b769c5af0323c67e932ed1e446484d040a889483f18230fd6ee707768099e2", kill_on_drop: false }`
[INFO] running `Command { std: "docker" "exec" "-e" "SOURCE_DIR=/opt/rustwide/workdir" "-e" "CARGO_HOME=/opt/rustwide/cargo-home" "-e" "RUSTUP_HOME=/opt/rustwide/rustup-home" "-e" "CARGO_TARGET_DIR=/opt/rustwide/target" "-e" "CARGO_INCREMENTAL=0" "-e" "RUST_BACKTRACE=full" "-e" "RUSTFLAGS=--cap-lints=warn" "-e" "RUSTDOCFLAGS=--cap-lints=warn" "-w" "/opt/rustwide/workdir" "--user" "0:0" "03b769c5af0323c67e932ed1e446484d040a889483f18230fd6ee707768099e2" "/opt/rustwide/cargo-home/bin/cargo" "+1.99.0-beta.8" "build" "--frozen" "--message-format=json" "--release", kill_on_drop: false }`
[INFO] [stderr]    Compiling proc-macro2 v1.0.103
[INFO] [stderr]    Compiling quote v1.0.42
[INFO] [stderr]    Compiling unicode-ident v1.0.22
[INFO] [stderr]    Compiling zeroize v1.8.2
[INFO] [stderr]    Compiling serde_core v1.0.228
[INFO] [stderr]    Compiling subtle v2.6.1
[INFO] [stderr]    Compiling const-oid v0.9.6
[INFO] [stderr]    Compiling libc v0.2.177
[INFO] [stderr]    Compiling serde v1.0.228
[INFO] [stderr]    Compiling base16ct v0.2.0
[INFO] [stderr]    Compiling arrayvec v0.7.6
[INFO] [stderr]    Compiling generic-array v0.14.9
[INFO] [stderr]    Compiling ruint-macro v1.2.1
[INFO] [stderr]    Compiling itoa v1.0.15
[INFO] [stderr]    Compiling keccak v0.1.5
[INFO] [stderr]    Compiling foldhash v0.2.0
[INFO] [stderr]    Compiling rustc-hash v2.1.1
[INFO] [stderr]    Compiling der v0.7.10
[INFO] [stderr]    Compiling thiserror v2.0.18
[INFO] [stderr]    Compiling typenum v1.19.0
[INFO] [stderr]    Compiling strsim v0.11.1
[INFO] [stderr]    Compiling ident_case v1.0.1
[INFO] [stderr]    Compiling serde_json v1.0.145
[INFO] [stderr]    Compiling ryu v1.0.20
[INFO] [stderr]    Compiling memchr v2.7.6
[INFO] [stderr]    Compiling tracing-core v0.1.34
[INFO] [stderr]    Compiling crc-catalog v2.5.0
[INFO] [stderr]    Compiling cpufeatures v0.2.17
[INFO] [stderr]    Compiling crc v3.4.0
[INFO] [stderr]    Compiling hashbrown v0.16.0
[INFO] [stderr]    Compiling const-hex v1.17.0
[INFO] [stderr]    Compiling dunce v1.0.5
[INFO] [stderr]    Compiling zerocopy v0.8.27
[INFO] [stderr]    Compiling futures-utils-wasm v0.1.0
[INFO] [stderr]    Compiling hex v0.4.3
[INFO] [stderr]    Compiling syn v2.0.110
[INFO] [stderr]    Compiling proc-macro-error-attr2 v2.0.0
[INFO] [stderr]    Compiling block-buffer v0.10.4
[INFO] [stderr]    Compiling crypto-common v0.1.6
[INFO] [stderr]    Compiling spki v0.7.3
[INFO] [stderr]    Compiling sec1 v0.7.3
[INFO] [stderr]    Compiling digest v0.10.7
[INFO] [stderr]    Compiling hmac v0.12.1
[INFO] [stderr]    Compiling pkcs8 v0.10.2
[INFO] [stderr]    Compiling sha2 v0.10.9
[INFO] [stderr]    Compiling sha3 v0.10.8
[INFO] [stderr]    Compiling indexmap v2.12.0
[INFO] [stderr]    Compiling rfc6979 v0.4.0
[INFO] [stderr]    Compiling getrandom v0.2.16
[INFO] [stderr]    Compiling rand_core v0.6.4
[INFO] [stderr]    Compiling ff v0.13.1
[INFO] [stderr]    Compiling crypto-bigint v0.5.5
[INFO] [stderr]    Compiling signature v2.2.0
[INFO] [stderr]    Compiling group v0.13.0
[INFO] [stderr]    Compiling ppv-lite86 v0.2.21
[INFO] [stderr]    Compiling elliptic-curve v0.13.8
[INFO] [stderr]    Compiling ecdsa v0.16.9
[INFO] [stderr]    Compiling rand_chacha v0.3.1
[INFO] [stderr]    Compiling rand v0.8.5
[INFO] [stderr]    Compiling k256 v0.13.4
[INFO] [stderr]    Compiling darling_core v0.23.0
[INFO] [stderr]    Compiling syn-solidity v1.5.7
[INFO] [stderr]    Compiling macro-string v0.1.4
[INFO] [stderr]    Compiling proc-macro-error2 v2.0.1
[INFO] [stderr]    Compiling serde_derive v1.0.228
[INFO] [stderr]    Compiling alloy-rlp-derive v0.3.12
[INFO] [stderr]    Compiling derive_more-impl v2.0.1
[INFO] [stderr]    Compiling thiserror-impl v2.0.18
[INFO] [stderr]    Compiling tracing-attributes v0.1.30
[INFO] [stderr]    Compiling auto_impl v1.3.0
[INFO] [stderr]    Compiling async-trait v0.1.89
[INFO] [stderr]    Compiling thiserror-impl v1.0.69
[INFO] [stderr]    Compiling thiserror v1.0.69
[INFO] [stderr]    Compiling tracing v0.1.41
[INFO] [stderr]    Compiling darling_macro v0.23.0
[INFO] [stderr]    Compiling darling v0.23.0
[INFO] [stderr]    Compiling serde_with_macros v3.18.0
[INFO] [stderr]    Compiling alloy-tx-macros v1.8.3
[INFO] [stderr]    Compiling alloy-sol-macro-input v1.5.7
[INFO] [stderr]    Compiling derive_more v2.0.1
[INFO] [stderr]    Compiling alloy-sol-macro-expander v1.5.7
[INFO] [stderr]    Compiling serde_with v3.18.0
[INFO] [stderr]    Compiling bytes v1.11.0
[INFO] [stderr]    Compiling either v1.15.0
[INFO] [stderr]    Compiling smallvec v1.15.1
[INFO] [stderr]    Compiling itertools v0.13.0
[INFO] [stderr]    Compiling alloy-rlp v0.3.12
[INFO] [stderr]    Compiling http v1.4.0
[INFO] [stderr]    Compiling ruint v1.17.0
[INFO] [stderr]    Compiling alloy-sol-macro v1.5.7
[INFO] [stderr]    Compiling alloy-primitives v1.5.7
[INFO] [stderr]    Compiling nybbles v0.4.8
[INFO] [stderr]    Compiling alloy-serde v1.8.3
[INFO] [stderr]    Compiling alloy-eip2124 v0.2.0
[INFO] [stderr]    Compiling alloy-eip7702 v0.6.3
[INFO] [stderr]    Compiling alloy-eip7928 v0.3.5
[INFO] [stderr]    Compiling alloy-eip2930 v0.2.3
[INFO] [stderr]    Compiling alloy-trie v0.9.5
[INFO] [stderr]    Compiling alloy-sol-types v1.5.7
[INFO] [stderr]    Compiling alloy-signer v1.8.3
[INFO] [stderr]    Compiling alloy-eips v1.8.3
[INFO] [stderr]    Compiling alloy-consensus v1.8.3
[INFO] [stderr]    Compiling alloy-json-rpc v1.8.3
[INFO] [stderr]    Compiling alloy-consensus-any v1.8.3
[INFO] [stderr]    Compiling alloy-network-primitives v1.8.3
[INFO] [stderr]    Compiling alloy-rpc-types-eth v1.8.3
[INFO] [stderr]    Compiling alloy-rpc-types-any v1.8.3
[INFO] [stderr]    Compiling alloy-network v1.8.3
[INFO] [stderr]    Compiling alloy-signer-local v1.8.3
[INFO] [stderr]    Compiling rs_order_utils v0.4.2 (/opt/rustwide/workdir)
[INFO] [stderr]     Finished `release` profile [optimized] target(s) in 1m 08s
[INFO] [stderr] warning: the following packages contain code that will be rejected by a future version of Rust: proc-macro-error2 v2.0.1
[INFO] [stderr] note: to see what the problems were, use the option `--future-incompat-report`, or run `cargo report future-incompatibilities --id 1`
[INFO] running `Command { std: "docker" "inspect" "03b769c5af0323c67e932ed1e446484d040a889483f18230fd6ee707768099e2", kill_on_drop: false }`
[INFO] running `Command { std: "docker" "exec" "-e" "SOURCE_DIR=/opt/rustwide/workdir" "-e" "CARGO_HOME=/opt/rustwide/cargo-home" "-e" "RUSTUP_HOME=/opt/rustwide/rustup-home" "-e" "CARGO_TARGET_DIR=/opt/rustwide/target" "-e" "CARGO_INCREMENTAL=0" "-e" "RUST_BACKTRACE=full" "-e" "RUSTFLAGS=--cap-lints=warn" "-e" "RUSTDOCFLAGS=--cap-lints=warn" "-w" "/opt/rustwide/workdir" "--user" "0:0" "03b769c5af0323c67e932ed1e446484d040a889483f18230fd6ee707768099e2" "/opt/rustwide/cargo-home/bin/cargo" "+1.99.0-beta.8" "test" "--frozen" "--no-run" "--message-format=json" "--release", kill_on_drop: false }`
[INFO] [stderr]    Compiling libc v0.2.177
[INFO] [stderr]    Compiling tokio-macros v2.6.0
[INFO] [stderr]    Compiling dotenv v0.15.0
[INFO] [stderr]    Compiling getrandom v0.2.16
[INFO] [stderr]    Compiling parking_lot_core v0.9.12
[INFO] [stderr]    Compiling signal-hook-registry v1.4.6
[INFO] [stderr]    Compiling socket2 v0.6.1
[INFO] [stderr]    Compiling mio v1.1.0
[INFO] [stderr]    Compiling parking_lot v0.12.5
[INFO] [stderr]    Compiling rand_core v0.6.4
[INFO] [stderr]    Compiling ff v0.13.1
[INFO] [stderr]    Compiling crypto-bigint v0.5.5
[INFO] [stderr]    Compiling signature v2.2.0
[INFO] [stderr]    Compiling rand_chacha v0.3.1
[INFO] [stderr]    Compiling group v0.13.0
[INFO] [stderr]    Compiling tokio v1.48.0
[INFO] [stderr]    Compiling rand v0.8.5
[INFO] [stderr]    Compiling elliptic-curve v0.13.8
[INFO] [stderr]    Compiling ecdsa v0.16.9
[INFO] [stderr]    Compiling k256 v0.13.4
[INFO] [stderr]    Compiling alloy-primitives v1.5.7
[INFO] [stderr]    Compiling alloy-eip7928 v0.3.5
[INFO] [stderr]    Compiling alloy-eip7702 v0.6.3
[INFO] [stderr]    Compiling alloy-eip2124 v0.2.0
[INFO] [stderr]    Compiling alloy-eip2930 v0.2.3
[INFO] [stderr]    Compiling alloy-serde v1.8.3
[INFO] [stderr]    Compiling alloy-trie v0.9.5
[INFO] [stderr]    Compiling alloy-sol-types v1.5.7
[INFO] [stderr]    Compiling alloy-signer v1.8.3
[INFO] [stderr]    Compiling alloy-eips v1.8.3
[INFO] [stderr]    Compiling alloy-consensus v1.8.3
[INFO] [stderr]    Compiling alloy-json-rpc v1.8.3
[INFO] [stderr]    Compiling alloy-consensus-any v1.8.3
[INFO] [stderr]    Compiling alloy-network-primitives v1.8.3
[INFO] [stderr]    Compiling alloy-rpc-types-eth v1.8.3
[INFO] [stderr]    Compiling alloy-rpc-types-any v1.8.3
[INFO] [stderr]    Compiling alloy-network v1.8.3
[INFO] [stderr]    Compiling alloy-signer-local v1.8.3
[INFO] [stderr]    Compiling rs_order_utils v0.4.2 (/opt/rustwide/workdir)
[INFO] [stderr]     Finished `release` profile [optimized] target(s) in 43.40s
[INFO] [stderr] warning: the following packages contain code that will be rejected by a future version of Rust: proc-macro-error2 v2.0.1
[INFO] [stderr] note: to see what the problems were, use the option `--future-incompat-report`, or run `cargo report future-incompatibilities --id 1`
[INFO] running `Command { std: "docker" "inspect" "03b769c5af0323c67e932ed1e446484d040a889483f18230fd6ee707768099e2", kill_on_drop: false }`
[INFO] running `Command { std: "docker" "exec" "-e" "SOURCE_DIR=/opt/rustwide/workdir" "-e" "CARGO_HOME=/opt/rustwide/cargo-home" "-e" "RUSTUP_HOME=/opt/rustwide/rustup-home" "-e" "CARGO_TARGET_DIR=/opt/rustwide/target" "-e" "CARGO_INCREMENTAL=0" "-e" "RUST_BACKTRACE=full" "-e" "RUSTFLAGS=--cap-lints=warn" "-e" "RUSTDOCFLAGS=--cap-lints=warn" "-w" "/opt/rustwide/workdir" "--user" "0:0" "03b769c5af0323c67e932ed1e446484d040a889483f18230fd6ee707768099e2" "/opt/rustwide/cargo-home/bin/cargo" "+1.99.0-beta.8" "test" "--frozen" "--release", kill_on_drop: false }`
[INFO] [stderr]     Finished `release` profile [optimized] target(s) in 0.27s
[INFO] [stderr] warning: the following packages contain code that will be rejected by a future version of Rust: proc-macro-error2 v2.0.1
[INFO] [stderr] note: to see what the problems were, use the option `--future-incompat-report`, or run `cargo report future-incompatibilities --id 1`
[INFO] [stderr]      Running unittests src/lib.rs (/opt/rustwide/target/release/deps/rs_order_utils-7b5e20f20077b88b)
[INFO] [stderr]      Running tests/builder_tests.rs (/opt/rustwide/target/release/deps/builder_tests-ede8ad151bfdde68)
[INFO] [stdout] 
[INFO] [stdout] running 0 tests
[INFO] [stdout] 
[INFO] [stdout] test result: ok. 0 passed; 0 failed; 0 ignored; 0 measured; 0 filtered out; finished in 0.00s
[INFO] [stdout] 
[INFO] [stdout] 
[INFO] [stdout] running 3 tests
[INFO] [stdout] test test_signer_mismatch ... ok
[INFO] [stdout] test test_custom_salt_generator ... ok
[INFO] [stdout] test test_build_order ... FAILED
[INFO] [stderr] error: test failed, to rerun pass `--test builder_tests`
[INFO] [stdout] 
[INFO] [stdout] failures:
[INFO] [stdout] 
[INFO] [stdout] ---- test_build_order stdout ----
[INFO] [stdout] 
[INFO] [stdout] thread 'test_build_order' (2882) panicked at tests/builder_tests.rs:11:43:
[INFO] [stdout] PK must be set in .env file: NotPresent
[INFO] [stdout] stack backtrace:
[INFO] [stdout]    0:     0x60f69a038691 - <<std[70759c8f55707aa4]::sys::backtrace::BacktraceLock>::print::DisplayBacktrace as core[df12db4294e9bfd3]::fmt::Display>::fmt
[INFO] [stdout]    1:     0x60f69a04d6fa - core[df12db4294e9bfd3]::fmt::write
[INFO] [stdout]    2:     0x60f69a03cccc - <alloc[2182bb758b4b3781]::vec::Vec<u8> as core[df12db4294e9bfd3]::io::write::Write>::write_fmt
[INFO] [stdout]    3:     0x60f69a014516 - std[70759c8f55707aa4]::panicking::default_hook::{closure#0}
[INFO] [stdout]    4:     0x60f69a030bf9 - std[70759c8f55707aa4]::panicking::default_hook
[INFO] [stdout]    5:     0x60f699f947e0 - test[9d35eded1c95d3be]::test_main_inner::<test[9d35eded1c95d3be]::test_main_static::{closure#0}>::{closure#0}
[INFO] [stdout]    6:     0x60f69a030db2 - std[70759c8f55707aa4]::panicking::panic_with_hook
[INFO] [stdout]    7:     0x60f69a0145c2 - std[70759c8f55707aa4]::panicking::panic_handler::{closure#0}
[INFO] [stdout]    8:     0x60f69a00d109 - std[70759c8f55707aa4]::sys::backtrace::__rust_end_short_backtrace::<std[70759c8f55707aa4]::panicking::panic_handler::{closure#0}, !>
[INFO] [stdout]    9:     0x60f69a01525d - __rustc[8fa7c3cbc660c2b3]::rust_begin_unwind
[INFO] [stdout]   10:     0x60f69a04de5c - core[df12db4294e9bfd3]::panicking::panic_fmt
[INFO] [stdout]   11:     0x60f69a04dc32 - core[df12db4294e9bfd3]::result::unwrap_failed
[INFO] [stdout]   12:     0x60f699f803a7 - builder_tests[a15d5925be3bfd84]::test_build_order::{closure#0}
[INFO] [stdout]   13:     0x60f699f7eb93 - <tokio[4e33bcf9f44ab9a1]::runtime::scheduler::current_thread::Context>::enter::<core[df12db4294e9bfd3]::task::poll::Poll<()>, <tokio[4e33bcf9f44ab9a1]::runtime::scheduler::current_thread::CoreGuard>::block_on<core[df12db4294e9bfd3]::pin::Pin<&mut core[df12db4294e9bfd3]::pin::Pin<&mut dyn core[df12db4294e9bfd3]::future::future::Future<Output = ()>>>>::{closure#0}::{closure#0}>
[INFO] [stdout]   14:     0x60f699f8302c - <tokio[4e33bcf9f44ab9a1]::runtime::context::scoped::Scoped<tokio[4e33bcf9f44ab9a1]::runtime::scheduler::Context>>::set::<<tokio[4e33bcf9f44ab9a1]::runtime::scheduler::current_thread::CoreGuard>::enter<<tokio[4e33bcf9f44ab9a1]::runtime::scheduler::current_thread::CoreGuard>::block_on<core[df12db4294e9bfd3]::pin::Pin<&mut core[df12db4294e9bfd3]::pin::Pin<&mut dyn core[df12db4294e9bfd3]::future::future::Future<Output = ()>>>>::{closure#0}, core[df12db4294e9bfd3]::option::Option<()>>::{closure#0}, (alloc[2182bb758b4b3781]::boxed::Box<tokio[4e33bcf9f44ab9a1]::runtime::scheduler::current_thread::Core>, core[df12db4294e9bfd3]::option::Option<()>)>
[INFO] [stdout]   15:     0x60f699f7e88f - <tokio[4e33bcf9f44ab9a1]::runtime::scheduler::current_thread::CurrentThread>::block_on::<core[df12db4294e9bfd3]::pin::Pin<&mut dyn core[df12db4294e9bfd3]::future::future::Future<Output = ()>>>
[INFO] [stdout]   16:     0x60f699f81c92 - <tokio[4e33bcf9f44ab9a1]::runtime::runtime::Runtime>::block_on::<core[df12db4294e9bfd3]::pin::Pin<&mut dyn core[df12db4294e9bfd3]::future::future::Future<Output = ()>>>
[INFO] [stdout]   17:     0x60f699f8168e - <builder_tests[a15d5925be3bfd84]::test_build_order::{closure#0} as core[df12db4294e9bfd3]::ops::function::FnOnce<()>>::call_once
[INFO] [stdout]   18:     0x60f699f87acb - test[9d35eded1c95d3be]::__rust_begin_short_backtrace::<core[df12db4294e9bfd3]::result::Result<(), alloc[2182bb758b4b3781]::string::String>, fn() -> core[df12db4294e9bfd3]::result::Result<(), alloc[2182bb758b4b3781]::string::String>>
[INFO] [stdout]   19:     0x60f699f95135 - test[9d35eded1c95d3be]::run_test::{closure#0}
[INFO] [stdout]   20:     0x60f699f8e9f4 - std[70759c8f55707aa4]::sys::backtrace::__rust_begin_short_backtrace::<test[9d35eded1c95d3be]::run_test::{closure#1}, ()>
[INFO] [stdout]   21:     0x60f699f98292 - <std[70759c8f55707aa4]::thread::lifecycle::spawn_unchecked<test[9d35eded1c95d3be]::run_test::{closure#1}, ()>::{closure#1} as core[df12db4294e9bfd3]::ops::function::FnOnce<()>>::call_once::{shim:vtable#0}
[INFO] [stdout]   22:     0x60f69a037f69 - <std[70759c8f55707aa4]::sys::thread::unix::Thread>::new::thread_start
[INFO] [stdout]   23:     0x7751c7e62dfa - <unknown>
[INFO] [stdout]   24:     0x7751c7ef63d4 - clone
[INFO] [stdout]   25:                0x0 - <unknown>
[INFO] [stdout] 
[INFO] [stdout] 
[INFO] [stdout] failures:
[INFO] [stdout]     test_build_order
[INFO] [stdout] 
[INFO] [stdout] test result: FAILED. 2 passed; 1 failed; 0 ignored; 0 measured; 0 filtered out; finished in 0.00s
[INFO] [stdout] 
[INFO] running `Command { std: "docker" "inspect" "03b769c5af0323c67e932ed1e446484d040a889483f18230fd6ee707768099e2", kill_on_drop: false }`
[INFO] running `Command { std: "docker" "rm" "-f" "03b769c5af0323c67e932ed1e446484d040a889483f18230fd6ee707768099e2", kill_on_drop: false }`
[INFO] [stdout] 03b769c5af0323c67e932ed1e446484d040a889483f18230fd6ee707768099e2
