[INFO] fetching crate rs2js_macro 0.2.3...
[INFO] testing rs2js_macro-0.2.3 against 1.100.0-beta.1+cargoflags=--release for beta-release-1.100-2
[INFO] extracting crate rs2js_macro 0.2.3 into /workspace/builds/worker-3-tc2/source
[INFO] started tweaking crates.io crate rs2js_macro 0.2.3
[INFO] finished tweaking crates.io crate rs2js_macro 0.2.3
[INFO] tweaked toml for crates.io crate rs2js_macro 0.2.3 written to /workspace/builds/worker-3-tc2/source/Cargo.toml
[INFO] validating manifest of crates.io crate rs2js_macro 0.2.3 on toolchain 1.100.0-beta.1
[INFO] running `Command { std: CARGO_HOME="/workspace/cargo-home" RUSTUP_HOME="/workspace/rustup-home" "/workspace/cargo-home/bin/cargo" "+1.100.0-beta.1" "metadata" "--manifest-path" "Cargo.toml" "--no-deps", kill_on_drop: false }`
[INFO] running `Command { std: CARGO_HOME="/workspace/cargo-home" RUSTUP_HOME="/workspace/rustup-home" "/workspace/cargo-home/bin/cargo" "+1.100.0-beta.1" "generate-lockfile" "--manifest-path" "Cargo.toml", kill_on_drop: false }`
[INFO] [stderr]     Updating crates.io index
[INFO] [stderr]      Locking 7 packages to highest compatible versions
[INFO] [stderr]       Adding syn v2.0.119 (available: v3.0.9)
[INFO] running `Command { std: CARGO_HOME="/workspace/cargo-home" RUSTUP_HOME="/workspace/rustup-home" "/workspace/cargo-home/bin/cargo" "+1.100.0-beta.1" "fetch" "--manifest-path" "Cargo.toml", kill_on_drop: false }`
[INFO] running `Command { std: "docker" "create" "-v" "/var/lib/crater-agent-workspace/builds/worker-3-tc2/source:/opt/rustwide/workdir:ro,Z" "-v" "/var/lib/crater-agent-workspace/builds/worker-3-tc2/target:/opt/rustwide/target:rw,Z" "-v" "/var/lib/crater-agent-workspace/cargo-home:/opt/rustwide/cargo-home:ro,Z" "-v" "/var/lib/crater-agent-workspace/rustup-home:/opt/rustwide/rustup-home:ro,Z" "-m" "1610612736" "--network" "none" "ghcr.io/rust-lang/crates-build-env/linux@sha256:77db811e55d90add9212f6832c23229e3de5f1c1f9905e8cb07319ea15df73ac" "sleep" "infinity", kill_on_drop: false }`
[INFO] [stdout] ffe6dc9f33b6eede111e1b9379846a96764ad6ebbc202515155930bbc710c4e7
[INFO] running `Command { std: "docker" "start" "ffe6dc9f33b6eede111e1b9379846a96764ad6ebbc202515155930bbc710c4e7", kill_on_drop: false }`
[INFO] running `Command { std: "docker" "inspect" "ffe6dc9f33b6eede111e1b9379846a96764ad6ebbc202515155930bbc710c4e7", kill_on_drop: false }`
[INFO] running `Command { std: "docker" "exec" "-e" "SOURCE_DIR=/opt/rustwide/workdir" "-e" "CARGO_HOME=/opt/rustwide/cargo-home" "-e" "RUSTUP_HOME=/opt/rustwide/rustup-home" "-e" "CARGO_TARGET_DIR=/opt/rustwide/target" "-w" "/opt/rustwide/workdir" "--user" "0:0" "ffe6dc9f33b6eede111e1b9379846a96764ad6ebbc202515155930bbc710c4e7" "/opt/rustwide/cargo-home/bin/cargo" "+1.100.0-beta.1" "metadata" "--no-deps" "--format-version=1", kill_on_drop: false }`
[INFO] running `Command { std: "docker" "inspect" "ffe6dc9f33b6eede111e1b9379846a96764ad6ebbc202515155930bbc710c4e7", kill_on_drop: false }`
[INFO] running `Command { std: "docker" "exec" "-e" "SOURCE_DIR=/opt/rustwide/workdir" "-e" "CARGO_HOME=/opt/rustwide/cargo-home" "-e" "RUSTUP_HOME=/opt/rustwide/rustup-home" "-e" "CARGO_TARGET_DIR=/opt/rustwide/target" "-e" "CARGO_INCREMENTAL=0" "-e" "RUST_BACKTRACE=full" "-e" "RUSTFLAGS=--cap-lints=warn" "-e" "RUSTDOCFLAGS=--cap-lints=warn" "-w" "/opt/rustwide/workdir" "--user" "0:0" "ffe6dc9f33b6eede111e1b9379846a96764ad6ebbc202515155930bbc710c4e7" "/opt/rustwide/cargo-home/bin/cargo" "+1.100.0-beta.1" "build" "--frozen" "--message-format=json" "--release", kill_on_drop: false }`
[INFO] [stderr]    Compiling unicode-ident v1.0.27
[INFO] [stderr]    Compiling diff v0.1.13
[INFO] [stderr]    Compiling yansi v1.0.1
[INFO] [stderr]    Compiling proc-macro2 v1.0.107
[INFO] [stderr]    Compiling pretty_assertions v1.4.1
[INFO] [stderr]    Compiling quote v1.0.47
[INFO] [stderr]    Compiling syn v2.0.119
[INFO] [stderr]    Compiling rs2js_macro v0.2.3 (/opt/rustwide/workdir)
[INFO] [stderr] warning: unused dependency `pretty_assertions`
[INFO] [stderr]  --> Cargo.toml:1:15
[INFO] [stderr]   |
[INFO] [stderr] 1 | [dependencies.pretty_assertions]
[INFO] [stderr]   |               ^^^^^^^^^^^^^^^^^^
[INFO] [stderr]   |
[INFO] [stderr]   = note: `cargo::unused_dependencies` is set to `warn` by default
[INFO] [stderr] help: consider removing the dependency on `pretty_assertions`
[INFO] [stderr] warning: `rs2js_macro` (manifest) generated 1 warning
[INFO] [stderr]     Finished `release` profile [optimized] target(s) in 4.40s
[INFO] running `Command { std: "docker" "inspect" "ffe6dc9f33b6eede111e1b9379846a96764ad6ebbc202515155930bbc710c4e7", kill_on_drop: false }`
[INFO] running `Command { std: "docker" "exec" "-e" "SOURCE_DIR=/opt/rustwide/workdir" "-e" "CARGO_HOME=/opt/rustwide/cargo-home" "-e" "RUSTUP_HOME=/opt/rustwide/rustup-home" "-e" "CARGO_TARGET_DIR=/opt/rustwide/target" "-e" "CARGO_INCREMENTAL=0" "-e" "RUST_BACKTRACE=full" "-e" "RUSTFLAGS=--cap-lints=warn" "-e" "RUSTDOCFLAGS=--cap-lints=warn" "-w" "/opt/rustwide/workdir" "--user" "0:0" "ffe6dc9f33b6eede111e1b9379846a96764ad6ebbc202515155930bbc710c4e7" "/opt/rustwide/cargo-home/bin/cargo" "+1.100.0-beta.1" "test" "--frozen" "--no-run" "--message-format=json" "--release", kill_on_drop: false }`
[INFO] [stderr]    Compiling rs2js_macro v0.2.3 (/opt/rustwide/workdir)
[INFO] [stderr] warning: unused dependency `pretty_assertions`
[INFO] [stderr]  --> Cargo.toml:1:15
[INFO] [stderr]   |
[INFO] [stderr] 1 | [dependencies.pretty_assertions]
[INFO] [stderr]   |               ^^^^^^^^^^^^^^^^^^
[INFO] [stderr]   |
[INFO] [stderr]   = note: `cargo::unused_dependencies` is set to `warn` by default
[INFO] [stderr] help: consider removing the dependency on `pretty_assertions`
[INFO] [stderr] help: to still use for development builds, move to `dev-dependencies`
[INFO] [stderr] warning: `rs2js_macro` (manifest) generated 1 warning
[INFO] [stderr]     Finished `release` profile [optimized] target(s) in 1.44s
[INFO] running `Command { std: "docker" "inspect" "ffe6dc9f33b6eede111e1b9379846a96764ad6ebbc202515155930bbc710c4e7", kill_on_drop: false }`
[INFO] running `Command { std: "docker" "exec" "-e" "SOURCE_DIR=/opt/rustwide/workdir" "-e" "CARGO_HOME=/opt/rustwide/cargo-home" "-e" "RUSTUP_HOME=/opt/rustwide/rustup-home" "-e" "CARGO_TARGET_DIR=/opt/rustwide/target" "-e" "CARGO_INCREMENTAL=0" "-e" "RUST_BACKTRACE=full" "-e" "RUSTFLAGS=--cap-lints=warn" "-e" "RUSTDOCFLAGS=--cap-lints=warn" "-w" "/opt/rustwide/workdir" "--user" "0:0" "ffe6dc9f33b6eede111e1b9379846a96764ad6ebbc202515155930bbc710c4e7" "/opt/rustwide/cargo-home/bin/cargo" "+1.100.0-beta.1" "test" "--frozen" "--release", kill_on_drop: false }`
[INFO] [stderr] warning: unused dependency `pretty_assertions`
[INFO] [stderr]  --> Cargo.toml:1:15
[INFO] [stderr]   |
[INFO] [stderr] 1 | [dependencies.pretty_assertions]
[INFO] [stderr]   |               ^^^^^^^^^^^^^^^^^^
[INFO] [stderr]   |
[INFO] [stderr]   = note: `cargo::unused_dependencies` is set to `warn` by default
[INFO] [stderr] help: consider removing the dependency on `pretty_assertions`
[INFO] [stderr] help: to still use for development builds, move to `dev-dependencies`
[INFO] [stderr] warning: `rs2js_macro` (manifest) generated 1 warning
[INFO] [stderr]     Finished `release` profile [optimized] target(s) in 0.05s
[INFO] [stderr]      Running unittests src/lib.rs (/opt/rustwide/target/release/build/rs2js_macro/cf6d65cde5da8da8/out/rs2js_macro-cf6d65cde5da8da8)
[INFO] [stdout] 
[INFO] [stdout] running 1 test
[INFO] [stderr] error: test failed, to rerun pass `--lib`
[INFO] [stdout] test test_struct ... FAILED
[INFO] [stdout] 
[INFO] [stdout] failures:
[INFO] [stdout] 
[INFO] [stdout] ---- test_struct stdout ----
[INFO] [stdout] 
[INFO] [stdout] thread 'test_struct' (270) panicked at src/lib.rs:133:5:
[INFO] [stdout] assertion failed: `(left == right)`
[INFO] [stdout] 
[INFO] [stdout] [1mDiff[0m [31m< left[0m / [32mright >[0m :
[INFO] [stdout] [31m<impl rs2js :: Rs2JsObj for Test { fn to_js (& self) -> rs2js :: wasm_bindgen :: JsValue { use rs2js :: ObjectExt ; [0m[1;48;5;52;31muse rs2js :: wasm_bindgen :: JsCast ; [0m[31mlet mut res = rs2js :: js_sys :: Object :: new () ; res . unchecked_ref :: < rs2js :: ObjectExt > () . set ("my_string_field" . into () , [0m[1;48;5;52;31mrs2js :: serde_wasm_bindgen :: to_value [0m[31m(& self . my_string_field) . [0m[1;48;5;52;31mu[0m[31mn[0m[1;48;5;52;31mwrap[0m[31m ()) ; res . into () } fn from_js (js : rs2js :: wasm_bindgen :: JsValue) -> rs2js :: anyhow :: Result < Self > { use rs2js :: anyhow :: Context ; use rs2js :: ObjectExt ; [0m[1;48;5;52;31muse rs2js :: wasm_b[0m[31mi[0m[1;48;5;52;31mndgen :: JsCast ; i[0m[31mf ! js . is_object () { rs2js :: anyhow :: bail ! ("JsValue is not an object") ; } let mut my_string_field : Option < String > = None ; let entries = rs2js :: js_sys :: Object :: entries (js . unchecked_ref ()) ; for pair in entries . iter () { let pair = pair . unchecked_into :: < rs2js :: js_sys :: Array > () ; let key : rs2js :: js_sys :: JsString = pair . get (0) . try_into () ? ; let value = pair . get (1) ; if key == "my_string_field" { my_string_field = Some ([0m[1;48;5;52;31mmatch rs2js :: serde_wasm_bindgen :: from_[0m[31mvalue [0m[1;48;5;52;31m(value)[0m[31m [0m[1;48;5;52;31m{ Ok (val) => val , Err (err) => rs2js :: anyhow :: ba[0m[31mi[0m[1;48;5;52;31ml ! ("Failed [0m[31mto [0m[1;48;5;52;31mdeserialize value for field {}: {:?}" , "my_string_field" , err[0m[31m)[0m[1;48;5;52;31m }[0m[31m) ; continue ; } } Ok (Self { my_string_field : my_string_field . context ("Missing field my_string_field") ? , }) } }[0m
[INFO] [stdout] [32m>impl rs2js :: Rs2JsObj for Test { fn to_js (& self) -> rs2js :: wasm_bindgen :: JsValue { use rs2js :: ObjectExt ; let mut res = rs2js :: js_sys :: Object :: new () ; res . unchecked_ref :: < rs2js :: ObjectExt > () . set ("my_string_field" . into () , (& self . my_string_field) . [0m[1;48;5;22;32mi[0m[32mn[0m[1;48;5;22;32mto[0m[32m ()) ; res . into () } fn from_js (js : rs2js :: wasm_bindgen :: JsValue) -> rs2js :: anyhow :: Result < Self > { use rs2js :: anyhow :: Context ; use rs2js :: ObjectExt ; if ! js . is_object () { rs2js :: anyhow :: bail ! ("JsValue is not an object") ; } let mut my_string_field : Option < String > = None ; let entries = rs2js :: js_sys :: Object :: entries (js . unchecked_ref ()) ; for pair in entries . iter () { let pair = pair . unchecked_into :: < rs2js :: js_sys :: Array > () ; let key : rs2js :: js_sys :: JsString = pair . get (0) . try_into () ? ; let value = pair . get (1) ; if key == "my_string_field" { my_string_field = Some (value [0m[1;48;5;22;32m.[0m[32m i[0m[1;48;5;22;32mn[0m[32mto [0m[1;48;5;22;32m([0m[32m)) ; continue ; } } Ok (Self { my_string_field : my_string_field . context ("Missing field my_string_field") ? , }) } }[0m
[INFO] [stdout] 
[INFO] [stdout] 
[INFO] [stdout] stack backtrace:
[INFO] [stdout]    0:     0x7ff0f51d78c1 - std[617be2ca0a6fd877]::backtrace_rs::backtrace::libunwind::trace
[INFO] [stdout]                                at /rustc/e3feeb59cd1bdd011a2bfcc0747b55125d9b8527/library/std/src/../../backtrace/src/backtrace/libunwind.rs:117:9
[INFO] [stdout]    1:     0x7ff0f51d78c1 - std[617be2ca0a6fd877]::backtrace_rs::backtrace::trace_unsynchronized::<std[617be2ca0a6fd877]::sys::backtrace::_print_fmt::{closure#1}>
[INFO] [stdout]                                at /rustc/e3feeb59cd1bdd011a2bfcc0747b55125d9b8527/library/std/src/../../backtrace/src/backtrace/mod.rs:66:14
[INFO] [stdout]    2:     0x7ff0f51d78c1 - std[617be2ca0a6fd877]::sys::backtrace::_print_fmt
[INFO] [stdout]                                at /rustc/e3feeb59cd1bdd011a2bfcc0747b55125d9b8527/library/std/src/sys/backtrace.rs:74:9
[INFO] [stdout]    3:     0x7ff0f51d78c1 - <<std[617be2ca0a6fd877]::sys::backtrace::BacktraceLock>::print::DisplayBacktrace as core[a373ad73a504971]::fmt::Display>::fmt
[INFO] [stdout]                                at /rustc/e3feeb59cd1bdd011a2bfcc0747b55125d9b8527/library/std/src/sys/backtrace.rs:44:26
[INFO] [stdout]    4:     0x7ff0f521e44a - <core[a373ad73a504971]::fmt::rt::Argument>::fmt
[INFO] [stdout]                                at /rustc/e3feeb59cd1bdd011a2bfcc0747b55125d9b8527/library/core/src/fmt/rt.rs:152:76
[INFO] [stdout]    5:     0x7ff0f521e44a - core[a373ad73a504971]::fmt::write
[INFO] [stdout]    6:     0x7ff0f51e850c - core[a373ad73a504971]::io::write::default_write_fmt::<alloc[2e1b2a31b91974c5]::vec::Vec<u8>>
[INFO] [stdout]                                at /rustc/e3feeb59cd1bdd011a2bfcc0747b55125d9b8527/library/core/src/io/write.rs:402:11
[INFO] [stdout]    7:     0x7ff0f51e850c - <alloc[2e1b2a31b91974c5]::vec::Vec<u8> as core[a373ad73a504971]::io::write::Write>::write_fmt
[INFO] [stdout]                                at /rustc/e3feeb59cd1bdd011a2bfcc0747b55125d9b8527/library/core/src/io/write.rs:335:13
[INFO] [stdout]    8:     0x7ff0f51a0e26 - <std[617be2ca0a6fd877]::sys::backtrace::BacktraceLock>::print
[INFO] [stdout]                                at /rustc/e3feeb59cd1bdd011a2bfcc0747b55125d9b8527/library/std/src/sys/backtrace.rs:47:9
[INFO] [stdout]    9:     0x7ff0f51a0e26 - std[617be2ca0a6fd877]::panicking::default_hook::{closure#0}
[INFO] [stdout]                                at /rustc/e3feeb59cd1bdd011a2bfcc0747b55125d9b8527/library/std/src/panicking.rs:289:27
[INFO] [stdout]   10:     0x7ff0f51c8869 - std[617be2ca0a6fd877]::panicking::default_hook
[INFO] [stdout]                                at /rustc/e3feeb59cd1bdd011a2bfcc0747b55125d9b8527/library/std/src/panicking.rs:313:9
[INFO] [stdout]   11:     0x61166da88aa0 - test[aada8e7e76ba119b]::test_main_inner::{closure#0}
[INFO] [stdout]   12:     0x7ff0f51c8b92 - <alloc[2e1b2a31b91974c5]::boxed::Box<dyn for<'a, 'b> core[a373ad73a504971]::ops::function::Fn<(&'a std[617be2ca0a6fd877]::panic::PanicHookInfo<'b>,), Output = ()> + core[a373ad73a504971]::marker::Sync + core[a373ad73a504971]::marker::Send> as core[a373ad73a504971]::ops::function::Fn<(&std[617be2ca0a6fd877]::panic::PanicHookInfo,)>>::call
[INFO] [stdout]                                at /rustc/e3feeb59cd1bdd011a2bfcc0747b55125d9b8527/library/alloc/src/boxed.rs:2328:9
[INFO] [stdout]   13:     0x7ff0f51c8b92 - std[617be2ca0a6fd877]::panicking::panic_with_hook
[INFO] [stdout]                                at /rustc/e3feeb59cd1bdd011a2bfcc0747b55125d9b8527/library/std/src/panicking.rs:819:13
[INFO] [stdout]   14:     0x7ff0f51a0ed2 - std[617be2ca0a6fd877]::panicking::panic_handler::{closure#0}
[INFO] [stdout]                                at /rustc/e3feeb59cd1bdd011a2bfcc0747b55125d9b8527/library/std/src/panicking.rs:685:13
[INFO] [stdout]   15:     0x7ff0f5198499 - std[617be2ca0a6fd877]::sys::backtrace::__rust_end_short_backtrace::<std[617be2ca0a6fd877]::panicking::panic_handler::{closure#0}, !>
[INFO] [stdout]                                at /rustc/e3feeb59cd1bdd011a2bfcc0747b55125d9b8527/library/std/src/sys/backtrace.rs:182:18
[INFO] [stdout]   16:     0x7ff0f51a29bd - __rustc[ea4f61d10b84890b]::rust_begin_unwind
[INFO] [stdout]                                at /rustc/e3feeb59cd1bdd011a2bfcc0747b55125d9b8527/library/std/src/panicking.rs:676:5
[INFO] [stdout]   17:     0x7ff0f521eedc - core[a373ad73a504971]::panicking::panic_fmt
[INFO] [stdout]                                at /rustc/e3feeb59cd1bdd011a2bfcc0747b55125d9b8527/library/core/src/panicking.rs:80:14
[INFO] [stdout]   18:     0x61166da63956 - <rs2js_macro[607db13c84cbee71]::test_struct::{closure#0} as core[a373ad73a504971]::ops::function::FnOnce<()>>::call_once
[INFO] [stdout]   19:     0x61166da7beeb - test[aada8e7e76ba119b]::__rust_begin_short_backtrace::<core[a373ad73a504971]::result::Result<(), alloc[2e1b2a31b91974c5]::string::String>, fn() -> core[a373ad73a504971]::result::Result<(), alloc[2e1b2a31b91974c5]::string::String>>
[INFO] [stdout]   20:     0x61166da890c5 - test[aada8e7e76ba119b]::run_test::{closure#0}
[INFO] [stdout]   21:     0x61166da829b4 - std[617be2ca0a6fd877]::sys::backtrace::__rust_begin_short_backtrace::<test[aada8e7e76ba119b]::run_test::{closure#1}, ()>
[INFO] [stdout]   22:     0x61166da8c152 - <std[617be2ca0a6fd877]::thread::lifecycle::spawn_unchecked<test[aada8e7e76ba119b]::run_test::{closure#1}, ()>::{closure#1} as core[a373ad73a504971]::ops::function::FnOnce<()>>::call_once::{shim:vtable#0}
[INFO] [stdout]   23:     0x7ff0f51d3dff - <alloc[2e1b2a31b91974c5]::boxed::Box<dyn core[a373ad73a504971]::ops::function::FnOnce<(), Output = ()> + core[a373ad73a504971]::marker::Send> as core[a373ad73a504971]::ops::function::FnOnce<()>>::call_once
[INFO] [stdout]                                at /rustc/e3feeb59cd1bdd011a2bfcc0747b55125d9b8527/library/alloc/src/boxed.rs:2314:9
[INFO] [stdout]   24:     0x7ff0f51d3dff - <std[617be2ca0a6fd877]::sys::thread::unix::Thread>::new::thread_start
[INFO] [stdout]                                at /rustc/e3feeb59cd1bdd011a2bfcc0747b55125d9b8527/library/std/src/sys/thread/unix.rs:127:17
[INFO] [stdout]   25:     0x7ff0f4f30dfa - <unknown>
[INFO] [stdout]   26:     0x7ff0f4fc43d4 - clone
[INFO] [stdout]   27:                0x0 - <unknown>
[INFO] [stdout] 
[INFO] [stdout] 
[INFO] [stdout] failures:
[INFO] [stdout]     test_struct
[INFO] [stdout] 
[INFO] [stdout] test result: FAILED. 0 passed; 1 failed; 0 ignored; 0 measured; 0 filtered out; finished in 0.14s
[INFO] [stdout] 
[INFO] running `Command { std: "docker" "inspect" "ffe6dc9f33b6eede111e1b9379846a96764ad6ebbc202515155930bbc710c4e7", kill_on_drop: false }`
[INFO] running `Command { std: "docker" "rm" "-f" "ffe6dc9f33b6eede111e1b9379846a96764ad6ebbc202515155930bbc710c4e7", kill_on_drop: false }`
[INFO] [stdout] ffe6dc9f33b6eede111e1b9379846a96764ad6ebbc202515155930bbc710c4e7
