[INFO] fetching crate rs-voice-toolkit-tts 0.16.1...
[INFO] testing rs-voice-toolkit-tts-0.16.1 against 1.99.0-beta.8+cargoflags=--release for beta-release-1.100-2
[INFO] extracting crate rs-voice-toolkit-tts 0.16.1 into /workspace/builds/worker-2-tc1/source
[INFO] started tweaking crates.io crate rs-voice-toolkit-tts 0.16.1
[INFO] removed 0 missing examples
[INFO] finished tweaking crates.io crate rs-voice-toolkit-tts 0.16.1
[INFO] tweaked toml for crates.io crate rs-voice-toolkit-tts 0.16.1 written to /workspace/builds/worker-2-tc1/source/Cargo.toml
[INFO] validating manifest of crates.io crate rs-voice-toolkit-tts 0.16.1 on toolchain 1.99.0-beta.8
[INFO] running `Command { std: CARGO_HOME="/workspace/cargo-home" RUSTUP_HOME="/workspace/rustup-home" "/workspace/cargo-home/bin/cargo" "+1.99.0-beta.8" "metadata" "--manifest-path" "Cargo.toml" "--no-deps", kill_on_drop: false }`
[INFO] crate crates.io crate rs-voice-toolkit-tts 0.16.1 already has a lockfile, it will not be regenerated
[INFO] running `Command { std: CARGO_HOME="/workspace/cargo-home" RUSTUP_HOME="/workspace/rustup-home" "/workspace/cargo-home/bin/cargo" "+1.99.0-beta.8" "fetch" "--manifest-path" "Cargo.toml", kill_on_drop: false }`
[INFO] [stderr]  Downloading crates ...
[INFO] [stderr]   Downloaded which v8.0.4
[INFO] running `Command { std: "docker" "create" "-v" "/var/lib/crater-agent-workspace/builds/worker-2-tc1/source:/opt/rustwide/workdir:ro,Z" "-v" "/var/lib/crater-agent-workspace/builds/worker-2-tc1/target:/opt/rustwide/target:rw,Z" "-v" "/var/lib/crater-agent-workspace/cargo-home:/opt/rustwide/cargo-home:ro,Z" "-v" "/var/lib/crater-agent-workspace/rustup-home:/opt/rustwide/rustup-home:ro,Z" "-m" "1610612736" "--network" "none" "ghcr.io/rust-lang/crates-build-env/linux@sha256:77db811e55d90add9212f6832c23229e3de5f1c1f9905e8cb07319ea15df73ac" "sleep" "infinity", kill_on_drop: false }`
[INFO] [stdout] 079ba3ab787de370086231a66d801294059b6e371c3d78e8942019a0d154c432
[INFO] running `Command { std: "docker" "start" "079ba3ab787de370086231a66d801294059b6e371c3d78e8942019a0d154c432", kill_on_drop: false }`
[INFO] running `Command { std: "docker" "inspect" "079ba3ab787de370086231a66d801294059b6e371c3d78e8942019a0d154c432", kill_on_drop: false }`
[INFO] running `Command { std: "docker" "exec" "-e" "SOURCE_DIR=/opt/rustwide/workdir" "-e" "CARGO_HOME=/opt/rustwide/cargo-home" "-e" "RUSTUP_HOME=/opt/rustwide/rustup-home" "-e" "CARGO_TARGET_DIR=/opt/rustwide/target" "-w" "/opt/rustwide/workdir" "--user" "0:0" "079ba3ab787de370086231a66d801294059b6e371c3d78e8942019a0d154c432" "/opt/rustwide/cargo-home/bin/cargo" "+1.99.0-beta.8" "metadata" "--no-deps" "--format-version=1", kill_on_drop: false }`
[INFO] running `Command { std: "docker" "inspect" "079ba3ab787de370086231a66d801294059b6e371c3d78e8942019a0d154c432", kill_on_drop: false }`
[INFO] running `Command { std: "docker" "exec" "-e" "SOURCE_DIR=/opt/rustwide/workdir" "-e" "CARGO_HOME=/opt/rustwide/cargo-home" "-e" "RUSTUP_HOME=/opt/rustwide/rustup-home" "-e" "CARGO_TARGET_DIR=/opt/rustwide/target" "-e" "CARGO_INCREMENTAL=0" "-e" "RUST_BACKTRACE=full" "-e" "RUSTFLAGS=--cap-lints=warn" "-e" "RUSTDOCFLAGS=--cap-lints=warn" "-w" "/opt/rustwide/workdir" "--user" "0:0" "079ba3ab787de370086231a66d801294059b6e371c3d78e8942019a0d154c432" "/opt/rustwide/cargo-home/bin/cargo" "+1.99.0-beta.8" "build" "--frozen" "--message-format=json" "--release", kill_on_drop: false }`
[INFO] [stderr]    Compiling syn v2.0.118
[INFO] [stderr]    Compiling parking_lot_core v0.9.12
[INFO] [stderr]    Compiling which v8.0.4
[INFO] [stderr]    Compiling parking_lot v0.12.5
[INFO] [stderr]    Compiling thiserror-impl v2.0.18
[INFO] [stderr]    Compiling tokio-macros v2.7.0
[INFO] [stderr]    Compiling serde_derive v1.0.228
[INFO] [stderr]    Compiling async-trait v0.1.89
[INFO] [stderr]    Compiling tokio v1.52.3
[INFO] [stderr]    Compiling thiserror v2.0.18
[INFO] [stderr]    Compiling serde v1.0.228
[INFO] [stderr]    Compiling rs-voice-toolkit-tts v0.16.1 (/opt/rustwide/workdir)
[INFO] [stderr]     Finished `release` profile [optimized] target(s) in 15.77s
[INFO] running `Command { std: "docker" "inspect" "079ba3ab787de370086231a66d801294059b6e371c3d78e8942019a0d154c432", kill_on_drop: false }`
[INFO] running `Command { std: "docker" "exec" "-e" "SOURCE_DIR=/opt/rustwide/workdir" "-e" "CARGO_HOME=/opt/rustwide/cargo-home" "-e" "RUSTUP_HOME=/opt/rustwide/rustup-home" "-e" "CARGO_TARGET_DIR=/opt/rustwide/target" "-e" "CARGO_INCREMENTAL=0" "-e" "RUST_BACKTRACE=full" "-e" "RUSTFLAGS=--cap-lints=warn" "-e" "RUSTDOCFLAGS=--cap-lints=warn" "-w" "/opt/rustwide/workdir" "--user" "0:0" "079ba3ab787de370086231a66d801294059b6e371c3d78e8942019a0d154c432" "/opt/rustwide/cargo-home/bin/cargo" "+1.99.0-beta.8" "test" "--frozen" "--no-run" "--message-format=json" "--release", kill_on_drop: false }`
[INFO] [stderr]    Compiling rs-voice-toolkit-tts v0.16.1 (/opt/rustwide/workdir)
[INFO] [stderr]     Finished `release` profile [optimized] target(s) in 1.16s
[INFO] running `Command { std: "docker" "inspect" "079ba3ab787de370086231a66d801294059b6e371c3d78e8942019a0d154c432", kill_on_drop: false }`
[INFO] running `Command { std: "docker" "exec" "-e" "SOURCE_DIR=/opt/rustwide/workdir" "-e" "CARGO_HOME=/opt/rustwide/cargo-home" "-e" "RUSTUP_HOME=/opt/rustwide/rustup-home" "-e" "CARGO_TARGET_DIR=/opt/rustwide/target" "-e" "CARGO_INCREMENTAL=0" "-e" "RUST_BACKTRACE=full" "-e" "RUSTFLAGS=--cap-lints=warn" "-e" "RUSTDOCFLAGS=--cap-lints=warn" "-w" "/opt/rustwide/workdir" "--user" "0:0" "079ba3ab787de370086231a66d801294059b6e371c3d78e8942019a0d154c432" "/opt/rustwide/cargo-home/bin/cargo" "+1.99.0-beta.8" "test" "--frozen" "--release", kill_on_drop: false }`
[INFO] [stderr]     Finished `release` profile [optimized] target(s) in 0.03s
[INFO] [stderr]      Running unittests src/lib.rs (/opt/rustwide/target/release/deps/rs_voice_toolkit_tts-c94dc80904a9cf39)
[INFO] [stdout] 
[INFO] [stdout] running 1 test
[INFO] [stdout] test tests::test_tts_service_creation ... ok
[INFO] [stdout] 
[INFO] [stdout] test result: ok. 1 passed; 0 failed; 0 ignored; 0 measured; 0 filtered out; finished in 0.00s
[INFO] [stdout] 
[INFO] [stderr]    Doc-tests rs_voice_toolkit_tts
[INFO] [stdout] 
[INFO] [stdout] running 28 tests
[INFO] [stdout] test src/lib.rs - (line 170) ... FAILED
[INFO] [stdout] test src/lib.rs - IndexTtsEngine (line 921) ... FAILED
[INFO] [stdout] test src/lib.rs - TtsEngine::engine_type (line 879) ... FAILED
[INFO] [stdout] test src/lib.rs - TtsConfig::language (line 406) ... ok
[INFO] [stdout] test src/lib.rs - TtsEngine (line 630) ... ok
[INFO] [stdout] test src/lib.rs - TtsConfig (line 317) ... ok
[INFO] [stdout] test src/lib.rs - IndexTtsEngine (line 947) ... ok
[INFO] [stdout] test src/lib.rs - TtsConfig::speaker (line 427) ... ok
[INFO] [stdout] test src/lib.rs - TtsConfig (line 336) ... ok
[INFO] [stdout] test src/lib.rs - TtsConfig::pitch (line 496) ... ok
[INFO] [stdout] test src/lib.rs - TtsConfig::sample_rate (line 449) ... ok
[INFO] [stdout] test src/lib.rs - TtsConfig::executable_path (line 382) ... ok
[INFO] [stdout] test src/lib.rs - TtsConfig::speed (line 473) ... ok
[INFO] [stdout] test src/lib.rs - TtsEngine::synthesize (line 697) ... ok
[INFO] [stdout] test src/lib.rs - TtsError (line 225) ... FAILED
[INFO] [stdout] test src/lib.rs - TtsEngine::synthesize_to_file (line 748) ... ok
[INFO] [stdout] test src/lib.rs - TtsEngine::supported_languages (line 838) ... FAILED
[INFO] [stdout] test src/lib.rs - TtsEngine::is_available (line 798) ... ok
[INFO] [stdout] test src/lib.rs - (line 59) ... FAILED
[INFO] [stdout] test src/lib.rs - (line 91) ... ok
[INFO] [stdout] test src/lib.rs - TtsEngineType (line 546) ... ok
[INFO] [stdout] test src/lib.rs - TtsError::AudioGenerationError (line 272) ... ok
[INFO] [stdout] test src/lib.rs - (line 31) ... ok
[INFO] [stdout] test src/lib.rs - TtsError::ConfigError (line 254) ... ok
[INFO] [stdout] test src/lib.rs - TtsService (line 1191) ... ok
[INFO] [stdout] test src/lib.rs - TtsError::EngineExecutionError (line 290) ... ok
[INFO] [stdout] test src/lib.rs - TtsService (line 1216) ... ok
[INFO] [stdout] test src/lib.rs - TtsService (line 1160) ... ok
[INFO] [stderr] error: doctest failed, to rerun pass `--doc`
[INFO] [stdout] 
[INFO] [stdout] failures:
[INFO] [stdout] 
[INFO] [stdout] ---- src/lib.rs - (line 170) stdout ----
[INFO] [stdout] error[E0728]: `await` is only allowed inside `async` functions and blocks
[INFO] [stdout]    --> src/lib.rs:176:38
[INFO] [stdout]     |
[INFO] [stdout] 171 | fn main() { #[allow(non_snake_case)] fn _doctest_main_src_lib_rs_170_0() {
[INFO] [stdout]     |                                      ----------------------------------- this is not `async`
[INFO] [stdout] ...
[INFO] [stdout] 176 | match service.text_to_speech("测试文本").await {
[INFO] [stdout]     |                                          ^^^^^ only allowed inside `async` functions and blocks
[INFO] [stdout] 
[INFO] [stdout] error: aborting due to 1 previous error
[INFO] [stdout] 
[INFO] [stdout] For more information about this error, try `rustc --explain E0728`.
[INFO] [stdout] Couldn't compile the test.
[INFO] [stdout] ---- src/lib.rs - IndexTtsEngine (line 921) stdout ----
[INFO] [stdout] error[E0599]: no method named `synthesize` found for struct `IndexTtsEngine` in the current scope
[INFO] [stdout]     --> src/lib.rs:939:29
[INFO] [stdout]      |
[INFO] [stdout]  939 |     let audio_data = engine.synthesize(text).await?;
[INFO] [stdout]      |                             ^^^^^^^^^^
[INFO] [stdout]      |
[INFO] [stdout]     ::: src/lib.rs:723:14
[INFO] [stdout]      |
[INFO] [stdout]  723 |     async fn synthesize(&self, text: &str) -> Result<Vec<u8>, TtsError>;
[INFO] [stdout]      |              ---------- the method is available for `IndexTtsEngine` here
[INFO] [stdout]      |
[INFO] [stdout]      = help: items from traits can only be used if the trait is in scope
[INFO] [stdout] help: there is a method `synthesize_to_file` with a similar name, but with different arguments
[INFO] [stdout]     --> src/lib.rs:1082:5
[INFO] [stdout]      |
[INFO] [stdout] 1082 | /     pub async fn synthesize_to_file<P: AsRef<Path>>(
[INFO] [stdout] 1083 | |         &self,
[INFO] [stdout] 1084 | |         text: &str,
[INFO] [stdout] 1085 | |         output_path: P,
[INFO] [stdout] 1086 | |     ) -> Result<(), TtsError> {
[INFO] [stdout]      | |_____________________________^
[INFO] [stdout] help: trait `TtsEngine` which provides `synthesize` is implemented but not in scope; perhaps you want to import it
[INFO] [stdout]      |
[INFO] [stdout]  921 + use crate::rs_voice_toolkit_tts::TtsEngine;
[INFO] [stdout]      |
[INFO] [stdout] 
[INFO] [stdout] warning: method call on a diverging inference variable
[INFO] [stdout]    --> src/lib.rs:940:44
[INFO] [stdout]     |
[INFO] [stdout] 940 |     println!("生成音频数据大小: {} 字节", audio_data.len());
[INFO] [stdout]     |                                                      ^^^
[INFO] [stdout]     |
[INFO] [stdout]     = help: consider providing a type annotation
[INFO] [stdout]     = warning: this was previously accepted by the compiler but is being phased out; it will become a hard error in a future release!
[INFO] [stdout]     = note: for more information, see issue #156047 <https://github.com/rust-lang/rust/issues/156047>
[INFO] [stdout]     = note: `#[warn(method_call_on_diverging_infer_var)]` (part of `#[warn(future_incompatible)]`) on by default
[INFO] [stdout] 
[INFO] [stdout] error[E0599]: no method named `len` found for type `!` in the current scope
[INFO] [stdout]    --> src/lib.rs:940:44
[INFO] [stdout]     |
[INFO] [stdout] 940 |     println!("生成音频数据大小: {} 字节", audio_data.len());
[INFO] [stdout]     |                                                      ^^^
[INFO] [stdout]     |
[INFO] [stdout] help: there is a method `le` with a similar name, but with different arguments
[INFO] [stdout]    --> /rustc/dfb0accb7f508ae8be965d8629557221c889dd98/library/core/src/cmp.rs:1440:4
[INFO] [stdout] 
[INFO] [stdout] error: aborting due to 2 previous errors; 1 warning emitted
[INFO] [stdout] 
[INFO] [stdout] For more information about this error, try `rustc --explain E0599`.
[INFO] [stdout] Couldn't compile the test.
[INFO] [stdout] ---- src/lib.rs - TtsEngine::engine_type (line 879) stdout ----
[INFO] [stdout] error[E0425]: cannot find type `TtsError` in this scope
[INFO] [stdout]    --> src/lib.rs:891:56
[INFO] [stdout]     |
[INFO] [stdout] 891 | async fn synthesize(&self, _: &str) -> Result<Vec<u8>, TtsError> { Ok(vec![]) }
[INFO] [stdout]     |                                                        ^^^^^^^^ not found in this scope
[INFO] [stdout]     |
[INFO] [stdout] help: you might be missing a type parameter
[INFO] [stdout]     |
[INFO] [stdout] 885 | impl<TtsError> TtsEngine for MockEngine {
[INFO] [stdout]     |     ++++++++++
[INFO] [stdout] 
[INFO] [stdout] error[E0425]: cannot find type `TtsError` in this scope
[INFO] [stdout]    --> src/lib.rs:892:80
[INFO] [stdout]     |
[INFO] [stdout] 892 | async fn synthesize_to_file(&self, _: &str, _: &std::path::Path) -> Result<(), TtsError> { Ok(()) }
[INFO] [stdout]     |                                                                                ^^^^^^^^ not found in this scope
[INFO] [stdout]     |
[INFO] [stdout] help: you might be missing a type parameter
[INFO] [stdout]     |
[INFO] [stdout] 885 | impl<TtsError> TtsEngine for MockEngine {
[INFO] [stdout]     |     ++++++++++
[INFO] [stdout] 
[INFO] [stdout] error: aborting due to 2 previous errors
[INFO] [stdout] 
[INFO] [stdout] For more information about this error, try `rustc --explain E0425`.
[INFO] [stdout] Couldn't compile the test.
[INFO] [stdout] ---- src/lib.rs - TtsError (line 225) stdout ----
[INFO] [stdout] error[E0425]: cannot find function `some_tts_operation` in this scope
[INFO] [stdout]    --> src/lib.rs:229:7
[INFO] [stdout]     |
[INFO] [stdout] 229 | match some_tts_operation() {
[INFO] [stdout]     |       ^^^^^^^^^^^^^^^^^^ not found in this scope
[INFO] [stdout] 
[INFO] [stdout] error: aborting due to 1 previous error
[INFO] [stdout] 
[INFO] [stdout] For more information about this error, try `rustc --explain E0425`.
[INFO] [stdout] Couldn't compile the test.
[INFO] [stdout] ---- src/lib.rs - TtsEngine::supported_languages (line 838) stdout ----
[INFO] [stdout] error[E0425]: cannot find type `TtsError` in this scope
[INFO] [stdout]    --> src/lib.rs:854:56
[INFO] [stdout]     |
[INFO] [stdout] 854 | async fn synthesize(&self, _: &str) -> Result<Vec<u8>, TtsError> { Ok(vec![]) }
[INFO] [stdout]     |                                                        ^^^^^^^^ not found in this scope
[INFO] [stdout]     |
[INFO] [stdout] help: you might be missing a type parameter
[INFO] [stdout]     |
[INFO] [stdout] 844 | impl<TtsError> TtsEngine for MockEngine {
[INFO] [stdout]     |     ++++++++++
[INFO] [stdout] 
[INFO] [stdout] error[E0425]: cannot find type `TtsError` in this scope
[INFO] [stdout]    --> src/lib.rs:855:80
[INFO] [stdout]     |
[INFO] [stdout] 855 | async fn synthesize_to_file(&self, _: &str, _: &std::path::Path) -> Result<(), TtsError> { Ok(()) }
[INFO] [stdout]     |                                                                                ^^^^^^^^ not found in this scope
[INFO] [stdout]     |
[INFO] [stdout] help: you might be missing a type parameter
[INFO] [stdout]     |
[INFO] [stdout] 844 | impl<TtsError> TtsEngine for MockEngine {
[INFO] [stdout]     |     ++++++++++
[INFO] [stdout] 
[INFO] [stdout] error: aborting due to 2 previous errors
[INFO] [stdout] 
[INFO] [stdout] For more information about this error, try `rustc --explain E0425`.
[INFO] [stdout] Couldn't compile the test.
[INFO] [stdout] ---- src/lib.rs - (line 59) stdout ----
[INFO] [stdout] Test executable failed (exit status: 1).
[INFO] [stdout] 
[INFO] [stdout] stderr:
[INFO] [stdout] Error: ConfigError("找不到 index-tts 可执行文件，请设置 PATH 或配置 executable_path")
[INFO] [stdout] 
[INFO] [stdout] 
[INFO] [stdout] 
[INFO] [stdout] failures:
[INFO] [stdout]     src/lib.rs - (line 170)
[INFO] [stdout]     src/lib.rs - (line 59)
[INFO] [stdout]     src/lib.rs - IndexTtsEngine (line 921)
[INFO] [stdout]     src/lib.rs - TtsEngine::engine_type (line 879)
[INFO] [stdout]     src/lib.rs - TtsEngine::supported_languages (line 838)
[INFO] [stdout]     src/lib.rs - TtsError (line 225)
[INFO] [stdout] 
[INFO] [stdout] test result: FAILED. 22 passed; 6 failed; 0 ignored; 0 measured; 0 filtered out; finished in 0.66s
[INFO] [stdout] 
[INFO] [stdout] all doctests ran in 0.95s; merged doctests compilation took 0.29s
[INFO] running `Command { std: "docker" "inspect" "079ba3ab787de370086231a66d801294059b6e371c3d78e8942019a0d154c432", kill_on_drop: false }`
[INFO] running `Command { std: "docker" "rm" "-f" "079ba3ab787de370086231a66d801294059b6e371c3d78e8942019a0d154c432", kill_on_drop: false }`
[INFO] [stdout] 079ba3ab787de370086231a66d801294059b6e371c3d78e8942019a0d154c432
