[INFO] fetching crate rs-sqs-receiver 0.1.1...
[INFO] testing rs-sqs-receiver-0.1.1 against 1.99.0-beta.8+cargoflags=--release for beta-release-1.100-2
[INFO] extracting crate rs-sqs-receiver 0.1.1 into /workspace/builds/worker-0-tc1/source
[INFO] started tweaking crates.io crate rs-sqs-receiver 0.1.1
[INFO] removed 0 missing tests
[INFO] finished tweaking crates.io crate rs-sqs-receiver 0.1.1
[INFO] tweaked toml for crates.io crate rs-sqs-receiver 0.1.1 written to /workspace/builds/worker-0-tc1/source/Cargo.toml
[INFO] validating manifest of crates.io crate rs-sqs-receiver 0.1.1 on toolchain 1.99.0-beta.8
[INFO] running `Command { std: CARGO_HOME="/workspace/cargo-home" RUSTUP_HOME="/workspace/rustup-home" "/workspace/cargo-home/bin/cargo" "+1.99.0-beta.8" "metadata" "--manifest-path" "Cargo.toml" "--no-deps", kill_on_drop: false }`
[INFO] crate crates.io crate rs-sqs-receiver 0.1.1 already has a lockfile, it will not be regenerated
[INFO] running `Command { std: CARGO_HOME="/workspace/cargo-home" RUSTUP_HOME="/workspace/rustup-home" "/workspace/cargo-home/bin/cargo" "+1.99.0-beta.8" "fetch" "--manifest-path" "Cargo.toml", kill_on_drop: false }`
[INFO] [stderr]     Updating crates.io index
[INFO] [stderr]  Downloading crates ...
[INFO] [stderr]   Downloaded aws-credential-types v1.2.3
[INFO] [stderr]   Downloaded aws-types v1.3.7
[INFO] [stderr]   Downloaded aws-smithy-runtime-api v1.8.0
[INFO] [stderr]   Downloaded aws-smithy-observability v0.1.3
[INFO] [stderr]   Downloaded aws-smithy-types v1.3.1
[INFO] [stderr]   Downloaded aws-smithy-http-client v1.0.2
[INFO] [stderr]   Downloaded aws-smithy-runtime v1.8.3
[INFO] [stderr]   Downloaded hyper-util v0.1.13
[INFO] [stderr]   Downloaded aws-smithy-http v0.62.1
[INFO] [stderr]   Downloaded aws-runtime v1.5.7
[INFO] [stderr]   Downloaded aws-sigv4 v1.3.2
[INFO] [stderr]   Downloaded aws-lc-rs v1.13.1
[INFO] [stderr]   Downloaded aws-config v1.6.3
[INFO] [stderr]   Downloaded aws-smithy-xml v0.60.9
[INFO] [stderr]   Downloaded aws-sdk-sqs v1.72.0
[INFO] [stderr]   Downloaded aws-smithy-query v0.60.7
[INFO] [stderr]   Downloaded aws-sdk-sso v1.71.0
[INFO] [stderr]   Downloaded aws-sdk-ssooidc v1.72.0
[INFO] [stderr]   Downloaded aws-sdk-sts v1.72.0
[INFO] [stderr]   Downloaded aws-lc-sys v0.29.0
[INFO] running `Command { std: "docker" "create" "-v" "/var/lib/crater-agent-workspace/builds/worker-0-tc1/source:/opt/rustwide/workdir:ro,Z" "-v" "/var/lib/crater-agent-workspace/builds/worker-0-tc1/target:/opt/rustwide/target:rw,Z" "-v" "/var/lib/crater-agent-workspace/cargo-home:/opt/rustwide/cargo-home:ro,Z" "-v" "/var/lib/crater-agent-workspace/rustup-home:/opt/rustwide/rustup-home:ro,Z" "-m" "1610612736" "--network" "none" "ghcr.io/rust-lang/crates-build-env/linux@sha256:77db811e55d90add9212f6832c23229e3de5f1c1f9905e8cb07319ea15df73ac" "sleep" "infinity", kill_on_drop: false }`
[INFO] [stdout] 55c45968f1d2bdb66297286ccb5ac7c20c365485aa04284330d68b23893b006f
[INFO] running `Command { std: "docker" "start" "55c45968f1d2bdb66297286ccb5ac7c20c365485aa04284330d68b23893b006f", kill_on_drop: false }`
[INFO] running `Command { std: "docker" "inspect" "55c45968f1d2bdb66297286ccb5ac7c20c365485aa04284330d68b23893b006f", kill_on_drop: false }`
[INFO] running `Command { std: "docker" "exec" "-e" "SOURCE_DIR=/opt/rustwide/workdir" "-e" "CARGO_HOME=/opt/rustwide/cargo-home" "-e" "RUSTUP_HOME=/opt/rustwide/rustup-home" "-e" "CARGO_TARGET_DIR=/opt/rustwide/target" "-w" "/opt/rustwide/workdir" "--user" "0:0" "55c45968f1d2bdb66297286ccb5ac7c20c365485aa04284330d68b23893b006f" "/opt/rustwide/cargo-home/bin/cargo" "+1.99.0-beta.8" "metadata" "--no-deps" "--format-version=1", kill_on_drop: false }`
[INFO] running `Command { std: "docker" "inspect" "55c45968f1d2bdb66297286ccb5ac7c20c365485aa04284330d68b23893b006f", kill_on_drop: false }`
[INFO] running `Command { std: "docker" "exec" "-e" "SOURCE_DIR=/opt/rustwide/workdir" "-e" "CARGO_HOME=/opt/rustwide/cargo-home" "-e" "RUSTUP_HOME=/opt/rustwide/rustup-home" "-e" "CARGO_TARGET_DIR=/opt/rustwide/target" "-e" "CARGO_INCREMENTAL=0" "-e" "RUST_BACKTRACE=full" "-e" "RUSTFLAGS=--cap-lints=warn" "-e" "RUSTDOCFLAGS=--cap-lints=warn" "-w" "/opt/rustwide/workdir" "--user" "0:0" "55c45968f1d2bdb66297286ccb5ac7c20c365485aa04284330d68b23893b006f" "/opt/rustwide/cargo-home/bin/cargo" "+1.99.0-beta.8" "build" "--frozen" "--message-format=json" "--release", kill_on_drop: false }`
[INFO] [stderr]    Compiling libc v0.2.172
[INFO] [stderr]    Compiling smallvec v1.15.0
[INFO] [stderr]    Compiling syn v2.0.101
[INFO] [stderr]    Compiling tracing-core v0.1.33
[INFO] [stderr]    Compiling http v0.2.12
[INFO] [stderr]    Compiling outref v0.5.2
[INFO] [stderr]    Compiling deranged v0.4.0
[INFO] [stderr]    Compiling vsimd v0.8.0
[INFO] [stderr]    Compiling bytes-utils v0.1.4
[INFO] [stderr]    Compiling num-integer v0.1.46
[INFO] [stderr]    Compiling base64-simd v0.8.0
[INFO] [stderr]    Compiling hashbrown v0.15.3
[INFO] [stderr]    Compiling time v0.3.41
[INFO] [stderr]    Compiling parking_lot_core v0.9.10
[INFO] [stderr]    Compiling signal-hook-registry v1.4.2
[INFO] [stderr]    Compiling mio v1.0.4
[INFO] [stderr]    Compiling parking_lot v0.12.3
[INFO] [stderr]    Compiling jobserver v0.1.33
[INFO] [stderr]    Compiling socket2 v0.5.10
[INFO] [stderr]    Compiling cc v1.2.24
[INFO] [stderr]    Compiling http-body v0.4.6
[INFO] [stderr]    Compiling indexmap v2.9.0
[INFO] [stderr]    Compiling aws-lc-rs v1.13.1
[INFO] [stderr]    Compiling getrandom v0.2.16
[INFO] [stderr]    Compiling generic-array v0.14.7
[INFO] [stderr]    Compiling rustls v0.23.27
[INFO] [stderr]    Compiling rustls v0.21.12
[INFO] [stderr]    Compiling rustls-native-certs v0.6.3
[INFO] [stderr]    Compiling rustls-native-certs v0.8.1
[INFO] [stderr]    Compiling tower v0.5.2
[INFO] [stderr]    Compiling aws-types v1.3.7
[INFO] [stderr]    Compiling uuid v1.17.0
[INFO] [stderr]    Compiling regex-lite v0.1.6
[INFO] [stderr]    Compiling urlencoding v2.1.3
[INFO] [stderr]    Compiling cmake v0.1.54
[INFO] [stderr]    Compiling block-buffer v0.10.4
[INFO] [stderr]    Compiling crypto-common v0.1.6
[INFO] [stderr]    Compiling digest v0.10.7
[INFO] [stderr]    Compiling xmlparser v0.13.6
[INFO] [stderr]    Compiling sha2 v0.10.9
[INFO] [stderr]    Compiling hmac v0.12.1
[INFO] [stderr]    Compiling aws-smithy-xml v0.60.9
[INFO] [stderr]    Compiling aws-lc-sys v0.29.0
[INFO] [stderr]    Compiling ring v0.17.14
[INFO] [stderr]    Compiling synstructure v0.13.2
[INFO] [stderr]    Compiling tokio-macros v2.5.0
[INFO] [stderr]    Compiling futures-macro v0.3.31
[INFO] [stderr]    Compiling tracing-attributes v0.1.28
[INFO] [stderr]    Compiling zerofrom-derive v0.1.6
[INFO] [stderr]    Compiling yoke-derive v0.8.0
[INFO] [stderr]    Compiling tokio v1.45.1
[INFO] [stderr]    Compiling futures-util v0.3.31
[INFO] [stderr]    Compiling zerovec-derive v0.11.1
[INFO] [stderr]    Compiling tracing v0.1.41
[INFO] [stderr]    Compiling zerofrom v0.1.6
[INFO] [stderr]    Compiling yoke v0.8.0
[INFO] [stderr]    Compiling displaydoc v0.2.5
[INFO] [stderr]    Compiling thiserror-impl v2.0.12
[INFO] [stderr]    Compiling zerovec v0.11.2
[INFO] [stderr]    Compiling zerotrie v0.2.2
[INFO] [stderr]    Compiling async-trait v0.1.88
[INFO] [stderr]    Compiling thiserror v2.0.12
[INFO] [stderr]    Compiling tinystr v0.8.1
[INFO] [stderr]    Compiling icu_locale_core v2.0.0
[INFO] [stderr]    Compiling potential_utf v0.1.2
[INFO] [stderr]    Compiling icu_collections v2.0.0
[INFO] [stderr]    Compiling icu_provider v2.0.0
[INFO] [stderr]    Compiling futures-executor v0.3.31
[INFO] [stderr]    Compiling futures v0.3.31
[INFO] [stderr]    Compiling icu_normalizer v2.0.0
[INFO] [stderr]    Compiling icu_properties v2.0.1
[INFO] [stderr]    Compiling rustls-webpki v0.101.7
[INFO] [stderr]    Compiling sct v0.7.1
[INFO] [stderr]    Compiling tokio-util v0.7.15
[INFO] [stderr]    Compiling aws-smithy-async v1.2.5
[INFO] [stderr]    Compiling aws-smithy-types v1.3.1
[INFO] [stderr]    Compiling h2 v0.4.10
[INFO] [stderr]    Compiling h2 v0.3.26
[INFO] [stderr]    Compiling idna_adapter v1.2.1
[INFO] [stderr]    Compiling idna v1.0.3
[INFO] [stderr]    Compiling aws-smithy-runtime-api v1.8.0
[INFO] [stderr]    Compiling tokio-rustls v0.24.1
[INFO] [stderr]    Compiling aws-smithy-json v0.61.3
[INFO] [stderr]    Compiling aws-credential-types v1.2.3
[INFO] [stderr]    Compiling hyper v1.6.0
[INFO] [stderr]    Compiling hyper v0.14.32
[INFO] [stderr]    Compiling hyper-util v0.1.13
[INFO] [stderr]    Compiling aws-smithy-http v0.62.1
[INFO] [stderr]    Compiling hyper-rustls v0.24.2
[INFO] [stderr]    Compiling aws-smithy-observability v0.1.3
[INFO] [stderr]    Compiling aws-sigv4 v1.3.2
[INFO] [stderr]    Compiling aws-smithy-query v0.60.7
[INFO] [stderr]    Compiling url v2.5.4
[INFO] [stderr]    Compiling rustls-webpki v0.103.3
[INFO] [stderr]    Compiling tokio-rustls v0.26.2
[INFO] [stderr]    Compiling hyper-rustls v0.27.6
[INFO] [stderr]    Compiling aws-smithy-http-client v1.0.2
[INFO] [stderr]    Compiling aws-smithy-runtime v1.8.3
[INFO] [stderr]    Compiling aws-runtime v1.5.7
[INFO] [stderr]    Compiling aws-sdk-sso v1.71.0
[INFO] [stderr]    Compiling aws-sdk-ssooidc v1.72.0
[INFO] [stderr]    Compiling aws-sdk-sts v1.72.0
[INFO] [stderr]    Compiling aws-sdk-sqs v1.72.0
[INFO] [stderr]    Compiling aws-config v1.6.3
[INFO] [stderr]    Compiling rs-sqs-receiver v0.1.1 (/opt/rustwide/workdir)
[INFO] [stderr]     Finished `release` profile [optimized] target(s) in 7m 11s
[INFO] running `Command { std: "docker" "inspect" "55c45968f1d2bdb66297286ccb5ac7c20c365485aa04284330d68b23893b006f", kill_on_drop: false }`
[INFO] running `Command { std: "docker" "exec" "-e" "SOURCE_DIR=/opt/rustwide/workdir" "-e" "CARGO_HOME=/opt/rustwide/cargo-home" "-e" "RUSTUP_HOME=/opt/rustwide/rustup-home" "-e" "CARGO_TARGET_DIR=/opt/rustwide/target" "-e" "CARGO_INCREMENTAL=0" "-e" "RUST_BACKTRACE=full" "-e" "RUSTFLAGS=--cap-lints=warn" "-e" "RUSTDOCFLAGS=--cap-lints=warn" "-w" "/opt/rustwide/workdir" "--user" "0:0" "55c45968f1d2bdb66297286ccb5ac7c20c365485aa04284330d68b23893b006f" "/opt/rustwide/cargo-home/bin/cargo" "+1.99.0-beta.8" "test" "--frozen" "--no-run" "--message-format=json" "--release", kill_on_drop: false }`
[INFO] [stderr]    Compiling rs-sqs-receiver v0.1.1 (/opt/rustwide/workdir)
[INFO] [stderr]     Finished `release` profile [optimized] target(s) in 30.26s
[INFO] running `Command { std: "docker" "inspect" "55c45968f1d2bdb66297286ccb5ac7c20c365485aa04284330d68b23893b006f", kill_on_drop: false }`
[INFO] running `Command { std: "docker" "exec" "-e" "SOURCE_DIR=/opt/rustwide/workdir" "-e" "CARGO_HOME=/opt/rustwide/cargo-home" "-e" "RUSTUP_HOME=/opt/rustwide/rustup-home" "-e" "CARGO_TARGET_DIR=/opt/rustwide/target" "-e" "CARGO_INCREMENTAL=0" "-e" "RUST_BACKTRACE=full" "-e" "RUSTFLAGS=--cap-lints=warn" "-e" "RUSTDOCFLAGS=--cap-lints=warn" "-w" "/opt/rustwide/workdir" "--user" "0:0" "55c45968f1d2bdb66297286ccb5ac7c20c365485aa04284330d68b23893b006f" "/opt/rustwide/cargo-home/bin/cargo" "+1.99.0-beta.8" "test" "--frozen" "--release", kill_on_drop: false }`
[INFO] [stderr]     Finished `release` profile [optimized] target(s) in 0.33s
[INFO] [stderr]      Running unittests src/lib.rs (/opt/rustwide/target/release/deps/rs_sqs_receiver-0cfa319130a27512)
[INFO] [stdout] 
[INFO] [stdout] running 7 tests
[INFO] [stdout] test receiver::tests::test_aws_sqs_receiver_add_handler ... ok
[INFO] [stdout] test receiver::tests::test_aws_sqs_receiver_new ... ok
[INFO] [stdout] test receiver::tests::test_aws_sqs_receiver_multiple_handlers ... ok
[INFO] [stdout] test receiver::tests::test_aws_sqs_receiver_add_handler_fn ... ok
[INFO] [stdout] test receiver::tests::test_aws_sqs_receiver_add_simple_handler ... ok
[INFO] [stdout] test receiver::tests::test_start_all_handlers_with_shutdown ... ok
[INFO] [stdout] test receiver::tests::test_start_all_handlers_ownership ... ok
[INFO] [stdout] 
[INFO] [stdout] test result: ok. 7 passed; 0 failed; 0 ignored; 0 measured; 0 filtered out; finished in 0.15s
[INFO] [stdout] 
[INFO] [stdout] 
[INFO] [stdout] running 4 tests
[INFO] [stderr]      Running tests/integration_test.rs (/opt/rustwide/target/release/deps/integration_test-907b769325445817)
[INFO] [stdout] test test_sqs_integration ... FAILED
[INFO] [stdout] test test_aws_sqs_receiver_comprehensive ... FAILED
[INFO] [stdout] test test_aws_sqs_receiver_with_shutdown ... FAILED
[INFO] [stdout] test test_sqs_receiver_struct_api ... FAILED
[INFO] [stdout] 
[INFO] [stdout] failures:
[INFO] [stdout] 
[INFO] [stdout] ---- test_sqs_integration stdout ----
[INFO] [stdout] 
[INFO] [stdout] thread 'test_sqs_integration' (3345) panicked at tests/integration_test.rs:40:52:
[INFO] [stdout] TEST_SQS_QUEUE_URL must be set: NotPresent
[INFO] [stdout] stack backtrace:
[INFO] [stdout]    0:     0x588fe616e921 - <<std[70759c8f55707aa4]::sys::backtrace::BacktraceLock>::print::DisplayBacktrace as core[df12db4294e9bfd3]::fmt::Display>::fmt
[INFO] [stdout]    1:     0x588fe61879da - core[df12db4294e9bfd3]::fmt::write
[INFO] [stdout]    2:     0x588fe6173bfc - <alloc[2182bb758b4b3781]::vec::Vec<u8> as core[df12db4294e9bfd3]::io::write::Write>::write_fmt
[INFO] [stdout]    3:     0x588fe6148b46 - std[70759c8f55707aa4]::panicking::default_hook::{closure#0}
[INFO] [stdout]    4:     0x588fe6165da9 - std[70759c8f55707aa4]::panicking::default_hook
[INFO] [stdout]    5:     0x588fe59199b0 - test[9d35eded1c95d3be]::test_main_inner::<test[9d35eded1c95d3be]::test_main_static::{closure#0}>::{closure#0}
[INFO] [stdout]    6:     0x588fe61660d2 - std[70759c8f55707aa4]::panicking::panic_with_hook
[INFO] [stdout]    7:     0x588fe6148bf2 - std[70759c8f55707aa4]::panicking::panic_handler::{closure#0}
[INFO] [stdout]    8:     0x588fe6141429 - std[70759c8f55707aa4]::sys::backtrace::__rust_end_short_backtrace::<std[70759c8f55707aa4]::panicking::panic_handler::{closure#0}, !>
[INFO] [stdout]    9:     0x588fe6149a7d - __rustc[8fa7c3cbc660c2b3]::rust_begin_unwind
[INFO] [stdout]   10:     0x588fe618813c - core[df12db4294e9bfd3]::panicking::panic_fmt
[INFO] [stdout]   11:     0x588fe6187f12 - core[df12db4294e9bfd3]::result::unwrap_failed
[INFO] [stdout]   12:     0x588fe587ee73 - integration_test[1b9a07ea34d39b5a]::test_sqs_integration::{closure#0}
[INFO] [stdout]   13:     0x588fe58ed5f3 - <tokio[94412dc7c4e99546]::runtime::scheduler::current_thread::Context>::enter::<core[df12db4294e9bfd3]::task::poll::Poll<()>, <tokio[94412dc7c4e99546]::runtime::scheduler::current_thread::CoreGuard>::block_on<core[df12db4294e9bfd3]::pin::Pin<&mut core[df12db4294e9bfd3]::pin::Pin<&mut dyn core[df12db4294e9bfd3]::future::future::Future<Output = ()>>>>::{closure#0}::{closure#0}>
[INFO] [stdout]   14:     0x588fe58f9a09 - <std[70759c8f55707aa4]::thread::local::LocalKey<tokio[94412dc7c4e99546]::runtime::context::Context>>::with::<tokio[94412dc7c4e99546]::runtime::context::set_scheduler<(alloc[2182bb758b4b3781]::boxed::Box<tokio[94412dc7c4e99546]::runtime::scheduler::current_thread::Core>, core[df12db4294e9bfd3]::option::Option<()>), <tokio[94412dc7c4e99546]::runtime::scheduler::current_thread::CoreGuard>::enter<<tokio[94412dc7c4e99546]::runtime::scheduler::current_thread::CoreGuard>::block_on<core[df12db4294e9bfd3]::pin::Pin<&mut core[df12db4294e9bfd3]::pin::Pin<&mut dyn core[df12db4294e9bfd3]::future::future::Future<Output = ()>>>>::{closure#0}, core[df12db4294e9bfd3]::option::Option<()>>::{closure#0}>::{closure#0}, (alloc[2182bb758b4b3781]::boxed::Box<tokio[94412dc7c4e99546]::runtime::scheduler::current_thread::Core>, core[df12db4294e9bfd3]::option::Option<()>)>
[INFO] [stdout]   15:     0x588fe58edf27 - <tokio[94412dc7c4e99546]::runtime::scheduler::current_thread::CoreGuard>::block_on::<core[df12db4294e9bfd3]::pin::Pin<&mut core[df12db4294e9bfd3]::pin::Pin<&mut dyn core[df12db4294e9bfd3]::future::future::Future<Output = ()>>>>
[INFO] [stdout]   16:     0x588fe58fec3d - tokio[94412dc7c4e99546]::runtime::context::runtime::enter_runtime::<<tokio[94412dc7c4e99546]::runtime::scheduler::current_thread::CurrentThread>::block_on<core[df12db4294e9bfd3]::pin::Pin<&mut dyn core[df12db4294e9bfd3]::future::future::Future<Output = ()>>>::{closure#0}, ()>
[INFO] [stdout]   17:     0x588fe58ed275 - <tokio[94412dc7c4e99546]::runtime::runtime::Runtime>::block_on::<core[df12db4294e9bfd3]::pin::Pin<&mut dyn core[df12db4294e9bfd3]::future::future::Future<Output = ()>>>
[INFO] [stdout]   18:     0x588fe589038c - <integration_test[1b9a07ea34d39b5a]::test_sqs_integration::{closure#0} as core[df12db4294e9bfd3]::ops::function::FnOnce<()>>::call_once
[INFO] [stdout]   19:     0x588fe590cc9b - test[9d35eded1c95d3be]::__rust_begin_short_backtrace::<core[df12db4294e9bfd3]::result::Result<(), alloc[2182bb758b4b3781]::string::String>, fn() -> core[df12db4294e9bfd3]::result::Result<(), alloc[2182bb758b4b3781]::string::String>>
[INFO] [stdout]   20:     0x588fe591a305 - test[9d35eded1c95d3be]::run_test::{closure#0}
[INFO] [stdout]   21:     0x588fe5913bc4 - std[70759c8f55707aa4]::sys::backtrace::__rust_begin_short_backtrace::<test[9d35eded1c95d3be]::run_test::{closure#1}, ()>
[INFO] [stdout]   22:     0x588fe591d462 - <std[70759c8f55707aa4]::thread::lifecycle::spawn_unchecked<test[9d35eded1c95d3be]::run_test::{closure#1}, ()>::{closure#1} as core[df12db4294e9bfd3]::ops::function::FnOnce<()>>::call_once::{shim:vtable#0}
[INFO] [stdout]   23:     0x588fe616d5c9 - <std[70759c8f55707aa4]::sys::thread::unix::Thread>::new::thread_start
[INFO] [stdout]   24:     0x7f019f76bdfa - <unknown>
[INFO] [stdout]   25:     0x7f019f7ff3d4 - clone
[INFO] [stdout]   26:                0x0 - <unknown>
[INFO] [stdout] 
[INFO] [stdout] ---- test_aws_sqs_receiver_comprehensive stdout ----
[INFO] [stdout] 
[INFO] [stdout] thread 'test_aws_sqs_receiver_comprehensive' (3343) panicked at tests/integration_test.rs:186:54:
[INFO] [stdout] TEST_SQS_QUEUE_URL must be set: NotPresent
[INFO] [stdout] stack backtrace:
[INFO] [stdout]    0:     0x588fe616e921 - <<std[70759c8f55707aa4]::sys::backtrace::BacktraceLock>::print::DisplayBacktrace as core[df12db4294e9bfd3]::fmt::Display>::fmt
[INFO] [stdout]    1:     0x588fe61879da - core[df12db4294e9bfd3]::fmt::write
[INFO] [stdout]    2:     0x588fe6173bfc - <alloc[2182bb758b4b3781]::vec::Vec<u8> as core[df12db4294e9bfd3]::io::write::Write>::write_fmt
[INFO] [stdout]    3:     0x588fe6148b46 - std[70759c8f55707aa4]::panicking::default_hook::{closure#0}
[INFO] [stdout]    4:     0x588fe6165da9 - std[70759c8f55707aa4]::panicking::default_hook
[INFO] [stdout]    5:     0x588fe59199b0 - test[9d35eded1c95d3be]::test_main_inner::<test[9d35eded1c95d3be]::test_main_static::{closure#0}>::{closure#0}
[INFO] [stdout]    6:     0x588fe61660d2 - std[70759c8f55707aa4]::panicking::panic_with_hook
[INFO] [stdout]    7:     0x588fe6148bf2 - std[70759c8f55707aa4]::panicking::panic_handler::{closure#0}
[INFO] [stdout]    8:     0x588fe6141429 - std[70759c8f55707aa4]::sys::backtrace::__rust_end_short_backtrace::<std[70759c8f55707aa4]::panicking::panic_handler::{closure#0}, !>
[INFO] [stdout]    9:     0x588fe6149a7d - __rustc[8fa7c3cbc660c2b3]::rust_begin_unwind
[INFO] [stdout]   10:     0x588fe618813c - core[df12db4294e9bfd3]::panicking::panic_fmt
[INFO] [stdout]   11:     0x588fe6187f12 - core[df12db4294e9bfd3]::result::unwrap_failed
[INFO] [stdout]   12:     0x588fe588333c - integration_test[1b9a07ea34d39b5a]::test_aws_sqs_receiver_comprehensive::{closure#0}
[INFO] [stdout]   13:     0x588fe58ed5f3 - <tokio[94412dc7c4e99546]::runtime::scheduler::current_thread::Context>::enter::<core[df12db4294e9bfd3]::task::poll::Poll<()>, <tokio[94412dc7c4e99546]::runtime::scheduler::current_thread::CoreGuard>::block_on<core[df12db4294e9bfd3]::pin::Pin<&mut core[df12db4294e9bfd3]::pin::Pin<&mut dyn core[df12db4294e9bfd3]::future::future::Future<Output = ()>>>>::{closure#0}::{closure#0}>
[INFO] [stdout]   14:     0x588fe58f9a09 - <std[70759c8f55707aa4]::thread::local::LocalKey<tokio[94412dc7c4e99546]::runtime::context::Context>>::with::<tokio[94412dc7c4e99546]::runtime::context::set_scheduler<(alloc[2182bb758b4b3781]::boxed::Box<tokio[94412dc7c4e99546]::runtime::scheduler::current_thread::Core>, core[df12db4294e9bfd3]::option::Option<()>), <tokio[94412dc7c4e99546]::runtime::scheduler::current_thread::CoreGuard>::enter<<tokio[94412dc7c4e99546]::runtime::scheduler::current_thread::CoreGuard>::block_on<core[df12db4294e9bfd3]::pin::Pin<&mut core[df12db4294e9bfd3]::pin::Pin<&mut dyn core[df12db4294e9bfd3]::future::future::Future<Output = ()>>>>::{closure#0}, core[df12db4294e9bfd3]::option::Option<()>>::{closure#0}>::{closure#0}, (alloc[2182bb758b4b3781]::boxed::Box<tokio[94412dc7c4e99546]::runtime::scheduler::current_thread::Core>, core[df12db4294e9bfd3]::option::Option<()>)>
[INFO] [stdout]   15:     0x588fe58edf27 - <tokio[94412dc7c4e99546]::runtime::scheduler::current_thread::CoreGuard>::block_on::<core[df12db4294e9bfd3]::pin::Pin<&mut core[df12db4294e9bfd3]::pin::Pin<&mut dyn core[df12db4294e9bfd3]::future::future::Future<Output = ()>>>>
[INFO] [stdout]   16:     0x588fe58fec3d - tokio[94412dc7c4e99546]::runtime::context::runtime::enter_runtime::<<tokio[94412dc7c4e99546]::runtime::scheduler::current_thread::CurrentThread>::block_on<core[df12db4294e9bfd3]::pin::Pin<&mut dyn core[df12db4294e9bfd3]::future::future::Future<Output = ()>>>::{closure#0}, ()>
[INFO] [stdout]   17:     0x588fe58ed275 - <tokio[94412dc7c4e99546]::runtime::runtime::Runtime>::block_on::<core[df12db4294e9bfd3]::pin::Pin<&mut dyn core[df12db4294e9bfd3]::future::future::Future<Output = ()>>>
[INFO] [stdout]   18:     0x588fe589066c - <integration_test[1b9a07ea34d39b5a]::test_aws_sqs_receiver_comprehensive::{closure#0} as core[df12db4294e9bfd3]::ops::function::FnOnce<()>>::call_once
[INFO] [stdout]   19:     0x588fe590cc9b - test[9d35eded1c95d3be]::__rust_begin_short_backtrace::<core[df12db4294e9bfd3]::result::Result<(), alloc[2182bb758b4b3781]::string::String>, fn() -> core[df12db4294e9bfd3]::result::Result<(), alloc[2182bb758b4b3781]::string::String>>
[INFO] [stdout]   20:     0x588fe591a305 - test[9d35eded1c95d3be]::run_test::{closure#0}
[INFO] [stdout]   21:     0x588fe5913bc4 - std[70759c8f55707aa4]::sys::backtrace::__rust_begin_short_backtrace::<test[9d35eded1c95d3be]::run_test::{closure#1}, ()>
[INFO] [stdout]   22:     0x588fe591d462 - <std[70759c8f55707aa4]::thread::lifecycle::spawn_unchecked<test[9d35eded1c95d3be]::run_test::{closure#1}, ()>::{closure#1} as core[df12db4294e9bfd3]::ops::function::FnOnce<()>>::call_once::{shim:vtable#0}
[INFO] [stdout]   23:     0x588fe616d5c9 - <std[70759c8f55707aa4]::sys::thread::unix::Thread>::new::thread_start
[INFO] [stdout]   24:     0x7f019f76bdfa - <unknown>
[INFO] [stdout]   25:     0x7f019f7ff3d4 - clone
[INFO] [stdout]   26:                0x0 - <unknown>
[INFO] [stdout] 
[INFO] [stdout] ---- test_aws_sqs_receiver_with_shutdown stdout ----
[INFO] [stdout] 
[INFO] [stdout] thread 'test_aws_sqs_receiver_with_shutdown' (3344) panicked at tests/integration_test.rs:259:52:
[INFO] [stdout] TEST_SQS_QUEUE_URL must be set: NotPresent
[INFO] [stdout] stack backtrace:
[INFO] [stdout]    0:     0x588fe616e921 - <<std[70759c8f55707aa4]::sys::backtrace::BacktraceLock>::print::DisplayBacktrace as core[df12db4294e9bfd3]::fmt::Display>::fmt
[INFO] [stdout]    1:     0x588fe61879da - core[df12db4294e9bfd3]::fmt::write
[INFO] [stdout]    2:     0x588fe6173bfc - <alloc[2182bb758b4b3781]::vec::Vec<u8> as core[df12db4294e9bfd3]::io::write::Write>::write_fmt
[INFO] [stdout]    3:     0x588fe6148b46 - std[70759c8f55707aa4]::panicking::default_hook::{closure#0}
[INFO] [stdout]    4:     0x588fe6165da9 - std[70759c8f55707aa4]::panicking::default_hook
[INFO] [stdout]    5:     0x588fe59199b0 - test[9d35eded1c95d3be]::test_main_inner::<test[9d35eded1c95d3be]::test_main_static::{closure#0}>::{closure#0}
[INFO] [stdout]    6:     0x588fe61660d2 - std[70759c8f55707aa4]::panicking::panic_with_hook
[INFO] [stdout]    7:     0x588fe6148bf2 - std[70759c8f55707aa4]::panicking::panic_handler::{closure#0}
[INFO] [stdout]    8:     0x588fe6141429 - std[70759c8f55707aa4]::sys::backtrace::__rust_end_short_backtrace::<std[70759c8f55707aa4]::panicking::panic_handler::{closure#0}, !>
[INFO] [stdout]    9:     0x588fe6149a7d - __rustc[8fa7c3cbc660c2b3]::rust_begin_unwind
[INFO] [stdout]   10:     0x588fe618813c - core[df12db4294e9bfd3]::panicking::panic_fmt
[INFO] [stdout]   11:     0x588fe6187f12 - core[df12db4294e9bfd3]::result::unwrap_failed
[INFO] [stdout]   12:     0x588fe588417b - integration_test[1b9a07ea34d39b5a]::test_aws_sqs_receiver_with_shutdown::{closure#0}
[INFO] [stdout]   13:     0x588fe58ed5f3 - <tokio[94412dc7c4e99546]::runtime::scheduler::current_thread::Context>::enter::<core[df12db4294e9bfd3]::task::poll::Poll<()>, <tokio[94412dc7c4e99546]::runtime::scheduler::current_thread::CoreGuard>::block_on<core[df12db4294e9bfd3]::pin::Pin<&mut core[df12db4294e9bfd3]::pin::Pin<&mut dyn core[df12db4294e9bfd3]::future::future::Future<Output = ()>>>>::{closure#0}::{closure#0}>
[INFO] [stdout]   14:     0x588fe58f9a09 - <std[70759c8f55707aa4]::thread::local::LocalKey<tokio[94412dc7c4e99546]::runtime::context::Context>>::with::<tokio[94412dc7c4e99546]::runtime::context::set_scheduler<(alloc[2182bb758b4b3781]::boxed::Box<tokio[94412dc7c4e99546]::runtime::scheduler::current_thread::Core>, core[df12db4294e9bfd3]::option::Option<()>), <tokio[94412dc7c4e99546]::runtime::scheduler::current_thread::CoreGuard>::enter<<tokio[94412dc7c4e99546]::runtime::scheduler::current_thread::CoreGuard>::block_on<core[df12db4294e9bfd3]::pin::Pin<&mut core[df12db4294e9bfd3]::pin::Pin<&mut dyn core[df12db4294e9bfd3]::future::future::Future<Output = ()>>>>::{closure#0}, core[df12db4294e9bfd3]::option::Option<()>>::{closure#0}>::{closure#0}, (alloc[2182bb758b4b3781]::boxed::Box<tokio[94412dc7c4e99546]::runtime::scheduler::current_thread::Core>, core[df12db4294e9bfd3]::option::Option<()>)>
[INFO] [stdout]   15:     0x588fe58edf27 - <tokio[94412dc7c4e99546]::runtime::scheduler::current_thread::CoreGuard>::block_on::<core[df12db4294e9bfd3]::pin::Pin<&mut core[df12db4294e9bfd3]::pin::Pin<&mut dyn core[df12db4294e9bfd3]::future::future::Future<Output = ()>>>>
[INFO] [stdout]   16:     0x588fe58fec3d - tokio[94412dc7c4e99546]::runtime::context::runtime::enter_runtime::<<tokio[94412dc7c4e99546]::runtime::scheduler::current_thread::CurrentThread>::block_on<core[df12db4294e9bfd3]::pin::Pin<&mut dyn core[df12db4294e9bfd3]::future::future::Future<Output = ()>>>::{closure#0}, ()>
[INFO] [stdout]   17:     0x588fe58ed275 - <tokio[94412dc7c4e99546]::runtime::runtime::Runtime>::block_on::<core[df12db4294e9bfd3]::pin::Pin<&mut dyn core[df12db4294e9bfd3]::future::future::Future<Output = ()>>>
[INFO] [stdout]   18:     0x588fe58907dc - <integration_test[1b9a07ea34d39b5a]::test_aws_sqs_receiver_with_shutdown::{closure#0} as core[df12db4294e9bfd3]::ops::function::FnOnce<()>>::call_once
[INFO] [stdout]   19:     0x588fe590cc9b - test[9d35eded1c95d3be]::__rust_begin_short_backtrace::<core[df12db4294e9bfd3]::result::Result<(), alloc[2182bb758b4b3781]::string::String>, fn() -> core[df12db4294e9bfd3]::result::Result<(), alloc[2182bb758b4b3781]::string::String>>
[INFO] [stdout]   20:     0x588fe591a305 - test[9d35eded1c95d3be]::run_test::{closure#0}
[INFO] [stdout]   21:     0x588fe5913bc4 - std[70759c8f55707aa4]::sys::backtrace::__rust_begin_short_backtrace::<test[9d35eded1c95d3be]::run_test::{closure#1}, ()>
[INFO] [stdout]   22:     0x588fe591d462 - <std[70759c8f55707aa4]::thread::lifecycle::spawn_unchecked<test[9d35eded1c95d3be]::run_test::{closure#1}, ()>::{closure#1} as core[df12db4294e9bfd3]::ops::function::FnOnce<()>>::call_once::{shim:vtable#0}
[INFO] [stdout]   23:     0x588fe616d5c9 - <std[70759c8f55707aa4]::sys::thread::unix::Thread>::new::thread_start
[INFO] [stdout]   24:     0x7f019f76bdfa - <unknown>
[INFO] [stdout]   25:     0x7f019f7ff3d4 - clone
[INFO] [stdout]   26:                0x0 - <unknown>
[INFO] [stdout] 
[INFO] [stdout] ---- test_sqs_receiver_struct_api stdout ----
[INFO] [stdout] 
[INFO] [stdout] thread 'test_sqs_receiver_struct_api' (3346) panicked at tests/integration_test.rs:126:17:
[INFO] [stdout] Failed to create/get queue: dispatch failure
[INFO] [stdout] stack backtrace:
[INFO] [stdout]    0:     0x588fe616e921 - <<std[70759c8f55707aa4]::sys::backtrace::BacktraceLock>::print::DisplayBacktrace as core[df12db4294e9bfd3]::fmt::Display>::fmt
[INFO] [stdout]    1:     0x588fe61879da - core[df12db4294e9bfd3]::fmt::write
[INFO] [stdout]    2:     0x588fe6173bfc - <alloc[2182bb758b4b3781]::vec::Vec<u8> as core[df12db4294e9bfd3]::io::write::Write>::write_fmt
[INFO] [stdout]    3:     0x588fe6148b46 - std[70759c8f55707aa4]::panicking::default_hook::{closure#0}
[INFO] [stdout]    4:     0x588fe6165da9 - std[70759c8f55707aa4]::panicking::default_hook
[INFO] [stdout]    5:     0x588fe59199b0 - test[9d35eded1c95d3be]::test_main_inner::<test[9d35eded1c95d3be]::test_main_static::{closure#0}>::{closure#0}
[INFO] [stdout]    6:     0x588fe61660d2 - std[70759c8f55707aa4]::panicking::panic_with_hook
[INFO] [stdout]    7:     0x588fe6148bf2 - std[70759c8f55707aa4]::panicking::panic_handler::{closure#0}
[INFO] [stdout]    8:     0x588fe6141429 - std[70759c8f55707aa4]::sys::backtrace::__rust_end_short_backtrace::<std[70759c8f55707aa4]::panicking::panic_handler::{closure#0}, !>
[INFO] [stdout]    9:     0x588fe6149a7d - __rustc[8fa7c3cbc660c2b3]::rust_begin_unwind
[INFO] [stdout]   10:     0x588fe618813c - core[df12db4294e9bfd3]::panicking::panic_fmt
[INFO] [stdout]   11:     0x588fe5880361 - integration_test[1b9a07ea34d39b5a]::test_sqs_receiver_struct_api::{closure#0}
[INFO] [stdout]   12:     0x588fe58ed5f3 - <tokio[94412dc7c4e99546]::runtime::scheduler::current_thread::Context>::enter::<core[df12db4294e9bfd3]::task::poll::Poll<()>, <tokio[94412dc7c4e99546]::runtime::scheduler::current_thread::CoreGuard>::block_on<core[df12db4294e9bfd3]::pin::Pin<&mut core[df12db4294e9bfd3]::pin::Pin<&mut dyn core[df12db4294e9bfd3]::future::future::Future<Output = ()>>>>::{closure#0}::{closure#0}>
[INFO] [stdout]   13:     0x588fe58f9a09 - <std[70759c8f55707aa4]::thread::local::LocalKey<tokio[94412dc7c4e99546]::runtime::context::Context>>::with::<tokio[94412dc7c4e99546]::runtime::context::set_scheduler<(alloc[2182bb758b4b3781]::boxed::Box<tokio[94412dc7c4e99546]::runtime::scheduler::current_thread::Core>, core[df12db4294e9bfd3]::option::Option<()>), <tokio[94412dc7c4e99546]::runtime::scheduler::current_thread::CoreGuard>::enter<<tokio[94412dc7c4e99546]::runtime::scheduler::current_thread::CoreGuard>::block_on<core[df12db4294e9bfd3]::pin::Pin<&mut core[df12db4294e9bfd3]::pin::Pin<&mut dyn core[df12db4294e9bfd3]::future::future::Future<Output = ()>>>>::{closure#0}, core[df12db4294e9bfd3]::option::Option<()>>::{closure#0}>::{closure#0}, (alloc[2182bb758b4b3781]::boxed::Box<tokio[94412dc7c4e99546]::runtime::scheduler::current_thread::Core>, core[df12db4294e9bfd3]::option::Option<()>)>
[INFO] [stdout]   14:     0x588fe58edf27 - <tokio[94412dc7c4e99546]::runtime::scheduler::current_thread::CoreGuard>::block_on::<core[df12db4294e9bfd3]::pin::Pin<&mut core[df12db4294e9bfd3]::pin::Pin<&mut dyn core[df12db4294e9bfd3]::future::future::Future<Output = ()>>>>
[INFO] [stdout]   15:     0x588fe58fec3d - tokio[94412dc7c4e99546]::runtime::context::runtime::enter_runtime::<<tokio[94412dc7c4e99546]::runtime::scheduler::current_thread::CurrentThread>::block_on<core[df12db4294e9bfd3]::pin::Pin<&mut dyn core[df12db4294e9bfd3]::future::future::Future<Output = ()>>>::{closure#0}, ()>
[INFO] [stdout]   16:     0x588fe58ed275 - <tokio[94412dc7c4e99546]::runtime::runtime::Runtime>::block_on::<core[df12db4294e9bfd3]::pin::Pin<&mut dyn core[df12db4294e9bfd3]::future::future::Future<Output = ()>>>
[INFO] [stdout]   17:     0x588fe58904fc - <integration_test[1b9a07ea34d39b5a]::test_sqs_receiver_struct_api::{closure#0} as core[df12db4294e9bfd3]::ops::function::FnOnce<()>>::call_once
[INFO] [stdout]   18:     0x588fe590cc9b - test[9d35eded1c95d3be]::__rust_begin_short_backtrace::<core[df12db4294e9bfd3]::result::Result<(), alloc[2182bb758b4b3781]::string::String>, fn() -> core[df12db4294e9bfd3]::result::Result<(), alloc[2182bb758b4b3781]::string::String>>
[INFO] [stdout]   19:     0x588fe591a305 - test[9d35eded1c95d3be]::run_test::{closure#0}
[INFO] [stdout]   20:     0x588fe5913bc4 - std[70759c8f55707aa4]::sys::backtrace::__rust_begin_short_backtrace::<test[9d35eded1c95d3be]::run_test::{closure#1}, ()>
[INFO] [stdout]   21:     0x588fe591d462 - <std[70759c8f55707aa4]::thread::lifecycle::spawn_unchecked<test[9d35eded1c95d3be]::run_test::{closure#1}, ()>::{closure#1} as core[df12db4294e9bfd3]::ops::function::FnOnce<()>>::call_once::{shim:vtable#0}
[INFO] [stdout]   22:     0x588fe616d5c9 - <std[70759c8f55707aa4]::sys::thread::unix::Thread>::new::thread_start
[INFO] [stdout]   23:     0x7f019f76bdfa - <unknown>
[INFO] [stdout]   24:     0x7f019f7ff3d4 - clone
[INFO] [stdout]   25:                0x0 - <unknown>
[INFO] [stdout] 
[INFO] [stdout] 
[INFO] [stdout] failures:
[INFO] [stdout]     test_aws_sqs_receiver_comprehensive
[INFO] [stdout]     test_aws_sqs_receiver_with_shutdown
[INFO] [stdout]     test_sqs_integration
[INFO] [stdout]     test_sqs_receiver_struct_api
[INFO] [stdout] 
[INFO] [stdout] test result: FAILED. 0 passed; 4 failed; 0 ignored; 0 measured; 0 filtered out; finished in 0.02s
[INFO] [stdout] 
[INFO] [stderr] error: test failed, to rerun pass `--test integration_test`
[INFO] running `Command { std: "docker" "inspect" "55c45968f1d2bdb66297286ccb5ac7c20c365485aa04284330d68b23893b006f", kill_on_drop: false }`
[INFO] running `Command { std: "docker" "rm" "-f" "55c45968f1d2bdb66297286ccb5ac7c20c365485aa04284330d68b23893b006f", kill_on_drop: false }`
[INFO] [stdout] 55c45968f1d2bdb66297286ccb5ac7c20c365485aa04284330d68b23893b006f
