[INFO] fetching crate rs-runec 0.4.0...
[INFO] testing rs-runec-0.4.0 against 1.100.0-beta.1+cargoflags=--release for beta-release-1.100-2
[INFO] extracting crate rs-runec 0.4.0 into /workspace/builds/worker-5-tc2/source
[INFO] started tweaking crates.io crate rs-runec 0.4.0
[INFO] finished tweaking crates.io crate rs-runec 0.4.0
[INFO] tweaked toml for crates.io crate rs-runec 0.4.0 written to /workspace/builds/worker-5-tc2/source/Cargo.toml
[INFO] validating manifest of crates.io crate rs-runec 0.4.0 on toolchain 1.100.0-beta.1
[INFO] running `Command { std: CARGO_HOME="/workspace/cargo-home" RUSTUP_HOME="/workspace/rustup-home" "/workspace/cargo-home/bin/cargo" "+1.100.0-beta.1" "metadata" "--manifest-path" "Cargo.toml" "--no-deps", kill_on_drop: false }`
[INFO] crate crates.io crate rs-runec 0.4.0 already has a lockfile, it will not be regenerated
[INFO] running `Command { std: CARGO_HOME="/workspace/cargo-home" RUSTUP_HOME="/workspace/rustup-home" "/workspace/cargo-home/bin/cargo" "+1.100.0-beta.1" "fetch" "--manifest-path" "Cargo.toml", kill_on_drop: false }`
[INFO] [stderr] warning: `package.homepage` is redundant with `package.repository`
[INFO] [stderr]   --> Cargo.toml:39:12
[INFO] [stderr]    |
[INFO] [stderr] 39 | homepage = "https://github.com/RustCityRS/rs-compiler"
[INFO] [stderr]    |            ^^^^^^^^^^^^^^^^^^^^^^^^^^^^^^^^^^^^^^^^^^^
[INFO] [stderr] ...
[INFO] [stderr] 44 | repository = "https://github.com/RustCityRS/rs-compiler"
[INFO] [stderr]    |              -------------------------------------------
[INFO] [stderr]    |
[INFO] [stderr]    = note: `cargo::redundant_homepage` is set to `warn` by default
[INFO] [stderr] help: consider removing `package.homepage`
[INFO] [stderr] warning: `rs-runec` (manifest) generated 1 warning
[INFO] running `Command { std: "docker" "create" "-v" "/var/lib/crater-agent-workspace/builds/worker-5-tc2/source:/opt/rustwide/workdir:ro,Z" "-v" "/var/lib/crater-agent-workspace/builds/worker-5-tc2/target:/opt/rustwide/target:rw,Z" "-v" "/var/lib/crater-agent-workspace/cargo-home:/opt/rustwide/cargo-home:ro,Z" "-v" "/var/lib/crater-agent-workspace/rustup-home:/opt/rustwide/rustup-home:ro,Z" "-m" "1610612736" "--network" "none" "ghcr.io/rust-lang/crates-build-env/linux@sha256:77db811e55d90add9212f6832c23229e3de5f1c1f9905e8cb07319ea15df73ac" "sleep" "infinity", kill_on_drop: false }`
[INFO] [stdout] bed83475cbdb83686816accd37eaa96b9ca59aa91d9d45e6bdfee1d97a88b817
[INFO] running `Command { std: "docker" "start" "bed83475cbdb83686816accd37eaa96b9ca59aa91d9d45e6bdfee1d97a88b817", kill_on_drop: false }`
[INFO] running `Command { std: "docker" "inspect" "bed83475cbdb83686816accd37eaa96b9ca59aa91d9d45e6bdfee1d97a88b817", kill_on_drop: false }`
[INFO] running `Command { std: "docker" "exec" "-e" "SOURCE_DIR=/opt/rustwide/workdir" "-e" "CARGO_HOME=/opt/rustwide/cargo-home" "-e" "RUSTUP_HOME=/opt/rustwide/rustup-home" "-e" "CARGO_TARGET_DIR=/opt/rustwide/target" "-w" "/opt/rustwide/workdir" "--user" "0:0" "bed83475cbdb83686816accd37eaa96b9ca59aa91d9d45e6bdfee1d97a88b817" "/opt/rustwide/cargo-home/bin/cargo" "+1.100.0-beta.1" "metadata" "--no-deps" "--format-version=1", kill_on_drop: false }`
[INFO] running `Command { std: "docker" "inspect" "bed83475cbdb83686816accd37eaa96b9ca59aa91d9d45e6bdfee1d97a88b817", kill_on_drop: false }`
[INFO] running `Command { std: "docker" "exec" "-e" "SOURCE_DIR=/opt/rustwide/workdir" "-e" "CARGO_HOME=/opt/rustwide/cargo-home" "-e" "RUSTUP_HOME=/opt/rustwide/rustup-home" "-e" "CARGO_TARGET_DIR=/opt/rustwide/target" "-e" "CARGO_INCREMENTAL=0" "-e" "RUST_BACKTRACE=full" "-e" "RUSTFLAGS=--cap-lints=warn" "-e" "RUSTDOCFLAGS=--cap-lints=warn" "-w" "/opt/rustwide/workdir" "--user" "0:0" "bed83475cbdb83686816accd37eaa96b9ca59aa91d9d45e6bdfee1d97a88b817" "/opt/rustwide/cargo-home/bin/cargo" "+1.100.0-beta.1" "build" "--frozen" "--message-format=json" "--release", kill_on_drop: false }`
[INFO] [stderr] warning: `package.homepage` is redundant with `package.repository`
[INFO] [stderr]   --> Cargo.toml:39:12
[INFO] [stderr]    |
[INFO] [stderr] 39 | homepage = "https://github.com/RustCityRS/rs-compiler"
[INFO] [stderr]    |            ^^^^^^^^^^^^^^^^^^^^^^^^^^^^^^^^^^^^^^^^^^^
[INFO] [stderr] ...
[INFO] [stderr] 44 | repository = "https://github.com/RustCityRS/rs-compiler"
[INFO] [stderr]    |              -------------------------------------------
[INFO] [stderr]    |
[INFO] [stderr]    = note: `cargo::redundant_homepage` is set to `warn` by default
[INFO] [stderr] help: consider removing `package.homepage`
[INFO] [stderr] warning: `rs-runec` (manifest) generated 1 warning
[INFO] [stderr]    Compiling proc-macro2 v1.0.92
[INFO] [stderr]    Compiling unicode-ident v1.0.14
[INFO] [stderr]    Compiling once_cell v1.21.4
[INFO] [stderr]    Compiling utf8parse v0.2.2
[INFO] [stderr]    Compiling regex-syntax v0.8.5
[INFO] [stderr]    Compiling anstyle v1.0.10
[INFO] [stderr]    Compiling anstyle-query v1.1.2
[INFO] [stderr]    Compiling colorchoice v1.0.3
[INFO] [stderr]    Compiling is_terminal_polyfill v1.70.1
[INFO] [stderr]    Compiling clap_lex v0.7.4
[INFO] [stderr]    Compiling strsim v0.11.1
[INFO] [stderr]    Compiling cfg-if v1.0.4
[INFO] [stderr]    Compiling lazy_static v1.5.0
[INFO] [stderr]    Compiling pin-project-lite v0.2.17
[INFO] [stderr]    Compiling log v0.4.29
[INFO] [stderr]    Compiling smallvec v1.15.1
[INFO] [stderr]    Compiling thread_local v1.1.9
[INFO] [stderr]    Compiling anstyle-parse v0.2.6
[INFO] [stderr]    Compiling nu-ansi-term v0.50.3
[INFO] [stderr]    Compiling sharded-slab v0.1.7
[INFO] [stderr]    Compiling tracing-core v0.1.36
[INFO] [stderr]    Compiling anstream v0.6.18
[INFO] [stderr]    Compiling clap_builder v4.5.23
[INFO] [stderr]    Compiling quote v1.0.37
[INFO] [stderr]    Compiling tracing-log v0.2.0
[INFO] [stderr]    Compiling syn v2.0.90
[INFO] [stderr]    Compiling regex-automata v0.4.9
[INFO] [stderr]    Compiling matchers v0.2.0
[INFO] [stderr]    Compiling tracing-attributes v0.1.31
[INFO] [stderr]    Compiling clap_derive v4.5.18
[INFO] [stderr]    Compiling tracing v0.1.44
[INFO] [stderr]    Compiling tracing-subscriber v0.3.23
[INFO] [stderr]    Compiling clap v4.5.23
[INFO] [stderr]    Compiling rs-runec v0.4.0 (/opt/rustwide/workdir)
[INFO] [stderr]     Finished `release` profile [optimized] target(s) in 1m 00s
[INFO] running `Command { std: "docker" "inspect" "bed83475cbdb83686816accd37eaa96b9ca59aa91d9d45e6bdfee1d97a88b817", kill_on_drop: false }`
[INFO] running `Command { std: "docker" "exec" "-e" "SOURCE_DIR=/opt/rustwide/workdir" "-e" "CARGO_HOME=/opt/rustwide/cargo-home" "-e" "RUSTUP_HOME=/opt/rustwide/rustup-home" "-e" "CARGO_TARGET_DIR=/opt/rustwide/target" "-e" "CARGO_INCREMENTAL=0" "-e" "RUST_BACKTRACE=full" "-e" "RUSTFLAGS=--cap-lints=warn" "-e" "RUSTDOCFLAGS=--cap-lints=warn" "-w" "/opt/rustwide/workdir" "--user" "0:0" "bed83475cbdb83686816accd37eaa96b9ca59aa91d9d45e6bdfee1d97a88b817" "/opt/rustwide/cargo-home/bin/cargo" "+1.100.0-beta.1" "test" "--frozen" "--no-run" "--message-format=json" "--release", kill_on_drop: false }`
[INFO] [stderr] warning: `package.homepage` is redundant with `package.repository`
[INFO] [stderr]   --> Cargo.toml:39:12
[INFO] [stderr]    |
[INFO] [stderr] 39 | homepage = "https://github.com/RustCityRS/rs-compiler"
[INFO] [stderr]    |            ^^^^^^^^^^^^^^^^^^^^^^^^^^^^^^^^^^^^^^^^^^^
[INFO] [stderr] ...
[INFO] [stderr] 44 | repository = "https://github.com/RustCityRS/rs-compiler"
[INFO] [stderr]    |              -------------------------------------------
[INFO] [stderr]    |
[INFO] [stderr]    = note: `cargo::redundant_homepage` is set to `warn` by default
[INFO] [stderr] help: consider removing `package.homepage`
[INFO] [stderr] warning: `rs-runec` (manifest) generated 1 warning
[INFO] [stderr]    Compiling ctor v0.2.9
[INFO] [stderr]    Compiling rs-runec v0.4.0 (/opt/rustwide/workdir)
[INFO] [stderr]     Finished `release` profile [optimized] target(s) in 22.97s
[INFO] running `Command { std: "docker" "inspect" "bed83475cbdb83686816accd37eaa96b9ca59aa91d9d45e6bdfee1d97a88b817", kill_on_drop: false }`
[INFO] running `Command { std: "docker" "exec" "-e" "SOURCE_DIR=/opt/rustwide/workdir" "-e" "CARGO_HOME=/opt/rustwide/cargo-home" "-e" "RUSTUP_HOME=/opt/rustwide/rustup-home" "-e" "CARGO_TARGET_DIR=/opt/rustwide/target" "-e" "CARGO_INCREMENTAL=0" "-e" "RUST_BACKTRACE=full" "-e" "RUSTFLAGS=--cap-lints=warn" "-e" "RUSTDOCFLAGS=--cap-lints=warn" "-w" "/opt/rustwide/workdir" "--user" "0:0" "bed83475cbdb83686816accd37eaa96b9ca59aa91d9d45e6bdfee1d97a88b817" "/opt/rustwide/cargo-home/bin/cargo" "+1.100.0-beta.1" "test" "--frozen" "--release", kill_on_drop: false }`
[INFO] [stderr] warning: `package.homepage` is redundant with `package.repository`
[INFO] [stderr]   --> Cargo.toml:39:12
[INFO] [stderr]    |
[INFO] [stderr] 39 | homepage = "https://github.com/RustCityRS/rs-compiler"
[INFO] [stderr]    |            ^^^^^^^^^^^^^^^^^^^^^^^^^^^^^^^^^^^^^^^^^^^
[INFO] [stderr] ...
[INFO] [stderr] 44 | repository = "https://github.com/RustCityRS/rs-compiler"
[INFO] [stderr]    |              -------------------------------------------
[INFO] [stderr]    |
[INFO] [stderr]    = note: `cargo::redundant_homepage` is set to `warn` by default
[INFO] [stderr] help: consider removing `package.homepage`
[INFO] [stderr] warning: `rs-runec` (manifest) generated 1 warning
[INFO] [stderr]     Finished `release` profile [optimized] target(s) in 0.07s
[INFO] [stderr]      Running unittests src/lib.rs (/opt/rustwide/target/release/build/rs-runec/512470cb434cdaf2/out/runec-512470cb434cdaf2)
[INFO] [stdout] 
[INFO] [stdout] running 86 tests
[INFO] [stdout] test compiler::tests::validate_warns_on_unknown_npc_subject ... ok
[INFO] [stdout] test compiler::tests::validate_warns_on_unresolved_if_button_subject ... ok
[INFO] [stdout] test diagnostic_messages::tests::fmt_constant_sigil ... ok
[INFO] [stdout] test diagnostic_messages::tests::fmt_assignment_messages ... ok
[INFO] [stdout] test diagnostic_messages::tests::fmt_binary_messages ... ok
[INFO] [stdout] test diagnostic_messages::tests::fmt_condition_messages ... ok
[INFO] [stdout] test diagnostic_messages::tests::fmt_constant_messages ... ok
[INFO] [stdout] test diagnostic_messages::tests::fmt_game_var_sigil ... ok
[INFO] [stdout] test diagnostic_messages::tests::fmt_call_messages ... ok
[INFO] [stdout] test compiler::tests::validate_silent_on_wildcards_and_categories ... ok
[INFO] [stdout] test diagnostic_messages::tests::fmt_local_messages ... ok
[INFO] [stdout] test diagnostic_messages::tests::fmt_internal_errors ... ok
[INFO] [stdout] test diagnostic_messages::tests::fmt_jump_sigil ... ok
[INFO] [stdout] test compiler::tests::test_commands_resolve_names_to_ids_but_only_for_themselves ... ok
[INFO] [stdout] test compiler::tests::validate_silent_on_coord_triggers ... ok
[INFO] [stdout] test diagnostic_messages::tests::fmt_pointer_messages ... ok
[INFO] [stdout] test diagnostic_messages::tests::fmt_proc_sigil ... ok
[INFO] [stdout] test lints::tests::compiler_emitted_branch_without_linenumber_does_not_warn ... ok
[INFO] [stdout] test compiler::tests::if_button_resolves_interface_component_form ... ok
[INFO] [stdout] test diagnostic_messages::tests::fmt_generic_messages ... ok
[INFO] [stdout] test diagnostic_messages::tests::fmt_no_args ... ok
[INFO] [stdout] test diagnostic_messages::tests::fmt_local_var_sigil ... ok
[INFO] [stdout] test diagnostic_messages::tests::fmt_script_messages ... ok
[INFO] [stdout] test diagnostic_messages::tests::fmt_single_arg ... ok
[INFO] [stdout] test diagnostic_messages::tests::fmt_multiple_args ... ok
[INFO] [stdout] test lints::tests::dead_code_after_return_is_reported ... ok
[INFO] [stdout] test lints::tests::reachable_code_after_conditional_branch_is_ok ... ok
[INFO] [stdout] test lints::tests::unused_array_is_reported ... ok
[INFO] [stdout] test lints::tests::read_then_written_int_local_is_ok ... ok
[INFO] [stdout] test lints::tests::unused_parameter_is_reported_with_param_wording ... ok
[INFO] [stdout] test lints::tests::string_and_long_locals_tracked_independently ... ok
[INFO] [stdout] test lints::tests::dead_code_after_jump_is_reported ... ok
[INFO] [stdout] test compiler::tests::bare_command_sharing_a_trigger_name_compiles_to_the_command ... ok
[INFO] [stdout] test diagnostic_messages::tests::fmt_switch_messages ... ok
[INFO] [stdout] test lints::tests::touched_array_does_not_warn ... ok
[INFO] [stdout] test compiler::tests::validate_silent_on_resolvable_subject ... ok
[INFO] [stdout] test lints::tests::unused_int_local_is_reported ... ok
[INFO] [stdout] test compiler::tests::validate_silent_on_name_keyed_triggers ... ok
[INFO] [stdout] test pointer_checker::tests::rewrite_call_site_with_args ... ok
[INFO] [stdout] test pointer_checker::tests::rewrite_header_no_params ... ok
[INFO] [stdout] test pointer_checker::tests::secondary_requires_and_corrupts_silent_for_engine_pointer ... ok
[INFO] [stdout] test pointer_checker::tests::secondary_requires_and_corrupts_warns_for_static_pointer ... ok
[INFO] [stdout] test pointer_checker::tests::branch_target_on_line_number_still_connects ... ok
[INFO] [stdout] test pointer_checker::tests::conditional_setter_with_arg_push ... ok
[INFO] [stdout] test pointer_checker::tests::corruption_before_requirement_is_caught ... ok
[INFO] [stdout] test pointer_checker::tests::rewrite_call_site_empty_arg_list ... ok
[INFO] [stdout] test symbol::tests::lookup_225_pack_with_225_reference ... ok
[INFO] [stdout] test symbol::tests::lookup_225_pack_with_647_reference ... ok
[INFO] [stdout] test symbol::tests::lookup_647_pack_with_225_reference ... ok
[INFO] [stdout] test pointer_checker::tests::find_header_line_matches_trigger_and_name ... ok
[INFO] [stdout] test pointer_checker::tests::find_matching_close_paren_nested ... ok
[INFO] [stdout] test pointer_checker::tests::rewrite_call_site_gosub_no_args ... ok
[INFO] [stdout] test pointer_checker::tests::rewrite_header_proc_with_return_type ... ok
[INFO] [stdout] test pointer_checker::tests::secondary_varn_requires_active_npc2_not_primary ... ok
[INFO] [stdout] test symbol::tests::normalize_preserves_non_digit_underscores ... ok
[INFO] [stdout] test pointer_checker::tests::secondary_warning_falls_back_to_prose_help_without_source ... ok
[INFO] [stdout] test symbol::tests::normalize_strips_underscore_before_digits ... ok
[INFO] [stdout] test pointer_checker::tests::format_corruptors_shapes ... ok
[INFO] [stdout] test pointer_checker::tests::gosub_requires_then_corrupts_same_pointer ... ok
[INFO] [stdout] test pointer_checker::tests::rewrite_call_site_no_args ... ok
[INFO] [stdout] test pointer_checker::tests::rewrite_header_with_existing_params ... ok
[INFO] [stdout] test symbol::tests::normalize_preserves_already_compact_names ... ok
[INFO] [stdout] test symloader::tests::load_225_style_registers_components ... FAILED
[INFO] [stdout] test symloader::tests::load_225_style_resolves_647_references ... FAILED
[INFO] [stdout] test trigger_table::tests::allows_returns_matches_lib_set ... ok
[INFO] [stdout] test trigger_table::tests::is_valid_trigger_name_keyed ... ok
[INFO] [stdout] test trigger_table::tests::is_valid_trigger_unknown_rejected ... ok
[INFO] [stdout] test trigger_table::tests::button_triggers_match_legacy_set ... ok
[INFO] [stdout] test trigger_table::tests::if_button_extended_to_ten ... ok
[INFO] [stdout] test trigger_table::tests::inv_button_caps_at_five ... ok
[INFO] [stdout] test trigger_table::tests::no_duplicate_trigger_names ... ok
[INFO] [stdout] test trigger_table::tests::opheld_only_goes_to_five ... ok
[INFO] [stdout] test trigger_table::tests::known_byte_values ... ok
[INFO] [stdout] test trigger_table::tests::subject_type_routing ... ok
[INFO] [stdout] test trigger_table::tests::name_keyed_triggers_have_no_byte ... ok
[INFO] [stdout] test trigger_table::tests::validation_skip_list ... ok
[INFO] [stdout] test pointer_checker::tests::uninitialized_pointer_caught ... ok
[INFO] [stdout] test symloader::tests::load_647_style_registers_components ... FAILED
[INFO] [stdout] test pointer_checker::tests::secondary_warning_attaches_help_with_rewrite_suggestions ... ok
[INFO] [stdout] test symbol::tests::lookup_647_pack_with_647_reference ... ok
[INFO] [stdout] test symbol::tests::normalize_only_strips_alpha_digit_boundary ... ok
[INFO] [stdout] test trigger_table::tests::is_valid_trigger_byte_keyed ... ok
[INFO] [stdout] test symloader::tests::load_647_style_resolves_225_references ... FAILED
[INFO] [stdout] test symloader::tests::components_register_as_component_type ... FAILED
[INFO] [stdout] test trigger_table::tests::is_valid_trigger_extended ... ok
[INFO] [stdout] test symbol::tests::lookup_returns_none_for_unknown_component ... ok
[INFO] [stdout] 
[INFO] [stdout] failures:
[INFO] [stdout] 
[INFO] [stdout] ---- symloader::tests::load_225_style_registers_components stdout ----
[INFO] [stdout] 
[INFO] [stdout] thread 'symloader::tests::load_225_style_registers_components' (628) panicked at src/symloader.rs:1360:34:
[INFO] [stdout] called `Result::unwrap()` on an `Err` value: Os { code: 30, kind: ReadOnlyFilesystem, message: "Read-only file system" }
[INFO] [stdout] stack backtrace:
[INFO] [stdout]    0:     0x574174722c77 - <<std[617be2ca0a6fd877]::sys::backtrace::BacktraceLock>::print::DisplayBacktrace as core[a373ad73a504971]::fmt::Display>::fmt
[INFO] [stdout]    1:     0x57417470a9ba - core[a373ad73a504971]::fmt::write
[INFO] [stdout]    2:     0x57417472222b - <alloc[2e1b2a31b91974c5]::vec::Vec<u8> as core[a373ad73a504971]::io::write::Write>::write_fmt
[INFO] [stdout]    3:     0x574174721d0f - std[617be2ca0a6fd877]::panicking::default_hook::{closure#0}
[INFO] [stdout]    4:     0x57417472193a - std[617be2ca0a6fd877]::panicking::default_hook
[INFO] [stdout]    5:     0x574174721475 - std[617be2ca0a6fd877]::panicking::panic_with_hook
[INFO] [stdout]    6:     0x574174748221 - std[617be2ca0a6fd877]::panicking::panic_handler::{closure#0}
[INFO] [stdout]    7:     0x5741747481d9 - std[617be2ca0a6fd877]::sys::backtrace::__rust_end_short_backtrace::<std[617be2ca0a6fd877]::panicking::panic_handler::{closure#0}, !>
[INFO] [stdout]    8:     0x5741747486dc - __rustc[ea4f61d10b84890b]::rust_begin_unwind
[INFO] [stdout]    9:     0x57417470a84b - core[a373ad73a504971]::panicking::panic_fmt
[INFO] [stdout]   10:     0x57417470de51 - core[a373ad73a504971]::result::unwrap_failed
[INFO] [stdout]   11:     0x5741746f53ca - runec[e6c13934858d5563]::symloader::tests::write_temp_pack
[INFO] [stdout]   12:     0x574174706a47 - <runec[e6c13934858d5563]::symloader::tests::load_225_style_registers_components::{closure#0} as core[a373ad73a504971]::ops::function::FnOnce<()>>::call_once
[INFO] [stdout]   13:     0x57417476123b - test[aada8e7e76ba119b]::__rust_begin_short_backtrace::<core[a373ad73a504971]::result::Result<(), alloc[2e1b2a31b91974c5]::string::String>, fn() -> core[a373ad73a504971]::result::Result<(), alloc[2e1b2a31b91974c5]::string::String>>
[INFO] [stdout]   14:     0x57417475c67f - test[aada8e7e76ba119b]::run_test::{closure#0}
[INFO] [stdout]   15:     0x57417475c0fc - std[617be2ca0a6fd877]::sys::backtrace::__rust_begin_short_backtrace::<test[aada8e7e76ba119b]::run_test::{closure#1}, ()>
[INFO] [stdout]   16:     0x57417477c68c - <std[617be2ca0a6fd877]::thread::lifecycle::spawn_unchecked<test[aada8e7e76ba119b]::run_test::{closure#1}, ()>::{closure#1} as core[a373ad73a504971]::ops::function::FnOnce<()>>::call_once::{shim:vtable#0}
[INFO] [stdout]   17:     0x574174749df4 - <std[617be2ca0a6fd877]::sys::thread::unix::Thread>::new::thread_start
[INFO] [stdout]   18:     0x7a50ac7e0dfa - <unknown>
[INFO] [stdout]   19:     0x7a50ac8743d4 - clone
[INFO] [stdout]   20:                0x0 - <unknown>
[INFO] [stdout] 
[INFO] [stdout] ---- symloader::tests::load_225_style_resolves_647_references stdout ----
[INFO] [stdout] 
[INFO] [stdout] thread 'symloader::tests::load_225_style_resolves_647_references' (629) panicked at src/symloader.rs:1360:34:
[INFO] [stdout] called `Result::unwrap()` on an `Err` value: Os { code: 30, kind: ReadOnlyFilesystem, message: "Read-only file system" }
[INFO] [stdout] stack backtrace:
[INFO] [stdout]    0:     0x574174722c77 - <<std[617be2ca0a6fd877]::sys::backtrace::BacktraceLock>::print::DisplayBacktrace as core[a373ad73a504971]::fmt::Display>::fmt
[INFO] [stdout]    1:     0x57417470a9ba - core[a373ad73a504971]::fmt::write
[INFO] [stdout]    2:     0x57417472222b - <alloc[2e1b2a31b91974c5]::vec::Vec<u8> as core[a373ad73a504971]::io::write::Write>::write_fmt
[INFO] [stdout]    3:     0x574174721d0f - std[617be2ca0a6fd877]::panicking::default_hook::{closure#0}
[INFO] [stdout]    4:     0x57417472193a - std[617be2ca0a6fd877]::panicking::default_hook
[INFO] [stdout]    5:     0x574174721475 - std[617be2ca0a6fd877]::panicking::panic_with_hook
[INFO] [stdout]    6:     0x574174748221 - std[617be2ca0a6fd877]::panicking::panic_handler::{closure#0}
[INFO] [stdout]    7:     0x5741747481d9 - std[617be2ca0a6fd877]::sys::backtrace::__rust_end_short_backtrace::<std[617be2ca0a6fd877]::panicking::panic_handler::{closure#0}, !>
[INFO] [stdout]    8:     0x5741747486dc - __rustc[ea4f61d10b84890b]::rust_begin_unwind
[INFO] [stdout]    9:     0x57417470a84b - core[a373ad73a504971]::panicking::panic_fmt
[INFO] [stdout]   10:     0x57417470de51 - core[a373ad73a504971]::result::unwrap_failed
[INFO] [stdout]   11:     0x5741746f53ca - runec[e6c13934858d5563]::symloader::tests::write_temp_pack
[INFO] [stdout]   12:     0x574174707b62 - <runec[e6c13934858d5563]::symloader::tests::load_225_style_resolves_647_references::{closure#0} as core[a373ad73a504971]::ops::function::FnOnce<()>>::call_once
[INFO] [stdout]   13:     0x57417476123b - test[aada8e7e76ba119b]::__rust_begin_short_backtrace::<core[a373ad73a504971]::result::Result<(), alloc[2e1b2a31b91974c5]::string::String>, fn() -> core[a373ad73a504971]::result::Result<(), alloc[2e1b2a31b91974c5]::string::String>>
[INFO] [stdout]   14:     0x57417475c67f - test[aada8e7e76ba119b]::run_test::{closure#0}
[INFO] [stdout]   15:     0x57417475c0fc - std[617be2ca0a6fd877]::sys::backtrace::__rust_begin_short_backtrace::<test[aada8e7e76ba119b]::run_test::{closure#1}, ()>
[INFO] [stdout]   16:     0x57417477c68c - <std[617be2ca0a6fd877]::thread::lifecycle::spawn_unchecked<test[aada8e7e76ba119b]::run_test::{closure#1}, ()>::{closure#1} as core[a373ad73a504971]::ops::function::FnOnce<()>>::call_once::{shim:vtable#0}
[INFO] [stdout]   17:     0x574174749df4 - <std[617be2ca0a6fd877]::sys::thread::unix::Thread>::new::thread_start
[INFO] [stdout]   18:     0x7a50ac7e0dfa - <unknown>
[INFO] [stdout]   19:     0x7a50ac8743d4 - clone
[INFO] [stdout]   20:                0x0 - <unknown>
[INFO] [stdout] 
[INFO] [stdout] ---- symloader::tests::load_647_style_registers_components stdout ----
[INFO] [stdout] 
[INFO] [stdout] thread 'symloader::tests::load_647_style_registers_components' (630) panicked at src/symloader.rs:1360:34:
[INFO] [stdout] called `Result::unwrap()` on an `Err` value: Os { code: 30, kind: ReadOnlyFilesystem, message: "Read-only file system" }
[INFO] [stdout] stack backtrace:
[INFO] [stdout]    0:     0x574174722c77 - <<std[617be2ca0a6fd877]::sys::backtrace::BacktraceLock>::print::DisplayBacktrace as core[a373ad73a504971]::fmt::Display>::fmt
[INFO] [stdout]    1:     0x57417470a9ba - core[a373ad73a504971]::fmt::write
[INFO] [stdout]    2:     0x57417472222b - <alloc[2e1b2a31b91974c5]::vec::Vec<u8> as core[a373ad73a504971]::io::write::Write>::write_fmt
[INFO] [stdout]    3:     0x574174721d0f - std[617be2ca0a6fd877]::panicking::default_hook::{closure#0}
[INFO] [stdout]    4:     0x57417472193a - std[617be2ca0a6fd877]::panicking::default_hook
[INFO] [stdout]    5:     0x574174721475 - std[617be2ca0a6fd877]::panicking::panic_with_hook
[INFO] [stdout]    6:     0x574174748221 - std[617be2ca0a6fd877]::panicking::panic_handler::{closure#0}
[INFO] [stdout]    7:     0x5741747481d9 - std[617be2ca0a6fd877]::sys::backtrace::__rust_end_short_backtrace::<std[617be2ca0a6fd877]::panicking::panic_handler::{closure#0}, !>
[INFO] [stdout]    8:     0x5741747486dc - __rustc[ea4f61d10b84890b]::rust_begin_unwind
[INFO] [stdout]    9:     0x57417470a84b - core[a373ad73a504971]::panicking::panic_fmt
[INFO] [stdout]   10:     0x57417470de51 - core[a373ad73a504971]::result::unwrap_failed
[INFO] [stdout]   11:     0x5741746f53ca - runec[e6c13934858d5563]::symloader::tests::write_temp_pack
[INFO] [stdout]   12:     0x574174707077 - <runec[e6c13934858d5563]::symloader::tests::load_647_style_registers_components::{closure#0} as core[a373ad73a504971]::ops::function::FnOnce<()>>::call_once
[INFO] [stdout]   13:     0x57417476123b - test[aada8e7e76ba119b]::__rust_begin_short_backtrace::<core[a373ad73a504971]::result::Result<(), alloc[2e1b2a31b91974c5]::string::String>, fn() -> core[a373ad73a504971]::result::Result<(), alloc[2e1b2a31b91974c5]::string::String>>
[INFO] [stdout]   14:     0x57417475c67f - test[aada8e7e76ba119b]::run_test::{closure#0}
[INFO] [stdout]   15:     0x57417475c0fc - std[617be2ca0a6fd877]::sys::backtrace::__rust_begin_short_backtrace::<test[aada8e7e76ba119b]::run_test::{closure#1}, ()>
[INFO] [stdout]   16:     0x57417477c68c - <std[617be2ca0a6fd877]::thread::lifecycle::spawn_unchecked<test[aada8e7e76ba119b]::run_test::{closure#1}, ()>::{closure#1} as core[a373ad73a504971]::ops::function::FnOnce<()>>::call_once::{shim:vtable#0}
[INFO] [stdout]   17:     0x574174749df4 - <std[617be2ca0a6fd877]::sys::thread::unix::Thread>::new::thread_start
[INFO] [stdout]   18:     0x7a50ac7e0dfa - <unknown>
[INFO] [stdout]   19:     0x7a50ac8743d4 - clone
[INFO] [stdout]   20:                0x0 - <unknown>
[INFO] [stdout] 
[INFO] [stdout] ---- symloader::tests::load_647_style_resolves_225_references stdout ----
[INFO] [stdout] 
[INFO] [stdout] thread 'symloader::tests::load_647_style_resolves_225_references' (631) panicked at src/symloader.rs:1360:34:
[INFO] [stdout] called `Result::unwrap()` on an `Err` value: Os { code: 30, kind: ReadOnlyFilesystem, message: "Read-only file system" }
[INFO] [stdout] stack backtrace:
[INFO] [stdout]    0:     0x574174722c77 - <<std[617be2ca0a6fd877]::sys::backtrace::BacktraceLock>::print::DisplayBacktrace as core[a373ad73a504971]::fmt::Display>::fmt
[INFO] [stdout]    1:     0x57417470a9ba - core[a373ad73a504971]::fmt::write
[INFO] [stdout]    2:     0x57417472222b - <alloc[2e1b2a31b91974c5]::vec::Vec<u8> as core[a373ad73a504971]::io::write::Write>::write_fmt
[INFO] [stdout]    3:     0x574174721d0f - std[617be2ca0a6fd877]::panicking::default_hook::{closure#0}
[INFO] [stdout]    4:     0x57417472193a - std[617be2ca0a6fd877]::panicking::default_hook
[INFO] [stdout]    5:     0x574174721475 - std[617be2ca0a6fd877]::panicking::panic_with_hook
[INFO] [stdout]    6:     0x574174748221 - std[617be2ca0a6fd877]::panicking::panic_handler::{closure#0}
[INFO] [stdout]    7:     0x5741747481d9 - std[617be2ca0a6fd877]::sys::backtrace::__rust_end_short_backtrace::<std[617be2ca0a6fd877]::panicking::panic_handler::{closure#0}, !>
[INFO] [stdout]    8:     0x5741747486dc - __rustc[ea4f61d10b84890b]::rust_begin_unwind
[INFO] [stdout]    9:     0x57417470a84b - core[a373ad73a504971]::panicking::panic_fmt
[INFO] [stdout]   10:     0x57417470de51 - core[a373ad73a504971]::result::unwrap_failed
[INFO] [stdout]   11:     0x5741746f53ca - runec[e6c13934858d5563]::symloader::tests::write_temp_pack
[INFO] [stdout]   12:     0x574174707fd2 - <runec[e6c13934858d5563]::symloader::tests::load_647_style_resolves_225_references::{closure#0} as core[a373ad73a504971]::ops::function::FnOnce<()>>::call_once
[INFO] [stdout]   13:     0x57417476123b - test[aada8e7e76ba119b]::__rust_begin_short_backtrace::<core[a373ad73a504971]::result::Result<(), alloc[2e1b2a31b91974c5]::string::String>, fn() -> core[a373ad73a504971]::result::Result<(), alloc[2e1b2a31b91974c5]::string::String>>
[INFO] [stdout]   14:     0x57417475c67f - test[aada8e7e76ba119b]::run_test::{closure#0}
[INFO] [stdout]   15:     0x57417475c0fc - std[617be2ca0a6fd877]::sys::backtrace::__rust_begin_short_backtrace::<test[aada8e7e76ba119b]::run_test::{closure#1}, ()>
[INFO] [stdout]   16:     0x57417477c68c - <std[617be2ca0a6fd877]::thread::lifecycle::spawn_unchecked<test[aada8e7e76ba119b]::run_test::{closure#1}, ()>::{closure#1} as core[a373ad73a504971]::ops::function::FnOnce<()>>::call_once::{shim:vtable#0}
[INFO] [stdout]   17:     0x574174749df4 - <std[617be2ca0a6fd877]::sys::thread::unix::Thread>::new::thread_start
[INFO] [stdout]   18:     0x7a50ac7e0dfa - <unknown>
[INFO] [stdout]   19:     0x7a50ac8743d4 - clone
[INFO] [stdout]   20:                0x0 - <unknown>
[INFO] [stdout] 
[INFO] [stdout] ---- symloader::tests::components_register_as_component_type stdout ----
[INFO] [stdout] 
[INFO] [stdout] thread 'symloader::tests::components_register_as_component_type' (627) panicked at src/symloader.rs:1360:34:
[INFO] [stdout] called `Result::unwrap()` on an `Err` value: Os { code: 30, kind: ReadOnlyFilesystem, message: "Read-only file system" }
[INFO] [stdout] stack backtrace:
[INFO] [stdout]    0:     0x574174722c77 - <<std[617be2ca0a6fd877]::sys::backtrace::BacktraceLock>::print::DisplayBacktrace as core[a373ad73a504971]::fmt::Display>::fmt
[INFO] [stdout]    1:     0x57417470a9ba - core[a373ad73a504971]::fmt::write
[INFO] [stdout]    2:     0x57417472222b - <alloc[2e1b2a31b91974c5]::vec::Vec<u8> as core[a373ad73a504971]::io::write::Write>::write_fmt
[INFO] [stdout]    3:     0x574174721d0f - std[617be2ca0a6fd877]::panicking::default_hook::{closure#0}
[INFO] [stdout]    4:     0x57417472193a - std[617be2ca0a6fd877]::panicking::default_hook
[INFO] [stdout]    5:     0x574174721475 - std[617be2ca0a6fd877]::panicking::panic_with_hook
[INFO] [stdout]    6:     0x574174748221 - std[617be2ca0a6fd877]::panicking::panic_handler::{closure#0}
[INFO] [stdout]    7:     0x5741747481d9 - std[617be2ca0a6fd877]::sys::backtrace::__rust_end_short_backtrace::<std[617be2ca0a6fd877]::panicking::panic_handler::{closure#0}, !>
[INFO] [stdout]    8:     0x5741747486dc - __rustc[ea4f61d10b84890b]::rust_begin_unwind
[INFO] [stdout]    9:     0x57417470a84b - core[a373ad73a504971]::panicking::panic_fmt
[INFO] [stdout]   10:     0x57417470de51 - core[a373ad73a504971]::result::unwrap_failed
[INFO] [stdout]   11:     0x5741746f53ca - runec[e6c13934858d5563]::symloader::tests::write_temp_pack
[INFO] [stdout]   12:     0x574174707762 - <runec[e6c13934858d5563]::symloader::tests::components_register_as_component_type::{closure#0} as core[a373ad73a504971]::ops::function::FnOnce<()>>::call_once
[INFO] [stdout]   13:     0x57417476123b - test[aada8e7e76ba119b]::__rust_begin_short_backtrace::<core[a373ad73a504971]::result::Result<(), alloc[2e1b2a31b91974c5]::string::String>, fn() -> core[a373ad73a504971]::result::Result<(), alloc[2e1b2a31b91974c5]::string::String>>
[INFO] [stdout]   14:     0x57417475c67f - test[aada8e7e76ba119b]::run_test::{closure#0}
[INFO] [stdout]   15:     0x57417475c0fc - std[617be2ca0a6fd877]::sys::backtrace::__rust_begin_short_backtrace::<test[aada8e7e76ba119b]::run_test::{closure#1}, ()>
[INFO] [stdout]   16:     0x57417477c68c - <std[617be2ca0a6fd877]::thread::lifecycle::spawn_unchecked<test[aada8e7e76ba119b]::run_test::{closure#1}, ()>::{closure#1} as core[a373ad73a504971]::ops::function::FnOnce<()>>::call_once::{shim:vtable#0}
[INFO] [stdout]   17:     0x574174749df4 - <std[617be2ca0a6fd877]::sys::thread::unix::Thread>::new::thread_start
[INFO] [stdout]   18:     0x7a50ac7e0dfa - <unknown>
[INFO] [stdout]   19:     0x7a50ac8743d4 - clone
[INFO] [stdout]   20:                0x0 - <unknown>
[INFO] [stdout] 
[INFO] [stdout] 
[INFO] [stdout] failures:
[INFO] [stdout]     symloader::tests::components_register_as_component_type
[INFO] [stdout]     symloader::tests::load_225_style_registers_components
[INFO] [stdout]     symloader::tests::load_225_style_resolves_647_references
[INFO] [stdout]     symloader::tests::load_647_style_registers_components
[INFO] [stdout]     symloader::tests::load_647_style_resolves_225_references
[INFO] [stdout] 
[INFO] [stdout] test result: FAILED. 81 passed; 5 failed; 0 ignored; 0 measured; 0 filtered out; finished in 0.02s
[INFO] [stdout] 
[INFO] [stderr] error: test failed, to rerun pass `--lib`
[INFO] running `Command { std: "docker" "inspect" "bed83475cbdb83686816accd37eaa96b9ca59aa91d9d45e6bdfee1d97a88b817", kill_on_drop: false }`
[INFO] running `Command { std: "docker" "rm" "-f" "bed83475cbdb83686816accd37eaa96b9ca59aa91d9d45e6bdfee1d97a88b817", kill_on_drop: false }`
[INFO] [stdout] bed83475cbdb83686816accd37eaa96b9ca59aa91d9d45e6bdfee1d97a88b817
