[INFO] fetching crate rs-password-utils 0.2.1...
[INFO] testing rs-password-utils-0.2.1 against 1.99.0-beta.8+cargoflags=--release for beta-release-1.100-2
[INFO] extracting crate rs-password-utils 0.2.1 into /workspace/builds/worker-6-tc1/source
[INFO] started tweaking crates.io crate rs-password-utils 0.2.1
[INFO] finished tweaking crates.io crate rs-password-utils 0.2.1
[INFO] tweaked toml for crates.io crate rs-password-utils 0.2.1 written to /workspace/builds/worker-6-tc1/source/Cargo.toml
[INFO] validating manifest of crates.io crate rs-password-utils 0.2.1 on toolchain 1.99.0-beta.8
[INFO] running `Command { std: CARGO_HOME="/workspace/cargo-home" RUSTUP_HOME="/workspace/rustup-home" "/workspace/cargo-home/bin/cargo" "+1.99.0-beta.8" "metadata" "--manifest-path" "Cargo.toml" "--no-deps", kill_on_drop: false }`
[INFO] crate crates.io crate rs-password-utils 0.2.1 already has a lockfile, it will not be regenerated
[INFO] running `Command { std: CARGO_HOME="/workspace/cargo-home" RUSTUP_HOME="/workspace/rustup-home" "/workspace/cargo-home/bin/cargo" "+1.99.0-beta.8" "fetch" "--manifest-path" "Cargo.toml", kill_on_drop: false }`
[INFO] [stderr]  Downloading crates ...
[INFO] [stderr]   Downloaded rpassword v7.5.2
[INFO] [stderr]   Downloaded rtoolbox v0.0.5
[INFO] [stderr]   Downloaded docopt v1.1.1
[INFO] [stderr]   Downloaded openssl-sys v0.9.115
[INFO] [stderr]   Downloaded openssl v0.10.79
[INFO] running `Command { std: "docker" "create" "-v" "/var/lib/crater-agent-workspace/builds/worker-6-tc1/source:/opt/rustwide/workdir:ro,Z" "-v" "/var/lib/crater-agent-workspace/builds/worker-6-tc1/target:/opt/rustwide/target:rw,Z" "-v" "/var/lib/crater-agent-workspace/cargo-home:/opt/rustwide/cargo-home:ro,Z" "-v" "/var/lib/crater-agent-workspace/rustup-home:/opt/rustwide/rustup-home:ro,Z" "-m" "1610612736" "--network" "none" "ghcr.io/rust-lang/crates-build-env/linux@sha256:77db811e55d90add9212f6832c23229e3de5f1c1f9905e8cb07319ea15df73ac" "sleep" "infinity", kill_on_drop: false }`
[INFO] [stdout] d7856126cbae948c487a3277f8a082e02eb29f5a5f6a891709ee31f1d1604281
[INFO] running `Command { std: "docker" "start" "d7856126cbae948c487a3277f8a082e02eb29f5a5f6a891709ee31f1d1604281", kill_on_drop: false }`
[INFO] running `Command { std: "docker" "inspect" "d7856126cbae948c487a3277f8a082e02eb29f5a5f6a891709ee31f1d1604281", kill_on_drop: false }`
[INFO] running `Command { std: "docker" "exec" "-e" "SOURCE_DIR=/opt/rustwide/workdir" "-e" "CARGO_HOME=/opt/rustwide/cargo-home" "-e" "RUSTUP_HOME=/opt/rustwide/rustup-home" "-e" "CARGO_TARGET_DIR=/opt/rustwide/target" "-w" "/opt/rustwide/workdir" "--user" "0:0" "d7856126cbae948c487a3277f8a082e02eb29f5a5f6a891709ee31f1d1604281" "/opt/rustwide/cargo-home/bin/cargo" "+1.99.0-beta.8" "metadata" "--no-deps" "--format-version=1", kill_on_drop: false }`
[INFO] running `Command { std: "docker" "inspect" "d7856126cbae948c487a3277f8a082e02eb29f5a5f6a891709ee31f1d1604281", kill_on_drop: false }`
[INFO] running `Command { std: "docker" "exec" "-e" "SOURCE_DIR=/opt/rustwide/workdir" "-e" "CARGO_HOME=/opt/rustwide/cargo-home" "-e" "RUSTUP_HOME=/opt/rustwide/rustup-home" "-e" "CARGO_TARGET_DIR=/opt/rustwide/target" "-e" "CARGO_INCREMENTAL=0" "-e" "RUST_BACKTRACE=full" "-e" "RUSTFLAGS=--cap-lints=warn" "-e" "RUSTDOCFLAGS=--cap-lints=warn" "-w" "/opt/rustwide/workdir" "--user" "0:0" "d7856126cbae948c487a3277f8a082e02eb29f5a5f6a891709ee31f1d1604281" "/opt/rustwide/cargo-home/bin/cargo" "+1.99.0-beta.8" "build" "--frozen" "--message-format=json" "--release", kill_on_drop: false }`
[INFO] [stderr]    Compiling tokio-macros v2.7.0
[INFO] [stderr]    Compiling futures-macro v0.3.32
[INFO] [stderr]    Compiling openssl-sys v0.9.115
[INFO] [stderr]    Compiling openssl v0.10.79
[INFO] [stderr]    Compiling openssl-macros v0.1.1
[INFO] [stderr]    Compiling http v0.2.12
[INFO] [stderr]    Compiling socket2 v0.5.10
[INFO] [stderr]    Compiling crypto-common v0.1.7
[INFO] [stderr]    Compiling digest v0.10.7
[INFO] [stderr]    Compiling sha-1 v0.10.1
[INFO] [stderr]    Compiling tokio v1.52.3
[INFO] [stderr]    Compiling native-tls v0.2.18
[INFO] [stderr]    Compiling futures-util v0.3.32
[INFO] [stderr]    Compiling http-body v0.4.6
[INFO] [stderr]    Compiling futures-executor v0.3.32
[INFO] [stderr]    Compiling futures v0.3.32
[INFO] [stderr]    Compiling tokio-util v0.7.18
[INFO] [stderr]    Compiling tokio-native-tls v0.3.1
[INFO] [stderr]    Compiling h2 v0.3.27
[INFO] [stderr]    Compiling hyper v0.14.32
[INFO] [stderr]    Compiling hyper-tls v0.5.0
[INFO] [stderr]    Compiling rs-password-utils v0.2.1 (/opt/rustwide/workdir)
[INFO] [stderr]     Finished `release` profile [optimized] target(s) in 36.09s
[INFO] running `Command { std: "docker" "inspect" "d7856126cbae948c487a3277f8a082e02eb29f5a5f6a891709ee31f1d1604281", kill_on_drop: false }`
[INFO] running `Command { std: "docker" "exec" "-e" "SOURCE_DIR=/opt/rustwide/workdir" "-e" "CARGO_HOME=/opt/rustwide/cargo-home" "-e" "RUSTUP_HOME=/opt/rustwide/rustup-home" "-e" "CARGO_TARGET_DIR=/opt/rustwide/target" "-e" "CARGO_INCREMENTAL=0" "-e" "RUST_BACKTRACE=full" "-e" "RUSTFLAGS=--cap-lints=warn" "-e" "RUSTDOCFLAGS=--cap-lints=warn" "-w" "/opt/rustwide/workdir" "--user" "0:0" "d7856126cbae948c487a3277f8a082e02eb29f5a5f6a891709ee31f1d1604281" "/opt/rustwide/cargo-home/bin/cargo" "+1.99.0-beta.8" "test" "--frozen" "--no-run" "--message-format=json" "--release", kill_on_drop: false }`
[INFO] [stderr]    Compiling rs-password-utils v0.2.1 (/opt/rustwide/workdir)
[INFO] [stderr]     Finished `release` profile [optimized] target(s) in 7.79s
[INFO] running `Command { std: "docker" "inspect" "d7856126cbae948c487a3277f8a082e02eb29f5a5f6a891709ee31f1d1604281", kill_on_drop: false }`
[INFO] running `Command { std: "docker" "exec" "-e" "SOURCE_DIR=/opt/rustwide/workdir" "-e" "CARGO_HOME=/opt/rustwide/cargo-home" "-e" "RUSTUP_HOME=/opt/rustwide/rustup-home" "-e" "CARGO_TARGET_DIR=/opt/rustwide/target" "-e" "CARGO_INCREMENTAL=0" "-e" "RUST_BACKTRACE=full" "-e" "RUSTFLAGS=--cap-lints=warn" "-e" "RUSTDOCFLAGS=--cap-lints=warn" "-w" "/opt/rustwide/workdir" "--user" "0:0" "d7856126cbae948c487a3277f8a082e02eb29f5a5f6a891709ee31f1d1604281" "/opt/rustwide/cargo-home/bin/cargo" "+1.99.0-beta.8" "test" "--frozen" "--release", kill_on_drop: false }`
[INFO] [stderr]     Finished `release` profile [optimized] target(s) in 0.12s
[INFO] [stderr]      Running unittests src/lib.rs (/opt/rustwide/target/release/deps/rs_password_utils-25143dc04910ee26)
[INFO] [stdout] 
[INFO] [stdout] running 9 tests
[INFO] [stdout] test pwned::pwned_unit_tests::test_dummy ... ignored
[INFO] [stdout] test pwned::pwned_unit_tests::test_calc_sha1_hash ... ok
[INFO] [stdout] test pwned::pwned_unit_tests::test_parse_pwned_api_response ... ok
[INFO] [stdout] test dice::diceware8k::diceware8k_unit_tests::test_get_dice_word ... ok
[INFO] [stdout] test dice::dice_unit_tests::test_generate ... ok
[INFO] [stdout] test dice::dice_unit_tests::test_generate_with_separator ... ok
[INFO] [stdout] test dice::dice_unit_tests::test_generate_passphrase ... ok
[INFO] [stdout] test pwned::blocking::pwned_blocking_unit_tests::test_check_pwned ... FAILED
[INFO] [stdout] test pwned::blocking::pwned_blocking_unit_tests::test_is_pwned ... FAILED
[INFO] [stdout] 
[INFO] [stdout] failures:
[INFO] [stdout] 
[INFO] [stdout] ---- pwned::blocking::pwned_blocking_unit_tests::test_check_pwned stdout ----
[INFO] [stdout] 
[INFO] [stdout] thread 'pwned::blocking::pwned_blocking_unit_tests::test_check_pwned' (662) panicked at src/pwned/blocking.rs:46:9:
[INFO] [stdout] assertion failed: res.is_ok()
[INFO] [stdout] stack backtrace:
[INFO] [stdout]    0:     0x55682b4043a1 - <<std[70759c8f55707aa4]::sys::backtrace::BacktraceLock>::print::DisplayBacktrace as core[df12db4294e9bfd3]::fmt::Display>::fmt
[INFO] [stdout]    1:     0x55682b41ad6a - core[df12db4294e9bfd3]::fmt::write
[INFO] [stdout]    2:     0x55682b408ebc - <alloc[2182bb758b4b3781]::vec::Vec<u8> as core[df12db4294e9bfd3]::io::write::Write>::write_fmt
[INFO] [stdout]    3:     0x55682b3df896 - std[70759c8f55707aa4]::panicking::default_hook::{closure#0}
[INFO] [stdout]    4:     0x55682b3fc3c9 - std[70759c8f55707aa4]::panicking::default_hook
[INFO] [stdout]    5:     0x55682b311b00 - test[9d35eded1c95d3be]::test_main_inner::<test[9d35eded1c95d3be]::test_main_static::{closure#0}>::{closure#0}
[INFO] [stdout]    6:     0x55682b3fc6f2 - std[70759c8f55707aa4]::panicking::panic_with_hook
[INFO] [stdout]    7:     0x55682b3df974 - std[70759c8f55707aa4]::panicking::panic_handler::{closure#0}
[INFO] [stdout]    8:     0x55682b3d85e9 - std[70759c8f55707aa4]::sys::backtrace::__rust_end_short_backtrace::<std[70759c8f55707aa4]::panicking::panic_handler::{closure#0}, !>
[INFO] [stdout]    9:     0x55682b3e072d - __rustc[8fa7c3cbc660c2b3]::rust_begin_unwind
[INFO] [stdout]   10:     0x55682b41b4cc - core[df12db4294e9bfd3]::panicking::panic_fmt
[INFO] [stdout]   11:     0x55682b41b492 - core[df12db4294e9bfd3]::panicking::panic
[INFO] [stdout]   12:     0x55682b2c7ba3 - <rs_password_utils[d881496f3db3f53c]::pwned::blocking::pwned_blocking_unit_tests::test_check_pwned::{closure#0} as core[df12db4294e9bfd3]::ops::function::FnOnce<()>>::call_once
[INFO] [stdout]   13:     0x55682b304deb - test[9d35eded1c95d3be]::__rust_begin_short_backtrace::<core[df12db4294e9bfd3]::result::Result<(), alloc[2182bb758b4b3781]::string::String>, fn() -> core[df12db4294e9bfd3]::result::Result<(), alloc[2182bb758b4b3781]::string::String>>
[INFO] [stdout]   14:     0x55682b312455 - test[9d35eded1c95d3be]::run_test::{closure#0}
[INFO] [stdout]   15:     0x55682b30bd14 - std[70759c8f55707aa4]::sys::backtrace::__rust_begin_short_backtrace::<test[9d35eded1c95d3be]::run_test::{closure#1}, ()>
[INFO] [stdout]   16:     0x55682b3155b2 - <std[70759c8f55707aa4]::thread::lifecycle::spawn_unchecked<test[9d35eded1c95d3be]::run_test::{closure#1}, ()>::{closure#1} as core[df12db4294e9bfd3]::ops::function::FnOnce<()>>::call_once::{shim:vtable#0}
[INFO] [stdout]   17:     0x55682b4038c9 - <std[70759c8f55707aa4]::sys::thread::unix::Thread>::new::thread_start
[INFO] [stdout]   18:     0x7f3d26febdfa - <unknown>
[INFO] [stdout]   19:     0x7f3d2707f3d4 - clone
[INFO] [stdout]   20:                0x0 - <unknown>
[INFO] [stdout] 
[INFO] [stdout] ---- pwned::blocking::pwned_blocking_unit_tests::test_is_pwned stdout ----
[INFO] [stdout] 
[INFO] [stdout] thread 'pwned::blocking::pwned_blocking_unit_tests::test_is_pwned' (663) panicked at src/pwned/blocking.rs:40:9:
[INFO] [stdout] assertion failed: res.is_ok() && res.unwrap()
[INFO] [stdout] stack backtrace:
[INFO] [stdout]    0:     0x55682b4043a1 - <<std[70759c8f55707aa4]::sys::backtrace::BacktraceLock>::print::DisplayBacktrace as core[df12db4294e9bfd3]::fmt::Display>::fmt
[INFO] [stdout]    1:     0x55682b41ad6a - core[df12db4294e9bfd3]::fmt::write
[INFO] [stdout]    2:     0x55682b408ebc - <alloc[2182bb758b4b3781]::vec::Vec<u8> as core[df12db4294e9bfd3]::io::write::Write>::write_fmt
[INFO] [stdout]    3:     0x55682b3df896 - std[70759c8f55707aa4]::panicking::default_hook::{closure#0}
[INFO] [stdout]    4:     0x55682b3fc3c9 - std[70759c8f55707aa4]::panicking::default_hook
[INFO] [stdout]    5:     0x55682b311b00 - test[9d35eded1c95d3be]::test_main_inner::<test[9d35eded1c95d3be]::test_main_static::{closure#0}>::{closure#0}
[INFO] [stdout]    6:     0x55682b3fc6f2 - std[70759c8f55707aa4]::panicking::panic_with_hook
[INFO] [stdout]    7:     0x55682b3df974 - std[70759c8f55707aa4]::panicking::panic_handler::{closure#0}
[INFO] [stdout]    8:     0x55682b3d85e9 - std[70759c8f55707aa4]::sys::backtrace::__rust_end_short_backtrace::<std[70759c8f55707aa4]::panicking::panic_handler::{closure#0}, !>
[INFO] [stdout]    9:     0x55682b3e072d - __rustc[8fa7c3cbc660c2b3]::rust_begin_unwind
[INFO] [stdout]   10:     0x55682b41b4cc - core[df12db4294e9bfd3]::panicking::panic_fmt
[INFO] [stdout]   11:     0x55682b41b492 - core[df12db4294e9bfd3]::panicking::panic
[INFO] [stdout]   12:     0x55682b2c7b15 - <rs_password_utils[d881496f3db3f53c]::pwned::blocking::pwned_blocking_unit_tests::test_is_pwned::{closure#0} as core[df12db4294e9bfd3]::ops::function::FnOnce<()>>::call_once
[INFO] [stdout]   13:     0x55682b304deb - test[9d35eded1c95d3be]::__rust_begin_short_backtrace::<core[df12db4294e9bfd3]::result::Result<(), alloc[2182bb758b4b3781]::string::String>, fn() -> core[df12db4294e9bfd3]::result::Result<(), alloc[2182bb758b4b3781]::string::String>>
[INFO] [stdout]   14:     0x55682b312455 - test[9d35eded1c95d3be]::run_test::{closure#0}
[INFO] [stdout]   15:     0x55682b30bd14 - std[70759c8f55707aa4]::sys::backtrace::__rust_begin_short_backtrace::<test[9d35eded1c95d3be]::run_test::{closure#1}, ()>
[INFO] [stdout]   16:     0x55682b3155b2 - <std[70759c8f55707aa4]::thread::lifecycle::spawn_unchecked<test[9d35eded1c95d3be]::run_test::{closure#1}, ()>::{closure#1} as core[df12db4294e9bfd3]::ops::function::FnOnce<()>>::call_once::{shim:vtable#0}
[INFO] [stdout]   17:     0x55682b4038c9 - <std[70759c8f55707aa4]::sys::thread::unix::Thread>::new::thread_start
[INFO] [stdout]   18:     0x7f3d26febdfa - <unknown>
[INFO] [stdout]   19:     0x7f3d2707f3d4 - clone
[INFO] [stdout]   20:                0x0 - <unknown>
[INFO] [stdout] 
[INFO] [stdout] 
[INFO] [stdout] failures:
[INFO] [stdout]     pwned::blocking::pwned_blocking_unit_tests::test_check_pwned
[INFO] [stdout]     pwned::blocking::pwned_blocking_unit_tests::test_is_pwned
[INFO] [stdout] 
[INFO] [stdout] test result: FAILED. 6 passed; 2 failed; 1 ignored; 0 measured; 0 filtered out; finished in 0.11s
[INFO] [stdout] 
[INFO] [stderr] error: test failed, to rerun pass `--lib`
[INFO] running `Command { std: "docker" "inspect" "d7856126cbae948c487a3277f8a082e02eb29f5a5f6a891709ee31f1d1604281", kill_on_drop: false }`
[INFO] running `Command { std: "docker" "rm" "-f" "d7856126cbae948c487a3277f8a082e02eb29f5a5f6a891709ee31f1d1604281", kill_on_drop: false }`
[INFO] [stdout] d7856126cbae948c487a3277f8a082e02eb29f5a5f6a891709ee31f1d1604281
