[INFO] fetching crate rs-matter-codegen 0.4.1...
[INFO] testing rs-matter-codegen-0.4.1 against 1.100.0-beta.1+cargoflags=--release for beta-release-1.100-2
[INFO] extracting crate rs-matter-codegen 0.4.1 into /workspace/builds/worker-4-tc2/source
[INFO] started tweaking crates.io crate rs-matter-codegen 0.4.1
[INFO] finished tweaking crates.io crate rs-matter-codegen 0.4.1
[INFO] tweaked toml for crates.io crate rs-matter-codegen 0.4.1 written to /workspace/builds/worker-4-tc2/source/Cargo.toml
[INFO] validating manifest of crates.io crate rs-matter-codegen 0.4.1 on toolchain 1.100.0-beta.1
[INFO] running `Command { std: CARGO_HOME="/workspace/cargo-home" RUSTUP_HOME="/workspace/rustup-home" "/workspace/cargo-home/bin/cargo" "+1.100.0-beta.1" "metadata" "--manifest-path" "Cargo.toml" "--no-deps", kill_on_drop: false }`
[INFO] crate crates.io crate rs-matter-codegen 0.4.1 already has a lockfile, it will not be regenerated
[INFO] running `Command { std: CARGO_HOME="/workspace/cargo-home" RUSTUP_HOME="/workspace/rustup-home" "/workspace/cargo-home/bin/cargo" "+1.100.0-beta.1" "fetch" "--manifest-path" "Cargo.toml", kill_on_drop: false }`
[INFO] running `Command { std: "docker" "create" "-v" "/var/lib/crater-agent-workspace/builds/worker-4-tc2/source:/opt/rustwide/workdir:ro,Z" "-v" "/var/lib/crater-agent-workspace/builds/worker-4-tc2/target:/opt/rustwide/target:rw,Z" "-v" "/var/lib/crater-agent-workspace/cargo-home:/opt/rustwide/cargo-home:ro,Z" "-v" "/var/lib/crater-agent-workspace/rustup-home:/opt/rustwide/rustup-home:ro,Z" "-m" "1610612736" "--network" "none" "ghcr.io/rust-lang/crates-build-env/linux@sha256:77db811e55d90add9212f6832c23229e3de5f1c1f9905e8cb07319ea15df73ac" "sleep" "infinity", kill_on_drop: false }`
[INFO] [stdout] 89772c9b6daf859d9aaedb036f3ee07a515e0f0c0dc6f01ffbe1db8c42d5bfb8
[INFO] running `Command { std: "docker" "start" "89772c9b6daf859d9aaedb036f3ee07a515e0f0c0dc6f01ffbe1db8c42d5bfb8", kill_on_drop: false }`
[INFO] running `Command { std: "docker" "inspect" "89772c9b6daf859d9aaedb036f3ee07a515e0f0c0dc6f01ffbe1db8c42d5bfb8", kill_on_drop: false }`
[INFO] running `Command { std: "docker" "exec" "-e" "SOURCE_DIR=/opt/rustwide/workdir" "-e" "CARGO_HOME=/opt/rustwide/cargo-home" "-e" "RUSTUP_HOME=/opt/rustwide/rustup-home" "-e" "CARGO_TARGET_DIR=/opt/rustwide/target" "-w" "/opt/rustwide/workdir" "--user" "0:0" "89772c9b6daf859d9aaedb036f3ee07a515e0f0c0dc6f01ffbe1db8c42d5bfb8" "/opt/rustwide/cargo-home/bin/cargo" "+1.100.0-beta.1" "metadata" "--no-deps" "--format-version=1", kill_on_drop: false }`
[INFO] running `Command { std: "docker" "inspect" "89772c9b6daf859d9aaedb036f3ee07a515e0f0c0dc6f01ffbe1db8c42d5bfb8", kill_on_drop: false }`
[INFO] running `Command { std: "docker" "exec" "-e" "SOURCE_DIR=/opt/rustwide/workdir" "-e" "CARGO_HOME=/opt/rustwide/cargo-home" "-e" "RUSTUP_HOME=/opt/rustwide/rustup-home" "-e" "CARGO_TARGET_DIR=/opt/rustwide/target" "-e" "CARGO_INCREMENTAL=0" "-e" "RUST_BACKTRACE=full" "-e" "RUSTFLAGS=--cap-lints=warn" "-e" "RUSTDOCFLAGS=--cap-lints=warn" "-w" "/opt/rustwide/workdir" "--user" "0:0" "89772c9b6daf859d9aaedb036f3ee07a515e0f0c0dc6f01ffbe1db8c42d5bfb8" "/opt/rustwide/cargo-home/bin/cargo" "+1.100.0-beta.1" "build" "--frozen" "--message-format=json" "--release", kill_on_drop: false }`
[INFO] [stderr]    Compiling stable_deref_trait v1.2.1
[INFO] [stderr]    Compiling writeable v0.6.4
[INFO] [stderr]    Compiling memchr v2.8.3
[INFO] [stderr]    Compiling icu_locale_fallback_data v2.3.0
[INFO] [stderr]    Compiling litemap v0.8.3
[INFO] [stderr]    Compiling object v0.37.3
[INFO] [stderr]    Compiling libc v0.2.189
[INFO] [stderr]    Compiling syn v3.0.6
[INFO] [stderr]    Compiling icu_segmenter_data v2.3.0
[INFO] [stderr]    Compiling syn v2.0.119
[INFO] [stderr]    Compiling proc-macro2 v1.0.107
[INFO] [stderr]    Compiling rustix v1.1.5
[INFO] [stderr]    Compiling gimli v0.32.3
[INFO] [stderr]    Compiling adler2 v2.0.1
[INFO] [stderr]    Compiling unicode-ident v1.0.26
[INFO] [stderr]    Compiling miniz_oxide v0.8.9
[INFO] [stderr]    Compiling nom v7.1.3
[INFO] [stderr]    Compiling quote v1.0.47
[INFO] [stderr]    Compiling rustc-demangle v0.1.28
[INFO] [stderr]    Compiling smallvec v1.16.1
[INFO] [stderr]    Compiling bitflags v2.13.2
[INFO] [stderr]    Compiling synstructure v0.14.0
[INFO] [stderr]    Compiling addr2line v0.25.1
[INFO] [stderr]    Compiling thiserror v2.0.20
[INFO] [stderr]    Compiling arrayvec v0.7.8
[INFO] [stderr]    Compiling is_ci v1.2.0
[INFO] [stderr]    Compiling unicode-width v0.2.2
[INFO] [stderr]    Compiling bytecount v0.6.9
[INFO] [stderr]    Compiling nom_locate v4.2.0
[INFO] [stderr]    Compiling brownstone v3.0.0
[INFO] [stderr]    Compiling supports-color v3.0.2
[INFO] [stderr]    Compiling zerofrom-derive v0.1.8
[INFO] [stderr]    Compiling yoke-derive v0.8.3
[INFO] [stderr]    Compiling zerovec-derive v0.11.6
[INFO] [stderr]    Compiling displaydoc v0.2.7
[INFO] [stderr]    Compiling thiserror-impl v2.0.20
[INFO] [stderr]    Compiling prettyplease v0.2.37
[INFO] [stderr]    Compiling zerotrie v0.2.5
[INFO] [stderr]    Compiling terminal_size v0.4.4
[INFO] [stderr]    Compiling owo-colors v4.4.0
[INFO] [stderr]    Compiling zerofrom v0.1.8
[INFO] [stderr]    Compiling yoke v0.8.3
[INFO] [stderr]    Compiling unicode-width v0.1.14
[INFO] [stderr]    Compiling zerovec v0.11.8
[INFO] [stderr]    Compiling joinery v2.1.0
[INFO] [stderr]    Compiling unicode-segmentation v1.13.3
[INFO] [stderr]    Compiling supports-hyperlinks v3.2.0
[INFO] [stderr]    Compiling indent_write v2.2.0
[INFO] [stderr]    Compiling supports-unicode v3.0.0
[INFO] [stderr]    Compiling backtrace v0.3.76
[INFO] [stderr]    Compiling convert_case v0.6.0
[INFO] [stderr]    Compiling nom-supreme v0.8.0
[INFO] [stderr]    Compiling tracing-attributes v0.1.31
[INFO] [stderr]    Compiling miette-derive v7.6.0
[INFO] [stderr]    Compiling nom-greedyerror v0.5.0
[INFO] [stderr]    Compiling backtrace-ext v0.2.1
[INFO] [stderr]    Compiling tinystr v0.8.4
[INFO] [stderr]    Compiling potential_utf v0.1.6
[INFO] [stderr]    Compiling icu_locale_core v2.3.0
[INFO] [stderr]    Compiling icu_collections v2.3.0
[INFO] [stderr]    Compiling tracing v0.1.44
[INFO] [stderr]    Compiling icu_provider v2.3.1
[INFO] [stderr]    Compiling icu_locale_fallback v2.3.0
[INFO] [stderr]    Compiling icu_segmenter v2.3.0
[INFO] [stderr]    Compiling textwrap v0.16.4
[INFO] [stderr]    Compiling miette v7.6.0
[INFO] [stderr]    Compiling rs-matter-codegen v0.4.1 (/opt/rustwide/workdir)
[INFO] [stderr]     Finished `release` profile [optimized] target(s) in 1m 56s
[INFO] running `Command { std: "docker" "inspect" "89772c9b6daf859d9aaedb036f3ee07a515e0f0c0dc6f01ffbe1db8c42d5bfb8", kill_on_drop: false }`
[INFO] running `Command { std: "docker" "exec" "-e" "SOURCE_DIR=/opt/rustwide/workdir" "-e" "CARGO_HOME=/opt/rustwide/cargo-home" "-e" "RUSTUP_HOME=/opt/rustwide/rustup-home" "-e" "CARGO_TARGET_DIR=/opt/rustwide/target" "-e" "CARGO_INCREMENTAL=0" "-e" "RUST_BACKTRACE=full" "-e" "RUSTFLAGS=--cap-lints=warn" "-e" "RUSTDOCFLAGS=--cap-lints=warn" "-w" "/opt/rustwide/workdir" "--user" "0:0" "89772c9b6daf859d9aaedb036f3ee07a515e0f0c0dc6f01ffbe1db8c42d5bfb8" "/opt/rustwide/cargo-home/bin/cargo" "+1.100.0-beta.1" "test" "--frozen" "--no-run" "--message-format=json" "--release", kill_on_drop: false }`
[INFO] [stderr]    Compiling syn v3.0.6
[INFO] [stderr]    Compiling syn v2.0.119
[INFO] [stderr]    Compiling memchr v2.8.3
[INFO] [stderr]    Compiling winnow v1.0.4
[INFO] [stderr]    Compiling semver v1.0.28
[INFO] [stderr]    Compiling hashbrown v0.17.1
[INFO] [stderr]    Compiling serde v1.0.229
[INFO] [stderr]    Compiling regex-syntax v0.8.11
[INFO] [stderr]    Compiling aho-corasick v1.1.5
[INFO] [stderr]    Compiling rustc_version v0.4.1
[INFO] [stderr]    Compiling rstest_macros v0.26.1
[INFO] [stderr]    Compiling indexmap v2.14.2
[INFO] [stderr]    Compiling yansi v1.0.1
[INFO] [stderr]    Compiling log v0.4.34
[INFO] [stderr]    Compiling diff v0.1.13
[INFO] [stderr]    Compiling relative-path v1.9.3
[INFO] [stderr]    Compiling glob v0.3.4
[INFO] [stderr]    Compiling toml_parser v1.1.3+spec-1.1.0
[INFO] [stderr]    Compiling cfg-if v1.0.5
[INFO] [stderr]    Compiling futures-core v0.3.34
[INFO] [stderr]    Compiling pretty_assertions v1.4.1
[INFO] [stderr]    Compiling serde_json v1.0.151
[INFO] [stderr]    Compiling tracing-log v0.2.0
[INFO] [stderr]    Compiling toml_edit v0.25.15+spec-1.1.0
[INFO] [stderr]    Compiling tracing-serde v0.2.0
[INFO] [stderr]    Compiling thread_local v1.1.10
[INFO] [stderr]    Compiling regex-automata v0.4.18
[INFO] [stderr]    Compiling tracing-subscriber v0.3.23
[INFO] [stderr]    Compiling proc-macro-crate v3.5.0
[INFO] [stderr]    Compiling synstructure v0.14.0
[INFO] [stderr]    Compiling regex v1.13.1
[INFO] [stderr]    Compiling miette-derive v7.6.0
[INFO] [stderr]    Compiling zerofrom-derive v0.1.8
[INFO] [stderr]    Compiling yoke-derive v0.8.3
[INFO] [stderr]    Compiling zerovec-derive v0.11.6
[INFO] [stderr]    Compiling displaydoc v0.2.7
[INFO] [stderr]    Compiling thiserror-impl v2.0.20
[INFO] [stderr]    Compiling futures-macro v0.3.34
[INFO] [stderr]    Compiling tracing-attributes v0.1.31
[INFO] [stderr]    Compiling zerotrie v0.2.5
[INFO] [stderr]    Compiling futures-util v0.3.34
[INFO] [stderr]    Compiling zerofrom v0.1.8
[INFO] [stderr]    Compiling yoke v0.8.3
[INFO] [stderr]    Compiling thiserror v2.0.20
[INFO] [stderr]    Compiling assert-tokenstreams-eq v0.1.1
[INFO] [stderr]    Compiling tracing v0.1.44
[INFO] [stderr]    Compiling zerovec v0.11.8
[INFO] [stderr]    Compiling tinystr v0.8.4
[INFO] [stderr]    Compiling potential_utf v0.1.6
[INFO] [stderr]    Compiling icu_collections v2.3.0
[INFO] [stderr]    Compiling icu_locale_core v2.3.0
[INFO] [stderr]    Compiling rstest v0.26.1
[INFO] [stderr]    Compiling icu_provider v2.3.1
[INFO] [stderr]    Compiling icu_locale_fallback v2.3.0
[INFO] [stderr]    Compiling icu_segmenter v2.3.0
[INFO] [stderr]    Compiling textwrap v0.16.4
[INFO] [stderr]    Compiling miette v7.6.0
[INFO] [stderr]    Compiling rs-matter-codegen v0.4.1 (/opt/rustwide/workdir)
[INFO] [stderr]     Finished `release` profile [optimized] target(s) in 1m 54s
[INFO] running `Command { std: "docker" "inspect" "89772c9b6daf859d9aaedb036f3ee07a515e0f0c0dc6f01ffbe1db8c42d5bfb8", kill_on_drop: false }`
[INFO] running `Command { std: "docker" "exec" "-e" "SOURCE_DIR=/opt/rustwide/workdir" "-e" "CARGO_HOME=/opt/rustwide/cargo-home" "-e" "RUSTUP_HOME=/opt/rustwide/rustup-home" "-e" "CARGO_TARGET_DIR=/opt/rustwide/target" "-e" "CARGO_INCREMENTAL=0" "-e" "RUST_BACKTRACE=full" "-e" "RUSTFLAGS=--cap-lints=warn" "-e" "RUSTDOCFLAGS=--cap-lints=warn" "-w" "/opt/rustwide/workdir" "--user" "0:0" "89772c9b6daf859d9aaedb036f3ee07a515e0f0c0dc6f01ffbe1db8c42d5bfb8" "/opt/rustwide/cargo-home/bin/cargo" "+1.100.0-beta.1" "test" "--frozen" "--release", kill_on_drop: false }`
[INFO] [stderr]     Finished `release` profile [optimized] target(s) in 0.20s
[INFO] [stderr]      Running unittests src/lib.rs (/opt/rustwide/target/release/build/rs-matter-codegen/12e3d6c08cb0982b/out/rs_matter_codegen-12e3d6c08cb0982b)
[INFO] [stdout] 
[INFO] [stdout] running 60 tests
[INFO] [stdout] test idl::parser::tests::parse_idl_error ... ok
[INFO] [stdout] test idl::parser::tests::parse_idl_success ... ok
[INFO] [stdout] test idl::parser::tests::test_hex_integer ... ok
[INFO] [stdout] test idl::parser::tests::test_parse_access_privilege ... ok
[INFO] [stdout] test idl::parser::tests::test_parse_attribute ... ok
[INFO] [stdout] test idl::parser::tests::test_parse_attribute_handling ... ok
[INFO] [stdout] test idl::parser::tests::test_parse_attribute_instantiation::case_1 ... ok
[INFO] [stdout] test idl::parser::tests::test_parse_attribute_instantiation::case_2 ... ok
[INFO] [stdout] test idl::parser::tests::test_parse_attribute_instantiation::case_3 ... ok
[INFO] [stdout] test idl::parser::tests::test_parse_attribute_instantiation::case_4 ... ok
[INFO] [stdout] test idl::parser::tests::test_parse_attribute_instantiation::case_5 ... ok
[INFO] [stdout] test idl::parser::tests::test_parse_bitmap ... ok
[INFO] [stdout] test idl::parser::tests::test_parse_cluster ... ok
[INFO] [stdout] test idl::parser::tests::test_parse_command ... ok
[INFO] [stdout] test idl::parser::tests::test_parse_constant_entry ... ok
[INFO] [stdout] test idl::parser::tests::test_parse_constant_entry_list ... ok
[INFO] [stdout] test idl::parser::tests::test_parse_decimal ... ok
[INFO] [stdout] test idl::parser::tests::test_parse_default_attribute_value::case_01 ... ok
[INFO] [stdout] test idl::parser::tests::test_parse_default_attribute_value::case_02 ... ok
[INFO] [stdout] test idl::parser::tests::test_parse_default_attribute_value::case_03 ... ok
[INFO] [stdout] test idl::parser::tests::test_parse_default_attribute_value::case_04 ... ok
[INFO] [stdout] test idl::parser::tests::test_parse_default_attribute_value::case_05 ... ok
[INFO] [stdout] test idl::parser::tests::test_cluster_instantiation ... ok
[INFO] [stdout] test idl::parser::tests::test_parse_default_attribute_value::case_07 ... ok
[INFO] [stdout] test idl::parser::tests::test_parse_default_attribute_value::case_06 ... ok
[INFO] [stdout] test idl::parser::tests::test_parse_default_attribute_value::case_08 ... ok
[INFO] [stdout] test idl::parser::tests::test_parse_default_attribute_value::case_09 ... ok
[INFO] [stdout] test idl::parser::tests::test_parse_default_attribute_value::case_10 ... ok
[INFO] [stdout] test idl::parser::tests::test_parse_default_attribute_value::case_11 ... ok
[INFO] [stdout] test idl::parser::tests::test_parse_device_type::case_2 ... ok
[INFO] [stdout] test idl::parser::tests::test_parse_device_type::case_3 ... ok
[INFO] [stdout] test idl::parser::tests::test_parse_enum ... ok
[INFO] [stdout] test idl::parser::tests::test_parse_event ... ok
[INFO] [stdout] test idl::parser::tests::test_parse_event_priority ... ok
[INFO] [stdout] test idl::parser::tests::test_parse_field ... ok
[INFO] [stdout] test idl::parser::tests::test_parse_id ... ok
[INFO] [stdout] test idl::parser::tests::test_parse_maturity ... ok
[INFO] [stdout] test idl::parser::tests::test_parse_struct ... ok
[INFO] [stdout] test idl::parser::tests::test_parse_struct_field ... ok
[INFO] [stdout] test idl::parser::tests::test_positive_integer ... ok
[INFO] [stdout] test idl::parser::tests::test_whitespace_group ... ok
[INFO] [stdout] test idl::parser::tests::test_whitespace_group0 ... ok
[INFO] [stdout] test idl::parser::tests::test_whitespace_group1 ... ok
[INFO] [stdout] test idl::parser::tests::test_parse_device_type::case_1 ... ok
[INFO] [stdout] test idl::parser::tests::parse_idl_real ... ok
[INFO] [stdout] test idl::handler::tests::test_handler_adaptor ... FAILED
[INFO] [stdout] test idl::struct_in::tests::struct_fields_string ... FAILED
[INFO] [stdout] test idl::enumeration::test::test_enums ... FAILED
[INFO] [stdout] test idl::cluster::tests::test_cluster ... FAILED
[INFO] [stdout] test idl::bitmap::test::test_bitmaps ... FAILED
[INFO] [stdout] test idl::handler::tests::test_handler ... FAILED
[INFO] [stdout] test idl::struct_in::tests::test_on_off_structs ... FAILED
[INFO] [stdout] test idl::struct_in::tests::struct_fields_octet_string ... FAILED
[INFO] [stdout] test idl::struct_out::tests::test_on_off_structs ... FAILED
[INFO] [stdout] test idl::struct_out::tests::struct_fields_string ... FAILED
[INFO] [stdout] test idl::struct_out::tests::struct_fields_octet_string ... FAILED
[INFO] [stdout] test idl::struct_in::tests::test_structs ... FAILED
[INFO] [stdout] test idl::tests::test_globals ... FAILED
[INFO] [stdout] test idl::struct_out::tests::test_structs ... FAILED
[INFO] [stdout] test idl::tests::test_unit_testing_cluster ... FAILED
[INFO] [stderr] error: test failed, to rerun pass `--lib`
[INFO] [stdout] 
[INFO] [stdout] failures:
[INFO] [stdout] 
[INFO] [stdout] ---- idl::handler::tests::test_handler_adaptor stdout ----
[INFO] [stdout] 
[INFO] [stdout] thread 'idl::handler::tests::test_handler_adaptor' (2214) panicked at /opt/rustwide/cargo-home/registry/src/index.crates.io-1949cf8c6b5b557f/assert-tokenstreams-eq-0.1.1/src/lib.rs:38:19:
[INFO] [stdout] Error formatting first token stream: Input is not valid Rust code.
[INFO] [stdout] error: 'rustfmt' is not installed for the toolchain '1.100.0-beta.1-x86_64-unknown-linux-gnu'.
[INFO] [stdout] help: run `rustup component add --toolchain 1.100.0-beta.1-x86_64-unknown-linux-gnu rustfmt` to install it
[INFO] [stdout] 
[INFO] [stdout] stack backtrace:
[INFO] [stdout]    0:     0x5677db067d11 - <<std[617be2ca0a6fd877]::sys::backtrace::BacktraceLock>::print::DisplayBacktrace as core[a373ad73a504971]::fmt::Display>::fmt
[INFO] [stdout]    1:     0x5677db07e2ba - core[a373ad73a504971]::fmt::write
[INFO] [stdout]    2:     0x5677db06bfec - <alloc[2e1b2a31b91974c5]::vec::Vec<u8> as core[a373ad73a504971]::io::write::Write>::write_fmt
[INFO] [stdout]    3:     0x5677db0439c6 - std[617be2ca0a6fd877]::panicking::default_hook::{closure#0}
[INFO] [stdout]    4:     0x5677db060099 - std[617be2ca0a6fd877]::panicking::default_hook
[INFO] [stdout]    5:     0x5677dafdedc0 - test[aada8e7e76ba119b]::test_main_inner::{closure#0}
[INFO] [stdout]    6:     0x5677db0603c2 - std[617be2ca0a6fd877]::panicking::panic_with_hook
[INFO] [stdout]    7:     0x5677db043a72 - std[617be2ca0a6fd877]::panicking::panic_handler::{closure#0}
[INFO] [stdout]    8:     0x5677db03c789 - std[617be2ca0a6fd877]::sys::backtrace::__rust_end_short_backtrace::<std[617be2ca0a6fd877]::panicking::panic_handler::{closure#0}, !>
[INFO] [stdout]    9:     0x5677db04467d - __rustc[ea4f61d10b84890b]::rust_begin_unwind
[INFO] [stdout]   10:     0x5677db07ea9c - core[a373ad73a504971]::panicking::panic_fmt
[INFO] [stdout]   11:     0x5677dafbbfe1 - assert_tokenstreams_eq[b25515fe209f69a1]::compare_tokenstreams::<proc_macro2[bab58073712171d6]::TokenStream, proc_macro2[bab58073712171d6]::TokenStream>
[INFO] [stdout]   12:     0x5677daf6b8b0 - rs_matter_codegen[744cfe09a40ca216]::idl::handler::tests::test_handler_adaptor
[INFO] [stdout]   13:     0x5677daf6cf89 - <rs_matter_codegen[744cfe09a40ca216]::idl::handler::tests::test_handler_adaptor::{closure#0} as core[a373ad73a504971]::ops::function::FnOnce<()>>::call_once
[INFO] [stdout]   14:     0x5677dafd220b - test[aada8e7e76ba119b]::__rust_begin_short_backtrace::<core[a373ad73a504971]::result::Result<(), alloc[2e1b2a31b91974c5]::string::String>, fn() -> core[a373ad73a504971]::result::Result<(), alloc[2e1b2a31b91974c5]::string::String>>
[INFO] [stdout]   15:     0x5677dafdf3e5 - test[aada8e7e76ba119b]::run_test::{closure#0}
[INFO] [stdout]   16:     0x5677dafd8cd4 - std[617be2ca0a6fd877]::sys::backtrace::__rust_begin_short_backtrace::<test[aada8e7e76ba119b]::run_test::{closure#1}, ()>
[INFO] [stdout]   17:     0x5677dafe2472 - <std[617be2ca0a6fd877]::thread::lifecycle::spawn_unchecked<test[aada8e7e76ba119b]::run_test::{closure#1}, ()>::{closure#1} as core[a373ad73a504971]::ops::function::FnOnce<()>>::call_once::{shim:vtable#0}
[INFO] [stdout]   18:     0x5677db06752f - <std[617be2ca0a6fd877]::sys::thread::unix::Thread>::new::thread_start
[INFO] [stdout]   19:     0x7e042dfcedfa - <unknown>
[INFO] [stdout]   20:     0x7e042e0623d4 - clone
[INFO] [stdout]   21:                0x0 - <unknown>
[INFO] [stdout] 
[INFO] [stdout] ---- idl::struct_in::tests::struct_fields_string stdout ----
[INFO] [stdout] 
[INFO] [stdout] thread 'idl::struct_in::tests::struct_fields_string' (2324) panicked at /opt/rustwide/cargo-home/registry/src/index.crates.io-1949cf8c6b5b557f/assert-tokenstreams-eq-0.1.1/src/lib.rs:38:19:
[INFO] [stdout] Error formatting first token stream: Input is not valid Rust code.
[INFO] [stdout] error: 'rustfmt' is not installed for the toolchain '1.100.0-beta.1-x86_64-unknown-linux-gnu'.
[INFO] [stdout] help: run `rustup component add --toolchain 1.100.0-beta.1-x86_64-unknown-linux-gnu rustfmt` to install it
[INFO] [stdout] 
[INFO] [stdout] stack backtrace:
[INFO] [stdout]    0:     0x5677db067d11 - <<std[617be2ca0a6fd877]::sys::backtrace::BacktraceLock>::print::DisplayBacktrace as core[a373ad73a504971]::fmt::Display>::fmt
[INFO] [stdout]    1:     0x5677db07e2ba - core[a373ad73a504971]::fmt::write
[INFO] [stdout]    2:     0x5677db06bfec - <alloc[2e1b2a31b91974c5]::vec::Vec<u8> as core[a373ad73a504971]::io::write::Write>::write_fmt
[INFO] [stdout]    3:     0x5677db0439c6 - std[617be2ca0a6fd877]::panicking::default_hook::{closure#0}
[INFO] [stdout]    4:     0x5677db060099 - std[617be2ca0a6fd877]::panicking::default_hook
[INFO] [stdout]    5:     0x5677dafdedc0 - test[aada8e7e76ba119b]::test_main_inner::{closure#0}
[INFO] [stdout]    6:     0x5677db0603c2 - std[617be2ca0a6fd877]::panicking::panic_with_hook
[INFO] [stdout]    7:     0x5677db043a72 - std[617be2ca0a6fd877]::panicking::panic_handler::{closure#0}
[INFO] [stdout]    8:     0x5677db03c789 - std[617be2ca0a6fd877]::sys::backtrace::__rust_end_short_backtrace::<std[617be2ca0a6fd877]::panicking::panic_handler::{closure#0}, !>
[INFO] [stdout]    9:     0x5677db04467d - __rustc[ea4f61d10b84890b]::rust_begin_unwind
[INFO] [stdout]   10:     0x5677db07ea9c - core[a373ad73a504971]::panicking::panic_fmt
[INFO] [stdout]   11:     0x5677dafbbfe1 - assert_tokenstreams_eq[b25515fe209f69a1]::compare_tokenstreams::<proc_macro2[bab58073712171d6]::TokenStream, proc_macro2[bab58073712171d6]::TokenStream>
[INFO] [stdout]   12:     0x5677daf0fd27 - rs_matter_codegen[744cfe09a40ca216]::idl::struct_in::tests::struct_fields_string
[INFO] [stdout]   13:     0x5677daf167d9 - <rs_matter_codegen[744cfe09a40ca216]::idl::struct_in::tests::struct_fields_string::{closure#0} as core[a373ad73a504971]::ops::function::FnOnce<()>>::call_once
[INFO] [stdout]   14:     0x5677dafd220b - test[aada8e7e76ba119b]::__rust_begin_short_backtrace::<core[a373ad73a504971]::result::Result<(), alloc[2e1b2a31b91974c5]::string::String>, fn() -> core[a373ad73a504971]::result::Result<(), alloc[2e1b2a31b91974c5]::string::String>>
[INFO] [stdout]   15:     0x5677dafdf3e5 - test[aada8e7e76ba119b]::run_test::{closure#0}
[INFO] [stdout]   16:     0x5677dafd8cd4 - std[617be2ca0a6fd877]::sys::backtrace::__rust_begin_short_backtrace::<test[aada8e7e76ba119b]::run_test::{closure#1}, ()>
[INFO] [stdout]   17:     0x5677dafe2472 - <std[617be2ca0a6fd877]::thread::lifecycle::spawn_unchecked<test[aada8e7e76ba119b]::run_test::{closure#1}, ()>::{closure#1} as core[a373ad73a504971]::ops::function::FnOnce<()>>::call_once::{shim:vtable#0}
[INFO] [stdout]   18:     0x5677db06752f - <std[617be2ca0a6fd877]::sys::thread::unix::Thread>::new::thread_start
[INFO] [stdout]   19:     0x7e042dfcedfa - <unknown>
[INFO] [stdout]   20:     0x7e042e0623d4 - clone
[INFO] [stdout]   21:                0x0 - <unknown>
[INFO] [stdout] 
[INFO] [stdout] ---- idl::enumeration::test::test_enums stdout ----
[INFO] [stdout] 
[INFO] [stdout] thread 'idl::enumeration::test::test_enums' (2212) panicked at /opt/rustwide/cargo-home/registry/src/index.crates.io-1949cf8c6b5b557f/assert-tokenstreams-eq-0.1.1/src/lib.rs:38:19:
[INFO] [stdout] Error formatting first token stream: Input is not valid Rust code.
[INFO] [stdout] error: 'rustfmt' is not installed for the toolchain '1.100.0-beta.1-x86_64-unknown-linux-gnu'.
[INFO] [stdout] help: run `rustup component add --toolchain 1.100.0-beta.1-x86_64-unknown-linux-gnu rustfmt` to install it
[INFO] [stdout] 
[INFO] [stdout] stack backtrace:
[INFO] [stdout]    0:     0x5677db067d11 - <<std[617be2ca0a6fd877]::sys::backtrace::BacktraceLock>::print::DisplayBacktrace as core[a373ad73a504971]::fmt::Display>::fmt
[INFO] [stdout]    1:     0x5677db07e2ba - core[a373ad73a504971]::fmt::write
[INFO] [stdout]    2:     0x5677db06bfec - <alloc[2e1b2a31b91974c5]::vec::Vec<u8> as core[a373ad73a504971]::io::write::Write>::write_fmt
[INFO] [stdout]    3:     0x5677db0439c6 - std[617be2ca0a6fd877]::panicking::default_hook::{closure#0}
[INFO] [stdout]    4:     0x5677db060099 - std[617be2ca0a6fd877]::panicking::default_hook
[INFO] [stdout]    5:     0x5677dafdedc0 - test[aada8e7e76ba119b]::test_main_inner::{closure#0}
[INFO] [stdout]    6:     0x5677db0603c2 - std[617be2ca0a6fd877]::panicking::panic_with_hook
[INFO] [stdout]    7:     0x5677db043a72 - std[617be2ca0a6fd877]::panicking::panic_handler::{closure#0}
[INFO] [stdout]    8:     0x5677db03c789 - std[617be2ca0a6fd877]::sys::backtrace::__rust_end_short_backtrace::<std[617be2ca0a6fd877]::panicking::panic_handler::{closure#0}, !>
[INFO] [stdout]    9:     0x5677db04467d - __rustc[ea4f61d10b84890b]::rust_begin_unwind
[INFO] [stdout]   10:     0x5677db07ea9c - core[a373ad73a504971]::panicking::panic_fmt
[INFO] [stdout]   11:     0x5677dafbbfe1 - assert_tokenstreams_eq[b25515fe209f69a1]::compare_tokenstreams::<proc_macro2[bab58073712171d6]::TokenStream, proc_macro2[bab58073712171d6]::TokenStream>
[INFO] [stdout]   12:     0x5677dafa7acd - rs_matter_codegen[744cfe09a40ca216]::idl::enumeration::test::test_enums
[INFO] [stdout]   13:     0x5677dafac889 - <rs_matter_codegen[744cfe09a40ca216]::idl::enumeration::test::test_enums::{closure#0} as core[a373ad73a504971]::ops::function::FnOnce<()>>::call_once
[INFO] [stdout]   14:     0x5677dafd220b - test[aada8e7e76ba119b]::__rust_begin_short_backtrace::<core[a373ad73a504971]::result::Result<(), alloc[2e1b2a31b91974c5]::string::String>, fn() -> core[a373ad73a504971]::result::Result<(), alloc[2e1b2a31b91974c5]::string::String>>
[INFO] [stdout]   15:     0x5677dafdf3e5 - test[aada8e7e76ba119b]::run_test::{closure#0}
[INFO] [stdout]   16:     0x5677dafd8cd4 - std[617be2ca0a6fd877]::sys::backtrace::__rust_begin_short_backtrace::<test[aada8e7e76ba119b]::run_test::{closure#1}, ()>
[INFO] [stdout]   17:     0x5677dafe2472 - <std[617be2ca0a6fd877]::thread::lifecycle::spawn_unchecked<test[aada8e7e76ba119b]::run_test::{closure#1}, ()>::{closure#1} as core[a373ad73a504971]::ops::function::FnOnce<()>>::call_once::{shim:vtable#0}
[INFO] [stdout]   18:     0x5677db06752f - <std[617be2ca0a6fd877]::sys::thread::unix::Thread>::new::thread_start
[INFO] [stdout]   19:     0x7e042dfcedfa - <unknown>
[INFO] [stdout]   20:     0x7e042e0623d4 - clone
[INFO] [stdout]   21:                0x0 - <unknown>
[INFO] [stdout] 
[INFO] [stdout] ---- idl::cluster::tests::test_cluster stdout ----
[INFO] [stdout] 
[INFO] [stdout] thread 'idl::cluster::tests::test_cluster' (2211) panicked at /opt/rustwide/cargo-home/registry/src/index.crates.io-1949cf8c6b5b557f/assert-tokenstreams-eq-0.1.1/src/lib.rs:38:19:
[INFO] [stdout] Error formatting first token stream: Input is not valid Rust code.
[INFO] [stdout] error: 'rustfmt' is not installed for the toolchain '1.100.0-beta.1-x86_64-unknown-linux-gnu'.
[INFO] [stdout] help: run `rustup component add --toolchain 1.100.0-beta.1-x86_64-unknown-linux-gnu rustfmt` to install it
[INFO] [stdout] 
[INFO] [stdout] stack backtrace:
[INFO] [stdout]    0:     0x5677db067d11 - <<std[617be2ca0a6fd877]::sys::backtrace::BacktraceLock>::print::DisplayBacktrace as core[a373ad73a504971]::fmt::Display>::fmt
[INFO] [stdout]    1:     0x5677db07e2ba - core[a373ad73a504971]::fmt::write
[INFO] [stdout]    2:     0x5677db06bfec - <alloc[2e1b2a31b91974c5]::vec::Vec<u8> as core[a373ad73a504971]::io::write::Write>::write_fmt
[INFO] [stdout]    3:     0x5677db0439c6 - std[617be2ca0a6fd877]::panicking::default_hook::{closure#0}
[INFO] [stdout]    4:     0x5677db060099 - std[617be2ca0a6fd877]::panicking::default_hook
[INFO] [stdout]    5:     0x5677dafdedc0 - test[aada8e7e76ba119b]::test_main_inner::{closure#0}
[INFO] [stdout]    6:     0x5677db0603c2 - std[617be2ca0a6fd877]::panicking::panic_with_hook
[INFO] [stdout]    7:     0x5677db043a72 - std[617be2ca0a6fd877]::panicking::panic_handler::{closure#0}
[INFO] [stdout]    8:     0x5677db03c789 - std[617be2ca0a6fd877]::sys::backtrace::__rust_end_short_backtrace::<std[617be2ca0a6fd877]::panicking::panic_handler::{closure#0}, !>
[INFO] [stdout]    9:     0x5677db04467d - __rustc[ea4f61d10b84890b]::rust_begin_unwind
[INFO] [stdout]   10:     0x5677db07ea9c - core[a373ad73a504971]::panicking::panic_fmt
[INFO] [stdout]   11:     0x5677dafbbfe1 - assert_tokenstreams_eq[b25515fe209f69a1]::compare_tokenstreams::<proc_macro2[bab58073712171d6]::TokenStream, proc_macro2[bab58073712171d6]::TokenStream>
[INFO] [stdout]   12:     0x5677dafd1dbb - rs_matter_codegen[744cfe09a40ca216]::idl::cluster::tests::test_cluster
[INFO] [stdout]   13:     0x5677dafd21c9 - <rs_matter_codegen[744cfe09a40ca216]::idl::cluster::tests::test_cluster::{closure#0} as core[a373ad73a504971]::ops::function::FnOnce<()>>::call_once
[INFO] [stdout]   14:     0x5677dafd220b - test[aada8e7e76ba119b]::__rust_begin_short_backtrace::<core[a373ad73a504971]::result::Result<(), alloc[2e1b2a31b91974c5]::string::String>, fn() -> core[a373ad73a504971]::result::Result<(), alloc[2e1b2a31b91974c5]::string::String>>
[INFO] [stdout]   15:     0x5677dafdf3e5 - test[aada8e7e76ba119b]::run_test::{closure#0}
[INFO] [stdout]   16:     0x5677dafd8cd4 - std[617be2ca0a6fd877]::sys::backtrace::__rust_begin_short_backtrace::<test[aada8e7e76ba119b]::run_test::{closure#1}, ()>
[INFO] [stdout]   17:     0x5677dafe2472 - <std[617be2ca0a6fd877]::thread::lifecycle::spawn_unchecked<test[aada8e7e76ba119b]::run_test::{closure#1}, ()>::{closure#1} as core[a373ad73a504971]::ops::function::FnOnce<()>>::call_once::{shim:vtable#0}
[INFO] [stdout]   18:     0x5677db06752f - <std[617be2ca0a6fd877]::sys::thread::unix::Thread>::new::thread_start
[INFO] [stdout]   19:     0x7e042dfcedfa - <unknown>
[INFO] [stdout]   20:     0x7e042e0623d4 - clone
[INFO] [stdout]   21:                0x0 - <unknown>
[INFO] [stdout] 
[INFO] [stdout] ---- idl::bitmap::test::test_bitmaps stdout ----
[INFO] [stdout] 
[INFO] [stdout] thread 'idl::bitmap::test::test_bitmaps' (2210) panicked at /opt/rustwide/cargo-home/registry/src/index.crates.io-1949cf8c6b5b557f/assert-tokenstreams-eq-0.1.1/src/lib.rs:38:19:
[INFO] [stdout] Error formatting first token stream: Input is not valid Rust code.
[INFO] [stdout] error: 'rustfmt' is not installed for the toolchain '1.100.0-beta.1-x86_64-unknown-linux-gnu'.
[INFO] [stdout] help: run `rustup component add --toolchain 1.100.0-beta.1-x86_64-unknown-linux-gnu rustfmt` to install it
[INFO] [stdout] 
[INFO] [stdout] stack backtrace:
[INFO] [stdout]    0:     0x5677db067d11 - <<std[617be2ca0a6fd877]::sys::backtrace::BacktraceLock>::print::DisplayBacktrace as core[a373ad73a504971]::fmt::Display>::fmt
[INFO] [stdout]    1:     0x5677db07e2ba - core[a373ad73a504971]::fmt::write
[INFO] [stdout]    2:     0x5677db06bfec - <alloc[2e1b2a31b91974c5]::vec::Vec<u8> as core[a373ad73a504971]::io::write::Write>::write_fmt
[INFO] [stdout]    3:     0x5677db0439c6 - std[617be2ca0a6fd877]::panicking::default_hook::{closure#0}
[INFO] [stdout]    4:     0x5677db060099 - std[617be2ca0a6fd877]::panicking::default_hook
[INFO] [stdout]    5:     0x5677dafdedc0 - test[aada8e7e76ba119b]::test_main_inner::{closure#0}
[INFO] [stdout]    6:     0x5677db0603c2 - std[617be2ca0a6fd877]::panicking::panic_with_hook
[INFO] [stdout]    7:     0x5677db043a72 - std[617be2ca0a6fd877]::panicking::panic_handler::{closure#0}
[INFO] [stdout]    8:     0x5677db03c789 - std[617be2ca0a6fd877]::sys::backtrace::__rust_end_short_backtrace::<std[617be2ca0a6fd877]::panicking::panic_handler::{closure#0}, !>
[INFO] [stdout]    9:     0x5677db04467d - __rustc[ea4f61d10b84890b]::rust_begin_unwind
[INFO] [stdout]   10:     0x5677db07ea9c - core[a373ad73a504971]::panicking::panic_fmt
[INFO] [stdout]   11:     0x5677dafbbfe1 - assert_tokenstreams_eq[b25515fe209f69a1]::compare_tokenstreams::<proc_macro2[bab58073712171d6]::TokenStream, proc_macro2[bab58073712171d6]::TokenStream>
[INFO] [stdout]   12:     0x5677dafbb0da - <rs_matter_codegen[744cfe09a40ca216]::idl::bitmap::test::test_bitmaps::{closure#0} as core[a373ad73a504971]::ops::function::FnOnce<()>>::call_once
[INFO] [stdout]   13:     0x5677dafd220b - test[aada8e7e76ba119b]::__rust_begin_short_backtrace::<core[a373ad73a504971]::result::Result<(), alloc[2e1b2a31b91974c5]::string::String>, fn() -> core[a373ad73a504971]::result::Result<(), alloc[2e1b2a31b91974c5]::string::String>>
[INFO] [stdout]   14:     0x5677dafdf3e5 - test[aada8e7e76ba119b]::run_test::{closure#0}
[INFO] [stdout]   15:     0x5677dafd8cd4 - std[617be2ca0a6fd877]::sys::backtrace::__rust_begin_short_backtrace::<test[aada8e7e76ba119b]::run_test::{closure#1}, ()>
[INFO] [stdout]   16:     0x5677dafe2472 - <std[617be2ca0a6fd877]::thread::lifecycle::spawn_unchecked<test[aada8e7e76ba119b]::run_test::{closure#1}, ()>::{closure#1} as core[a373ad73a504971]::ops::function::FnOnce<()>>::call_once::{shim:vtable#0}
[INFO] [stdout]   17:     0x5677db06752f - <std[617be2ca0a6fd877]::sys::thread::unix::Thread>::new::thread_start
[INFO] [stdout]   18:     0x7e042dfcedfa - <unknown>
[INFO] [stdout]   19:     0x7e042e0623d4 - clone
[INFO] [stdout]   20:                0x0 - <unknown>
[INFO] [stdout] 
[INFO] [stdout] ---- idl::handler::tests::test_handler stdout ----
[INFO] [stdout] 
[INFO] [stdout] thread 'idl::handler::tests::test_handler' (2213) panicked at /opt/rustwide/cargo-home/registry/src/index.crates.io-1949cf8c6b5b557f/assert-tokenstreams-eq-0.1.1/src/lib.rs:38:19:
[INFO] [stdout] Error formatting first token stream: Input is not valid Rust code.
[INFO] [stdout] error: 'rustfmt' is not installed for the toolchain '1.100.0-beta.1-x86_64-unknown-linux-gnu'.
[INFO] [stdout] help: run `rustup component add --toolchain 1.100.0-beta.1-x86_64-unknown-linux-gnu rustfmt` to install it
[INFO] [stdout] 
[INFO] [stdout] stack backtrace:
[INFO] [stdout]    0:     0x5677db067d11 - <<std[617be2ca0a6fd877]::sys::backtrace::BacktraceLock>::print::DisplayBacktrace as core[a373ad73a504971]::fmt::Display>::fmt
[INFO] [stdout]    1:     0x5677db07e2ba - core[a373ad73a504971]::fmt::write
[INFO] [stdout]    2:     0x5677db06bfec - <alloc[2e1b2a31b91974c5]::vec::Vec<u8> as core[a373ad73a504971]::io::write::Write>::write_fmt
[INFO] [stdout]    3:     0x5677db0439c6 - std[617be2ca0a6fd877]::panicking::default_hook::{closure#0}
[INFO] [stdout]    4:     0x5677db060099 - std[617be2ca0a6fd877]::panicking::default_hook
[INFO] [stdout]    5:     0x5677dafdedc0 - test[aada8e7e76ba119b]::test_main_inner::{closure#0}
[INFO] [stdout]    6:     0x5677db0603c2 - std[617be2ca0a6fd877]::panicking::panic_with_hook
[INFO] [stdout]    7:     0x5677db043a72 - std[617be2ca0a6fd877]::panicking::panic_handler::{closure#0}
[INFO] [stdout]    8:     0x5677db03c789 - std[617be2ca0a6fd877]::sys::backtrace::__rust_end_short_backtrace::<std[617be2ca0a6fd877]::panicking::panic_handler::{closure#0}, !>
[INFO] [stdout]    9:     0x5677db04467d - __rustc[ea4f61d10b84890b]::rust_begin_unwind
[INFO] [stdout]   10:     0x5677db07ea9c - core[a373ad73a504971]::panicking::panic_fmt
[INFO] [stdout]   11:     0x5677dafbbfe1 - assert_tokenstreams_eq[b25515fe209f69a1]::compare_tokenstreams::<proc_macro2[bab58073712171d6]::TokenStream, proc_macro2[bab58073712171d6]::TokenStream>
[INFO] [stdout]   12:     0x5677daf5a57d - rs_matter_codegen[744cfe09a40ca216]::idl::handler::tests::test_handler
[INFO] [stdout]   13:     0x5677daf6cf69 - <rs_matter_codegen[744cfe09a40ca216]::idl::handler::tests::test_handler::{closure#0} as core[a373ad73a504971]::ops::function::FnOnce<()>>::call_once
[INFO] [stdout]   14:     0x5677dafd220b - test[aada8e7e76ba119b]::__rust_begin_short_backtrace::<core[a373ad73a504971]::result::Result<(), alloc[2e1b2a31b91974c5]::string::String>, fn() -> core[a373ad73a504971]::result::Result<(), alloc[2e1b2a31b91974c5]::string::String>>
[INFO] [stdout]   15:     0x5677dafdf3e5 - test[aada8e7e76ba119b]::run_test::{closure#0}
[INFO] [stdout]   16:     0x5677dafd8cd4 - std[617be2ca0a6fd877]::sys::backtrace::__rust_begin_short_backtrace::<test[aada8e7e76ba119b]::run_test::{closure#1}, ()>
[INFO] [stdout]   17:     0x5677dafe2472 - <std[617be2ca0a6fd877]::thread::lifecycle::spawn_unchecked<test[aada8e7e76ba119b]::run_test::{closure#1}, ()>::{closure#1} as core[a373ad73a504971]::ops::function::FnOnce<()>>::call_once::{shim:vtable#0}
[INFO] [stdout]   18:     0x5677db06752f - <std[617be2ca0a6fd877]::sys::thread::unix::Thread>::new::thread_start
[INFO] [stdout]   19:     0x7e042dfcedfa - <unknown>
[INFO] [stdout]   20:     0x7e042e0623d4 - clone
[INFO] [stdout]   21:                0x0 - <unknown>
[INFO] [stdout] 
[INFO] [stdout] ---- idl::struct_in::tests::test_on_off_structs stdout ----
[INFO] [stdout] 
[INFO] [stdout] thread 'idl::struct_in::tests::test_on_off_structs' (2613) panicked at /opt/rustwide/cargo-home/registry/src/index.crates.io-1949cf8c6b5b557f/assert-tokenstreams-eq-0.1.1/src/lib.rs:38:19:
[INFO] [stdout] Error formatting first token stream: Input is not valid Rust code.
[INFO] [stdout] error: 'rustfmt' is not installed for the toolchain '1.100.0-beta.1-x86_64-unknown-linux-gnu'.
[INFO] [stdout] help: run `rustup component add --toolchain 1.100.0-beta.1-x86_64-unknown-linux-gnu rustfmt` to install it
[INFO] [stdout] 
[INFO] [stdout] stack backtrace:
[INFO] [stdout]    0:     0x5677db067d11 - <<std[617be2ca0a6fd877]::sys::backtrace::BacktraceLock>::print::DisplayBacktrace as core[a373ad73a504971]::fmt::Display>::fmt
[INFO] [stdout]    1:     0x5677db07e2ba - core[a373ad73a504971]::fmt::write
[INFO] [stdout]    2:     0x5677db06bfec - <alloc[2e1b2a31b91974c5]::vec::Vec<u8> as core[a373ad73a504971]::io::write::Write>::write_fmt
[INFO] [stdout]    3:     0x5677db0439c6 - std[617be2ca0a6fd877]::panicking::default_hook::{closure#0}
[INFO] [stdout]    4:     0x5677db060099 - std[617be2ca0a6fd877]::panicking::default_hook
[INFO] [stdout]    5:     0x5677dafdedc0 - test[aada8e7e76ba119b]::test_main_inner::{closure#0}
[INFO] [stdout]    6:     0x5677db0603c2 - std[617be2ca0a6fd877]::panicking::panic_with_hook
[INFO] [stdout]    7:     0x5677db043a72 - std[617be2ca0a6fd877]::panicking::panic_handler::{closure#0}
[INFO] [stdout]    8:     0x5677db03c789 - std[617be2ca0a6fd877]::sys::backtrace::__rust_end_short_backtrace::<std[617be2ca0a6fd877]::panicking::panic_handler::{closure#0}, !>
[INFO] [stdout]    9:     0x5677db04467d - __rustc[ea4f61d10b84890b]::rust_begin_unwind
[INFO] [stdout]   10:     0x5677db07ea9c - core[a373ad73a504971]::panicking::panic_fmt
[INFO] [stdout]   11:     0x5677dafbbfe1 - assert_tokenstreams_eq[b25515fe209f69a1]::compare_tokenstreams::<proc_macro2[bab58073712171d6]::TokenStream, proc_macro2[bab58073712171d6]::TokenStream>
[INFO] [stdout]   12:     0x5677daf09959 - rs_matter_codegen[744cfe09a40ca216]::idl::struct_in::tests::test_on_off_structs
[INFO] [stdout]   13:     0x5677daf167b9 - <rs_matter_codegen[744cfe09a40ca216]::idl::struct_in::tests::test_on_off_structs::{closure#0} as core[a373ad73a504971]::ops::function::FnOnce<()>>::call_once
[INFO] [stdout]   14:     0x5677dafd220b - test[aada8e7e76ba119b]::__rust_begin_short_backtrace::<core[a373ad73a504971]::result::Result<(), alloc[2e1b2a31b91974c5]::string::String>, fn() -> core[a373ad73a504971]::result::Result<(), alloc[2e1b2a31b91974c5]::string::String>>
[INFO] [stdout]   15:     0x5677dafdf3e5 - test[aada8e7e76ba119b]::run_test::{closure#0}
[INFO] [stdout]   16:     0x5677dafd8cd4 - std[617be2ca0a6fd877]::sys::backtrace::__rust_begin_short_backtrace::<test[aada8e7e76ba119b]::run_test::{closure#1}, ()>
[INFO] [stdout]   17:     0x5677dafe2472 - <std[617be2ca0a6fd877]::thread::lifecycle::spawn_unchecked<test[aada8e7e76ba119b]::run_test::{closure#1}, ()>::{closure#1} as core[a373ad73a504971]::ops::function::FnOnce<()>>::call_once::{shim:vtable#0}
[INFO] [stdout]   18:     0x5677db06752f - <std[617be2ca0a6fd877]::sys::thread::unix::Thread>::new::thread_start
[INFO] [stdout]   19:     0x7e042dfcedfa - <unknown>
[INFO] [stdout]   20:     0x7e042e0623d4 - clone
[INFO] [stdout]   21:                0x0 - <unknown>
[INFO] [stdout] 
[INFO] [stdout] ---- idl::struct_in::tests::struct_fields_octet_string stdout ----
[INFO] [stdout] 
[INFO] [stdout] thread 'idl::struct_in::tests::struct_fields_octet_string' (2321) panicked at /opt/rustwide/cargo-home/registry/src/index.crates.io-1949cf8c6b5b557f/assert-tokenstreams-eq-0.1.1/src/lib.rs:38:19:
[INFO] [stdout] Error formatting first token stream: Input is not valid Rust code.
[INFO] [stdout] error: 'rustfmt' is not installed for the toolchain '1.100.0-beta.1-x86_64-unknown-linux-gnu'.
[INFO] [stdout] help: run `rustup component add --toolchain 1.100.0-beta.1-x86_64-unknown-linux-gnu rustfmt` to install it
[INFO] [stdout] 
[INFO] [stdout] stack backtrace:
[INFO] [stdout]    0:     0x5677db067d11 - <<std[617be2ca0a6fd877]::sys::backtrace::BacktraceLock>::print::DisplayBacktrace as core[a373ad73a504971]::fmt::Display>::fmt
[INFO] [stdout]    1:     0x5677db07e2ba - core[a373ad73a504971]::fmt::write
[INFO] [stdout]    2:     0x5677db06bfec - <alloc[2e1b2a31b91974c5]::vec::Vec<u8> as core[a373ad73a504971]::io::write::Write>::write_fmt
[INFO] [stdout]    3:     0x5677db0439c6 - std[617be2ca0a6fd877]::panicking::default_hook::{closure#0}
[INFO] [stdout]    4:     0x5677db060099 - std[617be2ca0a6fd877]::panicking::default_hook
[INFO] [stdout]    5:     0x5677dafdedc0 - test[aada8e7e76ba119b]::test_main_inner::{closure#0}
[INFO] [stdout]    6:     0x5677db0603c2 - std[617be2ca0a6fd877]::panicking::panic_with_hook
[INFO] [stdout]    7:     0x5677db043a72 - std[617be2ca0a6fd877]::panicking::panic_handler::{closure#0}
[INFO] [stdout]    8:     0x5677db03c789 - std[617be2ca0a6fd877]::sys::backtrace::__rust_end_short_backtrace::<std[617be2ca0a6fd877]::panicking::panic_handler::{closure#0}, !>
[INFO] [stdout]    9:     0x5677db04467d - __rustc[ea4f61d10b84890b]::rust_begin_unwind
[INFO] [stdout]   10:     0x5677db07ea9c - core[a373ad73a504971]::panicking::panic_fmt
[INFO] [stdout]   11:     0x5677dafbbfe1 - assert_tokenstreams_eq[b25515fe209f69a1]::compare_tokenstreams::<proc_macro2[bab58073712171d6]::TokenStream, proc_macro2[bab58073712171d6]::TokenStream>
[INFO] [stdout]   12:     0x5677daf159f7 - rs_matter_codegen[744cfe09a40ca216]::idl::struct_in::tests::struct_fields_octet_string
[INFO] [stdout]   13:     0x5677daf167f9 - <rs_matter_codegen[744cfe09a40ca216]::idl::struct_in::tests::struct_fields_octet_string::{closure#0} as core[a373ad73a504971]::ops::function::FnOnce<()>>::call_once
[INFO] [stdout]   14:     0x5677dafd220b - test[aada8e7e76ba119b]::__rust_begin_short_backtrace::<core[a373ad73a504971]::result::Result<(), alloc[2e1b2a31b91974c5]::string::String>, fn() -> core[a373ad73a504971]::result::Result<(), alloc[2e1b2a31b91974c5]::string::String>>
[INFO] [stdout]   15:     0x5677dafdf3e5 - test[aada8e7e76ba119b]::run_test::{closure#0}
[INFO] [stdout]   16:     0x5677dafd8cd4 - std[617be2ca0a6fd877]::sys::backtrace::__rust_begin_short_backtrace::<test[aada8e7e76ba119b]::run_test::{closure#1}, ()>
[INFO] [stdout]   17:     0x5677dafe2472 - <std[617be2ca0a6fd877]::thread::lifecycle::spawn_unchecked<test[aada8e7e76ba119b]::run_test::{closure#1}, ()>::{closure#1} as core[a373ad73a504971]::ops::function::FnOnce<()>>::call_once::{shim:vtable#0}
[INFO] [stdout]   18:     0x5677db06752f - <std[617be2ca0a6fd877]::sys::thread::unix::Thread>::new::thread_start
[INFO] [stdout]   19:     0x7e042dfcedfa - <unknown>
[INFO] [stdout]   20:     0x7e042e0623d4 - clone
[INFO] [stdout]   21:                0x0 - <unknown>
[INFO] [stdout] 
[INFO] [stdout] ---- idl::struct_out::tests::test_on_off_structs stdout ----
[INFO] [stdout] 
[INFO] [stdout] thread 'idl::struct_out::tests::test_on_off_structs' (3621) panicked at /opt/rustwide/cargo-home/registry/src/index.crates.io-1949cf8c6b5b557f/assert-tokenstreams-eq-0.1.1/src/lib.rs:38:19:
[INFO] [stdout] Error formatting first token stream: Input is not valid Rust code.
[INFO] [stdout] error: 'rustfmt' is not installed for the toolchain '1.100.0-beta.1-x86_64-unknown-linux-gnu'.
[INFO] [stdout] help: run `rustup component add --toolchain 1.100.0-beta.1-x86_64-unknown-linux-gnu rustfmt` to install it
[INFO] [stdout] 
[INFO] [stdout] stack backtrace:
[INFO] [stdout]    0:     0x5677db067d11 - <<std[617be2ca0a6fd877]::sys::backtrace::BacktraceLock>::print::DisplayBacktrace as core[a373ad73a504971]::fmt::Display>::fmt
[INFO] [stdout]    1:     0x5677db07e2ba - core[a373ad73a504971]::fmt::write
[INFO] [stdout]    2:     0x5677db06bfec - <alloc[2e1b2a31b91974c5]::vec::Vec<u8> as core[a373ad73a504971]::io::write::Write>::write_fmt
[INFO] [stdout]    3:     0x5677db0439c6 - std[617be2ca0a6fd877]::panicking::default_hook::{closure#0}
[INFO] [stdout]    4:     0x5677db060099 - std[617be2ca0a6fd877]::panicking::default_hook
[INFO] [stdout]    5:     0x5677dafdedc0 - test[aada8e7e76ba119b]::test_main_inner::{closure#0}
[INFO] [stdout]    6:     0x5677db0603c2 - std[617be2ca0a6fd877]::panicking::panic_with_hook
[INFO] [stdout]    7:     0x5677db043a72 - std[617be2ca0a6fd877]::panicking::panic_handler::{closure#0}
[INFO] [stdout]    8:     0x5677db03c789 - std[617be2ca0a6fd877]::sys::backtrace::__rust_end_short_backtrace::<std[617be2ca0a6fd877]::panicking::panic_handler::{closure#0}, !>
[INFO] [stdout]    9:     0x5677db04467d - __rustc[ea4f61d10b84890b]::rust_begin_unwind
[INFO] [stdout]   10:     0x5677db07ea9c - core[a373ad73a504971]::panicking::panic_fmt
[INFO] [stdout]   11:     0x5677dafbbfe1 - assert_tokenstreams_eq[b25515fe209f69a1]::compare_tokenstreams::<proc_macro2[bab58073712171d6]::TokenStream, proc_macro2[bab58073712171d6]::TokenStream>
[INFO] [stdout]   12:     0x5677daed9333 - rs_matter_codegen[744cfe09a40ca216]::idl::struct_out::tests::test_on_off_structs
[INFO] [stdout]   13:     0x5677daeeffb9 - <rs_matter_codegen[744cfe09a40ca216]::idl::struct_out::tests::test_on_off_structs::{closure#0} as core[a373ad73a504971]::ops::function::FnOnce<()>>::call_once
[INFO] [stdout]   14:     0x5677dafd220b - test[aada8e7e76ba119b]::__rust_begin_short_backtrace::<core[a373ad73a504971]::result::Result<(), alloc[2e1b2a31b91974c5]::string::String>, fn() -> core[a373ad73a504971]::result::Result<(), alloc[2e1b2a31b91974c5]::string::String>>
[INFO] [stdout]   15:     0x5677dafdf3e5 - test[aada8e7e76ba119b]::run_test::{closure#0}
[INFO] [stdout]   16:     0x5677dafd8cd4 - std[617be2ca0a6fd877]::sys::backtrace::__rust_begin_short_backtrace::<test[aada8e7e76ba119b]::run_test::{closure#1}, ()>
[INFO] [stdout]   17:     0x5677dafe2472 - <std[617be2ca0a6fd877]::thread::lifecycle::spawn_unchecked<test[aada8e7e76ba119b]::run_test::{closure#1}, ()>::{closure#1} as core[a373ad73a504971]::ops::function::FnOnce<()>>::call_once::{shim:vtable#0}
[INFO] [stdout]   18:     0x5677db06752f - <std[617be2ca0a6fd877]::sys::thread::unix::Thread>::new::thread_start
[INFO] [stdout]   19:     0x7e042dfcedfa - <unknown>
[INFO] [stdout]   20:     0x7e042e0623d4 - clone
[INFO] [stdout]   21:                0x0 - <unknown>
[INFO] [stdout] 
[INFO] [stdout] ---- idl::struct_out::tests::struct_fields_string stdout ----
[INFO] [stdout] 
[INFO] [stdout] thread 'idl::struct_out::tests::struct_fields_string' (3547) panicked at /opt/rustwide/cargo-home/registry/src/index.crates.io-1949cf8c6b5b557f/assert-tokenstreams-eq-0.1.1/src/lib.rs:38:19:
[INFO] [stdout] Error formatting first token stream: Input is not valid Rust code.
[INFO] [stdout] error: 'rustfmt' is not installed for the toolchain '1.100.0-beta.1-x86_64-unknown-linux-gnu'.
[INFO] [stdout] help: run `rustup component add --toolchain 1.100.0-beta.1-x86_64-unknown-linux-gnu rustfmt` to install it
[INFO] [stdout] 
[INFO] [stdout] stack backtrace:
[INFO] [stdout]    0:     0x5677db067d11 - <<std[617be2ca0a6fd877]::sys::backtrace::BacktraceLock>::print::DisplayBacktrace as core[a373ad73a504971]::fmt::Display>::fmt
[INFO] [stdout]    1:     0x5677db07e2ba - core[a373ad73a504971]::fmt::write
[INFO] [stdout]    2:     0x5677db06bfec - <alloc[2e1b2a31b91974c5]::vec::Vec<u8> as core[a373ad73a504971]::io::write::Write>::write_fmt
[INFO] [stdout]    3:     0x5677db0439c6 - std[617be2ca0a6fd877]::panicking::default_hook::{closure#0}
[INFO] [stdout]    4:     0x5677db060099 - std[617be2ca0a6fd877]::panicking::default_hook
[INFO] [stdout]    5:     0x5677dafdedc0 - test[aada8e7e76ba119b]::test_main_inner::{closure#0}
[INFO] [stdout]    6:     0x5677db0603c2 - std[617be2ca0a6fd877]::panicking::panic_with_hook
[INFO] [stdout]    7:     0x5677db043a72 - std[617be2ca0a6fd877]::panicking::panic_handler::{closure#0}
[INFO] [stdout]    8:     0x5677db03c789 - std[617be2ca0a6fd877]::sys::backtrace::__rust_end_short_backtrace::<std[617be2ca0a6fd877]::panicking::panic_handler::{closure#0}, !>
[INFO] [stdout]    9:     0x5677db04467d - __rustc[ea4f61d10b84890b]::rust_begin_unwind
[INFO] [stdout]   10:     0x5677db07ea9c - core[a373ad73a504971]::panicking::panic_fmt
[INFO] [stdout]   11:     0x5677dafbbfe1 - assert_tokenstreams_eq[b25515fe209f69a1]::compare_tokenstreams::<proc_macro2[bab58073712171d6]::TokenStream, proc_macro2[bab58073712171d6]::TokenStream>
[INFO] [stdout]   12:     0x5677daee4652 - rs_matter_codegen[744cfe09a40ca216]::idl::struct_out::tests::struct_fields_string
[INFO] [stdout]   13:     0x5677daeeffd9 - <rs_matter_codegen[744cfe09a40ca216]::idl::struct_out::tests::struct_fields_string::{closure#0} as core[a373ad73a504971]::ops::function::FnOnce<()>>::call_once
[INFO] [stdout]   14:     0x5677dafd220b - test[aada8e7e76ba119b]::__rust_begin_short_backtrace::<core[a373ad73a504971]::result::Result<(), alloc[2e1b2a31b91974c5]::string::String>, fn() -> core[a373ad73a504971]::result::Result<(), alloc[2e1b2a31b91974c5]::string::String>>
[INFO] [stdout]   15:     0x5677dafdf3e5 - test[aada8e7e76ba119b]::run_test::{closure#0}
[INFO] [stdout]   16:     0x5677dafd8cd4 - std[617be2ca0a6fd877]::sys::backtrace::__rust_begin_short_backtrace::<test[aada8e7e76ba119b]::run_test::{closure#1}, ()>
[INFO] [stdout]   17:     0x5677dafe2472 - <std[617be2ca0a6fd877]::thread::lifecycle::spawn_unchecked<test[aada8e7e76ba119b]::run_test::{closure#1}, ()>::{closure#1} as core[a373ad73a504971]::ops::function::FnOnce<()>>::call_once::{shim:vtable#0}
[INFO] [stdout]   18:     0x5677db06752f - <std[617be2ca0a6fd877]::sys::thread::unix::Thread>::new::thread_start
[INFO] [stdout]   19:     0x7e042dfcedfa - <unknown>
[INFO] [stdout]   20:     0x7e042e0623d4 - clone
[INFO] [stdout]   21:                0x0 - <unknown>
[INFO] [stdout] 
[INFO] [stdout] ---- idl::struct_out::tests::struct_fields_octet_string stdout ----
[INFO] [stdout] 
[INFO] [stdout] thread 'idl::struct_out::tests::struct_fields_octet_string' (3470) panicked at /opt/rustwide/cargo-home/registry/src/index.crates.io-1949cf8c6b5b557f/assert-tokenstreams-eq-0.1.1/src/lib.rs:38:19:
[INFO] [stdout] Error formatting first token stream: Input is not valid Rust code.
[INFO] [stdout] error: 'rustfmt' is not installed for the toolchain '1.100.0-beta.1-x86_64-unknown-linux-gnu'.
[INFO] [stdout] help: run `rustup component add --toolchain 1.100.0-beta.1-x86_64-unknown-linux-gnu rustfmt` to install it
[INFO] [stdout] 
[INFO] [stdout] stack backtrace:
[INFO] [stdout]    0:     0x5677db067d11 - <<std[617be2ca0a6fd877]::sys::backtrace::BacktraceLock>::print::DisplayBacktrace as core[a373ad73a504971]::fmt::Display>::fmt
[INFO] [stdout]    1:     0x5677db07e2ba - core[a373ad73a504971]::fmt::write
[INFO] [stdout]    2:     0x5677db06bfec - <alloc[2e1b2a31b91974c5]::vec::Vec<u8> as core[a373ad73a504971]::io::write::Write>::write_fmt
[INFO] [stdout]    3:     0x5677db0439c6 - std[617be2ca0a6fd877]::panicking::default_hook::{closure#0}
[INFO] [stdout]    4:     0x5677db060099 - std[617be2ca0a6fd877]::panicking::default_hook
[INFO] [stdout]    5:     0x5677dafdedc0 - test[aada8e7e76ba119b]::test_main_inner::{closure#0}
[INFO] [stdout]    6:     0x5677db0603c2 - std[617be2ca0a6fd877]::panicking::panic_with_hook
[INFO] [stdout]    7:     0x5677db043a72 - std[617be2ca0a6fd877]::panicking::panic_handler::{closure#0}
[INFO] [stdout]    8:     0x5677db03c789 - std[617be2ca0a6fd877]::sys::backtrace::__rust_end_short_backtrace::<std[617be2ca0a6fd877]::panicking::panic_handler::{closure#0}, !>
[INFO] [stdout]    9:     0x5677db04467d - __rustc[ea4f61d10b84890b]::rust_begin_unwind
[INFO] [stdout]   10:     0x5677db07ea9c - core[a373ad73a504971]::panicking::panic_fmt
[INFO] [stdout]   11:     0x5677dafbbfe1 - assert_tokenstreams_eq[b25515fe209f69a1]::compare_tokenstreams::<proc_macro2[bab58073712171d6]::TokenStream, proc_macro2[bab58073712171d6]::TokenStream>
[INFO] [stdout]   12:     0x5677daeef312 - rs_matter_codegen[744cfe09a40ca216]::idl::struct_out::tests::struct_fields_octet_string
[INFO] [stdout]   13:     0x5677daeefff9 - <rs_matter_codegen[744cfe09a40ca216]::idl::struct_out::tests::struct_fields_octet_string::{closure#0} as core[a373ad73a504971]::ops::function::FnOnce<()>>::call_once
[INFO] [stdout]   14:     0x5677dafd220b - test[aada8e7e76ba119b]::__rust_begin_short_backtrace::<core[a373ad73a504971]::result::Result<(), alloc[2e1b2a31b91974c5]::string::String>, fn() -> core[a373ad73a504971]::result::Result<(), alloc[2e1b2a31b91974c5]::string::String>>
[INFO] [stdout]   15:     0x5677dafdf3e5 - test[aada8e7e76ba119b]::run_test::{closure#0}
[INFO] [stdout]   16:     0x5677dafd8cd4 - std[617be2ca0a6fd877]::sys::backtrace::__rust_begin_short_backtrace::<test[aada8e7e76ba119b]::run_test::{closure#1}, ()>
[INFO] [stdout]   17:     0x5677dafe2472 - <std[617be2ca0a6fd877]::thread::lifecycle::spawn_unchecked<test[aada8e7e76ba119b]::run_test::{closure#1}, ()>::{closure#1} as core[a373ad73a504971]::ops::function::FnOnce<()>>::call_once::{shim:vtable#0}
[INFO] [stdout]   18:     0x5677db06752f - <std[617be2ca0a6fd877]::sys::thread::unix::Thread>::new::thread_start
[INFO] [stdout]   19:     0x7e042dfcedfa - <unknown>
[INFO] [stdout]   20:     0x7e042e0623d4 - clone
[INFO] [stdout]   21:                0x0 - <unknown>
[INFO] [stdout] 
[INFO] [stdout] ---- idl::struct_in::tests::test_structs stdout ----
[INFO] [stdout] 
[INFO] [stdout] thread 'idl::struct_in::tests::test_structs' (3431) panicked at /opt/rustwide/cargo-home/registry/src/index.crates.io-1949cf8c6b5b557f/assert-tokenstreams-eq-0.1.1/src/lib.rs:38:19:
[INFO] [stdout] Error formatting first token stream: Input is not valid Rust code.
[INFO] [stdout] error: 'rustfmt' is not installed for the toolchain '1.100.0-beta.1-x86_64-unknown-linux-gnu'.
[INFO] [stdout] help: run `rustup component add --toolchain 1.100.0-beta.1-x86_64-unknown-linux-gnu rustfmt` to install it
[INFO] [stdout] 
[INFO] [stdout] stack backtrace:
[INFO] [stdout]    0:     0x5677db067d11 - <<std[617be2ca0a6fd877]::sys::backtrace::BacktraceLock>::print::DisplayBacktrace as core[a373ad73a504971]::fmt::Display>::fmt
[INFO] [stdout]    1:     0x5677db07e2ba - core[a373ad73a504971]::fmt::write
[INFO] [stdout]    2:     0x5677db06bfec - <alloc[2e1b2a31b91974c5]::vec::Vec<u8> as core[a373ad73a504971]::io::write::Write>::write_fmt
[INFO] [stdout]    3:     0x5677db0439c6 - std[617be2ca0a6fd877]::panicking::default_hook::{closure#0}
[INFO] [stdout]    4:     0x5677db060099 - std[617be2ca0a6fd877]::panicking::default_hook
[INFO] [stdout]    5:     0x5677dafdedc0 - test[aada8e7e76ba119b]::test_main_inner::{closure#0}
[INFO] [stdout]    6:     0x5677db0603c2 - std[617be2ca0a6fd877]::panicking::panic_with_hook
[INFO] [stdout]    7:     0x5677db043a72 - std[617be2ca0a6fd877]::panicking::panic_handler::{closure#0}
[INFO] [stdout]    8:     0x5677db03c789 - std[617be2ca0a6fd877]::sys::backtrace::__rust_end_short_backtrace::<std[617be2ca0a6fd877]::panicking::panic_handler::{closure#0}, !>
[INFO] [stdout]    9:     0x5677db04467d - __rustc[ea4f61d10b84890b]::rust_begin_unwind
[INFO] [stdout]   10:     0x5677db07ea9c - core[a373ad73a504971]::panicking::panic_fmt
[INFO] [stdout]   11:     0x5677dafbbfe1 - assert_tokenstreams_eq[b25515fe209f69a1]::compare_tokenstreams::<proc_macro2[bab58073712171d6]::TokenStream, proc_macro2[bab58073712171d6]::TokenStream>
[INFO] [stdout]   12:     0x5677daeffde7 - rs_matter_codegen[744cfe09a40ca216]::idl::struct_in::tests::test_structs
[INFO] [stdout]   13:     0x5677daf16799 - <rs_matter_codegen[744cfe09a40ca216]::idl::struct_in::tests::test_structs::{closure#0} as core[a373ad73a504971]::ops::function::FnOnce<()>>::call_once
[INFO] [stdout]   14:     0x5677dafd220b - test[aada8e7e76ba119b]::__rust_begin_short_backtrace::<core[a373ad73a504971]::result::Result<(), alloc[2e1b2a31b91974c5]::string::String>, fn() -> core[a373ad73a504971]::result::Result<(), alloc[2e1b2a31b91974c5]::string::String>>
[INFO] [stdout]   15:     0x5677dafdf3e5 - test[aada8e7e76ba119b]::run_test::{closure#0}
[INFO] [stdout]   16:     0x5677dafd8cd4 - std[617be2ca0a6fd877]::sys::backtrace::__rust_begin_short_backtrace::<test[aada8e7e76ba119b]::run_test::{closure#1}, ()>
[INFO] [stdout]   17:     0x5677dafe2472 - <std[617be2ca0a6fd877]::thread::lifecycle::spawn_unchecked<test[aada8e7e76ba119b]::run_test::{closure#1}, ()>::{closure#1} as core[a373ad73a504971]::ops::function::FnOnce<()>>::call_once::{shim:vtable#0}
[INFO] [stdout]   18:     0x5677db06752f - <std[617be2ca0a6fd877]::sys::thread::unix::Thread>::new::thread_start
[INFO] [stdout]   19:     0x7e042dfcedfa - <unknown>
[INFO] [stdout]   20:     0x7e042e0623d4 - clone
[INFO] [stdout]   21:                0x0 - <unknown>
[INFO] [stdout] 
[INFO] [stdout] ---- idl::tests::test_globals stdout ----
[INFO] [stdout] 
[INFO] [stdout] thread 'idl::tests::test_globals' (3657) panicked at /opt/rustwide/cargo-home/registry/src/index.crates.io-1949cf8c6b5b557f/assert-tokenstreams-eq-0.1.1/src/lib.rs:38:19:
[INFO] [stdout] Error formatting first token stream: Input is not valid Rust code.
[INFO] [stdout] error: 'rustfmt' is not installed for the toolchain '1.100.0-beta.1-x86_64-unknown-linux-gnu'.
[INFO] [stdout] help: run `rustup component add --toolchain 1.100.0-beta.1-x86_64-unknown-linux-gnu rustfmt` to install it
[INFO] [stdout] 
[INFO] [stdout] stack backtrace:
[INFO] [stdout]    0:     0x5677db067d11 - <<std[617be2ca0a6fd877]::sys::backtrace::BacktraceLock>::print::DisplayBacktrace as core[a373ad73a504971]::fmt::Display>::fmt
[INFO] [stdout]    1:     0x5677db07e2ba - core[a373ad73a504971]::fmt::write
[INFO] [stdout]    2:     0x5677db06bfec - <alloc[2e1b2a31b91974c5]::vec::Vec<u8> as core[a373ad73a504971]::io::write::Write>::write_fmt
[INFO] [stdout]    3:     0x5677db0439c6 - std[617be2ca0a6fd877]::panicking::default_hook::{closure#0}
[INFO] [stdout]    4:     0x5677db060099 - std[617be2ca0a6fd877]::panicking::default_hook
[INFO] [stdout]    5:     0x5677dafdedc0 - test[aada8e7e76ba119b]::test_main_inner::{closure#0}
[INFO] [stdout]    6:     0x5677db0603c2 - std[617be2ca0a6fd877]::panicking::panic_with_hook
[INFO] [stdout]    7:     0x5677db043a72 - std[617be2ca0a6fd877]::panicking::panic_handler::{closure#0}
[INFO] [stdout]    8:     0x5677db03c789 - std[617be2ca0a6fd877]::sys::backtrace::__rust_end_short_backtrace::<std[617be2ca0a6fd877]::panicking::panic_handler::{closure#0}, !>
[INFO] [stdout]    9:     0x5677db04467d - __rustc[ea4f61d10b84890b]::rust_begin_unwind
[INFO] [stdout]   10:     0x5677db07ea9c - core[a373ad73a504971]::panicking::panic_fmt
[INFO] [stdout]   11:     0x5677dafbc47f - assert_tokenstreams_eq[b25515fe209f69a1]::compare_tokenstreams::<proc_macro2[bab58073712171d6]::TokenStream, &str>
[INFO] [stdout]   12:     0x5677dafb98c7 - <rs_matter_codegen[744cfe09a40ca216]::idl::tests::test_globals::{closure#0} as core[a373ad73a504971]::ops::function::FnOnce<()>>::call_once
[INFO] [stdout]   13:     0x5677dafd220b - test[aada8e7e76ba119b]::__rust_begin_short_backtrace::<core[a373ad73a504971]::result::Result<(), alloc[2e1b2a31b91974c5]::string::String>, fn() -> core[a373ad73a504971]::result::Result<(), alloc[2e1b2a31b91974c5]::string::String>>
[INFO] [stdout]   14:     0x5677dafdf3e5 - test[aada8e7e76ba119b]::run_test::{closure#0}
[INFO] [stdout]   15:     0x5677dafd8cd4 - std[617be2ca0a6fd877]::sys::backtrace::__rust_begin_short_backtrace::<test[aada8e7e76ba119b]::run_test::{closure#1}, ()>
[INFO] [stdout]   16:     0x5677dafe2472 - <std[617be2ca0a6fd877]::thread::lifecycle::spawn_unchecked<test[aada8e7e76ba119b]::run_test::{closure#1}, ()>::{closure#1} as core[a373ad73a504971]::ops::function::FnOnce<()>>::call_once::{shim:vtable#0}
[INFO] [stdout]   17:     0x5677db06752f - <std[617be2ca0a6fd877]::sys::thread::unix::Thread>::new::thread_start
[INFO] [stdout]   18:     0x7e042dfcedfa - <unknown>
[INFO] [stdout]   19:     0x7e042e0623d4 - clone
[INFO] [stdout]   20:                0x0 - <unknown>
[INFO] [stdout] 
[INFO] [stdout] ---- idl::struct_out::tests::test_structs stdout ----
[INFO] [stdout] 
[INFO] [stdout] thread 'idl::struct_out::tests::test_structs' (3625) panicked at /opt/rustwide/cargo-home/registry/src/index.crates.io-1949cf8c6b5b557f/assert-tokenstreams-eq-0.1.1/src/lib.rs:38:19:
[INFO] [stdout] Error formatting first token stream: Input is not valid Rust code.
[INFO] [stdout] error: 'rustfmt' is not installed for the toolchain '1.100.0-beta.1-x86_64-unknown-linux-gnu'.
[INFO] [stdout] help: run `rustup component add --toolchain 1.100.0-beta.1-x86_64-unknown-linux-gnu rustfmt` to install it
[INFO] [stdout] 
[INFO] [stdout] stack backtrace:
[INFO] [stdout]    0:     0x5677db067d11 - <<std[617be2ca0a6fd877]::sys::backtrace::BacktraceLock>::print::DisplayBacktrace as core[a373ad73a504971]::fmt::Display>::fmt
[INFO] [stdout]    1:     0x5677db07e2ba - core[a373ad73a504971]::fmt::write
[INFO] [stdout]    2:     0x5677db06bfec - <alloc[2e1b2a31b91974c5]::vec::Vec<u8> as core[a373ad73a504971]::io::write::Write>::write_fmt
[INFO] [stdout]    3:     0x5677db0439c6 - std[617be2ca0a6fd877]::panicking::default_hook::{closure#0}
[INFO] [stdout]    4:     0x5677db060099 - std[617be2ca0a6fd877]::panicking::default_hook
[INFO] [stdout]    5:     0x5677dafdedc0 - test[aada8e7e76ba119b]::test_main_inner::{closure#0}
[INFO] [stdout]    6:     0x5677db0603c2 - std[617be2ca0a6fd877]::panicking::panic_with_hook
[INFO] [stdout]    7:     0x5677db043a72 - std[617be2ca0a6fd877]::panicking::panic_handler::{closure#0}
[INFO] [stdout]    8:     0x5677db03c789 - std[617be2ca0a6fd877]::sys::backtrace::__rust_end_short_backtrace::<std[617be2ca0a6fd877]::panicking::panic_handler::{closure#0}, !>
[INFO] [stdout]    9:     0x5677db04467d - __rustc[ea4f61d10b84890b]::rust_begin_unwind
[INFO] [stdout]   10:     0x5677db07ea9c - core[a373ad73a504971]::panicking::panic_fmt
[INFO] [stdout]   11:     0x5677dafbbfe1 - assert_tokenstreams_eq[b25515fe209f69a1]::compare_tokenstreams::<proc_macro2[bab58073712171d6]::TokenStream, proc_macro2[bab58073712171d6]::TokenStream>
[INFO] [stdout]   12:     0x5677daec75ad - rs_matter_codegen[744cfe09a40ca216]::idl::struct_out::tests::test_structs
[INFO] [stdout]   13:     0x5677daeeff99 - <rs_matter_codegen[744cfe09a40ca216]::idl::struct_out::tests::test_structs::{closure#0} as core[a373ad73a504971]::ops::function::FnOnce<()>>::call_once
[INFO] [stdout]   14:     0x5677dafd220b - test[aada8e7e76ba119b]::__rust_begin_short_backtrace::<core[a373ad73a504971]::result::Result<(), alloc[2e1b2a31b91974c5]::string::String>, fn() -> core[a373ad73a504971]::result::Result<(), alloc[2e1b2a31b91974c5]::string::String>>
[INFO] [stdout]   15:     0x5677dafdf3e5 - test[aada8e7e76ba119b]::run_test::{closure#0}
[INFO] [stdout]   16:     0x5677dafd8cd4 - std[617be2ca0a6fd877]::sys::backtrace::__rust_begin_short_backtrace::<test[aada8e7e76ba119b]::run_test::{closure#1}, ()>
[INFO] [stdout]   17:     0x5677dafe2472 - <std[617be2ca0a6fd877]::thread::lifecycle::spawn_unchecked<test[aada8e7e76ba119b]::run_test::{closure#1}, ()>::{closure#1} as core[a373ad73a504971]::ops::function::FnOnce<()>>::call_once::{shim:vtable#0}
[INFO] [stdout]   18:     0x5677db06752f - <std[617be2ca0a6fd877]::sys::thread::unix::Thread>::new::thread_start
[INFO] [stdout]   19:     0x7e042dfcedfa - <unknown>
[INFO] [stdout]   20:     0x7e042e0623d4 - clone
[INFO] [stdout]   21:                0x0 - <unknown>
[INFO] [stdout] 
[INFO] [stdout] ---- idl::tests::test_unit_testing_cluster stdout ----
[INFO] [stdout] 
[INFO] [stdout] thread 'idl::tests::test_unit_testing_cluster' (3822) panicked at /opt/rustwide/cargo-home/registry/src/index.crates.io-1949cf8c6b5b557f/assert-tokenstreams-eq-0.1.1/src/lib.rs:38:19:
[INFO] [stdout] Error formatting first token stream: Could not create child process for rustfmt.
[INFO] [stdout] stack backtrace:
[INFO] [stdout]    0:     0x5677db067d11 - <<std[617be2ca0a6fd877]::sys::backtrace::BacktraceLock>::print::DisplayBacktrace as core[a373ad73a504971]::fmt::Display>::fmt
[INFO] [stdout]    1:     0x5677db07e2ba - core[a373ad73a504971]::fmt::write
[INFO] [stdout]    2:     0x5677db06bfec - <alloc[2e1b2a31b91974c5]::vec::Vec<u8> as core[a373ad73a504971]::io::write::Write>::write_fmt
[INFO] [stdout]    3:     0x5677db0439c6 - std[617be2ca0a6fd877]::panicking::default_hook::{closure#0}
[INFO] [stdout]    4:     0x5677db060099 - std[617be2ca0a6fd877]::panicking::default_hook
[INFO] [stdout]    5:     0x5677dafdedc0 - test[aada8e7e76ba119b]::test_main_inner::{closure#0}
[INFO] [stdout]    6:     0x5677db0603c2 - std[617be2ca0a6fd877]::panicking::panic_with_hook
[INFO] [stdout]    7:     0x5677db043a72 - std[617be2ca0a6fd877]::panicking::panic_handler::{closure#0}
[INFO] [stdout]    8:     0x5677db03c789 - std[617be2ca0a6fd877]::sys::backtrace::__rust_end_short_backtrace::<std[617be2ca0a6fd877]::panicking::panic_handler::{closure#0}, !>
[INFO] [stdout]    9:     0x5677db04467d - __rustc[ea4f61d10b84890b]::rust_begin_unwind
[INFO] [stdout]   10:     0x5677db07ea9c - core[a373ad73a504971]::panicking::panic_fmt
[INFO] [stdout]   11:     0x5677dafbc47f - assert_tokenstreams_eq[b25515fe209f69a1]::compare_tokenstreams::<proc_macro2[bab58073712171d6]::TokenStream, &str>
[INFO] [stdout]   12:     0x5677dafb9a60 - <rs_matter_codegen[744cfe09a40ca216]::idl::tests::test_unit_testing_cluster::{closure#0} as core[a373ad73a504971]::ops::function::FnOnce<()>>::call_once
[INFO] [stdout]   13:     0x5677dafd220b - test[aada8e7e76ba119b]::__rust_begin_short_backtrace::<core[a373ad73a504971]::result::Result<(), alloc[2e1b2a31b91974c5]::string::String>, fn() -> core[a373ad73a504971]::result::Result<(), alloc[2e1b2a31b91974c5]::string::String>>
[INFO] [stdout]   14:     0x5677dafdf3e5 - test[aada8e7e76ba119b]::run_test::{closure#0}
[INFO] [stdout]   15:     0x5677dafd8cd4 - std[617be2ca0a6fd877]::sys::backtrace::__rust_begin_short_backtrace::<test[aada8e7e76ba119b]::run_test::{closure#1}, ()>
[INFO] [stdout]   16:     0x5677dafe2472 - <std[617be2ca0a6fd877]::thread::lifecycle::spawn_unchecked<test[aada8e7e76ba119b]::run_test::{closure#1}, ()>::{closure#1} as core[a373ad73a504971]::ops::function::FnOnce<()>>::call_once::{shim:vtable#0}
[INFO] [stdout]   17:     0x5677db06752f - <std[617be2ca0a6fd877]::sys::thread::unix::Thread>::new::thread_start
[INFO] [stdout]   18:     0x7e042dfcedfa - <unknown>
[INFO] [stdout]   19:     0x7e042e0623d4 - clone
[INFO] [stdout]   20:                0x0 - <unknown>
[INFO] [stdout] 
[INFO] [stdout] 
[INFO] [stdout] failures:
[INFO] [stdout]     idl::bitmap::test::test_bitmaps
[INFO] [stdout]     idl::cluster::tests::test_cluster
[INFO] [stdout]     idl::enumeration::test::test_enums
[INFO] [stdout]     idl::handler::tests::test_handler
[INFO] [stdout]     idl::handler::tests::test_handler_adaptor
[INFO] [stdout]     idl::struct_in::tests::struct_fields_octet_string
[INFO] [stdout]     idl::struct_in::tests::struct_fields_string
[INFO] [stdout]     idl::struct_in::tests::test_on_off_structs
[INFO] [stdout]     idl::struct_in::tests::test_structs
[INFO] [stdout]     idl::struct_out::tests::struct_fields_octet_string
[INFO] [stdout]     idl::struct_out::tests::struct_fields_string
[INFO] [stdout]     idl::struct_out::tests::test_on_off_structs
[INFO] [stdout]     idl::struct_out::tests::test_structs
[INFO] [stdout]     idl::tests::test_globals
[INFO] [stdout]     idl::tests::test_unit_testing_cluster
[INFO] [stdout] 
[INFO] [stdout] test result: FAILED. 45 passed; 15 failed; 0 ignored; 0 measured; 0 filtered out; finished in 2.34s
[INFO] [stdout] 
[INFO] running `Command { std: "docker" "inspect" "89772c9b6daf859d9aaedb036f3ee07a515e0f0c0dc6f01ffbe1db8c42d5bfb8", kill_on_drop: false }`
[INFO] running `Command { std: "docker" "rm" "-f" "89772c9b6daf859d9aaedb036f3ee07a515e0f0c0dc6f01ffbe1db8c42d5bfb8", kill_on_drop: false }`
[INFO] [stdout] 89772c9b6daf859d9aaedb036f3ee07a515e0f0c0dc6f01ffbe1db8c42d5bfb8
