[INFO] fetching crate rs-macro-di 0.3.4...
[INFO] testing rs-macro-di-0.3.4 against 1.99.0-beta.8+cargoflags=--release for beta-release-1.100-2
[INFO] extracting crate rs-macro-di 0.3.4 into /workspace/builds/worker-2-tc1/source
[INFO] started tweaking crates.io crate rs-macro-di 0.3.4
[INFO] finished tweaking crates.io crate rs-macro-di 0.3.4
[INFO] tweaked toml for crates.io crate rs-macro-di 0.3.4 written to /workspace/builds/worker-2-tc1/source/Cargo.toml
[INFO] validating manifest of crates.io crate rs-macro-di 0.3.4 on toolchain 1.99.0-beta.8
[INFO] running `Command { std: CARGO_HOME="/workspace/cargo-home" RUSTUP_HOME="/workspace/rustup-home" "/workspace/cargo-home/bin/cargo" "+1.99.0-beta.8" "metadata" "--manifest-path" "Cargo.toml" "--no-deps", kill_on_drop: false }`
[INFO] running `Command { std: CARGO_HOME="/workspace/cargo-home" RUSTUP_HOME="/workspace/rustup-home" "/workspace/cargo-home/bin/cargo" "+1.99.0-beta.8" "generate-lockfile" "--manifest-path" "Cargo.toml", kill_on_drop: false }`
[INFO] [stderr]     Updating crates.io index
[INFO] [stderr]      Locking 62 packages to highest compatible versions
[INFO] [stderr]       Adding inventory v0.1.11 (available: v0.3.25)
[INFO] [stderr]       Adding syn v1.0.109 (available: v3.0.9)
[INFO] running `Command { std: CARGO_HOME="/workspace/cargo-home" RUSTUP_HOME="/workspace/rustup-home" "/workspace/cargo-home/bin/cargo" "+1.99.0-beta.8" "fetch" "--manifest-path" "Cargo.toml", kill_on_drop: false }`
[INFO] [stderr]  Downloading crates ...
[INFO] [stderr]   Downloaded rs-web-host v0.1.9
[INFO] running `Command { std: "docker" "create" "-v" "/var/lib/crater-agent-workspace/builds/worker-2-tc1/source:/opt/rustwide/workdir:ro,Z" "-v" "/var/lib/crater-agent-workspace/builds/worker-2-tc1/target:/opt/rustwide/target:rw,Z" "-v" "/var/lib/crater-agent-workspace/cargo-home:/opt/rustwide/cargo-home:ro,Z" "-v" "/var/lib/crater-agent-workspace/rustup-home:/opt/rustwide/rustup-home:ro,Z" "-m" "1610612736" "--network" "none" "ghcr.io/rust-lang/crates-build-env/linux@sha256:77db811e55d90add9212f6832c23229e3de5f1c1f9905e8cb07319ea15df73ac" "sleep" "infinity", kill_on_drop: false }`
[INFO] [stdout] 10468e9696be97557ac619ffe589c79daba2bc5b38093b2eb1f9a1c91740295f
[INFO] running `Command { std: "docker" "start" "10468e9696be97557ac619ffe589c79daba2bc5b38093b2eb1f9a1c91740295f", kill_on_drop: false }`
[INFO] running `Command { std: "docker" "inspect" "10468e9696be97557ac619ffe589c79daba2bc5b38093b2eb1f9a1c91740295f", kill_on_drop: false }`
[INFO] running `Command { std: "docker" "exec" "-e" "SOURCE_DIR=/opt/rustwide/workdir" "-e" "CARGO_HOME=/opt/rustwide/cargo-home" "-e" "RUSTUP_HOME=/opt/rustwide/rustup-home" "-e" "CARGO_TARGET_DIR=/opt/rustwide/target" "-w" "/opt/rustwide/workdir" "--user" "0:0" "10468e9696be97557ac619ffe589c79daba2bc5b38093b2eb1f9a1c91740295f" "/opt/rustwide/cargo-home/bin/cargo" "+1.99.0-beta.8" "metadata" "--no-deps" "--format-version=1", kill_on_drop: false }`
[INFO] running `Command { std: "docker" "inspect" "10468e9696be97557ac619ffe589c79daba2bc5b38093b2eb1f9a1c91740295f", kill_on_drop: false }`
[INFO] running `Command { std: "docker" "exec" "-e" "SOURCE_DIR=/opt/rustwide/workdir" "-e" "CARGO_HOME=/opt/rustwide/cargo-home" "-e" "RUSTUP_HOME=/opt/rustwide/rustup-home" "-e" "CARGO_TARGET_DIR=/opt/rustwide/target" "-e" "CARGO_INCREMENTAL=0" "-e" "RUST_BACKTRACE=full" "-e" "RUSTFLAGS=--cap-lints=warn" "-e" "RUSTDOCFLAGS=--cap-lints=warn" "-w" "/opt/rustwide/workdir" "--user" "0:0" "10468e9696be97557ac619ffe589c79daba2bc5b38093b2eb1f9a1c91740295f" "/opt/rustwide/cargo-home/bin/cargo" "+1.99.0-beta.8" "build" "--frozen" "--message-format=json" "--release", kill_on_drop: false }`
[INFO] [stderr]    Compiling inventory v0.1.11
[INFO] [stderr]    Compiling proc-macro2 v1.0.107
[INFO] [stderr]    Compiling iana-time-zone v0.1.65
[INFO] [stderr]    Compiling serde_core v1.0.229
[INFO] [stderr]    Compiling serde v1.0.229
[INFO] [stderr]    Compiling syn v1.0.109
[INFO] [stderr]    Compiling num-traits v0.2.19
[INFO] [stderr]    Compiling ghost v0.1.23
[INFO] [stderr]    Compiling ctor v0.1.26
[INFO] [stderr]    Compiling inventory-impl v0.1.11
[INFO] [stderr]    Compiling quote v1.0.47
[INFO] [stderr]    Compiling chrono v0.4.45
[INFO] [stderr]    Compiling rs-web-host v0.1.9
[INFO] [stderr]    Compiling rs-macro-di v0.3.4 (/opt/rustwide/workdir)
[INFO] [stdout] warning: unused variable: `body`
[INFO] [stdout]   --> src/host.rs:47:60
[INFO] [stdout]    |
[INFO] [stdout] 47 |     pub fn handle_request(&self, method: &str, path: &str, body: Option<String>) -> Option<String> {
[INFO] [stdout]    |                                                            ^^^^ help: if this is intentional, prefix it with an underscore: `_body`
[INFO] [stdout]    |
[INFO] [stdout]    = note: `#[warn(unused_variables)]` (part of `#[warn(unused)]`) on by default
[INFO] [stdout] 
[INFO] [stdout] 
[INFO] [stdout] warning: field `provider` is never read
[INFO] [stdout]   --> src/host.rs:18:5
[INFO] [stdout]    |
[INFO] [stdout] 17 | pub struct WebHost {
[INFO] [stdout]    |            ------- field in this struct
[INFO] [stdout] 18 |     provider: &'static Mutex<ServiceProvider>,
[INFO] [stdout]    |     ^^^^^^^^
[INFO] [stdout]    |
[INFO] [stdout]    = note: `#[warn(dead_code)]` (part of `#[warn(unused)]`) on by default
[INFO] [stdout] 
[INFO] [stdout] 
[INFO] [stderr]     Finished `release` profile [optimized] target(s) in 19.88s
[INFO] running `Command { std: "docker" "inspect" "10468e9696be97557ac619ffe589c79daba2bc5b38093b2eb1f9a1c91740295f", kill_on_drop: false }`
[INFO] running `Command { std: "docker" "exec" "-e" "SOURCE_DIR=/opt/rustwide/workdir" "-e" "CARGO_HOME=/opt/rustwide/cargo-home" "-e" "RUSTUP_HOME=/opt/rustwide/rustup-home" "-e" "CARGO_TARGET_DIR=/opt/rustwide/target" "-e" "CARGO_INCREMENTAL=0" "-e" "RUST_BACKTRACE=full" "-e" "RUSTFLAGS=--cap-lints=warn" "-e" "RUSTDOCFLAGS=--cap-lints=warn" "-w" "/opt/rustwide/workdir" "--user" "0:0" "10468e9696be97557ac619ffe589c79daba2bc5b38093b2eb1f9a1c91740295f" "/opt/rustwide/cargo-home/bin/cargo" "+1.99.0-beta.8" "test" "--frozen" "--no-run" "--message-format=json" "--release", kill_on_drop: false }`
[INFO] [stderr]    Compiling syn v3.0.9
[INFO] [stderr]    Compiling serde_derive v1.0.229
[INFO] [stderr]    Compiling ghost v0.1.23
[INFO] [stderr]    Compiling tokio-macros v2.7.2
[INFO] [stderr]    Compiling tokio v1.53.3
[INFO] [stderr]    Compiling inventory v0.1.11
[INFO] [stderr]    Compiling serde v1.0.229
[INFO] [stderr]    Compiling chrono v0.4.45
[INFO] [stderr]    Compiling rs-web-host v0.1.9
[INFO] [stderr]    Compiling rs-macro-di v0.3.4 (/opt/rustwide/workdir)
[INFO] [stdout] warning: unused variable: `body`
[INFO] [stdout]   --> src/host.rs:47:60
[INFO] [stdout]    |
[INFO] [stdout] 47 |     pub fn handle_request(&self, method: &str, path: &str, body: Option<String>) -> Option<String> {
[INFO] [stdout]    |                                                            ^^^^ help: if this is intentional, prefix it with an underscore: `_body`
[INFO] [stdout]    |
[INFO] [stdout]    = note: `#[warn(unused_variables)]` (part of `#[warn(unused)]`) on by default
[INFO] [stdout] 
[INFO] [stdout] 
[INFO] [stdout] warning: field `provider` is never read
[INFO] [stdout]   --> src/host.rs:18:5
[INFO] [stdout]    |
[INFO] [stdout] 17 | pub struct WebHost {
[INFO] [stdout]    |            ------- field in this struct
[INFO] [stdout] 18 |     provider: &'static Mutex<ServiceProvider>,
[INFO] [stdout]    |     ^^^^^^^^
[INFO] [stdout]    |
[INFO] [stdout]    = note: `#[warn(dead_code)]` (part of `#[warn(unused)]`) on by default
[INFO] [stdout] 
[INFO] [stdout] 
[INFO] [stdout] warning: unused variable: `body`
[INFO] [stdout]   --> src/host.rs:47:60
[INFO] [stdout]    |
[INFO] [stdout] 47 |     pub fn handle_request(&self, method: &str, path: &str, body: Option<String>) -> Option<String> {
[INFO] [stdout]    |                                                            ^^^^ help: if this is intentional, prefix it with an underscore: `_body`
[INFO] [stdout]    |
[INFO] [stdout]    = note: `#[warn(unused_variables)]` (part of `#[warn(unused)]`) on by default
[INFO] [stdout] 
[INFO] [stdout] 
[INFO] [stdout] warning: field `provider` is never read
[INFO] [stdout]   --> src/host.rs:18:5
[INFO] [stdout]    |
[INFO] [stdout] 17 | pub struct WebHost {
[INFO] [stdout]    |            ------- field in this struct
[INFO] [stdout] 18 |     provider: &'static Mutex<ServiceProvider>,
[INFO] [stdout]    |     ^^^^^^^^
[INFO] [stdout]    |
[INFO] [stdout]    = note: `#[warn(dead_code)]` (part of `#[warn(unused)]`) on by default
[INFO] [stdout] 
[INFO] [stdout] 
[INFO] [stderr]     Finished `release` profile [optimized] target(s) in 21.51s
[INFO] running `Command { std: "docker" "inspect" "10468e9696be97557ac619ffe589c79daba2bc5b38093b2eb1f9a1c91740295f", kill_on_drop: false }`
[INFO] running `Command { std: "docker" "exec" "-e" "SOURCE_DIR=/opt/rustwide/workdir" "-e" "CARGO_HOME=/opt/rustwide/cargo-home" "-e" "RUSTUP_HOME=/opt/rustwide/rustup-home" "-e" "CARGO_TARGET_DIR=/opt/rustwide/target" "-e" "CARGO_INCREMENTAL=0" "-e" "RUST_BACKTRACE=full" "-e" "RUSTFLAGS=--cap-lints=warn" "-e" "RUSTDOCFLAGS=--cap-lints=warn" "-w" "/opt/rustwide/workdir" "--user" "0:0" "10468e9696be97557ac619ffe589c79daba2bc5b38093b2eb1f9a1c91740295f" "/opt/rustwide/cargo-home/bin/cargo" "+1.99.0-beta.8" "test" "--frozen" "--release", kill_on_drop: false }`
[INFO] [stderr] warning: unused variable: `body`
[INFO] [stderr]   --> src/host.rs:47:60
[INFO] [stderr]    |
[INFO] [stderr] 47 |     pub fn handle_request(&self, method: &str, path: &str, body: Option<String>) -> Option<String> {
[INFO] [stderr]    |                                                            ^^^^ help: if this is intentional, prefix it with an underscore: `_body`
[INFO] [stderr]    |
[INFO] [stderr]    = note: `#[warn(unused_variables)]` (part of `#[warn(unused)]`) on by default
[INFO] [stderr] 
[INFO] [stderr] warning: field `provider` is never read
[INFO] [stderr]   --> src/host.rs:18:5
[INFO] [stderr]    |
[INFO] [stderr] 17 | pub struct WebHost {
[INFO] [stderr]    |            ------- field in this struct
[INFO] [stderr] 18 |     provider: &'static Mutex<ServiceProvider>,
[INFO] [stderr]    |     ^^^^^^^^
[INFO] [stderr]    |
[INFO] [stderr]    = note: `#[warn(dead_code)]` (part of `#[warn(unused)]`) on by default
[INFO] [stderr] 
[INFO] [stderr] warning: `rs-macro-di` (lib) generated 2 warnings (run `cargo fix --lib -p rs-macro-di` to apply 1 suggestion)
[INFO] [stderr] warning: `rs-macro-di` (lib test) generated 2 warnings (2 duplicates)
[INFO] [stderr]     Finished `release` profile [optimized] target(s) in 0.09s
[INFO] [stderr]      Running unittests src/lib.rs (/opt/rustwide/target/release/deps/rs_macro_di-8dfdcb173e9d4af6)
[INFO] [stdout] 
[INFO] [stdout] running 9 tests
[INFO] [stdout] test tests::provider::test_only_provider_macro ... ok
[INFO] [stdout] test tests::provider::test_provider_without_macro ... ok
[INFO] [stdout] test tests::provider::test_clear_scoped ... ok
[INFO] [stdout] test tests::provider::test_provider_singleton_service ... FAILED
[INFO] [stdout] test tests::provider::test_provider_transient_service ... FAILED
[INFO] [stdout] test tests::provider::test_singleton_service_time_consistency ... FAILED
[INFO] [stdout] test tests::provider::test_transient_service_time_inconsistency ... FAILED
[INFO] [stdout] test tests::provider::test_scoped_service_time_consistency ... FAILED
[INFO] [stdout] test tests::provider::test_provider_scoped_service ... FAILED
[INFO] [stdout] 
[INFO] [stdout] failures:
[INFO] [stdout] 
[INFO] [stdout] ---- tests::provider::test_provider_singleton_service stdout ----
[INFO] [stdout] 
[INFO] [stdout] thread 'tests::provider::test_provider_singleton_service' (767) panicked at src/provider.rs:65:9:
[INFO] [stdout] Service of type "rs_macro_di::tests::test_utility::TestSingletonService" not found
[INFO] [stdout] stack backtrace:
[INFO] [stdout]    0:     0x654f67d6c731 - <<std[70759c8f55707aa4]::sys::backtrace::BacktraceLock>::print::DisplayBacktrace as core[df12db4294e9bfd3]::fmt::Display>::fmt
[INFO] [stdout]    1:     0x654f67d8093a - core[df12db4294e9bfd3]::fmt::write
[INFO] [stdout]    2:     0x654f67d70bcc - <alloc[2182bb758b4b3781]::vec::Vec<u8> as core[df12db4294e9bfd3]::io::write::Write>::write_fmt
[INFO] [stdout]    3:     0x654f67d48af6 - std[70759c8f55707aa4]::panicking::default_hook::{closure#0}
[INFO] [stdout]    4:     0x654f67d64c69 - std[70759c8f55707aa4]::panicking::default_hook
[INFO] [stdout]    5:     0x654f67d005a0 - test[9d35eded1c95d3be]::test_main_inner::<test[9d35eded1c95d3be]::test_main_static::{closure#0}>::{closure#0}
[INFO] [stdout]    6:     0x654f67d64e22 - std[70759c8f55707aa4]::panicking::panic_with_hook
[INFO] [stdout]    7:     0x654f67d48ba2 - std[70759c8f55707aa4]::panicking::panic_handler::{closure#0}
[INFO] [stdout]    8:     0x654f67d41929 - std[70759c8f55707aa4]::sys::backtrace::__rust_end_short_backtrace::<std[70759c8f55707aa4]::panicking::panic_handler::{closure#0}, !>
[INFO] [stdout]    9:     0x654f67d4979d - __rustc[8fa7c3cbc660c2b3]::rust_begin_unwind
[INFO] [stdout]   10:     0x654f67d8109c - core[df12db4294e9bfd3]::panicking::panic_fmt
[INFO] [stderr] error: test failed, to rerun pass `--lib`
[INFO] [stdout]   11:     0x654f67cecda0 - <rs_macro_di[6a74263708abc543]::provider::ServiceProvider>::provide::<rs_macro_di[6a74263708abc543]::tests::test_utility::TestSingletonService>
[INFO] [stdout]   12:     0x654f67cf12bf - rs_macro_di[6a74263708abc543]::tests::provider::test_provider_singleton_service
[INFO] [stdout]   13:     0x654f67cf3799 - <rs_macro_di[6a74263708abc543]::tests::provider::test_provider_singleton_service::{closure#0} as core[df12db4294e9bfd3]::ops::function::FnOnce<()>>::call_once
[INFO] [stdout]   14:     0x654f67cf388b - test[9d35eded1c95d3be]::__rust_begin_short_backtrace::<core[df12db4294e9bfd3]::result::Result<(), alloc[2182bb758b4b3781]::string::String>, fn() -> core[df12db4294e9bfd3]::result::Result<(), alloc[2182bb758b4b3781]::string::String>>
[INFO] [stdout]   15:     0x654f67d00ef5 - test[9d35eded1c95d3be]::run_test::{closure#0}
[INFO] [stdout]   16:     0x654f67cfa7b4 - std[70759c8f55707aa4]::sys::backtrace::__rust_begin_short_backtrace::<test[9d35eded1c95d3be]::run_test::{closure#1}, ()>
[INFO] [stdout]   17:     0x654f67d04052 - <std[70759c8f55707aa4]::thread::lifecycle::spawn_unchecked<test[9d35eded1c95d3be]::run_test::{closure#1}, ()>::{closure#1} as core[df12db4294e9bfd3]::ops::function::FnOnce<()>>::call_once::{shim:vtable#0}
[INFO] [stdout]   18:     0x654f67d6bfd9 - <std[70759c8f55707aa4]::sys::thread::unix::Thread>::new::thread_start
[INFO] [stdout]   19:     0x7c67381f7dfa - <unknown>
[INFO] [stdout]   20:     0x7c673828b3d4 - clone
[INFO] [stdout]   21:                0x0 - <unknown>
[INFO] [stdout] 
[INFO] [stdout] ---- tests::provider::test_provider_transient_service stdout ----
[INFO] [stdout] 
[INFO] [stdout] thread 'tests::provider::test_provider_transient_service' (768) panicked at src/tests/provider.rs:90:56:
[INFO] [stdout] called `Result::unwrap()` on an `Err` value: PoisonError { .. }
[INFO] [stdout] stack backtrace:
[INFO] [stdout]    0:     0x654f67d6c731 - <<std[70759c8f55707aa4]::sys::backtrace::BacktraceLock>::print::DisplayBacktrace as core[df12db4294e9bfd3]::fmt::Display>::fmt
[INFO] [stdout]    1:     0x654f67d8093a - core[df12db4294e9bfd3]::fmt::write
[INFO] [stdout]    2:     0x654f67d70bcc - <alloc[2182bb758b4b3781]::vec::Vec<u8> as core[df12db4294e9bfd3]::io::write::Write>::write_fmt
[INFO] [stdout]    3:     0x654f67d48af6 - std[70759c8f55707aa4]::panicking::default_hook::{closure#0}
[INFO] [stdout]    4:     0x654f67d64c69 - std[70759c8f55707aa4]::panicking::default_hook
[INFO] [stdout]    5:     0x654f67d005a0 - test[9d35eded1c95d3be]::test_main_inner::<test[9d35eded1c95d3be]::test_main_static::{closure#0}>::{closure#0}
[INFO] [stdout]    6:     0x654f67d64e22 - std[70759c8f55707aa4]::panicking::panic_with_hook
[INFO] [stdout]    7:     0x654f67d48ba2 - std[70759c8f55707aa4]::panicking::panic_handler::{closure#0}
[INFO] [stdout]    8:     0x654f67d41929 - std[70759c8f55707aa4]::sys::backtrace::__rust_end_short_backtrace::<std[70759c8f55707aa4]::panicking::panic_handler::{closure#0}, !>
[INFO] [stdout]    9:     0x654f67d4979d - __rustc[8fa7c3cbc660c2b3]::rust_begin_unwind
[INFO] [stdout]   10:     0x654f67d8109c - core[df12db4294e9bfd3]::panicking::panic_fmt
[INFO] [stdout]   11:     0x654f67d80e72 - core[df12db4294e9bfd3]::result::unwrap_failed
[INFO] [stdout]   12:     0x654f67cf18cd - rs_macro_di[6a74263708abc543]::tests::provider::test_provider_transient_service
[INFO] [stdout]   13:     0x654f67cf37b9 - <rs_macro_di[6a74263708abc543]::tests::provider::test_provider_transient_service::{closure#0} as core[df12db4294e9bfd3]::ops::function::FnOnce<()>>::call_once
[INFO] [stdout]   14:     0x654f67cf388b - test[9d35eded1c95d3be]::__rust_begin_short_backtrace::<core[df12db4294e9bfd3]::result::Result<(), alloc[2182bb758b4b3781]::string::String>, fn() -> core[df12db4294e9bfd3]::result::Result<(), alloc[2182bb758b4b3781]::string::String>>
[INFO] [stdout]   15:     0x654f67d00ef5 - test[9d35eded1c95d3be]::run_test::{closure#0}
[INFO] [stdout]   16:     0x654f67cfa7b4 - std[70759c8f55707aa4]::sys::backtrace::__rust_begin_short_backtrace::<test[9d35eded1c95d3be]::run_test::{closure#1}, ()>
[INFO] [stdout]   17:     0x654f67d04052 - <std[70759c8f55707aa4]::thread::lifecycle::spawn_unchecked<test[9d35eded1c95d3be]::run_test::{closure#1}, ()>::{closure#1} as core[df12db4294e9bfd3]::ops::function::FnOnce<()>>::call_once::{shim:vtable#0}
[INFO] [stdout]   18:     0x654f67d6bfd9 - <std[70759c8f55707aa4]::sys::thread::unix::Thread>::new::thread_start
[INFO] [stdout]   19:     0x7c67381f7dfa - <unknown>
[INFO] [stdout]   20:     0x7c673828b3d4 - clone
[INFO] [stdout]   21:                0x0 - <unknown>
[INFO] [stdout] 
[INFO] [stdout] ---- tests::provider::test_singleton_service_time_consistency stdout ----
[INFO] [stdout] 
[INFO] [stdout] thread 'tests::provider::test_singleton_service_time_consistency' (771) panicked at src/tests/provider.rs:109:47:
[INFO] [stdout] called `Result::unwrap()` on an `Err` value: PoisonError { .. }
[INFO] [stdout] stack backtrace:
[INFO] [stdout]    0:     0x654f67d6c731 - <<std[70759c8f55707aa4]::sys::backtrace::BacktraceLock>::print::DisplayBacktrace as core[df12db4294e9bfd3]::fmt::Display>::fmt
[INFO] [stdout]    1:     0x654f67d8093a - core[df12db4294e9bfd3]::fmt::write
[INFO] [stdout]    2:     0x654f67d70bcc - <alloc[2182bb758b4b3781]::vec::Vec<u8> as core[df12db4294e9bfd3]::io::write::Write>::write_fmt
[INFO] [stdout]    3:     0x654f67d48af6 - std[70759c8f55707aa4]::panicking::default_hook::{closure#0}
[INFO] [stdout]    4:     0x654f67d64c69 - std[70759c8f55707aa4]::panicking::default_hook
[INFO] [stdout]    5:     0x654f67d005a0 - test[9d35eded1c95d3be]::test_main_inner::<test[9d35eded1c95d3be]::test_main_static::{closure#0}>::{closure#0}
[INFO] [stdout]    6:     0x654f67d64e22 - std[70759c8f55707aa4]::panicking::panic_with_hook
[INFO] [stdout]    7:     0x654f67d48ba2 - std[70759c8f55707aa4]::panicking::panic_handler::{closure#0}
[INFO] [stdout]    8:     0x654f67d41929 - std[70759c8f55707aa4]::sys::backtrace::__rust_end_short_backtrace::<std[70759c8f55707aa4]::panicking::panic_handler::{closure#0}, !>
[INFO] [stdout]    9:     0x654f67d4979d - __rustc[8fa7c3cbc660c2b3]::rust_begin_unwind
[INFO] [stdout]   10:     0x654f67d8109c - core[df12db4294e9bfd3]::panicking::panic_fmt
[INFO] [stdout]   11:     0x654f67d80e72 - core[df12db4294e9bfd3]::result::unwrap_failed
[INFO] [stdout]   12:     0x654f67cf2363 - rs_macro_di[6a74263708abc543]::tests::provider::test_singleton_service_time_consistency
[INFO] [stdout]   13:     0x654f67cf37f9 - <rs_macro_di[6a74263708abc543]::tests::provider::test_singleton_service_time_consistency::{closure#0} as core[df12db4294e9bfd3]::ops::function::FnOnce<()>>::call_once
[INFO] [stdout]   14:     0x654f67cf388b - test[9d35eded1c95d3be]::__rust_begin_short_backtrace::<core[df12db4294e9bfd3]::result::Result<(), alloc[2182bb758b4b3781]::string::String>, fn() -> core[df12db4294e9bfd3]::result::Result<(), alloc[2182bb758b4b3781]::string::String>>
[INFO] [stdout]   15:     0x654f67d00ef5 - test[9d35eded1c95d3be]::run_test::{closure#0}
[INFO] [stdout]   16:     0x654f67cfa7b4 - std[70759c8f55707aa4]::sys::backtrace::__rust_begin_short_backtrace::<test[9d35eded1c95d3be]::run_test::{closure#1}, ()>
[INFO] [stdout]   17:     0x654f67d04052 - <std[70759c8f55707aa4]::thread::lifecycle::spawn_unchecked<test[9d35eded1c95d3be]::run_test::{closure#1}, ()>::{closure#1} as core[df12db4294e9bfd3]::ops::function::FnOnce<()>>::call_once::{shim:vtable#0}
[INFO] [stdout]   18:     0x654f67d6bfd9 - <std[70759c8f55707aa4]::sys::thread::unix::Thread>::new::thread_start
[INFO] [stdout]   19:     0x7c67381f7dfa - <unknown>
[INFO] [stdout]   20:     0x7c673828b3d4 - clone
[INFO] [stdout]   21:                0x0 - <unknown>
[INFO] [stdout] 
[INFO] [stdout] ---- tests::provider::test_transient_service_time_inconsistency stdout ----
[INFO] [stdout] 
[INFO] [stdout] thread 'tests::provider::test_transient_service_time_inconsistency' (772) panicked at src/tests/provider.rs:143:47:
[INFO] [stdout] called `Result::unwrap()` on an `Err` value: PoisonError { .. }
[INFO] [stdout] stack backtrace:
[INFO] [stdout]    0:     0x654f67d6c731 - <<std[70759c8f55707aa4]::sys::backtrace::BacktraceLock>::print::DisplayBacktrace as core[df12db4294e9bfd3]::fmt::Display>::fmt
[INFO] [stdout]    1:     0x654f67d8093a - core[df12db4294e9bfd3]::fmt::write
[INFO] [stdout]    2:     0x654f67d70bcc - <alloc[2182bb758b4b3781]::vec::Vec<u8> as core[df12db4294e9bfd3]::io::write::Write>::write_fmt
[INFO] [stdout]    3:     0x654f67d48af6 - std[70759c8f55707aa4]::panicking::default_hook::{closure#0}
[INFO] [stdout]    4:     0x654f67d64c69 - std[70759c8f55707aa4]::panicking::default_hook
[INFO] [stdout]    5:     0x654f67d005a0 - test[9d35eded1c95d3be]::test_main_inner::<test[9d35eded1c95d3be]::test_main_static::{closure#0}>::{closure#0}
[INFO] [stdout]    6:     0x654f67d64e22 - std[70759c8f55707aa4]::panicking::panic_with_hook
[INFO] [stdout]    7:     0x654f67d48ba2 - std[70759c8f55707aa4]::panicking::panic_handler::{closure#0}
[INFO] [stdout]    8:     0x654f67d41929 - std[70759c8f55707aa4]::sys::backtrace::__rust_end_short_backtrace::<std[70759c8f55707aa4]::panicking::panic_handler::{closure#0}, !>
[INFO] [stdout]    9:     0x654f67d4979d - __rustc[8fa7c3cbc660c2b3]::rust_begin_unwind
[INFO] [stdout]   10:     0x654f67d8109c - core[df12db4294e9bfd3]::panicking::panic_fmt
[INFO] [stdout]   11:     0x654f67d80e72 - core[df12db4294e9bfd3]::result::unwrap_failed
[INFO] [stdout]   12:     0x654f67cf2826 - rs_macro_di[6a74263708abc543]::tests::provider::test_transient_service_time_inconsistency
[INFO] [stdout]   13:     0x654f67cf3819 - <rs_macro_di[6a74263708abc543]::tests::provider::test_transient_service_time_inconsistency::{closure#0} as core[df12db4294e9bfd3]::ops::function::FnOnce<()>>::call_once
[INFO] [stdout]   14:     0x654f67cf388b - test[9d35eded1c95d3be]::__rust_begin_short_backtrace::<core[df12db4294e9bfd3]::result::Result<(), alloc[2182bb758b4b3781]::string::String>, fn() -> core[df12db4294e9bfd3]::result::Result<(), alloc[2182bb758b4b3781]::string::String>>
[INFO] [stdout]   15:     0x654f67d00ef5 - test[9d35eded1c95d3be]::run_test::{closure#0}
[INFO] [stdout]   16:     0x654f67cfa7b4 - std[70759c8f55707aa4]::sys::backtrace::__rust_begin_short_backtrace::<test[9d35eded1c95d3be]::run_test::{closure#1}, ()>
[INFO] [stdout]   17:     0x654f67d04052 - <std[70759c8f55707aa4]::thread::lifecycle::spawn_unchecked<test[9d35eded1c95d3be]::run_test::{closure#1}, ()>::{closure#1} as core[df12db4294e9bfd3]::ops::function::FnOnce<()>>::call_once::{shim:vtable#0}
[INFO] [stdout]   18:     0x654f67d6bfd9 - <std[70759c8f55707aa4]::sys::thread::unix::Thread>::new::thread_start
[INFO] [stdout]   19:     0x7c67381f7dfa - <unknown>
[INFO] [stdout]   20:     0x7c673828b3d4 - clone
[INFO] [stdout]   21:                0x0 - <unknown>
[INFO] [stdout] 
[INFO] [stdout] ---- tests::provider::test_scoped_service_time_consistency stdout ----
[INFO] [stdout] 
[INFO] [stdout] thread 'tests::provider::test_scoped_service_time_consistency' (770) panicked at src/tests/provider.rs:125:44:
[INFO] [stdout] called `Result::unwrap()` on an `Err` value: PoisonError { .. }
[INFO] [stdout] stack backtrace:
[INFO] [stdout]    0:     0x654f67d6c731 - <<std[70759c8f55707aa4]::sys::backtrace::BacktraceLock>::print::DisplayBacktrace as core[df12db4294e9bfd3]::fmt::Display>::fmt
[INFO] [stdout]    1:     0x654f67d8093a - core[df12db4294e9bfd3]::fmt::write
[INFO] [stdout]    2:     0x654f67d70bcc - <alloc[2182bb758b4b3781]::vec::Vec<u8> as core[df12db4294e9bfd3]::io::write::Write>::write_fmt
[INFO] [stdout]    3:     0x654f67d48af6 - std[70759c8f55707aa4]::panicking::default_hook::{closure#0}
[INFO] [stdout]    4:     0x654f67d64c69 - std[70759c8f55707aa4]::panicking::default_hook
[INFO] [stdout]    5:     0x654f67d005a0 - test[9d35eded1c95d3be]::test_main_inner::<test[9d35eded1c95d3be]::test_main_static::{closure#0}>::{closure#0}
[INFO] [stdout]    6:     0x654f67d64e22 - std[70759c8f55707aa4]::panicking::panic_with_hook
[INFO] [stdout]    7:     0x654f67d48ba2 - std[70759c8f55707aa4]::panicking::panic_handler::{closure#0}
[INFO] [stdout]    8:     0x654f67d41929 - std[70759c8f55707aa4]::sys::backtrace::__rust_end_short_backtrace::<std[70759c8f55707aa4]::panicking::panic_handler::{closure#0}, !>
[INFO] [stdout]    9:     0x654f67d4979d - __rustc[8fa7c3cbc660c2b3]::rust_begin_unwind
[INFO] [stdout]   10:     0x654f67d8109c - core[df12db4294e9bfd3]::panicking::panic_fmt
[INFO] [stdout]   11:     0x654f67d80e72 - core[df12db4294e9bfd3]::result::unwrap_failed
[INFO] [stdout]   12:     0x654f67cf1dc8 - rs_macro_di[6a74263708abc543]::tests::provider::test_scoped_service_time_consistency
[INFO] [stdout]   13:     0x654f67cf37d9 - <rs_macro_di[6a74263708abc543]::tests::provider::test_scoped_service_time_consistency::{closure#0} as core[df12db4294e9bfd3]::ops::function::FnOnce<()>>::call_once
[INFO] [stdout]   14:     0x654f67cf388b - test[9d35eded1c95d3be]::__rust_begin_short_backtrace::<core[df12db4294e9bfd3]::result::Result<(), alloc[2182bb758b4b3781]::string::String>, fn() -> core[df12db4294e9bfd3]::result::Result<(), alloc[2182bb758b4b3781]::string::String>>
[INFO] [stdout]   15:     0x654f67d00ef5 - test[9d35eded1c95d3be]::run_test::{closure#0}
[INFO] [stdout]   16:     0x654f67cfa7b4 - std[70759c8f55707aa4]::sys::backtrace::__rust_begin_short_backtrace::<test[9d35eded1c95d3be]::run_test::{closure#1}, ()>
[INFO] [stdout]   17:     0x654f67d04052 - <std[70759c8f55707aa4]::thread::lifecycle::spawn_unchecked<test[9d35eded1c95d3be]::run_test::{closure#1}, ()>::{closure#1} as core[df12db4294e9bfd3]::ops::function::FnOnce<()>>::call_once::{shim:vtable#0}
[INFO] [stdout]   18:     0x654f67d6bfd9 - <std[70759c8f55707aa4]::sys::thread::unix::Thread>::new::thread_start
[INFO] [stdout]   19:     0x7c67381f7dfa - <unknown>
[INFO] [stdout]   20:     0x7c673828b3d4 - clone
[INFO] [stdout]   21:                0x0 - <unknown>
[INFO] [stdout] 
[INFO] [stdout] ---- tests::provider::test_provider_scoped_service stdout ----
[INFO] [stdout] 
[INFO] [stdout] thread 'tests::provider::test_provider_scoped_service' (766) panicked at src/tests/provider.rs:57:50:
[INFO] [stdout] called `Result::unwrap()` on an `Err` value: PoisonError { .. }
[INFO] [stdout] stack backtrace:
[INFO] [stdout]    0:     0x654f67d6c731 - <<std[70759c8f55707aa4]::sys::backtrace::BacktraceLock>::print::DisplayBacktrace as core[df12db4294e9bfd3]::fmt::Display>::fmt
[INFO] [stdout]    1:     0x654f67d8093a - core[df12db4294e9bfd3]::fmt::write
[INFO] [stdout]    2:     0x654f67d70bcc - <alloc[2182bb758b4b3781]::vec::Vec<u8> as core[df12db4294e9bfd3]::io::write::Write>::write_fmt
[INFO] [stdout]    3:     0x654f67d48af6 - std[70759c8f55707aa4]::panicking::default_hook::{closure#0}
[INFO] [stdout]    4:     0x654f67d64c69 - std[70759c8f55707aa4]::panicking::default_hook
[INFO] [stdout]    5:     0x654f67d005a0 - test[9d35eded1c95d3be]::test_main_inner::<test[9d35eded1c95d3be]::test_main_static::{closure#0}>::{closure#0}
[INFO] [stdout]    6:     0x654f67d64e22 - std[70759c8f55707aa4]::panicking::panic_with_hook
[INFO] [stdout]    7:     0x654f67d48ba2 - std[70759c8f55707aa4]::panicking::panic_handler::{closure#0}
[INFO] [stdout]    8:     0x654f67d41929 - std[70759c8f55707aa4]::sys::backtrace::__rust_end_short_backtrace::<std[70759c8f55707aa4]::panicking::panic_handler::{closure#0}, !>
[INFO] [stdout]    9:     0x654f67d4979d - __rustc[8fa7c3cbc660c2b3]::rust_begin_unwind
[INFO] [stdout]   10:     0x654f67d8109c - core[df12db4294e9bfd3]::panicking::panic_fmt
[INFO] [stdout]   11:     0x654f67d80e72 - core[df12db4294e9bfd3]::result::unwrap_failed
[INFO] [stdout]   12:     0x654f67cf0fa8 - rs_macro_di[6a74263708abc543]::tests::provider::test_provider_scoped_service
[INFO] [stdout]   13:     0x654f67cf3779 - <rs_macro_di[6a74263708abc543]::tests::provider::test_provider_scoped_service::{closure#0} as core[df12db4294e9bfd3]::ops::function::FnOnce<()>>::call_once
[INFO] [stdout]   14:     0x654f67cf388b - test[9d35eded1c95d3be]::__rust_begin_short_backtrace::<core[df12db4294e9bfd3]::result::Result<(), alloc[2182bb758b4b3781]::string::String>, fn() -> core[df12db4294e9bfd3]::result::Result<(), alloc[2182bb758b4b3781]::string::String>>
[INFO] [stdout]   15:     0x654f67d00ef5 - test[9d35eded1c95d3be]::run_test::{closure#0}
[INFO] [stdout]   16:     0x654f67cfa7b4 - std[70759c8f55707aa4]::sys::backtrace::__rust_begin_short_backtrace::<test[9d35eded1c95d3be]::run_test::{closure#1}, ()>
[INFO] [stdout]   17:     0x654f67d04052 - <std[70759c8f55707aa4]::thread::lifecycle::spawn_unchecked<test[9d35eded1c95d3be]::run_test::{closure#1}, ()>::{closure#1} as core[df12db4294e9bfd3]::ops::function::FnOnce<()>>::call_once::{shim:vtable#0}
[INFO] [stdout]   18:     0x654f67d6bfd9 - <std[70759c8f55707aa4]::sys::thread::unix::Thread>::new::thread_start
[INFO] [stdout]   19:     0x7c67381f7dfa - <unknown>
[INFO] [stdout]   20:     0x7c673828b3d4 - clone
[INFO] [stdout]   21:                0x0 - <unknown>
[INFO] [stdout] 
[INFO] [stdout] 
[INFO] [stdout] failures:
[INFO] [stdout]     tests::provider::test_provider_scoped_service
[INFO] [stdout]     tests::provider::test_provider_singleton_service
[INFO] [stdout]     tests::provider::test_provider_transient_service
[INFO] [stdout]     tests::provider::test_scoped_service_time_consistency
[INFO] [stdout]     tests::provider::test_singleton_service_time_consistency
[INFO] [stdout]     tests::provider::test_transient_service_time_inconsistency
[INFO] [stdout] 
[INFO] [stdout] test result: FAILED. 3 passed; 6 failed; 0 ignored; 0 measured; 0 filtered out; finished in 1.01s
[INFO] [stdout] 
[INFO] running `Command { std: "docker" "inspect" "10468e9696be97557ac619ffe589c79daba2bc5b38093b2eb1f9a1c91740295f", kill_on_drop: false }`
[INFO] running `Command { std: "docker" "rm" "-f" "10468e9696be97557ac619ffe589c79daba2bc5b38093b2eb1f9a1c91740295f", kill_on_drop: false }`
[INFO] [stdout] 10468e9696be97557ac619ffe589c79daba2bc5b38093b2eb1f9a1c91740295f
