[INFO] fetching crate rs-jsonrpc-core 8.0.0...
[INFO] testing rs-jsonrpc-core-8.0.0 against 1.100.0-beta.1+cargoflags=--release for beta-release-1.100-2
[INFO] extracting crate rs-jsonrpc-core 8.0.0 into /workspace/builds/worker-4-tc2/source
[INFO] started tweaking crates.io crate rs-jsonrpc-core 8.0.0
[INFO] finished tweaking crates.io crate rs-jsonrpc-core 8.0.0
[INFO] tweaked toml for crates.io crate rs-jsonrpc-core 8.0.0 written to /workspace/builds/worker-4-tc2/source/Cargo.toml
[INFO] validating manifest of crates.io crate rs-jsonrpc-core 8.0.0 on toolchain 1.100.0-beta.1
[INFO] running `Command { std: CARGO_HOME="/workspace/cargo-home" RUSTUP_HOME="/workspace/rustup-home" "/workspace/cargo-home/bin/cargo" "+1.100.0-beta.1" "metadata" "--manifest-path" "Cargo.toml" "--no-deps", kill_on_drop: false }`
[INFO] running `Command { std: CARGO_HOME="/workspace/cargo-home" RUSTUP_HOME="/workspace/rustup-home" "/workspace/cargo-home/bin/cargo" "+1.100.0-beta.1" "generate-lockfile" "--manifest-path" "Cargo.toml", kill_on_drop: false }`
[INFO] [stderr]     Updating crates.io index
[INFO] [stderr]      Locking 14 packages to highest compatible versions
[INFO] [stderr]       Adding futures v0.1.31 (available: v0.3.34)
[INFO] [stderr]       Adding log v0.3.9 (available: v0.4.34)
[INFO] running `Command { std: CARGO_HOME="/workspace/cargo-home" RUSTUP_HOME="/workspace/rustup-home" "/workspace/cargo-home/bin/cargo" "+1.100.0-beta.1" "fetch" "--manifest-path" "Cargo.toml", kill_on_drop: false }`
[INFO] [stderr] warning: Cargo.toml: `package.edition` is unspecified, defaulting to `2015` while the latest is `2024`
[INFO] [stderr] warning: `package.homepage` is redundant with `package.repository`
[INFO] [stderr]   --> Cargo.toml:25:12
[INFO] [stderr]    |
[INFO] [stderr] 25 | homepage = "https://github.com/susytech/s-jsonrpc"
[INFO] [stderr]    |            ^^^^^^^^^^^^^^^^^^^^^^^^^^^^^^^^^^^^^^^
[INFO] [stderr] ...
[INFO] [stderr] 29 | repository = "https://github.com/susytech/s-jsonrpc"
[INFO] [stderr]    |              ---------------------------------------
[INFO] [stderr]    |
[INFO] [stderr]    = note: `cargo::redundant_homepage` is set to `warn` by default
[INFO] [stderr] help: consider removing `package.homepage`
[INFO] [stderr] warning: `rs-jsonrpc-core` (manifest) generated 2 warnings
[INFO] running `Command { std: "docker" "create" "-v" "/var/lib/crater-agent-workspace/builds/worker-4-tc2/source:/opt/rustwide/workdir:ro,Z" "-v" "/var/lib/crater-agent-workspace/builds/worker-4-tc2/target:/opt/rustwide/target:rw,Z" "-v" "/var/lib/crater-agent-workspace/cargo-home:/opt/rustwide/cargo-home:ro,Z" "-v" "/var/lib/crater-agent-workspace/rustup-home:/opt/rustwide/rustup-home:ro,Z" "-m" "1610612736" "--network" "none" "ghcr.io/rust-lang/crates-build-env/linux@sha256:77db811e55d90add9212f6832c23229e3de5f1c1f9905e8cb07319ea15df73ac" "sleep" "infinity", kill_on_drop: false }`
[INFO] [stdout] bd0fc40463da3e6f3ae0261beb530c03128c854ea499975589cd356d4d817ff9
[INFO] running `Command { std: "docker" "start" "bd0fc40463da3e6f3ae0261beb530c03128c854ea499975589cd356d4d817ff9", kill_on_drop: false }`
[INFO] running `Command { std: "docker" "inspect" "bd0fc40463da3e6f3ae0261beb530c03128c854ea499975589cd356d4d817ff9", kill_on_drop: false }`
[INFO] running `Command { std: "docker" "exec" "-e" "SOURCE_DIR=/opt/rustwide/workdir" "-e" "CARGO_HOME=/opt/rustwide/cargo-home" "-e" "RUSTUP_HOME=/opt/rustwide/rustup-home" "-e" "CARGO_TARGET_DIR=/opt/rustwide/target" "-w" "/opt/rustwide/workdir" "--user" "0:0" "bd0fc40463da3e6f3ae0261beb530c03128c854ea499975589cd356d4d817ff9" "/opt/rustwide/cargo-home/bin/cargo" "+1.100.0-beta.1" "metadata" "--no-deps" "--format-version=1", kill_on_drop: false }`
[INFO] running `Command { std: "docker" "inspect" "bd0fc40463da3e6f3ae0261beb530c03128c854ea499975589cd356d4d817ff9", kill_on_drop: false }`
[INFO] running `Command { std: "docker" "exec" "-e" "SOURCE_DIR=/opt/rustwide/workdir" "-e" "CARGO_HOME=/opt/rustwide/cargo-home" "-e" "RUSTUP_HOME=/opt/rustwide/rustup-home" "-e" "CARGO_TARGET_DIR=/opt/rustwide/target" "-e" "CARGO_INCREMENTAL=0" "-e" "RUST_BACKTRACE=full" "-e" "RUSTFLAGS=--cap-lints=warn" "-e" "RUSTDOCFLAGS=--cap-lints=warn" "-w" "/opt/rustwide/workdir" "--user" "0:0" "bd0fc40463da3e6f3ae0261beb530c03128c854ea499975589cd356d4d817ff9" "/opt/rustwide/cargo-home/bin/cargo" "+1.100.0-beta.1" "build" "--frozen" "--message-format=json" "--release", kill_on_drop: false }`
[INFO] [stderr] warning: Cargo.toml: `package.edition` is unspecified, defaulting to `2015` while the latest is `2024`
[INFO] [stderr] warning: `package.homepage` is redundant with `package.repository`
[INFO] [stderr]   --> Cargo.toml:25:12
[INFO] [stderr]    |
[INFO] [stderr] 25 | homepage = "https://github.com/susytech/s-jsonrpc"
[INFO] [stderr]    |            ^^^^^^^^^^^^^^^^^^^^^^^^^^^^^^^^^^^^^^^
[INFO] [stderr] ...
[INFO] [stderr] 29 | repository = "https://github.com/susytech/s-jsonrpc"
[INFO] [stderr]    |              ---------------------------------------
[INFO] [stderr]    |
[INFO] [stderr]    = note: `cargo::redundant_homepage` is set to `warn` by default
[INFO] [stderr] help: consider removing `package.homepage`
[INFO] [stderr] warning: `rs-jsonrpc-core` (manifest) generated 2 warnings
[INFO] [stderr]    Compiling serde v1.0.229
[INFO] [stderr]    Compiling futures v0.1.31
[INFO] [stderr]    Compiling proc-macro2 v1.0.107
[INFO] [stderr]    Compiling log v0.3.9
[INFO] [stderr]    Compiling quote v1.0.47
[INFO] [stderr]    Compiling syn v3.0.9
[INFO] [stderr]    Compiling serde_derive v1.0.229
[INFO] [stderr]    Compiling rs-jsonrpc-core v8.0.0 (/opt/rustwide/workdir)
[INFO] [stdout] warning: use of deprecated macro `try`: use the `?` operator instead
[INFO] [stdout]   --> src/types/error.rs:67:19
[INFO] [stdout]    |
[INFO] [stdout] 67 |         let code: i64 = try!(Deserialize::deserialize(deserializer));
[INFO] [stdout]    |                         ^^^
[INFO] [stdout]    |
[INFO] [stdout]    = note: `#[warn(deprecated)]` on by default
[INFO] [stdout] 
[INFO] [stdout] 
[INFO] [stdout] warning: use of deprecated macro `try`: use the `?` operator instead
[INFO] [stdout]   --> src/types/request.rs:75:18
[INFO] [stdout]    |
[INFO] [stdout] 75 |         let v: Value = try!(Deserialize::deserialize(deserializer));
[INFO] [stdout]    |                        ^^^
[INFO] [stdout] 
[INFO] [stdout] 
[INFO] [stdout] warning: use of deprecated macro `try`: use the `?` operator instead
[INFO] [stdout]    --> src/types/request.rs:110:18
[INFO] [stdout]     |
[INFO] [stdout] 110 |         let v: Value = try!(Deserialize::deserialize(deserializer));
[INFO] [stdout]     |                        ^^^
[INFO] [stdout] 
[INFO] [stdout] 
[INFO] [stdout] warning: use of deprecated macro `try`: use the `?` operator instead
[INFO] [stdout]   --> src/types/response.rs:97:18
[INFO] [stdout]    |
[INFO] [stdout] 97 |         let v: Value = try!(Deserialize::deserialize(deserializer));
[INFO] [stdout]    |                        ^^^
[INFO] [stdout] 
[INFO] [stdout] 
[INFO] [stdout] warning: use of deprecated macro `try`: use the `?` operator instead
[INFO] [stdout]    --> src/types/response.rs:126:18
[INFO] [stdout]     |
[INFO] [stdout] 126 |         let v: Value = try!(Deserialize::deserialize(deserializer));
[INFO] [stdout]     |                        ^^^
[INFO] [stdout] 
[INFO] [stdout] 
[INFO] [stdout] warning: trait objects without an explicit `dyn` are deprecated
[INFO] [stdout]   --> src/calls.rs:41:13
[INFO] [stdout]    |
[INFO] [stdout] 41 |     Method(Arc<RpcMethod<T>>),
[INFO] [stdout]    |                ^^^^^^^^^^^^
[INFO] [stdout]    |
[INFO] [stdout]    = warning: this is accepted in the current edition (Rust 2015) but is a hard error in Rust 2021!
[INFO] [stdout]    = note: for more information, see <https://doc.rust-lang.org/edition-guide/rust-2021/warnings-promoted-to-error.html>
[INFO] [stdout]    = note: `#[warn(bare_trait_objects)]` (part of `#[warn(rust_2021_compatibility)]`) on by default
[INFO] [stdout] help: if this is a dyn-compatible trait, use `dyn`
[INFO] [stdout]    |
[INFO] [stdout] 41 |     Method(Arc<dyn RpcMethod<T>>),
[INFO] [stdout]    |                +++
[INFO] [stdout] 
[INFO] [stdout] 
[INFO] [stdout] warning: trait objects without an explicit `dyn` are deprecated
[INFO] [stdout]   --> src/calls.rs:43:19
[INFO] [stdout]    |
[INFO] [stdout] 43 |     Notification(Arc<RpcNotification<T>>),
[INFO] [stdout]    |                      ^^^^^^^^^^^^^^^^^^
[INFO] [stdout]    |
[INFO] [stdout]    = warning: this is accepted in the current edition (Rust 2015) but is a hard error in Rust 2021!
[INFO] [stdout]    = note: for more information, see <https://doc.rust-lang.org/edition-guide/rust-2021/warnings-promoted-to-error.html>
[INFO] [stdout] help: if this is a dyn-compatible trait, use `dyn`
[INFO] [stdout]    |
[INFO] [stdout] 43 |     Notification(Arc<dyn RpcNotification<T>>),
[INFO] [stdout]    |                      +++
[INFO] [stdout] 
[INFO] [stdout] 
[INFO] [stdout] warning: trait objects without an explicit `dyn` are deprecated
[INFO] [stdout]   --> src/lib.rs:42:29
[INFO] [stdout]    |
[INFO] [stdout] 42 | pub type BoxFuture<T> = Box<futures::Future<Item = T, Error = Error> + Send>;
[INFO] [stdout]    |                             ^^^^^^^^^^^^^^^^^^^^^^^^^^^^^^^^^^^^^^^^^^^^^^^
[INFO] [stdout]    |
[INFO] [stdout]    = warning: this is accepted in the current edition (Rust 2015) but is a hard error in Rust 2021!
[INFO] [stdout]    = note: for more information, see <https://doc.rust-lang.org/edition-guide/rust-2021/warnings-promoted-to-error.html>
[INFO] [stdout] help: if this is a dyn-compatible trait, use `dyn`
[INFO] [stdout]    |
[INFO] [stdout] 42 | pub type BoxFuture<T> = Box<dyn futures::Future<Item = T, Error = Error> + Send>;
[INFO] [stdout]    |                             +++
[INFO] [stdout] 
[INFO] [stdout] 
[INFO] [stdout] warning: trait objects without an explicit `dyn` are deprecated
[INFO] [stdout]   --> src/io.rs:24:6
[INFO] [stdout]    |
[INFO] [stdout] 24 |     Box<Future<Item=Option<Output>, Error=()> + Send>,
[INFO] [stdout]    |         ^^^^^^^^^^^^^^^^^^^^^^^^^^^^^^^^^^^^^^^^^^^^
[INFO] [stdout]    |
[INFO] [stdout]    = warning: this is accepted in the current edition (Rust 2015) but is a hard error in Rust 2021!
[INFO] [stdout]    = note: for more information, see <https://doc.rust-lang.org/edition-guide/rust-2021/warnings-promoted-to-error.html>
[INFO] [stdout] help: if this is a dyn-compatible trait, use `dyn`
[INFO] [stdout]    |
[INFO] [stdout] 24 |     Box<dyn Future<Item=Option<Output>, Error=()> + Send>,
[INFO] [stdout]    |         +++
[INFO] [stdout] 
[INFO] [stdout] 
[INFO] [stdout] warning: trait objects without an explicit `dyn` are deprecated
[INFO] [stdout]   --> src/io.rs:14:31
[INFO] [stdout]    |
[INFO] [stdout] 14 | pub type FutureResponse = Box<Future<Item=Option<Response>, Error=()> + Send>;
[INFO] [stdout]    |                               ^^^^^^^^^^^^^^^^^^^^^^^^^^^^^^^^^^^^^^^^^^^^^^
[INFO] [stdout]    |
[INFO] [stdout]    = warning: this is accepted in the current edition (Rust 2015) but is a hard error in Rust 2021!
[INFO] [stdout]    = note: for more information, see <https://doc.rust-lang.org/edition-guide/rust-2021/warnings-promoted-to-error.html>
[INFO] [stdout] help: if this is a dyn-compatible trait, use `dyn`
[INFO] [stdout]    |
[INFO] [stdout] 14 | pub type FutureResponse = Box<dyn Future<Item=Option<Response>, Error=()> + Send>;
[INFO] [stdout]    |                               +++
[INFO] [stdout] 
[INFO] [stdout] 
[INFO] [stdout] warning: trait objects without an explicit `dyn` are deprecated
[INFO] [stdout]   --> src/middleware.rs:24:20
[INFO] [stdout]    |
[INFO] [stdout] 24 |     type Future = Box<Future<Item=Option<Response>, Error=()> + Send>;
[INFO] [stdout]    |                       ^^^^^^^^^^^^^^^^^^^^^^^^^^^^^^^^^^^^^^^^^^^^^^
[INFO] [stdout]    |
[INFO] [stdout]    = warning: this is accepted in the current edition (Rust 2015) but is a hard error in Rust 2021!
[INFO] [stdout]    = note: for more information, see <https://doc.rust-lang.org/edition-guide/rust-2021/warnings-promoted-to-error.html>
[INFO] [stdout] help: if this is a dyn-compatible trait, use `dyn`
[INFO] [stdout]    |
[INFO] [stdout] 24 |     type Future = Box<dyn Future<Item=Option<Response>, Error=()> + Send>;
[INFO] [stdout]    |                       +++
[INFO] [stdout] 
[INFO] [stdout] 
[INFO] [stdout] warning: trait objects without an explicit `dyn` are deprecated
[INFO] [stdout]    --> src/io.rs:223:37
[INFO] [stdout]     |
[INFO] [stdout] 223 |                 let call_method = |method: &Arc<RpcMethod<T>>| {
[INFO] [stdout]     |                                                 ^^^^^^^^^^^^
[INFO] [stdout]     |
[INFO] [stdout]     = warning: this is accepted in the current edition (Rust 2015) but is a hard error in Rust 2021!
[INFO] [stdout]     = note: for more information, see <https://doc.rust-lang.org/edition-guide/rust-2021/warnings-promoted-to-error.html>
[INFO] [stdout] help: if this is a dyn-compatible trait, use `dyn`
[INFO] [stdout]     |
[INFO] [stdout] 223 |                 let call_method = |method: &Arc<dyn RpcMethod<T>>| {
[INFO] [stdout]     |                                                 +++
[INFO] [stdout] 
[INFO] [stdout] 
[INFO] [stderr]     Finished `release` profile [optimized] target(s) in 10.50s
[INFO] running `Command { std: "docker" "inspect" "bd0fc40463da3e6f3ae0261beb530c03128c854ea499975589cd356d4d817ff9", kill_on_drop: false }`
[INFO] running `Command { std: "docker" "exec" "-e" "SOURCE_DIR=/opt/rustwide/workdir" "-e" "CARGO_HOME=/opt/rustwide/cargo-home" "-e" "RUSTUP_HOME=/opt/rustwide/rustup-home" "-e" "CARGO_TARGET_DIR=/opt/rustwide/target" "-e" "CARGO_INCREMENTAL=0" "-e" "RUST_BACKTRACE=full" "-e" "RUSTFLAGS=--cap-lints=warn" "-e" "RUSTDOCFLAGS=--cap-lints=warn" "-w" "/opt/rustwide/workdir" "--user" "0:0" "bd0fc40463da3e6f3ae0261beb530c03128c854ea499975589cd356d4d817ff9" "/opt/rustwide/cargo-home/bin/cargo" "+1.100.0-beta.1" "test" "--frozen" "--no-run" "--message-format=json" "--release", kill_on_drop: false }`
[INFO] [stderr] warning: Cargo.toml: `package.edition` is unspecified, defaulting to `2015` while the latest is `2024`
[INFO] [stderr] warning: `package.homepage` is redundant with `package.repository`
[INFO] [stderr]   --> Cargo.toml:25:12
[INFO] [stderr]    |
[INFO] [stderr] 25 | homepage = "https://github.com/susytech/s-jsonrpc"
[INFO] [stderr]    |            ^^^^^^^^^^^^^^^^^^^^^^^^^^^^^^^^^^^^^^^
[INFO] [stderr] ...
[INFO] [stderr] 29 | repository = "https://github.com/susytech/s-jsonrpc"
[INFO] [stderr]    |              ---------------------------------------
[INFO] [stderr]    |
[INFO] [stderr]    = note: `cargo::redundant_homepage` is set to `warn` by default
[INFO] [stderr] help: consider removing `package.homepage`
[INFO] [stderr] warning: `rs-jsonrpc-core` (manifest) generated 2 warnings
[INFO] [stdout] warning: use of deprecated macro `try`: use the `?` operator instead
[INFO] [stdout]   --> src/types/error.rs:67:19
[INFO] [stdout]    |
[INFO] [stdout] 67 |         let code: i64 = try!(Deserialize::deserialize(deserializer));
[INFO] [stdout]    |                         ^^^
[INFO] [stdout]    |
[INFO] [stdout]    = note: `#[warn(deprecated)]` on by default
[INFO] [stdout] 
[INFO] [stdout] 
[INFO] [stdout] warning: use of deprecated macro `try`: use the `?` operator instead
[INFO] [stdout]   --> src/types/request.rs:75:18
[INFO] [stdout]    |
[INFO] [stdout] 75 |         let v: Value = try!(Deserialize::deserialize(deserializer));
[INFO] [stdout]    |                        ^^^
[INFO] [stdout] 
[INFO] [stdout] 
[INFO] [stdout] warning: use of deprecated macro `try`: use the `?` operator instead
[INFO] [stdout]    --> src/types/request.rs:110:18
[INFO] [stdout]     |
[INFO] [stdout] 110 |         let v: Value = try!(Deserialize::deserialize(deserializer));
[INFO] [stdout]     |                        ^^^
[INFO] [stdout] 
[INFO] [stdout] 
[INFO] [stdout] warning: use of deprecated macro `try`: use the `?` operator instead
[INFO] [stdout]   --> src/types/response.rs:97:18
[INFO] [stdout]    |
[INFO] [stdout] 97 |         let v: Value = try!(Deserialize::deserialize(deserializer));
[INFO] [stdout]    |                        ^^^
[INFO] [stdout] 
[INFO] [stdout] 
[INFO] [stdout] warning: use of deprecated macro `try`: use the `?` operator instead
[INFO] [stdout]    --> src/types/response.rs:126:18
[INFO] [stdout]     |
[INFO] [stdout] 126 |         let v: Value = try!(Deserialize::deserialize(deserializer));
[INFO] [stdout]     |                        ^^^
[INFO] [stdout] 
[INFO] [stdout] 
[INFO] [stdout] warning: trait objects without an explicit `dyn` are deprecated
[INFO] [stdout]   --> src/calls.rs:41:13
[INFO] [stdout]    |
[INFO] [stdout] 41 |     Method(Arc<RpcMethod<T>>),
[INFO] [stdout]    |                ^^^^^^^^^^^^
[INFO] [stdout]    |
[INFO] [stdout]    = warning: this is accepted in the current edition (Rust 2015) but is a hard error in Rust 2021!
[INFO] [stdout]    = note: for more information, see <https://doc.rust-lang.org/edition-guide/rust-2021/warnings-promoted-to-error.html>
[INFO] [stdout]    = note: `#[warn(bare_trait_objects)]` (part of `#[warn(rust_2021_compatibility)]`) on by default
[INFO] [stdout] help: if this is a dyn-compatible trait, use `dyn`
[INFO] [stdout]    |
[INFO] [stdout] 41 |     Method(Arc<dyn RpcMethod<T>>),
[INFO] [stdout]    |                +++
[INFO] [stdout] 
[INFO] [stdout] 
[INFO] [stdout] warning: trait objects without an explicit `dyn` are deprecated
[INFO] [stdout]   --> src/calls.rs:43:19
[INFO] [stdout]    |
[INFO] [stdout] 43 |     Notification(Arc<RpcNotification<T>>),
[INFO] [stdout]    |                      ^^^^^^^^^^^^^^^^^^
[INFO] [stdout]    |
[INFO] [stdout]    = warning: this is accepted in the current edition (Rust 2015) but is a hard error in Rust 2021!
[INFO] [stdout]    = note: for more information, see <https://doc.rust-lang.org/edition-guide/rust-2021/warnings-promoted-to-error.html>
[INFO] [stdout] help: if this is a dyn-compatible trait, use `dyn`
[INFO] [stdout]    |
[INFO] [stdout] 43 |     Notification(Arc<dyn RpcNotification<T>>),
[INFO] [stdout]    |                      +++
[INFO] [stdout] 
[INFO] [stdout] 
[INFO] [stdout] warning: trait objects without an explicit `dyn` are deprecated
[INFO] [stdout]   --> src/lib.rs:42:29
[INFO] [stdout]    |
[INFO] [stdout] 42 | pub type BoxFuture<T> = Box<futures::Future<Item = T, Error = Error> + Send>;
[INFO] [stdout]    |                             ^^^^^^^^^^^^^^^^^^^^^^^^^^^^^^^^^^^^^^^^^^^^^^^
[INFO] [stdout]    |
[INFO] [stdout]    = warning: this is accepted in the current edition (Rust 2015) but is a hard error in Rust 2021!
[INFO] [stdout]    = note: for more information, see <https://doc.rust-lang.org/edition-guide/rust-2021/warnings-promoted-to-error.html>
[INFO] [stdout] help: if this is a dyn-compatible trait, use `dyn`
[INFO] [stdout]    |
[INFO] [stdout] 42 | pub type BoxFuture<T> = Box<dyn futures::Future<Item = T, Error = Error> + Send>;
[INFO] [stdout]    |                             +++
[INFO] [stdout] 
[INFO] [stdout] 
[INFO] [stderr]    Compiling rs-jsonrpc-core v8.0.0 (/opt/rustwide/workdir)
[INFO] [stdout] warning: trait objects without an explicit `dyn` are deprecated
[INFO] [stdout]   --> src/io.rs:24:6
[INFO] [stdout]    |
[INFO] [stdout] 24 |     Box<Future<Item=Option<Output>, Error=()> + Send>,
[INFO] [stdout]    |         ^^^^^^^^^^^^^^^^^^^^^^^^^^^^^^^^^^^^^^^^^^^^
[INFO] [stdout]    |
[INFO] [stdout]    = warning: this is accepted in the current edition (Rust 2015) but is a hard error in Rust 2021!
[INFO] [stdout]    = note: for more information, see <https://doc.rust-lang.org/edition-guide/rust-2021/warnings-promoted-to-error.html>
[INFO] [stdout] help: if this is a dyn-compatible trait, use `dyn`
[INFO] [stdout]    |
[INFO] [stdout] 24 |     Box<dyn Future<Item=Option<Output>, Error=()> + Send>,
[INFO] [stdout]    |         +++
[INFO] [stdout] 
[INFO] [stdout] 
[INFO] [stdout] warning: trait objects without an explicit `dyn` are deprecated
[INFO] [stdout]   --> src/io.rs:14:31
[INFO] [stdout]    |
[INFO] [stdout] 14 | pub type FutureResponse = Box<Future<Item=Option<Response>, Error=()> + Send>;
[INFO] [stdout]    |                               ^^^^^^^^^^^^^^^^^^^^^^^^^^^^^^^^^^^^^^^^^^^^^^
[INFO] [stdout]    |
[INFO] [stdout]    = warning: this is accepted in the current edition (Rust 2015) but is a hard error in Rust 2021!
[INFO] [stdout]    = note: for more information, see <https://doc.rust-lang.org/edition-guide/rust-2021/warnings-promoted-to-error.html>
[INFO] [stdout] help: if this is a dyn-compatible trait, use `dyn`
[INFO] [stdout]    |
[INFO] [stdout] 14 | pub type FutureResponse = Box<dyn Future<Item=Option<Response>, Error=()> + Send>;
[INFO] [stdout]    |                               +++
[INFO] [stdout] 
[INFO] [stdout] 
[INFO] [stdout] warning: trait objects without an explicit `dyn` are deprecated
[INFO] [stdout]   --> src/middleware.rs:24:20
[INFO] [stdout]    |
[INFO] [stdout] 24 |     type Future = Box<Future<Item=Option<Response>, Error=()> + Send>;
[INFO] [stdout]    |                       ^^^^^^^^^^^^^^^^^^^^^^^^^^^^^^^^^^^^^^^^^^^^^^
[INFO] [stdout]    |
[INFO] [stdout]    = warning: this is accepted in the current edition (Rust 2015) but is a hard error in Rust 2021!
[INFO] [stdout]    = note: for more information, see <https://doc.rust-lang.org/edition-guide/rust-2021/warnings-promoted-to-error.html>
[INFO] [stdout] help: if this is a dyn-compatible trait, use `dyn`
[INFO] [stdout]    |
[INFO] [stdout] 24 |     type Future = Box<dyn Future<Item=Option<Response>, Error=()> + Send>;
[INFO] [stdout]    |                       +++
[INFO] [stdout] 
[INFO] [stdout] 
[INFO] [stdout] warning: trait objects without an explicit `dyn` are deprecated
[INFO] [stdout]    --> src/io.rs:223:37
[INFO] [stdout]     |
[INFO] [stdout] 223 |                 let call_method = |method: &Arc<RpcMethod<T>>| {
[INFO] [stdout]     |                                                 ^^^^^^^^^^^^
[INFO] [stdout]     |
[INFO] [stdout]     = warning: this is accepted in the current edition (Rust 2015) but is a hard error in Rust 2021!
[INFO] [stdout]     = note: for more information, see <https://doc.rust-lang.org/edition-guide/rust-2021/warnings-promoted-to-error.html>
[INFO] [stdout] help: if this is a dyn-compatible trait, use `dyn`
[INFO] [stdout]     |
[INFO] [stdout] 223 |                 let call_method = |method: &Arc<dyn RpcMethod<T>>| {
[INFO] [stdout]     |                                                 +++
[INFO] [stdout] 
[INFO] [stdout] 
[INFO] [stdout] warning: use of deprecated macro `try`: use the `?` operator instead
[INFO] [stdout]   --> src/types/error.rs:67:19
[INFO] [stdout]    |
[INFO] [stdout] 67 |         let code: i64 = try!(Deserialize::deserialize(deserializer));
[INFO] [stdout]    |                         ^^^
[INFO] [stdout]    |
[INFO] [stdout]    = note: `#[warn(deprecated)]` on by default
[INFO] [stdout] 
[INFO] [stdout] 
[INFO] [stdout] warning: use of deprecated macro `try`: use the `?` operator instead
[INFO] [stdout]   --> src/types/request.rs:75:18
[INFO] [stdout]    |
[INFO] [stdout] 75 |         let v: Value = try!(Deserialize::deserialize(deserializer));
[INFO] [stdout]    |                        ^^^
[INFO] [stdout] 
[INFO] [stdout] 
[INFO] [stdout] warning: use of deprecated macro `try`: use the `?` operator instead
[INFO] [stdout]    --> src/types/request.rs:110:18
[INFO] [stdout]     |
[INFO] [stdout] 110 |         let v: Value = try!(Deserialize::deserialize(deserializer));
[INFO] [stdout]     |                        ^^^
[INFO] [stdout] 
[INFO] [stdout] 
[INFO] [stdout] warning: use of deprecated macro `try`: use the `?` operator instead
[INFO] [stdout]   --> src/types/response.rs:97:18
[INFO] [stdout]    |
[INFO] [stdout] 97 |         let v: Value = try!(Deserialize::deserialize(deserializer));
[INFO] [stdout]    |                        ^^^
[INFO] [stdout] 
[INFO] [stdout] 
[INFO] [stdout] warning: use of deprecated macro `try`: use the `?` operator instead
[INFO] [stdout]    --> src/types/response.rs:126:18
[INFO] [stdout]     |
[INFO] [stdout] 126 |         let v: Value = try!(Deserialize::deserialize(deserializer));
[INFO] [stdout]     |                        ^^^
[INFO] [stdout] 
[INFO] [stdout] 
[INFO] [stdout] warning: trait objects without an explicit `dyn` are deprecated
[INFO] [stdout]   --> src/calls.rs:41:13
[INFO] [stdout]    |
[INFO] [stdout] 41 |     Method(Arc<RpcMethod<T>>),
[INFO] [stdout]    |                ^^^^^^^^^^^^
[INFO] [stdout]    |
[INFO] [stdout]    = warning: this is accepted in the current edition (Rust 2015) but is a hard error in Rust 2021!
[INFO] [stdout]    = note: for more information, see <https://doc.rust-lang.org/edition-guide/rust-2021/warnings-promoted-to-error.html>
[INFO] [stdout]    = note: `#[warn(bare_trait_objects)]` (part of `#[warn(rust_2021_compatibility)]`) on by default
[INFO] [stdout] help: if this is a dyn-compatible trait, use `dyn`
[INFO] [stdout]    |
[INFO] [stdout] 41 |     Method(Arc<dyn RpcMethod<T>>),
[INFO] [stdout]    |                +++
[INFO] [stdout] 
[INFO] [stdout] 
[INFO] [stdout] warning: trait objects without an explicit `dyn` are deprecated
[INFO] [stdout]   --> src/calls.rs:43:19
[INFO] [stdout]    |
[INFO] [stdout] 43 |     Notification(Arc<RpcNotification<T>>),
[INFO] [stdout]    |                      ^^^^^^^^^^^^^^^^^^
[INFO] [stdout]    |
[INFO] [stdout]    = warning: this is accepted in the current edition (Rust 2015) but is a hard error in Rust 2021!
[INFO] [stdout]    = note: for more information, see <https://doc.rust-lang.org/edition-guide/rust-2021/warnings-promoted-to-error.html>
[INFO] [stdout] help: if this is a dyn-compatible trait, use `dyn`
[INFO] [stdout]    |
[INFO] [stdout] 43 |     Notification(Arc<dyn RpcNotification<T>>),
[INFO] [stdout]    |                      +++
[INFO] [stdout] 
[INFO] [stdout] 
[INFO] [stdout] warning: trait objects without an explicit `dyn` are deprecated
[INFO] [stdout]   --> src/lib.rs:42:29
[INFO] [stdout]    |
[INFO] [stdout] 42 | pub type BoxFuture<T> = Box<futures::Future<Item = T, Error = Error> + Send>;
[INFO] [stdout]    |                             ^^^^^^^^^^^^^^^^^^^^^^^^^^^^^^^^^^^^^^^^^^^^^^^
[INFO] [stdout]    |
[INFO] [stdout]    = warning: this is accepted in the current edition (Rust 2015) but is a hard error in Rust 2021!
[INFO] [stdout]    = note: for more information, see <https://doc.rust-lang.org/edition-guide/rust-2021/warnings-promoted-to-error.html>
[INFO] [stdout] help: if this is a dyn-compatible trait, use `dyn`
[INFO] [stdout]    |
[INFO] [stdout] 42 | pub type BoxFuture<T> = Box<dyn futures::Future<Item = T, Error = Error> + Send>;
[INFO] [stdout]    |                             +++
[INFO] [stdout] 
[INFO] [stdout] 
[INFO] [stdout] warning: trait objects without an explicit `dyn` are deprecated
[INFO] [stdout]   --> src/io.rs:24:6
[INFO] [stdout]    |
[INFO] [stdout] 24 |     Box<Future<Item=Option<Output>, Error=()> + Send>,
[INFO] [stdout]    |         ^^^^^^^^^^^^^^^^^^^^^^^^^^^^^^^^^^^^^^^^^^^^
[INFO] [stdout]    |
[INFO] [stdout]    = warning: this is accepted in the current edition (Rust 2015) but is a hard error in Rust 2021!
[INFO] [stdout]    = note: for more information, see <https://doc.rust-lang.org/edition-guide/rust-2021/warnings-promoted-to-error.html>
[INFO] [stdout] help: if this is a dyn-compatible trait, use `dyn`
[INFO] [stdout]    |
[INFO] [stdout] 24 |     Box<dyn Future<Item=Option<Output>, Error=()> + Send>,
[INFO] [stdout]    |         +++
[INFO] [stdout] 
[INFO] [stdout] 
[INFO] [stdout] warning: trait objects without an explicit `dyn` are deprecated
[INFO] [stdout]   --> src/io.rs:14:31
[INFO] [stdout]    |
[INFO] [stdout] 14 | pub type FutureResponse = Box<Future<Item=Option<Response>, Error=()> + Send>;
[INFO] [stdout]    |                               ^^^^^^^^^^^^^^^^^^^^^^^^^^^^^^^^^^^^^^^^^^^^^^
[INFO] [stdout]    |
[INFO] [stdout]    = warning: this is accepted in the current edition (Rust 2015) but is a hard error in Rust 2021!
[INFO] [stdout]    = note: for more information, see <https://doc.rust-lang.org/edition-guide/rust-2021/warnings-promoted-to-error.html>
[INFO] [stdout] help: if this is a dyn-compatible trait, use `dyn`
[INFO] [stdout]    |
[INFO] [stdout] 14 | pub type FutureResponse = Box<dyn Future<Item=Option<Response>, Error=()> + Send>;
[INFO] [stdout]    |                               +++
[INFO] [stdout] 
[INFO] [stdout] 
[INFO] [stdout] warning: trait objects without an explicit `dyn` are deprecated
[INFO] [stdout]   --> src/middleware.rs:24:20
[INFO] [stdout]    |
[INFO] [stdout] 24 |     type Future = Box<Future<Item=Option<Response>, Error=()> + Send>;
[INFO] [stdout]    |                       ^^^^^^^^^^^^^^^^^^^^^^^^^^^^^^^^^^^^^^^^^^^^^^
[INFO] [stdout]    |
[INFO] [stdout]    = warning: this is accepted in the current edition (Rust 2015) but is a hard error in Rust 2021!
[INFO] [stdout]    = note: for more information, see <https://doc.rust-lang.org/edition-guide/rust-2021/warnings-promoted-to-error.html>
[INFO] [stdout] help: if this is a dyn-compatible trait, use `dyn`
[INFO] [stdout]    |
[INFO] [stdout] 24 |     type Future = Box<dyn Future<Item=Option<Response>, Error=()> + Send>;
[INFO] [stdout]    |                       +++
[INFO] [stdout] 
[INFO] [stdout] 
[INFO] [stdout] warning: trait objects without an explicit `dyn` are deprecated
[INFO] [stdout]    --> src/io.rs:223:37
[INFO] [stdout]     |
[INFO] [stdout] 223 |                 let call_method = |method: &Arc<RpcMethod<T>>| {
[INFO] [stdout]     |                                                 ^^^^^^^^^^^^
[INFO] [stdout]     |
[INFO] [stdout]     = warning: this is accepted in the current edition (Rust 2015) but is a hard error in Rust 2021!
[INFO] [stdout]     = note: for more information, see <https://doc.rust-lang.org/edition-guide/rust-2021/warnings-promoted-to-error.html>
[INFO] [stdout] help: if this is a dyn-compatible trait, use `dyn`
[INFO] [stdout]     |
[INFO] [stdout] 223 |                 let call_method = |method: &Arc<dyn RpcMethod<T>>| {
[INFO] [stdout]     |                                                 +++
[INFO] [stdout] 
[INFO] [stdout] 
[INFO] [stderr]     Finished `release` profile [optimized] target(s) in 5.47s
[INFO] running `Command { std: "docker" "inspect" "bd0fc40463da3e6f3ae0261beb530c03128c854ea499975589cd356d4d817ff9", kill_on_drop: false }`
[INFO] running `Command { std: "docker" "exec" "-e" "SOURCE_DIR=/opt/rustwide/workdir" "-e" "CARGO_HOME=/opt/rustwide/cargo-home" "-e" "RUSTUP_HOME=/opt/rustwide/rustup-home" "-e" "CARGO_TARGET_DIR=/opt/rustwide/target" "-e" "CARGO_INCREMENTAL=0" "-e" "RUST_BACKTRACE=full" "-e" "RUSTFLAGS=--cap-lints=warn" "-e" "RUSTDOCFLAGS=--cap-lints=warn" "-w" "/opt/rustwide/workdir" "--user" "0:0" "bd0fc40463da3e6f3ae0261beb530c03128c854ea499975589cd356d4d817ff9" "/opt/rustwide/cargo-home/bin/cargo" "+1.100.0-beta.1" "test" "--frozen" "--release", kill_on_drop: false }`
[INFO] [stderr] warning: Cargo.toml: `package.edition` is unspecified, defaulting to `2015` while the latest is `2024`
[INFO] [stderr] warning: `package.homepage` is redundant with `package.repository`
[INFO] [stderr]   --> Cargo.toml:25:12
[INFO] [stderr]    |
[INFO] [stderr] 25 | homepage = "https://github.com/susytech/s-jsonrpc"
[INFO] [stderr]    |            ^^^^^^^^^^^^^^^^^^^^^^^^^^^^^^^^^^^^^^^
[INFO] [stderr] ...
[INFO] [stderr] 29 | repository = "https://github.com/susytech/s-jsonrpc"
[INFO] [stderr]    |              ---------------------------------------
[INFO] [stderr]    |
[INFO] [stderr]    = note: `cargo::redundant_homepage` is set to `warn` by default
[INFO] [stderr] help: consider removing `package.homepage`
[INFO] [stderr] warning: `rs-jsonrpc-core` (manifest) generated 2 warnings
[INFO] [stderr] warning: use of deprecated macro `try`: use the `?` operator instead
[INFO] [stderr]   --> src/types/error.rs:67:19
[INFO] [stderr]    |
[INFO] [stderr] 67 |         let code: i64 = try!(Deserialize::deserialize(deserializer));
[INFO] [stderr]    |                         ^^^
[INFO] [stderr]    |
[INFO] [stderr]    = note: `#[warn(deprecated)]` on by default
[INFO] [stderr] 
[INFO] [stderr] warning: use of deprecated macro `try`: use the `?` operator instead
[INFO] [stderr]   --> src/types/request.rs:75:18
[INFO] [stderr]    |
[INFO] [stderr] 75 |         let v: Value = try!(Deserialize::deserialize(deserializer));
[INFO] [stderr]    |                        ^^^
[INFO] [stderr] 
[INFO] [stderr] warning: use of deprecated macro `try`: use the `?` operator instead
[INFO] [stderr]    --> src/types/request.rs:110:18
[INFO] [stderr]     |
[INFO] [stderr] 110 |         let v: Value = try!(Deserialize::deserialize(deserializer));
[INFO] [stderr]     |                        ^^^
[INFO] [stderr] 
[INFO] [stderr] warning: use of deprecated macro `try`: use the `?` operator instead
[INFO] [stderr]   --> src/types/response.rs:97:18
[INFO] [stderr]    |
[INFO] [stderr] 97 |         let v: Value = try!(Deserialize::deserialize(deserializer));
[INFO] [stderr]    |                        ^^^
[INFO] [stderr] 
[INFO] [stderr] warning: use of deprecated macro `try`: use the `?` operator instead
[INFO] [stderr]    --> src/types/response.rs:126:18
[INFO] [stderr]     |
[INFO] [stderr] 126 |         let v: Value = try!(Deserialize::deserialize(deserializer));
[INFO] [stderr]     |                        ^^^
[INFO] [stderr] 
[INFO] [stderr] warning: trait objects without an explicit `dyn` are deprecated
[INFO] [stderr]   --> src/calls.rs:41:13
[INFO] [stderr]    |
[INFO] [stderr] 41 |     Method(Arc<RpcMethod<T>>),
[INFO] [stderr]    |                ^^^^^^^^^^^^
[INFO] [stderr]    |
[INFO] [stderr]    = warning: this is accepted in the current edition (Rust 2015) but is a hard error in Rust 2021!
[INFO] [stderr]    = note: for more information, see <https://doc.rust-lang.org/edition-guide/rust-2021/warnings-promoted-to-error.html>
[INFO] [stderr]    = note: `#[warn(bare_trait_objects)]` (part of `#[warn(rust_2021_compatibility)]`) on by default
[INFO] [stderr] help: if this is a dyn-compatible trait, use `dyn`
[INFO] [stderr]    |
[INFO] [stderr] 41 |     Method(Arc<dyn RpcMethod<T>>),
[INFO] [stderr]    |                +++
[INFO] [stderr] 
[INFO] [stderr] warning: trait objects without an explicit `dyn` are deprecated
[INFO] [stderr]   --> src/calls.rs:43:19
[INFO] [stderr]    |
[INFO] [stderr] 43 |     Notification(Arc<RpcNotification<T>>),
[INFO] [stderr]    |                      ^^^^^^^^^^^^^^^^^^
[INFO] [stderr]    |
[INFO] [stderr]    = warning: this is accepted in the current edition (Rust 2015) but is a hard error in Rust 2021!
[INFO] [stderr]    = note: for more information, see <https://doc.rust-lang.org/edition-guide/rust-2021/warnings-promoted-to-error.html>
[INFO] [stderr] help: if this is a dyn-compatible trait, use `dyn`
[INFO] [stderr]    |
[INFO] [stderr] 43 |     Notification(Arc<dyn RpcNotification<T>>),
[INFO] [stderr]    |                      +++
[INFO] [stderr] 
[INFO] [stderr] warning: trait objects without an explicit `dyn` are deprecated
[INFO] [stderr]   --> src/lib.rs:42:29
[INFO] [stderr]    |
[INFO] [stderr] 42 | pub type BoxFuture<T> = Box<futures::Future<Item = T, Error = Error> + Send>;
[INFO] [stderr]    |                             ^^^^^^^^^^^^^^^^^^^^^^^^^^^^^^^^^^^^^^^^^^^^^^^
[INFO] [stderr]    |
[INFO] [stderr]    = warning: this is accepted in the current edition (Rust 2015) but is a hard error in Rust 2021!
[INFO] [stderr]    = note: for more information, see <https://doc.rust-lang.org/edition-guide/rust-2021/warnings-promoted-to-error.html>
[INFO] [stderr] help: if this is a dyn-compatible trait, use `dyn`
[INFO] [stderr]    |
[INFO] [stderr] 42 | pub type BoxFuture<T> = Box<dyn futures::Future<Item = T, Error = Error> + Send>;
[INFO] [stderr]    |                             +++
[INFO] [stderr] 
[INFO] [stderr] warning: trait objects without an explicit `dyn` are deprecated
[INFO] [stderr]   --> src/io.rs:24:6
[INFO] [stderr]    |
[INFO] [stderr] 24 |     Box<Future<Item=Option<Output>, Error=()> + Send>,
[INFO] [stderr]    |         ^^^^^^^^^^^^^^^^^^^^^^^^^^^^^^^^^^^^^^^^^^^^
[INFO] [stderr]    |
[INFO] [stderr]    = warning: this is accepted in the current edition (Rust 2015) but is a hard error in Rust 2021!
[INFO] [stderr]    = note: for more information, see <https://doc.rust-lang.org/edition-guide/rust-2021/warnings-promoted-to-error.html>
[INFO] [stderr] help: if this is a dyn-compatible trait, use `dyn`
[INFO] [stderr]    |
[INFO] [stderr] 24 |     Box<dyn Future<Item=Option<Output>, Error=()> + Send>,
[INFO] [stderr]    |         +++
[INFO] [stderr] 
[INFO] [stderr] warning: trait objects without an explicit `dyn` are deprecated
[INFO] [stderr]   --> src/io.rs:14:31
[INFO] [stderr]    |
[INFO] [stderr] 14 | pub type FutureResponse = Box<Future<Item=Option<Response>, Error=()> + Send>;
[INFO] [stderr]    |                               ^^^^^^^^^^^^^^^^^^^^^^^^^^^^^^^^^^^^^^^^^^^^^^
[INFO] [stderr]    |
[INFO] [stderr]    = warning: this is accepted in the current edition (Rust 2015) but is a hard error in Rust 2021!
[INFO] [stderr]    = note: for more information, see <https://doc.rust-lang.org/edition-guide/rust-2021/warnings-promoted-to-error.html>
[INFO] [stderr] help: if this is a dyn-compatible trait, use `dyn`
[INFO] [stderr]    |
[INFO] [stderr] 14 | pub type FutureResponse = Box<dyn Future<Item=Option<Response>, Error=()> + Send>;
[INFO] [stderr]    |                               +++
[INFO] [stderr] 
[INFO] [stderr] warning: trait objects without an explicit `dyn` are deprecated
[INFO] [stderr]   --> src/middleware.rs:24:20
[INFO] [stderr]    |
[INFO] [stderr] 24 |     type Future = Box<Future<Item=Option<Response>, Error=()> + Send>;
[INFO] [stderr]    |                       ^^^^^^^^^^^^^^^^^^^^^^^^^^^^^^^^^^^^^^^^^^^^^^
[INFO] [stderr]    |
[INFO] [stderr]    = warning: this is accepted in the current edition (Rust 2015) but is a hard error in Rust 2021!
[INFO] [stderr]    = note: for more information, see <https://doc.rust-lang.org/edition-guide/rust-2021/warnings-promoted-to-error.html>
[INFO] [stderr] help: if this is a dyn-compatible trait, use `dyn`
[INFO] [stderr]    |
[INFO] [stderr] 24 |     type Future = Box<dyn Future<Item=Option<Response>, Error=()> + Send>;
[INFO] [stderr]    |                       +++
[INFO] [stderr] 
[INFO] [stderr] warning: trait objects without an explicit `dyn` are deprecated
[INFO] [stderr]    --> src/io.rs:223:37
[INFO] [stderr]     |
[INFO] [stderr] 223 |                 let call_method = |method: &Arc<RpcMethod<T>>| {
[INFO] [stderr]     |                                                 ^^^^^^^^^^^^
[INFO] [stderr]     |
[INFO] [stderr]     = warning: this is accepted in the current edition (Rust 2015) but is a hard error in Rust 2021!
[INFO] [stderr]     = note: for more information, see <https://doc.rust-lang.org/edition-guide/rust-2021/warnings-promoted-to-error.html>
[INFO] [stderr] help: if this is a dyn-compatible trait, use `dyn`
[INFO] [stderr]     |
[INFO] [stderr] 223 |                 let call_method = |method: &Arc<dyn RpcMethod<T>>| {
[INFO] [stderr]     |                                                 +++
[INFO] [stderr] 
[INFO] [stderr] warning: `rs-jsonrpc-core` (lib) generated 12 warnings (run `cargo fix --lib -p rs-jsonrpc-core` to apply 7 suggestions)
[INFO] [stderr] warning: `rs-jsonrpc-core` (lib test) generated 12 warnings (12 duplicates)
[INFO] [stderr]     Finished `release` profile [optimized] target(s) in 0.07s
[INFO] [stderr]      Running unittests src/lib.rs (/opt/rustwide/target/release/build/rs-jsonrpc-core/378f391ebad636f7/out/rs_jsonrpc_core-378f391ebad636f7)
[INFO] [stdout] 
[INFO] [stdout] running 27 tests
[INFO] [stdout] test io::tests::test_send_sync ... ok
[INFO] [stdout] test types::id::tests::id_deserialization ... FAILED
[INFO] [stdout] test types::request::call_serialize ... ok
[INFO] [stdout] test types::params::tests::params_deserialization ... FAILED
[INFO] [stdout] test types::params::tests::should_return_meaningful_error_when_deserialization_fails ... FAILED
[INFO] [stdout] test io::tests::test_method_alias ... FAILED
[INFO] [stdout] test io::tests::test_method_not_found ... FAILED
[INFO] [stdout] test io::tests::test_io_handler_1dot0 ... FAILED
[INFO] [stdout] test io::tests::test_io_handler ... FAILED
[INFO] [stdout] test io::tests::test_async_io_handler ... FAILED
[INFO] [stdout] test io::tests::test_notification ... FAILED
[INFO] [stdout] test io::tests::test_notification_alias ... FAILED
[INFO] [stdout] test types::request::call_deserialize ... FAILED
[INFO] [stdout] test types::request::request_serialize_batch ... ok
[INFO] [stdout] test types::response::batch_response_deserialize ... FAILED
[INFO] [stdout] test types::response::success_output_serialize ... ok
[INFO] [stdout] test types::response::failure_output_serialize_rs_jsonrpc_1 ... ok
[INFO] [stdout] test types::response::failure_output_deserialize ... FAILED
[INFO] [stdout] test types::response::failure_output_serialize ... ok
[INFO] [stdout] test types::response::success_output_deserialize ... FAILED
[INFO] [stdout] test types::request::request_invalid_returns_id ... FAILED
[INFO] [stdout] test types::response::single_response_deserialize ... FAILED
[INFO] [stdout] test types::request::method_call_serialize ... ok
[INFO] [stdout] test types::request::notification_serialize ... ok
[INFO] [stdout] test types::id::tests::id_serialization ... ok
[INFO] [stdout] test types::request::request_deserialize_batch ... FAILED
[INFO] [stdout] test types::request::notification_deserialize ... FAILED
[INFO] [stderr] error: test failed, to rerun pass `--lib`
[INFO] [stdout] 
[INFO] [stdout] failures:
[INFO] [stdout] 
[INFO] [stdout] ---- types::id::tests::id_deserialization stdout ----
[INFO] [stdout] 
[INFO] [stdout] thread 'types::id::tests::id_deserialization' (465) panicked at src/types/id.rs:78:61:
[INFO] [stdout] called `Result::unwrap()` on an `Err` value: Error("invalid type: null, expected a unit, integer or string", line: 1, column: 5)
[INFO] [stdout] stack backtrace:
[INFO] [stdout]    0:     0x62ea116d5931 - <<std[617be2ca0a6fd877]::sys::backtrace::BacktraceLock>::print::DisplayBacktrace as core[a373ad73a504971]::fmt::Display>::fmt
[INFO] [stdout]    1:     0x62ea116ea68a - core[a373ad73a504971]::fmt::write
[INFO] [stdout]    2:     0x62ea116d9bfc - <alloc[2e1b2a31b91974c5]::vec::Vec<u8> as core[a373ad73a504971]::io::write::Write>::write_fmt
[INFO] [stdout]    3:     0x62ea116b1c96 - std[617be2ca0a6fd877]::panicking::default_hook::{closure#0}
[INFO] [stdout]    4:     0x62ea116cdfc9 - std[617be2ca0a6fd877]::panicking::default_hook
[INFO] [stdout]    5:     0x62ea116635a0 - test[aada8e7e76ba119b]::test_main_inner::{closure#0}
[INFO] [stdout]    6:     0x62ea116ce182 - std[617be2ca0a6fd877]::panicking::panic_with_hook
[INFO] [stdout]    7:     0x62ea116b1d42 - std[617be2ca0a6fd877]::panicking::panic_handler::{closure#0}
[INFO] [stdout]    8:     0x62ea116aaa29 - std[617be2ca0a6fd877]::sys::backtrace::__rust_end_short_backtrace::<std[617be2ca0a6fd877]::panicking::panic_handler::{closure#0}, !>
[INFO] [stdout]    9:     0x62ea116b294d - __rustc[ea4f61d10b84890b]::rust_begin_unwind
[INFO] [stdout]   10:     0x62ea116eadbc - core[a373ad73a504971]::panicking::panic_fmt
[INFO] [stdout]   11:     0x62ea116eab92 - core[a373ad73a504971]::result::unwrap_failed
[INFO] [stdout]   12:     0x62ea11646b32 - <rs_jsonrpc_core[221079fa4a388576]::types::id::tests::id_deserialization::{closure#0} as core[a373ad73a504971]::ops::function::FnOnce<()>>::call_once
[INFO] [stdout]   13:     0x62ea116569eb - test[aada8e7e76ba119b]::__rust_begin_short_backtrace::<core[a373ad73a504971]::result::Result<(), alloc[2e1b2a31b91974c5]::string::String>, fn() -> core[a373ad73a504971]::result::Result<(), alloc[2e1b2a31b91974c5]::string::String>>
[INFO] [stdout]   14:     0x62ea11663bc5 - test[aada8e7e76ba119b]::run_test::{closure#0}
[INFO] [stdout]   15:     0x62ea1165d4b4 - std[617be2ca0a6fd877]::sys::backtrace::__rust_begin_short_backtrace::<test[aada8e7e76ba119b]::run_test::{closure#1}, ()>
[INFO] [stdout]   16:     0x62ea11666c52 - <std[617be2ca0a6fd877]::thread::lifecycle::spawn_unchecked<test[aada8e7e76ba119b]::run_test::{closure#1}, ()>::{closure#1} as core[a373ad73a504971]::ops::function::FnOnce<()>>::call_once::{shim:vtable#0}
[INFO] [stdout]   17:     0x62ea116d518f - <std[617be2ca0a6fd877]::sys::thread::unix::Thread>::new::thread_start
[INFO] [stdout]   18:     0x7a5947549dfa - <unknown>
[INFO] [stdout]   19:     0x7a59475dd3d4 - clone
[INFO] [stdout]   20:                0x0 - <unknown>
[INFO] [stdout] 
[INFO] [stdout] ---- types::params::tests::params_deserialization stdout ----
[INFO] [stdout] 
[INFO] [stdout] thread 'types::params::tests::params_deserialization' (467) panicked at src/types/params.rs:101:60:
[INFO] [stdout] called `Result::unwrap()` on an `Err` value: Error("invalid type: sequence, expected a map or sequence", line: 1, column: 0)
[INFO] [stdout] stack backtrace:
[INFO] [stdout]    0:     0x62ea116d5931 - <<std[617be2ca0a6fd877]::sys::backtrace::BacktraceLock>::print::DisplayBacktrace as core[a373ad73a504971]::fmt::Display>::fmt
[INFO] [stdout]    1:     0x62ea116ea68a - core[a373ad73a504971]::fmt::write
[INFO] [stdout]    2:     0x62ea116d9bfc - <alloc[2e1b2a31b91974c5]::vec::Vec<u8> as core[a373ad73a504971]::io::write::Write>::write_fmt
[INFO] [stdout]    3:     0x62ea116b1c96 - std[617be2ca0a6fd877]::panicking::default_hook::{closure#0}
[INFO] [stdout]    4:     0x62ea116cdfc9 - std[617be2ca0a6fd877]::panicking::default_hook
[INFO] [stdout]    5:     0x62ea116635a0 - test[aada8e7e76ba119b]::test_main_inner::{closure#0}
[INFO] [stdout]    6:     0x62ea116ce182 - std[617be2ca0a6fd877]::panicking::panic_with_hook
[INFO] [stdout]    7:     0x62ea116b1d42 - std[617be2ca0a6fd877]::panicking::panic_handler::{closure#0}
[INFO] [stdout]    8:     0x62ea116aaa29 - std[617be2ca0a6fd877]::sys::backtrace::__rust_end_short_backtrace::<std[617be2ca0a6fd877]::panicking::panic_handler::{closure#0}, !>
[INFO] [stdout]    9:     0x62ea116b294d - __rustc[ea4f61d10b84890b]::rust_begin_unwind
[INFO] [stdout]   10:     0x62ea116eadbc - core[a373ad73a504971]::panicking::panic_fmt
[INFO] [stdout]   11:     0x62ea116eab92 - core[a373ad73a504971]::result::unwrap_failed
[INFO] [stdout]   12:     0x62ea11653493 - <rs_jsonrpc_core[221079fa4a388576]::types::params::tests::params_deserialization::{closure#0} as core[a373ad73a504971]::ops::function::FnOnce<()>>::call_once
[INFO] [stdout]   13:     0x62ea116569eb - test[aada8e7e76ba119b]::__rust_begin_short_backtrace::<core[a373ad73a504971]::result::Result<(), alloc[2e1b2a31b91974c5]::string::String>, fn() -> core[a373ad73a504971]::result::Result<(), alloc[2e1b2a31b91974c5]::string::String>>
[INFO] [stdout]   14:     0x62ea11663bc5 - test[aada8e7e76ba119b]::run_test::{closure#0}
[INFO] [stdout]   15:     0x62ea1165d4b4 - std[617be2ca0a6fd877]::sys::backtrace::__rust_begin_short_backtrace::<test[aada8e7e76ba119b]::run_test::{closure#1}, ()>
[INFO] [stdout]   16:     0x62ea11666c52 - <std[617be2ca0a6fd877]::thread::lifecycle::spawn_unchecked<test[aada8e7e76ba119b]::run_test::{closure#1}, ()>::{closure#1} as core[a373ad73a504971]::ops::function::FnOnce<()>>::call_once::{shim:vtable#0}
[INFO] [stdout]   17:     0x62ea116d518f - <std[617be2ca0a6fd877]::sys::thread::unix::Thread>::new::thread_start
[INFO] [stdout]   18:     0x7a5947549dfa - <unknown>
[INFO] [stdout]   19:     0x7a59475dd3d4 - clone
[INFO] [stdout]   20:                0x0 - <unknown>
[INFO] [stdout] 
[INFO] [stdout] ---- types::params::tests::should_return_meaningful_error_when_deserialization_fails stdout ----
[INFO] [stdout] 
[INFO] [stdout] thread 'types::params::tests::should_return_meaningful_error_when_deserialization_fails' (468) panicked at src/types/params.rs:116:59:
[INFO] [stdout] called `Result::unwrap()` on an `Err` value: Error("invalid type: sequence, expected a map or sequence", line: 1, column: 0)
[INFO] [stdout] stack backtrace:
[INFO] [stdout]    0:     0x62ea116d5931 - <<std[617be2ca0a6fd877]::sys::backtrace::BacktraceLock>::print::DisplayBacktrace as core[a373ad73a504971]::fmt::Display>::fmt
[INFO] [stdout]    1:     0x62ea116ea68a - core[a373ad73a504971]::fmt::write
[INFO] [stdout]    2:     0x62ea116d9bfc - <alloc[2e1b2a31b91974c5]::vec::Vec<u8> as core[a373ad73a504971]::io::write::Write>::write_fmt
[INFO] [stdout]    3:     0x62ea116b1c96 - std[617be2ca0a6fd877]::panicking::default_hook::{closure#0}
[INFO] [stdout]    4:     0x62ea116cdfc9 - std[617be2ca0a6fd877]::panicking::default_hook
[INFO] [stdout]    5:     0x62ea116635a0 - test[aada8e7e76ba119b]::test_main_inner::{closure#0}
[INFO] [stdout]    6:     0x62ea116ce182 - std[617be2ca0a6fd877]::panicking::panic_with_hook
[INFO] [stdout]    7:     0x62ea116b1d42 - std[617be2ca0a6fd877]::panicking::panic_handler::{closure#0}
[INFO] [stdout]    8:     0x62ea116aaa29 - std[617be2ca0a6fd877]::sys::backtrace::__rust_end_short_backtrace::<std[617be2ca0a6fd877]::panicking::panic_handler::{closure#0}, !>
[INFO] [stdout]    9:     0x62ea116b294d - __rustc[ea4f61d10b84890b]::rust_begin_unwind
[INFO] [stdout]   10:     0x62ea116eadbc - core[a373ad73a504971]::panicking::panic_fmt
[INFO] [stdout]   11:     0x62ea116eab92 - core[a373ad73a504971]::result::unwrap_failed
[INFO] [stdout]   12:     0x62ea1165390f - <rs_jsonrpc_core[221079fa4a388576]::types::params::tests::should_return_meaningful_error_when_deserialization_fails::{closure#0} as core[a373ad73a504971]::ops::function::FnOnce<()>>::call_once
[INFO] [stdout]   13:     0x62ea116569eb - test[aada8e7e76ba119b]::__rust_begin_short_backtrace::<core[a373ad73a504971]::result::Result<(), alloc[2e1b2a31b91974c5]::string::String>, fn() -> core[a373ad73a504971]::result::Result<(), alloc[2e1b2a31b91974c5]::string::String>>
[INFO] [stdout]   14:     0x62ea11663bc5 - test[aada8e7e76ba119b]::run_test::{closure#0}
[INFO] [stdout]   15:     0x62ea1165d4b4 - std[617be2ca0a6fd877]::sys::backtrace::__rust_begin_short_backtrace::<test[aada8e7e76ba119b]::run_test::{closure#1}, ()>
[INFO] [stdout]   16:     0x62ea11666c52 - <std[617be2ca0a6fd877]::thread::lifecycle::spawn_unchecked<test[aada8e7e76ba119b]::run_test::{closure#1}, ()>::{closure#1} as core[a373ad73a504971]::ops::function::FnOnce<()>>::call_once::{shim:vtable#0}
[INFO] [stdout]   17:     0x62ea116d518f - <std[617be2ca0a6fd877]::sys::thread::unix::Thread>::new::thread_start
[INFO] [stdout]   18:     0x7a5947549dfa - <unknown>
[INFO] [stdout]   19:     0x7a59475dd3d4 - clone
[INFO] [stdout]   20:                0x0 - <unknown>
[INFO] [stdout] 
[INFO] [stdout] ---- io::tests::test_method_alias stdout ----
[INFO] [stdout] 
[INFO] [stdout] thread 'io::tests::test_method_alias' (460) panicked at src/io.rs:431:9:
[INFO] [stdout] assertion `left == right` failed
[INFO] [stdout]   left: Some("{\"jsonrpc\":\"2.0\",\"error\":{\"code\":-32600,\"message\":\"Invalid request\"},\"id\":null}")
[INFO] [stdout]  right: Some("{\"jsonrpc\":\"2.0\",\"result\":\"hello\",\"id\":1}")
[INFO] [stdout] stack backtrace:
[INFO] [stdout]    0:     0x62ea116d5931 - <<std[617be2ca0a6fd877]::sys::backtrace::BacktraceLock>::print::DisplayBacktrace as core[a373ad73a504971]::fmt::Display>::fmt
[INFO] [stdout]    1:     0x62ea116ea68a - core[a373ad73a504971]::fmt::write
[INFO] [stdout]    2:     0x62ea116d9bfc - <alloc[2e1b2a31b91974c5]::vec::Vec<u8> as core[a373ad73a504971]::io::write::Write>::write_fmt
[INFO] [stdout]    3:     0x62ea116b1c96 - std[617be2ca0a6fd877]::panicking::default_hook::{closure#0}
[INFO] [stdout]    4:     0x62ea116cdfc9 - std[617be2ca0a6fd877]::panicking::default_hook
[INFO] [stdout]    5:     0x62ea116635a0 - test[aada8e7e76ba119b]::test_main_inner::{closure#0}
[INFO] [stdout]    6:     0x62ea116ce182 - std[617be2ca0a6fd877]::panicking::panic_with_hook
[INFO] [stdout]    7:     0x62ea116b1d42 - std[617be2ca0a6fd877]::panicking::panic_handler::{closure#0}
[INFO] [stdout]    8:     0x62ea116aaa29 - std[617be2ca0a6fd877]::sys::backtrace::__rust_end_short_backtrace::<std[617be2ca0a6fd877]::panicking::panic_handler::{closure#0}, !>
[INFO] [stdout]    9:     0x62ea116b294d - __rustc[ea4f61d10b84890b]::rust_begin_unwind
[INFO] [stdout]   10:     0x62ea116eadbc - core[a373ad73a504971]::panicking::panic_fmt
[INFO] [stdout]   11:     0x62ea116eacd3 - core[a373ad73a504971]::panicking::assert_failed_inner
[INFO] [stdout]   12:     0x62ea116435de - core[a373ad73a504971]::panicking::assert_failed::<core[a373ad73a504971]::option::Option<alloc[2e1b2a31b91974c5]::string::String>, core[a373ad73a504971]::option::Option<alloc[2e1b2a31b91974c5]::string::String>>
[INFO] [stdout]   13:     0x62ea11655fd9 - <rs_jsonrpc_core[221079fa4a388576]::io::tests::test_method_alias::{closure#0} as core[a373ad73a504971]::ops::function::FnOnce<()>>::call_once
[INFO] [stdout]   14:     0x62ea116569eb - test[aada8e7e76ba119b]::__rust_begin_short_backtrace::<core[a373ad73a504971]::result::Result<(), alloc[2e1b2a31b91974c5]::string::String>, fn() -> core[a373ad73a504971]::result::Result<(), alloc[2e1b2a31b91974c5]::string::String>>
[INFO] [stdout]   15:     0x62ea11663bc5 - test[aada8e7e76ba119b]::run_test::{closure#0}
[INFO] [stdout]   16:     0x62ea1165d4b4 - std[617be2ca0a6fd877]::sys::backtrace::__rust_begin_short_backtrace::<test[aada8e7e76ba119b]::run_test::{closure#1}, ()>
[INFO] [stdout]   17:     0x62ea11666c52 - <std[617be2ca0a6fd877]::thread::lifecycle::spawn_unchecked<test[aada8e7e76ba119b]::run_test::{closure#1}, ()>::{closure#1} as core[a373ad73a504971]::ops::function::FnOnce<()>>::call_once::{shim:vtable#0}
[INFO] [stdout]   18:     0x62ea116d518f - <std[617be2ca0a6fd877]::sys::thread::unix::Thread>::new::thread_start
[INFO] [stdout]   19:     0x7a5947549dfa - <unknown>
[INFO] [stdout]   20:     0x7a59475dd3d4 - clone
[INFO] [stdout]   21:                0x0 - <unknown>
[INFO] [stdout] 
[INFO] [stdout] ---- io::tests::test_method_not_found stdout ----
[INFO] [stdout] 
[INFO] [stdout] thread 'io::tests::test_method_not_found' (461) panicked at src/io.rs:416:9:
[INFO] [stdout] assertion `left == right` failed
[INFO] [stdout]   left: Some("{\"jsonrpc\":\"2.0\",\"error\":{\"code\":-32600,\"message\":\"Invalid request\"},\"id\":null}")
[INFO] [stdout]  right: Some("{\"jsonrpc\":\"2.0\",\"error\":{\"code\":-32601,\"message\":\"Method not found\"},\"id\":1}")
[INFO] [stdout] stack backtrace:
[INFO] [stdout]    0:     0x62ea116d5931 - <<std[617be2ca0a6fd877]::sys::backtrace::BacktraceLock>::print::DisplayBacktrace as core[a373ad73a504971]::fmt::Display>::fmt
[INFO] [stdout]    1:     0x62ea116ea68a - core[a373ad73a504971]::fmt::write
[INFO] [stdout]    2:     0x62ea116d9bfc - <alloc[2e1b2a31b91974c5]::vec::Vec<u8> as core[a373ad73a504971]::io::write::Write>::write_fmt
[INFO] [stdout]    3:     0x62ea116b1c96 - std[617be2ca0a6fd877]::panicking::default_hook::{closure#0}
[INFO] [stdout]    4:     0x62ea116cdfc9 - std[617be2ca0a6fd877]::panicking::default_hook
[INFO] [stdout]    5:     0x62ea116635a0 - test[aada8e7e76ba119b]::test_main_inner::{closure#0}
[INFO] [stdout]    6:     0x62ea116ce182 - std[617be2ca0a6fd877]::panicking::panic_with_hook
[INFO] [stdout]    7:     0x62ea116b1d42 - std[617be2ca0a6fd877]::panicking::panic_handler::{closure#0}
[INFO] [stdout]    8:     0x62ea116aaa29 - std[617be2ca0a6fd877]::sys::backtrace::__rust_end_short_backtrace::<std[617be2ca0a6fd877]::panicking::panic_handler::{closure#0}, !>
[INFO] [stdout]    9:     0x62ea116b294d - __rustc[ea4f61d10b84890b]::rust_begin_unwind
[INFO] [stdout]   10:     0x62ea116eadbc - core[a373ad73a504971]::panicking::panic_fmt
[INFO] [stdout]   11:     0x62ea116eacd3 - core[a373ad73a504971]::panicking::assert_failed_inner
[INFO] [stdout]   12:     0x62ea116435de - core[a373ad73a504971]::panicking::assert_failed::<core[a373ad73a504971]::option::Option<alloc[2e1b2a31b91974c5]::string::String>, core[a373ad73a504971]::option::Option<alloc[2e1b2a31b91974c5]::string::String>>
[INFO] [stdout]   13:     0x62ea11656746 - <rs_jsonrpc_core[221079fa4a388576]::io::tests::test_method_not_found::{closure#0} as core[a373ad73a504971]::ops::function::FnOnce<()>>::call_once
[INFO] [stdout]   14:     0x62ea116569eb - test[aada8e7e76ba119b]::__rust_begin_short_backtrace::<core[a373ad73a504971]::result::Result<(), alloc[2e1b2a31b91974c5]::string::String>, fn() -> core[a373ad73a504971]::result::Result<(), alloc[2e1b2a31b91974c5]::string::String>>
[INFO] [stdout]   15:     0x62ea11663bc5 - test[aada8e7e76ba119b]::run_test::{closure#0}
[INFO] [stdout]   16:     0x62ea1165d4b4 - std[617be2ca0a6fd877]::sys::backtrace::__rust_begin_short_backtrace::<test[aada8e7e76ba119b]::run_test::{closure#1}, ()>
[INFO] [stdout]   17:     0x62ea11666c52 - <std[617be2ca0a6fd877]::thread::lifecycle::spawn_unchecked<test[aada8e7e76ba119b]::run_test::{closure#1}, ()>::{closure#1} as core[a373ad73a504971]::ops::function::FnOnce<()>>::call_once::{shim:vtable#0}
[INFO] [stdout]   18:     0x62ea116d518f - <std[617be2ca0a6fd877]::sys::thread::unix::Thread>::new::thread_start
[INFO] [stdout]   19:     0x7a5947549dfa - <unknown>
[INFO] [stdout]   20:     0x7a59475dd3d4 - clone
[INFO] [stdout]   21:                0x0 - <unknown>
[INFO] [stdout] 
[INFO] [stdout] ---- io::tests::test_io_handler_1dot0 stdout ----
[INFO] [stdout] 
[INFO] [stdout] thread 'io::tests::test_io_handler_1dot0' (459) panicked at src/io.rs:374:9:
[INFO] [stdout] assertion `left == right` failed
[INFO] [stdout]   left: Some("{\"jsonrpc\":\"2.0\",\"error\":{\"code\":-32600,\"message\":\"Invalid request\"},\"id\":null}")
[INFO] [stdout]  right: Some("{\"result\":\"hello\",\"id\":1}")
[INFO] [stdout] stack backtrace:
[INFO] [stdout]    0:     0x62ea116d5931 - <<std[617be2ca0a6fd877]::sys::backtrace::BacktraceLock>::print::DisplayBacktrace as core[a373ad73a504971]::fmt::Display>::fmt
[INFO] [stdout]    1:     0x62ea116ea68a - core[a373ad73a504971]::fmt::write
[INFO] [stdout]    2:     0x62ea116d9bfc - <alloc[2e1b2a31b91974c5]::vec::Vec<u8> as core[a373ad73a504971]::io::write::Write>::write_fmt
[INFO] [stdout]    3:     0x62ea116b1c96 - std[617be2ca0a6fd877]::panicking::default_hook::{closure#0}
[INFO] [stdout]    4:     0x62ea116cdfc9 - std[617be2ca0a6fd877]::panicking::default_hook
[INFO] [stdout]    5:     0x62ea116635a0 - test[aada8e7e76ba119b]::test_main_inner::{closure#0}
[INFO] [stdout]    6:     0x62ea116ce182 - std[617be2ca0a6fd877]::panicking::panic_with_hook
[INFO] [stdout]    7:     0x62ea116b1d42 - std[617be2ca0a6fd877]::panicking::panic_handler::{closure#0}
[INFO] [stdout]    8:     0x62ea116aaa29 - std[617be2ca0a6fd877]::sys::backtrace::__rust_end_short_backtrace::<std[617be2ca0a6fd877]::panicking::panic_handler::{closure#0}, !>
[INFO] [stdout]    9:     0x62ea116b294d - __rustc[ea4f61d10b84890b]::rust_begin_unwind
[INFO] [stdout]   10:     0x62ea116eadbc - core[a373ad73a504971]::panicking::panic_fmt
[INFO] [stdout]   11:     0x62ea116eacd3 - core[a373ad73a504971]::panicking::assert_failed_inner
[INFO] [stdout]   12:     0x62ea116435de - core[a373ad73a504971]::panicking::assert_failed::<core[a373ad73a504971]::option::Option<alloc[2e1b2a31b91974c5]::string::String>, core[a373ad73a504971]::option::Option<alloc[2e1b2a31b91974c5]::string::String>>
[INFO] [stdout]   13:     0x62ea11656567 - <rs_jsonrpc_core[221079fa4a388576]::io::tests::test_io_handler_1dot0::{closure#0} as core[a373ad73a504971]::ops::function::FnOnce<()>>::call_once
[INFO] [stdout]   14:     0x62ea116569eb - test[aada8e7e76ba119b]::__rust_begin_short_backtrace::<core[a373ad73a504971]::result::Result<(), alloc[2e1b2a31b91974c5]::string::String>, fn() -> core[a373ad73a504971]::result::Result<(), alloc[2e1b2a31b91974c5]::string::String>>
[INFO] [stdout]   15:     0x62ea11663bc5 - test[aada8e7e76ba119b]::run_test::{closure#0}
[INFO] [stdout]   16:     0x62ea1165d4b4 - std[617be2ca0a6fd877]::sys::backtrace::__rust_begin_short_backtrace::<test[aada8e7e76ba119b]::run_test::{closure#1}, ()>
[INFO] [stdout]   17:     0x62ea11666c52 - <std[617be2ca0a6fd877]::thread::lifecycle::spawn_unchecked<test[aada8e7e76ba119b]::run_test::{closure#1}, ()>::{closure#1} as core[a373ad73a504971]::ops::function::FnOnce<()>>::call_once::{shim:vtable#0}
[INFO] [stdout]   18:     0x62ea116d518f - <std[617be2ca0a6fd877]::sys::thread::unix::Thread>::new::thread_start
[INFO] [stdout]   19:     0x7a5947549dfa - <unknown>
[INFO] [stdout]   20:     0x7a59475dd3d4 - clone
[INFO] [stdout]   21:                0x0 - <unknown>
[INFO] [stdout] 
[INFO] [stdout] ---- io::tests::test_io_handler stdout ----
[INFO] [stdout] 
[INFO] [stdout] thread 'io::tests::test_io_handler' (458) panicked at src/io.rs:360:9:
[INFO] [stdout] assertion `left == right` failed
[INFO] [stdout]   left: Some("{\"jsonrpc\":\"2.0\",\"error\":{\"code\":-32600,\"message\":\"Invalid request\"},\"id\":null}")
[INFO] [stdout]  right: Some("{\"jsonrpc\":\"2.0\",\"result\":\"hello\",\"id\":1}")
[INFO] [stdout] stack backtrace:
[INFO] [stdout]    0:     0x62ea116d5931 - <<std[617be2ca0a6fd877]::sys::backtrace::BacktraceLock>::print::DisplayBacktrace as core[a373ad73a504971]::fmt::Display>::fmt
[INFO] [stdout]    1:     0x62ea116ea68a - core[a373ad73a504971]::fmt::write
[INFO] [stdout]    2:     0x62ea116d9bfc - <alloc[2e1b2a31b91974c5]::vec::Vec<u8> as core[a373ad73a504971]::io::write::Write>::write_fmt
[INFO] [stdout]    3:     0x62ea116b1c96 - std[617be2ca0a6fd877]::panicking::default_hook::{closure#0}
[INFO] [stdout]    4:     0x62ea116cdfc9 - std[617be2ca0a6fd877]::panicking::default_hook
[INFO] [stdout]    5:     0x62ea116635a0 - test[aada8e7e76ba119b]::test_main_inner::{closure#0}
[INFO] [stdout]    6:     0x62ea116ce182 - std[617be2ca0a6fd877]::panicking::panic_with_hook
[INFO] [stdout]    7:     0x62ea116b1d42 - std[617be2ca0a6fd877]::panicking::panic_handler::{closure#0}
[INFO] [stdout]    8:     0x62ea116aaa29 - std[617be2ca0a6fd877]::sys::backtrace::__rust_end_short_backtrace::<std[617be2ca0a6fd877]::panicking::panic_handler::{closure#0}, !>
[INFO] [stdout]    9:     0x62ea116b294d - __rustc[ea4f61d10b84890b]::rust_begin_unwind
[INFO] [stdout]   10:     0x62ea116eadbc - core[a373ad73a504971]::panicking::panic_fmt
[INFO] [stdout]   11:     0x62ea116eacd3 - core[a373ad73a504971]::panicking::assert_failed_inner
[INFO] [stdout]   12:     0x62ea116435de - core[a373ad73a504971]::panicking::assert_failed::<core[a373ad73a504971]::option::Option<alloc[2e1b2a31b91974c5]::string::String>, core[a373ad73a504971]::option::Option<alloc[2e1b2a31b91974c5]::string::String>>
[INFO] [stdout]   13:     0x62ea11655dd6 - <rs_jsonrpc_core[221079fa4a388576]::io::tests::test_io_handler::{closure#0} as core[a373ad73a504971]::ops::function::FnOnce<()>>::call_once
[INFO] [stdout]   14:     0x62ea116569eb - test[aada8e7e76ba119b]::__rust_begin_short_backtrace::<core[a373ad73a504971]::result::Result<(), alloc[2e1b2a31b91974c5]::string::String>, fn() -> core[a373ad73a504971]::result::Result<(), alloc[2e1b2a31b91974c5]::string::String>>
[INFO] [stdout]   15:     0x62ea11663bc5 - test[aada8e7e76ba119b]::run_test::{closure#0}
[INFO] [stdout]   16:     0x62ea1165d4b4 - std[617be2ca0a6fd877]::sys::backtrace::__rust_begin_short_backtrace::<test[aada8e7e76ba119b]::run_test::{closure#1}, ()>
[INFO] [stdout]   17:     0x62ea11666c52 - <std[617be2ca0a6fd877]::thread::lifecycle::spawn_unchecked<test[aada8e7e76ba119b]::run_test::{closure#1}, ()>::{closure#1} as core[a373ad73a504971]::ops::function::FnOnce<()>>::call_once::{shim:vtable#0}
[INFO] [stdout]   18:     0x62ea116d518f - <std[617be2ca0a6fd877]::sys::thread::unix::Thread>::new::thread_start
[INFO] [stdout]   19:     0x7a5947549dfa - <unknown>
[INFO] [stdout]   20:     0x7a59475dd3d4 - clone
[INFO] [stdout]   21:                0x0 - <unknown>
[INFO] [stdout] 
[INFO] [stdout] ---- io::tests::test_async_io_handler stdout ----
[INFO] [stdout] 
[INFO] [stdout] thread 'io::tests::test_async_io_handler' (457) panicked at src/io.rs:388:9:
[INFO] [stdout] assertion `left == right` failed
[INFO] [stdout]   left: Some("{\"jsonrpc\":\"2.0\",\"error\":{\"code\":-32600,\"message\":\"Invalid request\"},\"id\":null}")
[INFO] [stdout]  right: Some("{\"jsonrpc\":\"2.0\",\"result\":\"hello\",\"id\":1}")
[INFO] [stdout] stack backtrace:
[INFO] [stdout]    0:     0x62ea116d5931 - <<std[617be2ca0a6fd877]::sys::backtrace::BacktraceLock>::print::DisplayBacktrace as core[a373ad73a504971]::fmt::Display>::fmt
[INFO] [stdout]    1:     0x62ea116ea68a - core[a373ad73a504971]::fmt::write
[INFO] [stdout]    2:     0x62ea116d9bfc - <alloc[2e1b2a31b91974c5]::vec::Vec<u8> as core[a373ad73a504971]::io::write::Write>::write_fmt
[INFO] [stdout]    3:     0x62ea116b1c96 - std[617be2ca0a6fd877]::panicking::default_hook::{closure#0}
[INFO] [stdout]    4:     0x62ea116cdfc9 - std[617be2ca0a6fd877]::panicking::default_hook
[INFO] [stdout]    5:     0x62ea116635a0 - test[aada8e7e76ba119b]::test_main_inner::{closure#0}
[INFO] [stdout]    6:     0x62ea116ce182 - std[617be2ca0a6fd877]::panicking::panic_with_hook
[INFO] [stdout]    7:     0x62ea116b1d42 - std[617be2ca0a6fd877]::panicking::panic_handler::{closure#0}
[INFO] [stdout]    8:     0x62ea116aaa29 - std[617be2ca0a6fd877]::sys::backtrace::__rust_end_short_backtrace::<std[617be2ca0a6fd877]::panicking::panic_handler::{closure#0}, !>
[INFO] [stdout]    9:     0x62ea116b294d - __rustc[ea4f61d10b84890b]::rust_begin_unwind
[INFO] [stdout]   10:     0x62ea116eadbc - core[a373ad73a504971]::panicking::panic_fmt
[INFO] [stdout]   11:     0x62ea116eacd3 - core[a373ad73a504971]::panicking::assert_failed_inner
[INFO] [stdout]   12:     0x62ea116435de - core[a373ad73a504971]::panicking::assert_failed::<core[a373ad73a504971]::option::Option<alloc[2e1b2a31b91974c5]::string::String>, core[a373ad73a504971]::option::Option<alloc[2e1b2a31b91974c5]::string::String>>
[INFO] [stdout]   13:     0x62ea11656366 - <rs_jsonrpc_core[221079fa4a388576]::io::tests::test_async_io_handler::{closure#0} as core[a373ad73a504971]::ops::function::FnOnce<()>>::call_once
[INFO] [stdout]   14:     0x62ea116569eb - test[aada8e7e76ba119b]::__rust_begin_short_backtrace::<core[a373ad73a504971]::result::Result<(), alloc[2e1b2a31b91974c5]::string::String>, fn() -> core[a373ad73a504971]::result::Result<(), alloc[2e1b2a31b91974c5]::string::String>>
[INFO] [stdout]   15:     0x62ea11663bc5 - test[aada8e7e76ba119b]::run_test::{closure#0}
[INFO] [stdout]   16:     0x62ea1165d4b4 - std[617be2ca0a6fd877]::sys::backtrace::__rust_begin_short_backtrace::<test[aada8e7e76ba119b]::run_test::{closure#1}, ()>
[INFO] [stdout]   17:     0x62ea11666c52 - <std[617be2ca0a6fd877]::thread::lifecycle::spawn_unchecked<test[aada8e7e76ba119b]::run_test::{closure#1}, ()>::{closure#1} as core[a373ad73a504971]::ops::function::FnOnce<()>>::call_once::{shim:vtable#0}
[INFO] [stdout]   18:     0x62ea116d518f - <std[617be2ca0a6fd877]::sys::thread::unix::Thread>::new::thread_start
[INFO] [stdout]   19:     0x7a5947549dfa - <unknown>
[INFO] [stdout]   20:     0x7a59475dd3d4 - clone
[INFO] [stdout]   21:                0x0 - <unknown>
[INFO] [stdout] 
[INFO] [stdout] ---- io::tests::test_notification stdout ----
[INFO] [stdout] 
[INFO] [stdout] thread 'io::tests::test_notification' (462) panicked at src/io.rs:405:9:
[INFO] [stdout] assertion `left == right` failed
[INFO] [stdout]   left: Some("{\"jsonrpc\":\"2.0\",\"error\":{\"code\":-32600,\"message\":\"Invalid request\"},\"id\":null}")
[INFO] [stdout]  right: None
[INFO] [stdout] stack backtrace:
[INFO] [stdout]    0:     0x62ea116d5931 - <<std[617be2ca0a6fd877]::sys::backtrace::BacktraceLock>::print::DisplayBacktrace as core[a373ad73a504971]::fmt::Display>::fmt
[INFO] [stdout]    1:     0x62ea116ea68a - core[a373ad73a504971]::fmt::write
[INFO] [stdout]    2:     0x62ea116d9bfc - <alloc[2e1b2a31b91974c5]::vec::Vec<u8> as core[a373ad73a504971]::io::write::Write>::write_fmt
[INFO] [stdout]    3:     0x62ea116b1c96 - std[617be2ca0a6fd877]::panicking::default_hook::{closure#0}
[INFO] [stdout]    4:     0x62ea116cdfc9 - std[617be2ca0a6fd877]::panicking::default_hook
[INFO] [stdout]    5:     0x62ea116635a0 - test[aada8e7e76ba119b]::test_main_inner::{closure#0}
[INFO] [stdout]    6:     0x62ea116ce182 - std[617be2ca0a6fd877]::panicking::panic_with_hook
[INFO] [stdout]    7:     0x62ea116b1d42 - std[617be2ca0a6fd877]::panicking::panic_handler::{closure#0}
[INFO] [stdout]    8:     0x62ea116aaa29 - std[617be2ca0a6fd877]::sys::backtrace::__rust_end_short_backtrace::<std[617be2ca0a6fd877]::panicking::panic_handler::{closure#0}, !>
[INFO] [stdout]    9:     0x62ea116b294d - __rustc[ea4f61d10b84890b]::rust_begin_unwind
[INFO] [stdout]   10:     0x62ea116eadbc - core[a373ad73a504971]::panicking::panic_fmt
[INFO] [stdout]   11:     0x62ea116eacd3 - core[a373ad73a504971]::panicking::assert_failed_inner
[INFO] [stdout]   12:     0x62ea116435de - core[a373ad73a504971]::panicking::assert_failed::<core[a373ad73a504971]::option::Option<alloc[2e1b2a31b91974c5]::string::String>, core[a373ad73a504971]::option::Option<alloc[2e1b2a31b91974c5]::string::String>>
[INFO] [stdout]   13:     0x62ea116561a9 - <rs_jsonrpc_core[221079fa4a388576]::io::tests::test_notification::{closure#0} as core[a373ad73a504971]::ops::function::FnOnce<()>>::call_once
[INFO] [stdout]   14:     0x62ea116569eb - test[aada8e7e76ba119b]::__rust_begin_short_backtrace::<core[a373ad73a504971]::result::Result<(), alloc[2e1b2a31b91974c5]::string::String>, fn() -> core[a373ad73a504971]::result::Result<(), alloc[2e1b2a31b91974c5]::string::String>>
[INFO] [stdout]   15:     0x62ea11663bc5 - test[aada8e7e76ba119b]::run_test::{closure#0}
[INFO] [stdout]   16:     0x62ea1165d4b4 - std[617be2ca0a6fd877]::sys::backtrace::__rust_begin_short_backtrace::<test[aada8e7e76ba119b]::run_test::{closure#1}, ()>
[INFO] [stdout]   17:     0x62ea11666c52 - <std[617be2ca0a6fd877]::thread::lifecycle::spawn_unchecked<test[aada8e7e76ba119b]::run_test::{closure#1}, ()>::{closure#1} as core[a373ad73a504971]::ops::function::FnOnce<()>>::call_once::{shim:vtable#0}
[INFO] [stdout]   18:     0x62ea116d518f - <std[617be2ca0a6fd877]::sys::thread::unix::Thread>::new::thread_start
[INFO] [stdout]   19:     0x7a5947549dfa - <unknown>
[INFO] [stdout]   20:     0x7a59475dd3d4 - clone
[INFO] [stdout]   21:                0x0 - <unknown>
[INFO] [stdout] 
[INFO] [stdout] ---- io::tests::test_notification_alias stdout ----
[INFO] [stdout] 
[INFO] [stdout] thread 'io::tests::test_notification_alias' (463) panicked at src/io.rs:449:9:
[INFO] [stdout] assertion `left == right` failed
[INFO] [stdout]   left: Some("{\"jsonrpc\":\"2.0\",\"error\":{\"code\":-32600,\"message\":\"Invalid request\"},\"id\":null}")
[INFO] [stdout]  right: None
[INFO] [stdout] stack backtrace:
[INFO] [stdout]    0:     0x62ea116d5931 - <<std[617be2ca0a6fd877]::sys::backtrace::BacktraceLock>::print::DisplayBacktrace as core[a373ad73a504971]::fmt::Display>::fmt
[INFO] [stdout]    1:     0x62ea116ea68a - core[a373ad73a504971]::fmt::write
[INFO] [stdout]    2:     0x62ea116d9bfc - <alloc[2e1b2a31b91974c5]::vec::Vec<u8> as core[a373ad73a504971]::io::write::Write>::write_fmt
[INFO] [stdout]    3:     0x62ea116b1c96 - std[617be2ca0a6fd877]::panicking::default_hook::{closure#0}
[INFO] [stdout]    4:     0x62ea116cdfc9 - std[617be2ca0a6fd877]::panicking::default_hook
[INFO] [stdout]    5:     0x62ea116635a0 - test[aada8e7e76ba119b]::test_main_inner::{closure#0}
[INFO] [stdout]    6:     0x62ea116ce182 - std[617be2ca0a6fd877]::panicking::panic_with_hook
[INFO] [stdout]    7:     0x62ea116b1d42 - std[617be2ca0a6fd877]::panicking::panic_handler::{closure#0}
[INFO] [stdout]    8:     0x62ea116aaa29 - std[617be2ca0a6fd877]::sys::backtrace::__rust_end_short_backtrace::<std[617be2ca0a6fd877]::panicking::panic_handler::{closure#0}, !>
[INFO] [stdout]    9:     0x62ea116b294d - __rustc[ea4f61d10b84890b]::rust_begin_unwind
[INFO] [stdout]   10:     0x62ea116eadbc - core[a373ad73a504971]::panicking::panic_fmt
[INFO] [stdout]   11:     0x62ea116eacd3 - core[a373ad73a504971]::panicking::assert_failed_inner
[INFO] [stdout]   12:     0x62ea116435de - core[a373ad73a504971]::panicking::assert_failed::<core[a373ad73a504971]::option::Option<alloc[2e1b2a31b91974c5]::string::String>, core[a373ad73a504971]::option::Option<alloc[2e1b2a31b91974c5]::string::String>>
[INFO] [stdout]   13:     0x62ea1165693c - <rs_jsonrpc_core[221079fa4a388576]::io::tests::test_notification_alias::{closure#0} as core[a373ad73a504971]::ops::function::FnOnce<()>>::call_once
[INFO] [stdout]   14:     0x62ea116569eb - test[aada8e7e76ba119b]::__rust_begin_short_backtrace::<core[a373ad73a504971]::result::Result<(), alloc[2e1b2a31b91974c5]::string::String>, fn() -> core[a373ad73a504971]::result::Result<(), alloc[2e1b2a31b91974c5]::string::String>>
[INFO] [stdout]   15:     0x62ea11663bc5 - test[aada8e7e76ba119b]::run_test::{closure#0}
[INFO] [stdout]   16:     0x62ea1165d4b4 - std[617be2ca0a6fd877]::sys::backtrace::__rust_begin_short_backtrace::<test[aada8e7e76ba119b]::run_test::{closure#1}, ()>
[INFO] [stdout]   17:     0x62ea11666c52 - <std[617be2ca0a6fd877]::thread::lifecycle::spawn_unchecked<test[aada8e7e76ba119b]::run_test::{closure#1}, ()>::{closure#1} as core[a373ad73a504971]::ops::function::FnOnce<()>>::call_once::{shim:vtable#0}
[INFO] [stdout]   18:     0x62ea116d518f - <std[617be2ca0a6fd877]::sys::thread::unix::Thread>::new::thread_start
[INFO] [stdout]   19:     0x7a5947549dfa - <unknown>
[INFO] [stdout]   20:     0x7a59475dd3d4 - clone
[INFO] [stdout]   21:                0x0 - <unknown>
[INFO] [stdout] 
[INFO] [stdout] ---- types::request::call_deserialize stdout ----
[INFO] [stdout] 
[INFO] [stdout] thread 'types::request::call_deserialize' (469) panicked at src/types/request.rs:220:5:
[INFO] [stdout] assertion `left == right` failed
[INFO] [stdout]   left: Invalid(Null)
[INFO] [stdout]  right: Notification(Notification { jsonrpc: Some(V2), method: "update", params: Some(Array([Number(1)])) })
[INFO] [stdout] stack backtrace:
[INFO] [stdout]    0:     0x62ea116d5931 - <<std[617be2ca0a6fd877]::sys::backtrace::BacktraceLock>::print::DisplayBacktrace as core[a373ad73a504971]::fmt::Display>::fmt
[INFO] [stdout]    1:     0x62ea116ea68a - core[a373ad73a504971]::fmt::write
[INFO] [stdout]    2:     0x62ea116d9bfc - <alloc[2e1b2a31b91974c5]::vec::Vec<u8> as core[a373ad73a504971]::io::write::Write>::write_fmt
[INFO] [stdout]    3:     0x62ea116b1c96 - std[617be2ca0a6fd877]::panicking::default_hook::{closure#0}
[INFO] [stdout]    4:     0x62ea116cdfc9 - std[617be2ca0a6fd877]::panicking::default_hook
[INFO] [stdout]    5:     0x62ea116635a0 - test[aada8e7e76ba119b]::test_main_inner::{closure#0}
[INFO] [stdout]    6:     0x62ea116ce182 - std[617be2ca0a6fd877]::panicking::panic_with_hook
[INFO] [stdout]    7:     0x62ea116b1d42 - std[617be2ca0a6fd877]::panicking::panic_handler::{closure#0}
[INFO] [stdout]    8:     0x62ea116aaa29 - std[617be2ca0a6fd877]::sys::backtrace::__rust_end_short_backtrace::<std[617be2ca0a6fd877]::panicking::panic_handler::{closure#0}, !>
[INFO] [stdout]    9:     0x62ea116b294d - __rustc[ea4f61d10b84890b]::rust_begin_unwind
[INFO] [stdout]   10:     0x62ea116eadbc - core[a373ad73a504971]::panicking::panic_fmt
[INFO] [stdout]   11:     0x62ea116eacd3 - core[a373ad73a504971]::panicking::assert_failed_inner
[INFO] [stdout]   12:     0x62ea1164377a - core[a373ad73a504971]::panicking::assert_failed::<rs_jsonrpc_core[221079fa4a388576]::types::request::Call, rs_jsonrpc_core[221079fa4a388576]::types::request::Call>
[INFO] [stdout]   13:     0x62ea116378d2 - <rs_jsonrpc_core[221079fa4a388576]::types::request::call_deserialize::{closure#0} as core[a373ad73a504971]::ops::function::FnOnce<()>>::call_once
[INFO] [stdout]   14:     0x62ea116569eb - test[aada8e7e76ba119b]::__rust_begin_short_backtrace::<core[a373ad73a504971]::result::Result<(), alloc[2e1b2a31b91974c5]::string::String>, fn() -> core[a373ad73a504971]::result::Result<(), alloc[2e1b2a31b91974c5]::string::String>>
[INFO] [stdout]   15:     0x62ea11663bc5 - test[aada8e7e76ba119b]::run_test::{closure#0}
[INFO] [stdout]   16:     0x62ea1165d4b4 - std[617be2ca0a6fd877]::sys::backtrace::__rust_begin_short_backtrace::<test[aada8e7e76ba119b]::run_test::{closure#1}, ()>
[INFO] [stdout]   17:     0x62ea11666c52 - <std[617be2ca0a6fd877]::thread::lifecycle::spawn_unchecked<test[aada8e7e76ba119b]::run_test::{closure#1}, ()>::{closure#1} as core[a373ad73a504971]::ops::function::FnOnce<()>>::call_once::{shim:vtable#0}
[INFO] [stdout]   18:     0x62ea116d518f - <std[617be2ca0a6fd877]::sys::thread::unix::Thread>::new::thread_start
[INFO] [stdout]   19:     0x7a5947549dfa - <unknown>
[INFO] [stdout]   20:     0x7a59475dd3d4 - clone
[INFO] [stdout]   21:                0x0 - <unknown>
[INFO] [stdout] 
[INFO] [stdout] ---- types::response::batch_response_deserialize stdout ----
[INFO] [stdout] 
[INFO] [stdout] thread 'types::response::batch_response_deserialize' (477) panicked at src/types/response.rs:260:60:
[INFO] [stdout] called `Result::unwrap()` on an `Err` value: Error("", line: 0, column: 0)
[INFO] [stdout] stack backtrace:
[INFO] [stdout]    0:     0x62ea116d5931 - <<std[617be2ca0a6fd877]::sys::backtrace::BacktraceLock>::print::DisplayBacktrace as core[a373ad73a504971]::fmt::Display>::fmt
[INFO] [stdout]    1:     0x62ea116ea68a - core[a373ad73a504971]::fmt::write
[INFO] [stdout]    2:     0x62ea116d9bfc - <alloc[2e1b2a31b91974c5]::vec::Vec<u8> as core[a373ad73a504971]::io::write::Write>::write_fmt
[INFO] [stdout]    3:     0x62ea116b1c96 - std[617be2ca0a6fd877]::panicking::default_hook::{closure#0}
[INFO] [stdout]    4:     0x62ea116cdfc9 - std[617be2ca0a6fd877]::panicking::default_hook
[INFO] [stdout]    5:     0x62ea116635a0 - test[aada8e7e76ba119b]::test_main_inner::{closure#0}
[INFO] [stdout]    6:     0x62ea116ce182 - std[617be2ca0a6fd877]::panicking::panic_with_hook
[INFO] [stdout]    7:     0x62ea116b1d42 - std[617be2ca0a6fd877]::panicking::panic_handler::{closure#0}
[INFO] [stdout]    8:     0x62ea116aaa29 - std[617be2ca0a6fd877]::sys::backtrace::__rust_end_short_backtrace::<std[617be2ca0a6fd877]::panicking::panic_handler::{closure#0}, !>
[INFO] [stdout]    9:     0x62ea116b294d - __rustc[ea4f61d10b84890b]::rust_begin_unwind
[INFO] [stdout]   10:     0x62ea116eadbc - core[a373ad73a504971]::panicking::panic_fmt
[INFO] [stdout]   11:     0x62ea116eab92 - core[a373ad73a504971]::result::unwrap_failed
[INFO] [stdout]   12:     0x62ea1163f3cf - <rs_jsonrpc_core[221079fa4a388576]::types::response::batch_response_deserialize::{closure#0} as core[a373ad73a504971]::ops::function::FnOnce<()>>::call_once
[INFO] [stdout]   13:     0x62ea116569eb - test[aada8e7e76ba119b]::__rust_begin_short_backtrace::<core[a373ad73a504971]::result::Result<(), alloc[2e1b2a31b91974c5]::string::String>, fn() -> core[a373ad73a504971]::result::Result<(), alloc[2e1b2a31b91974c5]::string::String>>
[INFO] [stdout]   14:     0x62ea11663bc5 - test[aada8e7e76ba119b]::run_test::{closure#0}
[INFO] [stdout]   15:     0x62ea1165d4b4 - std[617be2ca0a6fd877]::sys::backtrace::__rust_begin_short_backtrace::<test[aada8e7e76ba119b]::run_test::{closure#1}, ()>
[INFO] [stdout]   16:     0x62ea11666c52 - <std[617be2ca0a6fd877]::thread::lifecycle::spawn_unchecked<test[aada8e7e76ba119b]::run_test::{closure#1}, ()>::{closure#1} as core[a373ad73a504971]::ops::function::FnOnce<()>>::call_once::{shim:vtable#0}
[INFO] [stdout]   17:     0x62ea116d518f - <std[617be2ca0a6fd877]::sys::thread::unix::Thread>::new::thread_start
[INFO] [stdout]   18:     0x7a5947549dfa - <unknown>
[INFO] [stdout]   19:     0x7a59475dd3d4 - clone
[INFO] [stdout]   20:                0x0 - <unknown>
[INFO] [stdout] 
[INFO] [stdout] ---- types::response::failure_output_deserialize stdout ----
[INFO] [stdout] 
[INFO] [stdout] thread 'types::response::failure_output_deserialize' (478) panicked at src/types/response.rs:230:58:
[INFO] [stdout] called `Result::unwrap()` on an `Err` value: Error("", line: 0, column: 0)
[INFO] [stdout] stack backtrace:
[INFO] [stdout]    0:     0x62ea116d5931 - <<std[617be2ca0a6fd877]::sys::backtrace::BacktraceLock>::print::DisplayBacktrace as core[a373ad73a504971]::fmt::Display>::fmt
[INFO] [stdout]    1:     0x62ea116ea68a - core[a373ad73a504971]::fmt::write
[INFO] [stdout]    2:     0x62ea116d9bfc - <alloc[2e1b2a31b91974c5]::vec::Vec<u8> as core[a373ad73a504971]::io::write::Write>::write_fmt
[INFO] [stdout]    3:     0x62ea116b1c96 - std[617be2ca0a6fd877]::panicking::default_hook::{closure#0}
[INFO] [stdout]    4:     0x62ea116cdfc9 - std[617be2ca0a6fd877]::panicking::default_hook
[INFO] [stdout]    5:     0x62ea116635a0 - test[aada8e7e76ba119b]::test_main_inner::{closure#0}
[INFO] [stdout]    6:     0x62ea116ce182 - std[617be2ca0a6fd877]::panicking::panic_with_hook
[INFO] [stdout]    7:     0x62ea116b1d42 - std[617be2ca0a6fd877]::panicking::panic_handler::{closure#0}
[INFO] [stdout]    8:     0x62ea116aaa29 - std[617be2ca0a6fd877]::sys::backtrace::__rust_end_short_backtrace::<std[617be2ca0a6fd877]::panicking::panic_handler::{closure#0}, !>
[INFO] [stdout]    9:     0x62ea116b294d - __rustc[ea4f61d10b84890b]::rust_begin_unwind
[INFO] [stdout]   10:     0x62ea116eadbc - core[a373ad73a504971]::panicking::panic_fmt
[INFO] [stdout]   11:     0x62ea116eab92 - core[a373ad73a504971]::result::unwrap_failed
[INFO] [stdout]   12:     0x62ea1163f62b - <rs_jsonrpc_core[221079fa4a388576]::types::response::failure_output_deserialize::{closure#0} as core[a373ad73a504971]::ops::function::FnOnce<()>>::call_once
[INFO] [stdout]   13:     0x62ea116569eb - test[aada8e7e76ba119b]::__rust_begin_short_backtrace::<core[a373ad73a504971]::result::Result<(), alloc[2e1b2a31b91974c5]::string::String>, fn() -> core[a373ad73a504971]::result::Result<(), alloc[2e1b2a31b91974c5]::string::String>>
[INFO] [stdout]   14:     0x62ea11663bc5 - test[aada8e7e76ba119b]::run_test::{closure#0}
[INFO] [stdout]   15:     0x62ea1165d4b4 - std[617be2ca0a6fd877]::sys::backtrace::__rust_begin_short_backtrace::<test[aada8e7e76ba119b]::run_test::{closure#1}, ()>
[INFO] [stdout]   16:     0x62ea11666c52 - <std[617be2ca0a6fd877]::thread::lifecycle::spawn_unchecked<test[aada8e7e76ba119b]::run_test::{closure#1}, ()>::{closure#1} as core[a373ad73a504971]::ops::function::FnOnce<()>>::call_once::{shim:vtable#0}
[INFO] [stdout]   17:     0x62ea116d518f - <std[617be2ca0a6fd877]::sys::thread::unix::Thread>::new::thread_start
[INFO] [stdout]   18:     0x7a5947549dfa - <unknown>
[INFO] [stdout]   19:     0x7a59475dd3d4 - clone
[INFO] [stdout]   20:                0x0 - <unknown>
[INFO] [stdout] 
[INFO] [stdout] ---- types::response::success_output_deserialize stdout ----
[INFO] [stdout] 
[INFO] [stdout] thread 'types::response::success_output_deserialize' (482) panicked at src/types/response.rs:188:58:
[INFO] [stdout] called `Result::unwrap()` on an `Err` value: Error("", line: 0, column: 0)
[INFO] [stdout] stack backtrace:
[INFO] [stdout]    0:     0x62ea116d5931 - <<std[617be2ca0a6fd877]::sys::backtrace::BacktraceLock>::print::DisplayBacktrace as core[a373ad73a504971]::fmt::Display>::fmt
[INFO] [stdout]    1:     0x62ea116ea68a - core[a373ad73a504971]::fmt::write
[INFO] [stdout]    2:     0x62ea116d9bfc - <alloc[2e1b2a31b91974c5]::vec::Vec<u8> as core[a373ad73a504971]::io::write::Write>::write_fmt
[INFO] [stdout]    3:     0x62ea116b1c96 - std[617be2ca0a6fd877]::panicking::default_hook::{closure#0}
[INFO] [stdout]    4:     0x62ea116cdfc9 - std[617be2ca0a6fd877]::panicking::default_hook
[INFO] [stdout]    5:     0x62ea116635a0 - test[aada8e7e76ba119b]::test_main_inner::{closure#0}
[INFO] [stdout]    6:     0x62ea116ce182 - std[617be2ca0a6fd877]::panicking::panic_with_hook
[INFO] [stdout]    7:     0x62ea116b1d42 - std[617be2ca0a6fd877]::panicking::panic_handler::{closure#0}
[INFO] [stdout]    8:     0x62ea116aaa29 - std[617be2ca0a6fd877]::sys::backtrace::__rust_end_short_backtrace::<std[617be2ca0a6fd877]::panicking::panic_handler::{closure#0}, !>
[INFO] [stdout]    9:     0x62ea116b294d - __rustc[ea4f61d10b84890b]::rust_begin_unwind
[INFO] [stdout]   10:     0x62ea116eadbc - core[a373ad73a504971]::panicking::panic_fmt
[INFO] [stdout]   11:     0x62ea116eab92 - core[a373ad73a504971]::result::unwrap_failed
[INFO] [stdout]   12:     0x62ea1163f7e4 - <rs_jsonrpc_core[221079fa4a388576]::types::response::success_output_deserialize::{closure#0} as core[a373ad73a504971]::ops::function::FnOnce<()>>::call_once
[INFO] [stdout]   13:     0x62ea116569eb - test[aada8e7e76ba119b]::__rust_begin_short_backtrace::<core[a373ad73a504971]::result::Result<(), alloc[2e1b2a31b91974c5]::string::String>, fn() -> core[a373ad73a504971]::result::Result<(), alloc[2e1b2a31b91974c5]::string::String>>
[INFO] [stdout]   14:     0x62ea11663bc5 - test[aada8e7e76ba119b]::run_test::{closure#0}
[INFO] [stdout]   15:     0x62ea1165d4b4 - std[617be2ca0a6fd877]::sys::backtrace::__rust_begin_short_backtrace::<test[aada8e7e76ba119b]::run_test::{closure#1}, ()>
[INFO] [stdout]   16:     0x62ea11666c52 - <std[617be2ca0a6fd877]::thread::lifecycle::spawn_unchecked<test[aada8e7e76ba119b]::run_test::{closure#1}, ()>::{closure#1} as core[a373ad73a504971]::ops::function::FnOnce<()>>::call_once::{shim:vtable#0}
[INFO] [stdout]   17:     0x62ea116d518f - <std[617be2ca0a6fd877]::sys::thread::unix::Thread>::new::thread_start
[INFO] [stdout]   18:     0x7a5947549dfa - <unknown>
[INFO] [stdout]   19:     0x7a59475dd3d4 - clone
[INFO] [stdout]   20:                0x0 - <unknown>
[INFO] [stdout] 
[INFO] [stdout] ---- types::request::request_invalid_returns_id stdout ----
[INFO] [stdout] 
[INFO] [stdout] thread 'types::request::request_invalid_returns_id' (475) panicked at src/types/request.rs:266:14:
[INFO] [stdout] Request wrongly deserialized: Single(Invalid(Null))
[INFO] [stdout] stack backtrace:
[INFO] [stdout]    0:     0x62ea116d5931 - <<std[617be2ca0a6fd877]::sys::backtrace::BacktraceLock>::print::DisplayBacktrace as core[a373ad73a504971]::fmt::Display>::fmt
[INFO] [stdout]    1:     0x62ea116ea68a - core[a373ad73a504971]::fmt::write
[INFO] [stdout]    2:     0x62ea116d9bfc - <alloc[2e1b2a31b91974c5]::vec::Vec<u8> as core[a373ad73a504971]::io::write::Write>::write_fmt
[INFO] [stdout]    3:     0x62ea116b1c96 - std[617be2ca0a6fd877]::panicking::default_hook::{closure#0}
[INFO] [stdout]    4:     0x62ea116cdfc9 - std[617be2ca0a6fd877]::panicking::default_hook
[INFO] [stdout]    5:     0x62ea116635a0 - test[aada8e7e76ba119b]::test_main_inner::{closure#0}
[INFO] [stdout]    6:     0x62ea116ce182 - std[617be2ca0a6fd877]::panicking::panic_with_hook
[INFO] [stdout]    7:     0x62ea116b1d42 - std[617be2ca0a6fd877]::panicking::panic_handler::{closure#0}
[INFO] [stdout]    8:     0x62ea116aaa29 - std[617be2ca0a6fd877]::sys::backtrace::__rust_end_short_backtrace::<std[617be2ca0a6fd877]::panicking::panic_handler::{closure#0}, !>
[INFO] [stdout]    9:     0x62ea116b294d - __rustc[ea4f61d10b84890b]::rust_begin_unwind
[INFO] [stdout]   10:     0x62ea116eadbc - core[a373ad73a504971]::panicking::panic_fmt
[INFO] [stdout]   11:     0x62ea11638ee1 - <rs_jsonrpc_core[221079fa4a388576]::types::request::request_invalid_returns_id::{closure#0} as core[a373ad73a504971]::ops::function::FnOnce<()>>::call_once
[INFO] [stdout]   12:     0x62ea116569eb - test[aada8e7e76ba119b]::__rust_begin_short_backtrace::<core[a373ad73a504971]::result::Result<(), alloc[2e1b2a31b91974c5]::string::String>, fn() -> core[a373ad73a504971]::result::Result<(), alloc[2e1b2a31b91974c5]::string::String>>
[INFO] [stdout]   13:     0x62ea11663bc5 - test[aada8e7e76ba119b]::run_test::{closure#0}
[INFO] [stdout]   14:     0x62ea1165d4b4 - std[617be2ca0a6fd877]::sys::backtrace::__rust_begin_short_backtrace::<test[aada8e7e76ba119b]::run_test::{closure#1}, ()>
[INFO] [stdout]   15:     0x62ea11666c52 - <std[617be2ca0a6fd877]::thread::lifecycle::spawn_unchecked<test[aada8e7e76ba119b]::run_test::{closure#1}, ()>::{closure#1} as core[a373ad73a504971]::ops::function::FnOnce<()>>::call_once::{shim:vtable#0}
[INFO] [stdout]   16:     0x62ea116d518f - <std[617be2ca0a6fd877]::sys::thread::unix::Thread>::new::thread_start
[INFO] [stdout]   17:     0x7a5947549dfa - <unknown>
[INFO] [stdout]   18:     0x7a59475dd3d4 - clone
[INFO] [stdout]   19:                0x0 - <unknown>
[INFO] [stdout] 
[INFO] [stdout] ---- types::response::single_response_deserialize stdout ----
[INFO] [stdout] 
[INFO] [stdout] thread 'types::response::single_response_deserialize' (481) panicked at src/types/response.rs:245:60:
[INFO] [stdout] called `Result::unwrap()` on an `Err` value: Error("", line: 0, column: 0)
[INFO] [stdout] stack backtrace:
[INFO] [stdout]    0:     0x62ea116d5931 - <<std[617be2ca0a6fd877]::sys::backtrace::BacktraceLock>::print::DisplayBacktrace as core[a373ad73a504971]::fmt::Display>::fmt
[INFO] [stdout]    1:     0x62ea116ea68a - core[a373ad73a504971]::fmt::write
[INFO] [stdout]    2:     0x62ea116d9bfc - <alloc[2e1b2a31b91974c5]::vec::Vec<u8> as core[a373ad73a504971]::io::write::Write>::write_fmt
[INFO] [stdout]    3:     0x62ea116b1c96 - std[617be2ca0a6fd877]::panicking::default_hook::{closure#0}
[INFO] [stdout]    4:     0x62ea116cdfc9 - std[617be2ca0a6fd877]::panicking::default_hook
[INFO] [stdout]    5:     0x62ea116635a0 - test[aada8e7e76ba119b]::test_main_inner::{closure#0}
[INFO] [stdout]    6:     0x62ea116ce182 - std[617be2ca0a6fd877]::panicking::panic_with_hook
[INFO] [stdout]    7:     0x62ea116b1d42 - std[617be2ca0a6fd877]::panicking::panic_handler::{closure#0}
[INFO] [stdout]    8:     0x62ea116aaa29 - std[617be2ca0a6fd877]::sys::backtrace::__rust_end_short_backtrace::<std[617be2ca0a6fd877]::panicking::panic_handler::{closure#0}, !>
[INFO] [stdout]    9:     0x62ea116b294d - __rustc[ea4f61d10b84890b]::rust_begin_unwind
[INFO] [stdout]   10:     0x62ea116eadbc - core[a373ad73a504971]::panicking::panic_fmt
[INFO] [stdout]   11:     0x62ea116eab92 - core[a373ad73a504971]::result::unwrap_failed
[INFO] [stdout]   12:     0x62ea1163f99c - <rs_jsonrpc_core[221079fa4a388576]::types::response::single_response_deserialize::{closure#0} as core[a373ad73a504971]::ops::function::FnOnce<()>>::call_once
[INFO] [stdout]   13:     0x62ea116569eb - test[aada8e7e76ba119b]::__rust_begin_short_backtrace::<core[a373ad73a504971]::result::Result<(), alloc[2e1b2a31b91974c5]::string::String>, fn() -> core[a373ad73a504971]::result::Result<(), alloc[2e1b2a31b91974c5]::string::String>>
[INFO] [stdout]   14:     0x62ea11663bc5 - test[aada8e7e76ba119b]::run_test::{closure#0}
[INFO] [stdout]   15:     0x62ea1165d4b4 - std[617be2ca0a6fd877]::sys::backtrace::__rust_begin_short_backtrace::<test[aada8e7e76ba119b]::run_test::{closure#1}, ()>
[INFO] [stdout]   16:     0x62ea11666c52 - <std[617be2ca0a6fd877]::thread::lifecycle::spawn_unchecked<test[aada8e7e76ba119b]::run_test::{closure#1}, ()>::{closure#1} as core[a373ad73a504971]::ops::function::FnOnce<()>>::call_once::{shim:vtable#0}
[INFO] [stdout]   17:     0x62ea116d518f - <std[617be2ca0a6fd877]::sys::thread::unix::Thread>::new::thread_start
[INFO] [stdout]   18:     0x7a5947549dfa - <unknown>
[INFO] [stdout]   19:     0x7a59475dd3d4 - clone
[INFO] [stdout]   20:                0x0 - <unknown>
[INFO] [stdout] 
[INFO] [stdout] ---- types::request::request_deserialize_batch stdout ----
[INFO] [stdout] 
[INFO] [stdout] thread 'types::request::request_deserialize_batch' (474) panicked at src/types/request.rs:242:5:
[INFO] [stdout] assertion `left == right` failed
[INFO] [stdout]   left: Batch([Invalid(Null), Invalid(Null), Invalid(Null)])
[INFO] [stdout]  right: Batch([Invalid(Null), MethodCall(MethodCall { jsonrpc: Some(V2), method: "update", params: Some(Array([Number(1), Number(2)])), id: Num(1) }), Notification(Notification { jsonrpc: Some(V2), method: "update", params: Some(Array([Number(1)])) })])
[INFO] [stdout] stack backtrace:
[INFO] [stdout]    0:     0x62ea116d5931 - <<std[617be2ca0a6fd877]::sys::backtrace::BacktraceLock>::print::DisplayBacktrace as core[a373ad73a504971]::fmt::Display>::fmt
[INFO] [stdout]    1:     0x62ea116ea68a - core[a373ad73a504971]::fmt::write
[INFO] [stdout]    2:     0x62ea116d9bfc - <alloc[2e1b2a31b91974c5]::vec::Vec<u8> as core[a373ad73a504971]::io::write::Write>::write_fmt
[INFO] [stdout]    3:     0x62ea116b1c96 - std[617be2ca0a6fd877]::panicking::default_hook::{closure#0}
[INFO] [stdout]    4:     0x62ea116cdfc9 - std[617be2ca0a6fd877]::panicking::default_hook
[INFO] [stdout]    5:     0x62ea116635a0 - test[aada8e7e76ba119b]::test_main_inner::{closure#0}
[INFO] [stdout]    6:     0x62ea116ce182 - std[617be2ca0a6fd877]::panicking::panic_with_hook
[INFO] [stdout]    7:     0x62ea116b1d42 - std[617be2ca0a6fd877]::panicking::panic_handler::{closure#0}
[INFO] [stdout]    8:     0x62ea116aaa29 - std[617be2ca0a6fd877]::sys::backtrace::__rust_end_short_backtrace::<std[617be2ca0a6fd877]::panicking::panic_handler::{closure#0}, !>
[INFO] [stdout]    9:     0x62ea116b294d - __rustc[ea4f61d10b84890b]::rust_begin_unwind
[INFO] [stdout]   10:     0x62ea116eadbc - core[a373ad73a504971]::panicking::panic_fmt
[INFO] [stdout]   11:     0x62ea116eacd3 - core[a373ad73a504971]::panicking::assert_failed_inner
[INFO] [stdout]   12:     0x62ea116437ad - core[a373ad73a504971]::panicking::assert_failed::<rs_jsonrpc_core[221079fa4a388576]::types::request::Request, rs_jsonrpc_core[221079fa4a388576]::types::request::Request>
[INFO] [stdout]   13:     0x62ea11638caf - <rs_jsonrpc_core[221079fa4a388576]::types::request::request_deserialize_batch::{closure#0} as core[a373ad73a504971]::ops::function::FnOnce<()>>::call_once
[INFO] [stdout]   14:     0x62ea116569eb - test[aada8e7e76ba119b]::__rust_begin_short_backtrace::<core[a373ad73a504971]::result::Result<(), alloc[2e1b2a31b91974c5]::string::String>, fn() -> core[a373ad73a504971]::result::Result<(), alloc[2e1b2a31b91974c5]::string::String>>
[INFO] [stdout]   15:     0x62ea11663bc5 - test[aada8e7e76ba119b]::run_test::{closure#0}
[INFO] [stdout]   16:     0x62ea1165d4b4 - std[617be2ca0a6fd877]::sys::backtrace::__rust_begin_short_backtrace::<test[aada8e7e76ba119b]::run_test::{closure#1}, ()>
[INFO] [stdout]   17:     0x62ea11666c52 - <std[617be2ca0a6fd877]::thread::lifecycle::spawn_unchecked<test[aada8e7e76ba119b]::run_test::{closure#1}, ()>::{closure#1} as core[a373ad73a504971]::ops::function::FnOnce<()>>::call_once::{shim:vtable#0}
[INFO] [stdout]   18:     0x62ea116d518f - <std[617be2ca0a6fd877]::sys::thread::unix::Thread>::new::thread_start
[INFO] [stdout]   19:     0x7a5947549dfa - <unknown>
[INFO] [stdout]   20:     0x7a59475dd3d4 - clone
[INFO] [stdout]   21:                0x0 - <unknown>
[INFO] [stdout] 
[INFO] [stdout] ---- types::request::notification_deserialize stdout ----
[INFO] [stdout] 
[INFO] [stdout] thread 'types::request::notification_deserialize' (472) panicked at src/types/request.rs:192:62:
[INFO] [stdout] called `Result::unwrap()` on an `Err` value: Error("invalid type: sequence, expected a map or sequence", line: 1, column: 49)
[INFO] [stdout] stack backtrace:
[INFO] [stdout]    0:     0x62ea116d5931 - <<std[617be2ca0a6fd877]::sys::backtrace::BacktraceLock>::print::DisplayBacktrace as core[a373ad73a504971]::fmt::Display>::fmt
[INFO] [stdout]    1:     0x62ea116ea68a - core[a373ad73a504971]::fmt::write
[INFO] [stdout]    2:     0x62ea116d9bfc - <alloc[2e1b2a31b91974c5]::vec::Vec<u8> as core[a373ad73a504971]::io::write::Write>::write_fmt
[INFO] [stdout]    3:     0x62ea116b1c96 - std[617be2ca0a6fd877]::panicking::default_hook::{closure#0}
[INFO] [stdout]    4:     0x62ea116cdfc9 - std[617be2ca0a6fd877]::panicking::default_hook
[INFO] [stdout]    5:     0x62ea116635a0 - test[aada8e7e76ba119b]::test_main_inner::{closure#0}
[INFO] [stdout]    6:     0x62ea116ce182 - std[617be2ca0a6fd877]::panicking::panic_with_hook
[INFO] [stdout]    7:     0x62ea116b1d42 - std[617be2ca0a6fd877]::panicking::panic_handler::{closure#0}
[INFO] [stdout]    8:     0x62ea116aaa29 - std[617be2ca0a6fd877]::sys::backtrace::__rust_end_short_backtrace::<std[617be2ca0a6fd877]::panicking::panic_handler::{closure#0}, !>
[INFO] [stdout]    9:     0x62ea116b294d - __rustc[ea4f61d10b84890b]::rust_begin_unwind
[INFO] [stdout]   10:     0x62ea116eadbc - core[a373ad73a504971]::panicking::panic_fmt
[INFO] [stdout]   11:     0x62ea116eab92 - core[a373ad73a504971]::result::unwrap_failed
[INFO] [stdout]   12:     0x62ea116387e9 - <rs_jsonrpc_core[221079fa4a388576]::types::request::notification_deserialize::{closure#0} as core[a373ad73a504971]::ops::function::FnOnce<()>>::call_once
[INFO] [stdout]   13:     0x62ea116569eb - test[aada8e7e76ba119b]::__rust_begin_short_backtrace::<core[a373ad73a504971]::result::Result<(), alloc[2e1b2a31b91974c5]::string::String>, fn() -> core[a373ad73a504971]::result::Result<(), alloc[2e1b2a31b91974c5]::string::String>>
[INFO] [stdout]   14:     0x62ea11663bc5 - test[aada8e7e76ba119b]::run_test::{closure#0}
[INFO] [stdout]   15:     0x62ea1165d4b4 - std[617be2ca0a6fd877]::sys::backtrace::__rust_begin_short_backtrace::<test[aada8e7e76ba119b]::run_test::{closure#1}, ()>
[INFO] [stdout]   16:     0x62ea11666c52 - <std[617be2ca0a6fd877]::thread::lifecycle::spawn_unchecked<test[aada8e7e76ba119b]::run_test::{closure#1}, ()>::{closure#1} as core[a373ad73a504971]::ops::function::FnOnce<()>>::call_once::{shim:vtable#0}
[INFO] [stdout]   17:     0x62ea116d518f - <std[617be2ca0a6fd877]::sys::thread::unix::Thread>::new::thread_start
[INFO] [stdout]   18:     0x7a5947549dfa - <unknown>
[INFO] [stdout]   19:     0x7a59475dd3d4 - clone
[INFO] [stdout]   20:                0x0 - <unknown>
[INFO] [stdout] 
[INFO] [stdout] 
[INFO] [stdout] failures:
[INFO] [stdout]     io::tests::test_async_io_handler
[INFO] [stdout]     io::tests::test_io_handler
[INFO] [stdout]     io::tests::test_io_handler_1dot0
[INFO] [stdout]     io::tests::test_method_alias
[INFO] [stdout]     io::tests::test_method_not_found
[INFO] [stdout]     io::tests::test_notification
[INFO] [stdout]     io::tests::test_notification_alias
[INFO] [stdout]     types::id::tests::id_deserialization
[INFO] [stdout]     types::params::tests::params_deserialization
[INFO] [stdout]     types::params::tests::should_return_meaningful_error_when_deserialization_fails
[INFO] [stdout]     types::request::call_deserialize
[INFO] [stdout]     types::request::notification_deserialize
[INFO] [stdout]     types::request::request_deserialize_batch
[INFO] [stdout]     types::request::request_invalid_returns_id
[INFO] [stdout]     types::response::batch_response_deserialize
[INFO] [stdout]     types::response::failure_output_deserialize
[INFO] [stdout]     types::response::single_response_deserialize
[INFO] [stdout]     types::response::success_output_deserialize
[INFO] [stdout] 
[INFO] [stdout] test result: FAILED. 9 passed; 18 failed; 0 ignored; 0 measured; 0 filtered out; finished in 0.01s
[INFO] [stdout] 
[INFO] running `Command { std: "docker" "inspect" "bd0fc40463da3e6f3ae0261beb530c03128c854ea499975589cd356d4d817ff9", kill_on_drop: false }`
[INFO] running `Command { std: "docker" "rm" "-f" "bd0fc40463da3e6f3ae0261beb530c03128c854ea499975589cd356d4d817ff9", kill_on_drop: false }`
[INFO] [stdout] bd0fc40463da3e6f3ae0261beb530c03128c854ea499975589cd356d4d817ff9
