[INFO] fetching crate rs-i18n 0.0.1...
[INFO] testing rs-i18n-0.0.1 against 1.100.0-beta.1+cargoflags=--release for beta-release-1.100-2
[INFO] extracting crate rs-i18n 0.0.1 into /workspace/builds/worker-1-tc2/source
[INFO] started tweaking crates.io crate rs-i18n 0.0.1
[INFO] finished tweaking crates.io crate rs-i18n 0.0.1
[INFO] tweaked toml for crates.io crate rs-i18n 0.0.1 written to /workspace/builds/worker-1-tc2/source/Cargo.toml
[INFO] validating manifest of crates.io crate rs-i18n 0.0.1 on toolchain 1.100.0-beta.1
[INFO] running `Command { std: CARGO_HOME="/workspace/cargo-home" RUSTUP_HOME="/workspace/rustup-home" "/workspace/cargo-home/bin/cargo" "+1.100.0-beta.1" "metadata" "--manifest-path" "Cargo.toml" "--no-deps", kill_on_drop: false }`
[INFO] running `Command { std: CARGO_HOME="/workspace/cargo-home" RUSTUP_HOME="/workspace/rustup-home" "/workspace/cargo-home/bin/cargo" "+1.100.0-beta.1" "generate-lockfile" "--manifest-path" "Cargo.toml", kill_on_drop: false }`
[INFO] [stderr]     Updating crates.io index
[INFO] [stderr]      Locking 11 packages to highest compatible versions
[INFO] running `Command { std: CARGO_HOME="/workspace/cargo-home" RUSTUP_HOME="/workspace/rustup-home" "/workspace/cargo-home/bin/cargo" "+1.100.0-beta.1" "fetch" "--manifest-path" "Cargo.toml", kill_on_drop: false }`
[INFO] running `Command { std: "docker" "create" "-v" "/var/lib/crater-agent-workspace/builds/worker-1-tc2/source:/opt/rustwide/workdir:ro,Z" "-v" "/var/lib/crater-agent-workspace/builds/worker-1-tc2/target:/opt/rustwide/target:rw,Z" "-v" "/var/lib/crater-agent-workspace/cargo-home:/opt/rustwide/cargo-home:ro,Z" "-v" "/var/lib/crater-agent-workspace/rustup-home:/opt/rustwide/rustup-home:ro,Z" "-m" "1610612736" "--network" "none" "ghcr.io/rust-lang/crates-build-env/linux@sha256:77db811e55d90add9212f6832c23229e3de5f1c1f9905e8cb07319ea15df73ac" "sleep" "infinity", kill_on_drop: false }`
[INFO] [stdout] 6e9601c8dd356fe055bf1869b081bfe9398b70bdfbe142b10fa49b081e36ee61
[INFO] running `Command { std: "docker" "start" "6e9601c8dd356fe055bf1869b081bfe9398b70bdfbe142b10fa49b081e36ee61", kill_on_drop: false }`
[INFO] running `Command { std: "docker" "inspect" "6e9601c8dd356fe055bf1869b081bfe9398b70bdfbe142b10fa49b081e36ee61", kill_on_drop: false }`
[INFO] running `Command { std: "docker" "exec" "-e" "SOURCE_DIR=/opt/rustwide/workdir" "-e" "CARGO_HOME=/opt/rustwide/cargo-home" "-e" "RUSTUP_HOME=/opt/rustwide/rustup-home" "-e" "CARGO_TARGET_DIR=/opt/rustwide/target" "-w" "/opt/rustwide/workdir" "--user" "0:0" "6e9601c8dd356fe055bf1869b081bfe9398b70bdfbe142b10fa49b081e36ee61" "/opt/rustwide/cargo-home/bin/cargo" "+1.100.0-beta.1" "metadata" "--no-deps" "--format-version=1", kill_on_drop: false }`
[INFO] running `Command { std: "docker" "inspect" "6e9601c8dd356fe055bf1869b081bfe9398b70bdfbe142b10fa49b081e36ee61", kill_on_drop: false }`
[INFO] running `Command { std: "docker" "exec" "-e" "SOURCE_DIR=/opt/rustwide/workdir" "-e" "CARGO_HOME=/opt/rustwide/cargo-home" "-e" "RUSTUP_HOME=/opt/rustwide/rustup-home" "-e" "CARGO_TARGET_DIR=/opt/rustwide/target" "-e" "CARGO_INCREMENTAL=0" "-e" "RUST_BACKTRACE=full" "-e" "RUSTFLAGS=--cap-lints=warn" "-e" "RUSTDOCFLAGS=--cap-lints=warn" "-w" "/opt/rustwide/workdir" "--user" "0:0" "6e9601c8dd356fe055bf1869b081bfe9398b70bdfbe142b10fa49b081e36ee61" "/opt/rustwide/cargo-home/bin/cargo" "+1.100.0-beta.1" "build" "--frozen" "--message-format=json" "--release", kill_on_drop: false }`
[INFO] [stderr]    Compiling serde_core v1.0.229
[INFO] [stderr]    Compiling zmij v1.0.23
[INFO] [stderr]    Compiling serde_json v1.0.154
[INFO] [stderr]    Compiling memchr v2.8.3
[INFO] [stderr]    Compiling rs-i18n v0.0.1 (/opt/rustwide/workdir)
[INFO] [stdout] warning: constant `ERR_FROM_STR_I18NS` is never used
[INFO] [stdout]  --> src/core/constants.rs:6:11
[INFO] [stdout]   |
[INFO] [stdout] 6 | pub const ERR_FROM_STR_I18NS: &str = "Cannot Match This Language to I18Ns";
[INFO] [stdout]   |           ^^^^^^^^^^^^^^^^^^
[INFO] [stdout]   |
[INFO] [stdout]   = note: `#[warn(dead_code)]` (part of `#[warn(unused)]`) on by default
[INFO] [stdout] 
[INFO] [stdout] 
[INFO] [stderr]     Finished `release` profile [optimized] target(s) in 9.40s
[INFO] running `Command { std: "docker" "inspect" "6e9601c8dd356fe055bf1869b081bfe9398b70bdfbe142b10fa49b081e36ee61", kill_on_drop: false }`
[INFO] running `Command { std: "docker" "exec" "-e" "SOURCE_DIR=/opt/rustwide/workdir" "-e" "CARGO_HOME=/opt/rustwide/cargo-home" "-e" "RUSTUP_HOME=/opt/rustwide/rustup-home" "-e" "CARGO_TARGET_DIR=/opt/rustwide/target" "-e" "CARGO_INCREMENTAL=0" "-e" "RUST_BACKTRACE=full" "-e" "RUSTFLAGS=--cap-lints=warn" "-e" "RUSTDOCFLAGS=--cap-lints=warn" "-w" "/opt/rustwide/workdir" "--user" "0:0" "6e9601c8dd356fe055bf1869b081bfe9398b70bdfbe142b10fa49b081e36ee61" "/opt/rustwide/cargo-home/bin/cargo" "+1.100.0-beta.1" "test" "--frozen" "--no-run" "--message-format=json" "--release", kill_on_drop: false }`
[INFO] [stderr]    Compiling rs-i18n v0.0.1 (/opt/rustwide/workdir)
[INFO] [stdout] warning: constant `ERR_FROM_STR_I18NS` is never used
[INFO] [stdout]  --> src/core/constants.rs:6:11
[INFO] [stdout]   |
[INFO] [stdout] 6 | pub const ERR_FROM_STR_I18NS: &str = "Cannot Match This Language to I18Ns";
[INFO] [stdout]   |           ^^^^^^^^^^^^^^^^^^
[INFO] [stdout]   |
[INFO] [stdout]   = note: `#[warn(dead_code)]` (part of `#[warn(unused)]`) on by default
[INFO] [stdout] 
[INFO] [stdout] 
[INFO] [stdout] warning: constant `ERR_FROM_STR_I18NS` is never used
[INFO] [stdout]  --> src/core/constants.rs:6:11
[INFO] [stdout]   |
[INFO] [stdout] 6 | pub const ERR_FROM_STR_I18NS: &str = "Cannot Match This Language to I18Ns";
[INFO] [stdout]   |           ^^^^^^^^^^^^^^^^^^
[INFO] [stdout]   |
[INFO] [stdout]   = note: `#[warn(dead_code)]` (part of `#[warn(unused)]`) on by default
[INFO] [stdout] 
[INFO] [stdout] 
[INFO] [stderr]     Finished `release` profile [optimized] target(s) in 1.43s
[INFO] running `Command { std: "docker" "inspect" "6e9601c8dd356fe055bf1869b081bfe9398b70bdfbe142b10fa49b081e36ee61", kill_on_drop: false }`
[INFO] running `Command { std: "docker" "exec" "-e" "SOURCE_DIR=/opt/rustwide/workdir" "-e" "CARGO_HOME=/opt/rustwide/cargo-home" "-e" "RUSTUP_HOME=/opt/rustwide/rustup-home" "-e" "CARGO_TARGET_DIR=/opt/rustwide/target" "-e" "CARGO_INCREMENTAL=0" "-e" "RUST_BACKTRACE=full" "-e" "RUSTFLAGS=--cap-lints=warn" "-e" "RUSTDOCFLAGS=--cap-lints=warn" "-w" "/opt/rustwide/workdir" "--user" "0:0" "6e9601c8dd356fe055bf1869b081bfe9398b70bdfbe142b10fa49b081e36ee61" "/opt/rustwide/cargo-home/bin/cargo" "+1.100.0-beta.1" "test" "--frozen" "--release", kill_on_drop: false }`
[INFO] [stderr] warning: constant `ERR_FROM_STR_I18NS` is never used
[INFO] [stderr]  --> src/core/constants.rs:6:11
[INFO] [stderr]   |
[INFO] [stderr] 6 | pub const ERR_FROM_STR_I18NS: &str = "Cannot Match This Language to I18Ns";
[INFO] [stderr]   |           ^^^^^^^^^^^^^^^^^^
[INFO] [stderr]   |
[INFO] [stderr]   = note: `#[warn(dead_code)]` (part of `#[warn(unused)]`) on by default
[INFO] [stderr] 
[INFO] [stderr] warning: `rs-i18n` (lib) generated 1 warning
[INFO] [stderr] warning: `rs-i18n` (lib test) generated 1 warning (1 duplicate)
[INFO] [stderr]     Finished `release` profile [optimized] target(s) in 0.03s
[INFO] [stderr]      Running unittests src/lib.rs (/opt/rustwide/target/release/build/rs-i18n/b85fbd2132c8af5a/out/rs_i18n-b85fbd2132c8af5a)
[INFO] [stdout] 
[INFO] [stdout] running 5 tests
[INFO] [stderr] error: test failed, to rerun pass `--lib`
[INFO] [stdout] test core::load::test_loader::test_load_loader ... FAILED
[INFO] [stdout] test core::common::dev::test_dev::test_build ... FAILED
[INFO] [stdout] test core::load::test_loader::test_get_configuration ... FAILED
[INFO] [stdout] test core::load::test_loader::test_get_sys_lang ... FAILED
[INFO] [stdout] test core::load::test_loader::test_new_loader ... FAILED
[INFO] [stdout] 
[INFO] [stdout] failures:
[INFO] [stdout] 
[INFO] [stdout] ---- core::load::test_loader::test_load_loader stdout ----
[INFO] [stdout] 
[INFO] [stdout] thread 'core::load::test_loader::test_load_loader' (272) panicked at src/core/load.rs:63:14:
[INFO] [stdout] called `Result::unwrap()` on an `Err` value: Os { code: 2, kind: NotFound, message: "No such file or directory" }
[INFO] [stdout] stack backtrace:
[INFO] [stdout]    0:     0x62fc314a38b1 - <<std[617be2ca0a6fd877]::sys::backtrace::BacktraceLock>::print::DisplayBacktrace as core[a373ad73a504971]::fmt::Display>::fmt
[INFO] [stdout]    1:     0x62fc314b8e6a - core[a373ad73a504971]::fmt::write
[INFO] [stdout]    2:     0x62fc314a7dbc - <alloc[2e1b2a31b91974c5]::vec::Vec<u8> as core[a373ad73a504971]::io::write::Write>::write_fmt
[INFO] [stdout]    3:     0x62fc3147f816 - std[617be2ca0a6fd877]::panicking::default_hook::{closure#0}
[INFO] [stdout]    4:     0x62fc3149bc99 - std[617be2ca0a6fd877]::panicking::default_hook
[INFO] [stdout]    5:     0x62fc31434690 - test[aada8e7e76ba119b]::test_main_inner::{closure#0}
[INFO] [stdout]    6:     0x62fc3149be52 - std[617be2ca0a6fd877]::panicking::panic_with_hook
[INFO] [stdout]    7:     0x62fc3147f8c2 - std[617be2ca0a6fd877]::panicking::panic_handler::{closure#0}
[INFO] [stdout]    8:     0x62fc31478539 - std[617be2ca0a6fd877]::sys::backtrace::__rust_end_short_backtrace::<std[617be2ca0a6fd877]::panicking::panic_handler::{closure#0}, !>
[INFO] [stdout]    9:     0x62fc314804cd - __rustc[ea4f61d10b84890b]::rust_begin_unwind
[INFO] [stdout]   10:     0x62fc314b959c - core[a373ad73a504971]::panicking::panic_fmt
[INFO] [stdout]   11:     0x62fc314b9372 - core[a373ad73a504971]::result::unwrap_failed
[INFO] [stdout]   12:     0x62fc31424ea6 - <rs_i18n[58e9758097a480f8]::core::load::Loader>::load
[INFO] [stdout]   13:     0x62fc314274c9 - <rs_i18n[58e9758097a480f8]::core::load::test_loader::test_load_loader::{closure#0} as core[a373ad73a504971]::ops::function::FnOnce<()>>::call_once
[INFO] [stdout]   14:     0x62fc31427adb - test[aada8e7e76ba119b]::__rust_begin_short_backtrace::<core[a373ad73a504971]::result::Result<(), alloc[2e1b2a31b91974c5]::string::String>, fn() -> core[a373ad73a504971]::result::Result<(), alloc[2e1b2a31b91974c5]::string::String>>
[INFO] [stdout]   15:     0x62fc31434cb5 - test[aada8e7e76ba119b]::run_test::{closure#0}
[INFO] [stdout]   16:     0x62fc3142e5a4 - std[617be2ca0a6fd877]::sys::backtrace::__rust_begin_short_backtrace::<test[aada8e7e76ba119b]::run_test::{closure#1}, ()>
[INFO] [stdout]   17:     0x62fc31437d42 - <std[617be2ca0a6fd877]::thread::lifecycle::spawn_unchecked<test[aada8e7e76ba119b]::run_test::{closure#1}, ()>::{closure#1} as core[a373ad73a504971]::ops::function::FnOnce<()>>::call_once::{shim:vtable#0}
[INFO] [stdout]   18:     0x62fc314a310f - <std[617be2ca0a6fd877]::sys::thread::unix::Thread>::new::thread_start
[INFO] [stdout]   19:     0x7dbe2c939dfa - <unknown>
[INFO] [stdout]   20:     0x7dbe2c9cd3d4 - clone
[INFO] [stdout]   21:                0x0 - <unknown>
[INFO] [stdout] 
[INFO] [stdout] ---- core::common::dev::test_dev::test_build stdout ----
[INFO] [stdout] 
[INFO] [stdout] thread 'core::common::dev::test_dev::test_build' (269) panicked at src/core/common/dev.rs:26:23:
[INFO] [stdout] Cannot create file when dev
[INFO] [stdout] stack backtrace:
[INFO] [stdout]    0:     0x62fc314a38b1 - <<std[617be2ca0a6fd877]::sys::backtrace::BacktraceLock>::print::DisplayBacktrace as core[a373ad73a504971]::fmt::Display>::fmt
[INFO] [stdout]    1:     0x62fc314b8e6a - core[a373ad73a504971]::fmt::write
[INFO] [stdout]    2:     0x62fc314a7dbc - <alloc[2e1b2a31b91974c5]::vec::Vec<u8> as core[a373ad73a504971]::io::write::Write>::write_fmt
[INFO] [stdout]    3:     0x62fc3147f816 - std[617be2ca0a6fd877]::panicking::default_hook::{closure#0}
[INFO] [stdout]    4:     0x62fc3149bc99 - std[617be2ca0a6fd877]::panicking::default_hook
[INFO] [stdout]    5:     0x62fc31434690 - test[aada8e7e76ba119b]::test_main_inner::{closure#0}
[INFO] [stdout]    6:     0x62fc3149be52 - std[617be2ca0a6fd877]::panicking::panic_with_hook
[INFO] [stdout]    7:     0x62fc3147f8c2 - std[617be2ca0a6fd877]::panicking::panic_handler::{closure#0}
[INFO] [stdout]    8:     0x62fc31478539 - std[617be2ca0a6fd877]::sys::backtrace::__rust_end_short_backtrace::<std[617be2ca0a6fd877]::panicking::panic_handler::{closure#0}, !>
[INFO] [stdout]    9:     0x62fc314804cd - __rustc[ea4f61d10b84890b]::rust_begin_unwind
[INFO] [stdout]   10:     0x62fc314b959c - core[a373ad73a504971]::panicking::panic_fmt
[INFO] [stdout]   11:     0x62fc314246fc - <rs_i18n[58e9758097a480f8]::core::common::dev::Dev>::build
[INFO] [stdout]   12:     0x62fc314279ae - <rs_i18n[58e9758097a480f8]::core::common::dev::test_dev::test_build::{closure#0} as core[a373ad73a504971]::ops::function::FnOnce<()>>::call_once
[INFO] [stdout]   13:     0x62fc31427adb - test[aada8e7e76ba119b]::__rust_begin_short_backtrace::<core[a373ad73a504971]::result::Result<(), alloc[2e1b2a31b91974c5]::string::String>, fn() -> core[a373ad73a504971]::result::Result<(), alloc[2e1b2a31b91974c5]::string::String>>
[INFO] [stdout]   14:     0x62fc31434cb5 - test[aada8e7e76ba119b]::run_test::{closure#0}
[INFO] [stdout]   15:     0x62fc3142e5a4 - std[617be2ca0a6fd877]::sys::backtrace::__rust_begin_short_backtrace::<test[aada8e7e76ba119b]::run_test::{closure#1}, ()>
[INFO] [stdout]   16:     0x62fc31437d42 - <std[617be2ca0a6fd877]::thread::lifecycle::spawn_unchecked<test[aada8e7e76ba119b]::run_test::{closure#1}, ()>::{closure#1} as core[a373ad73a504971]::ops::function::FnOnce<()>>::call_once::{shim:vtable#0}
[INFO] [stdout]   17:     0x62fc314a310f - <std[617be2ca0a6fd877]::sys::thread::unix::Thread>::new::thread_start
[INFO] [stdout]   18:     0x7dbe2c939dfa - <unknown>
[INFO] [stdout]   19:     0x7dbe2c9cd3d4 - clone
[INFO] [stdout]   20:                0x0 - <unknown>
[INFO] [stdout] 
[INFO] [stdout] ---- core::load::test_loader::test_get_configuration stdout ----
[INFO] [stdout] 
[INFO] [stdout] thread 'core::load::test_loader::test_get_configuration' (270) panicked at src/core/load.rs:102:23:
[INFO] [stdout] No such file or directory (os error 2)
[INFO] [stdout] stack backtrace:
[INFO] [stdout]    0:     0x62fc314a38b1 - <<std[617be2ca0a6fd877]::sys::backtrace::BacktraceLock>::print::DisplayBacktrace as core[a373ad73a504971]::fmt::Display>::fmt
[INFO] [stdout]    1:     0x62fc314b8e6a - core[a373ad73a504971]::fmt::write
[INFO] [stdout]    2:     0x62fc314a7dbc - <alloc[2e1b2a31b91974c5]::vec::Vec<u8> as core[a373ad73a504971]::io::write::Write>::write_fmt
[INFO] [stdout]    3:     0x62fc3147f816 - std[617be2ca0a6fd877]::panicking::default_hook::{closure#0}
[INFO] [stdout]    4:     0x62fc3149bc99 - std[617be2ca0a6fd877]::panicking::default_hook
[INFO] [stdout]    5:     0x62fc31434690 - test[aada8e7e76ba119b]::test_main_inner::{closure#0}
[INFO] [stdout]    6:     0x62fc3149be52 - std[617be2ca0a6fd877]::panicking::panic_with_hook
[INFO] [stdout]    7:     0x62fc3147f8c2 - std[617be2ca0a6fd877]::panicking::panic_handler::{closure#0}
[INFO] [stdout]    8:     0x62fc31478539 - std[617be2ca0a6fd877]::sys::backtrace::__rust_end_short_backtrace::<std[617be2ca0a6fd877]::panicking::panic_handler::{closure#0}, !>
[INFO] [stdout]    9:     0x62fc314804cd - __rustc[ea4f61d10b84890b]::rust_begin_unwind
[INFO] [stdout]   10:     0x62fc314b959c - core[a373ad73a504971]::panicking::panic_fmt
[INFO] [stdout]   11:     0x62fc31424c28 - <rs_i18n[58e9758097a480f8]::core::load::Loader>::get_configuration
[INFO] [stdout]   12:     0x62fc314276b7 - <rs_i18n[58e9758097a480f8]::core::load::test_loader::test_get_configuration::{closure#0} as core[a373ad73a504971]::ops::function::FnOnce<()>>::call_once
[INFO] [stdout]   13:     0x62fc31427adb - test[aada8e7e76ba119b]::__rust_begin_short_backtrace::<core[a373ad73a504971]::result::Result<(), alloc[2e1b2a31b91974c5]::string::String>, fn() -> core[a373ad73a504971]::result::Result<(), alloc[2e1b2a31b91974c5]::string::String>>
[INFO] [stdout]   14:     0x62fc31434cb5 - test[aada8e7e76ba119b]::run_test::{closure#0}
[INFO] [stdout]   15:     0x62fc3142e5a4 - std[617be2ca0a6fd877]::sys::backtrace::__rust_begin_short_backtrace::<test[aada8e7e76ba119b]::run_test::{closure#1}, ()>
[INFO] [stdout]   16:     0x62fc31437d42 - <std[617be2ca0a6fd877]::thread::lifecycle::spawn_unchecked<test[aada8e7e76ba119b]::run_test::{closure#1}, ()>::{closure#1} as core[a373ad73a504971]::ops::function::FnOnce<()>>::call_once::{shim:vtable#0}
[INFO] [stdout]   17:     0x62fc314a310f - <std[617be2ca0a6fd877]::sys::thread::unix::Thread>::new::thread_start
[INFO] [stdout]   18:     0x7dbe2c939dfa - <unknown>
[INFO] [stdout]   19:     0x7dbe2c9cd3d4 - clone
[INFO] [stdout]   20:                0x0 - <unknown>
[INFO] [stdout] 
[INFO] [stdout] ---- core::load::test_loader::test_get_sys_lang stdout ----
[INFO] [stdout] 
[INFO] [stdout] thread 'core::load::test_loader::test_get_sys_lang' (271) panicked at src/core/load.rs:77:37:
[INFO] [stdout] called `Result::unwrap()` on an `Err` value: NotPresent
[INFO] [stdout] stack backtrace:
[INFO] [stdout]    0:     0x62fc314a38b1 - <<std[617be2ca0a6fd877]::sys::backtrace::BacktraceLock>::print::DisplayBacktrace as core[a373ad73a504971]::fmt::Display>::fmt
[INFO] [stdout]    1:     0x62fc314b8e6a - core[a373ad73a504971]::fmt::write
[INFO] [stdout]    2:     0x62fc314a7dbc - <alloc[2e1b2a31b91974c5]::vec::Vec<u8> as core[a373ad73a504971]::io::write::Write>::write_fmt
[INFO] [stdout]    3:     0x62fc3147f816 - std[617be2ca0a6fd877]::panicking::default_hook::{closure#0}
[INFO] [stdout]    4:     0x62fc3149bc99 - std[617be2ca0a6fd877]::panicking::default_hook
[INFO] [stdout]    5:     0x62fc31434690 - test[aada8e7e76ba119b]::test_main_inner::{closure#0}
[INFO] [stdout]    6:     0x62fc3149be52 - std[617be2ca0a6fd877]::panicking::panic_with_hook
[INFO] [stdout]    7:     0x62fc3147f8c2 - std[617be2ca0a6fd877]::panicking::panic_handler::{closure#0}
[INFO] [stdout]    8:     0x62fc31478539 - std[617be2ca0a6fd877]::sys::backtrace::__rust_end_short_backtrace::<std[617be2ca0a6fd877]::panicking::panic_handler::{closure#0}, !>
[INFO] [stdout]    9:     0x62fc314804cd - __rustc[ea4f61d10b84890b]::rust_begin_unwind
[INFO] [stdout]   10:     0x62fc314b959c - core[a373ad73a504971]::panicking::panic_fmt
[INFO] [stdout]   11:     0x62fc314b9372 - core[a373ad73a504971]::result::unwrap_failed
[INFO] [stdout]   12:     0x62fc314248c9 - <rs_i18n[58e9758097a480f8]::core::load::Loader>::get_sys_lang
[INFO] [stdout]   13:     0x62fc314275ef - <rs_i18n[58e9758097a480f8]::core::load::test_loader::test_get_sys_lang::{closure#0} as core[a373ad73a504971]::ops::function::FnOnce<()>>::call_once
[INFO] [stdout]   14:     0x62fc31427adb - test[aada8e7e76ba119b]::__rust_begin_short_backtrace::<core[a373ad73a504971]::result::Result<(), alloc[2e1b2a31b91974c5]::string::String>, fn() -> core[a373ad73a504971]::result::Result<(), alloc[2e1b2a31b91974c5]::string::String>>
[INFO] [stdout]   15:     0x62fc31434cb5 - test[aada8e7e76ba119b]::run_test::{closure#0}
[INFO] [stdout]   16:     0x62fc3142e5a4 - std[617be2ca0a6fd877]::sys::backtrace::__rust_begin_short_backtrace::<test[aada8e7e76ba119b]::run_test::{closure#1}, ()>
[INFO] [stdout]   17:     0x62fc31437d42 - <std[617be2ca0a6fd877]::thread::lifecycle::spawn_unchecked<test[aada8e7e76ba119b]::run_test::{closure#1}, ()>::{closure#1} as core[a373ad73a504971]::ops::function::FnOnce<()>>::call_once::{shim:vtable#0}
[INFO] [stdout]   18:     0x62fc314a310f - <std[617be2ca0a6fd877]::sys::thread::unix::Thread>::new::thread_start
[INFO] [stdout]   19:     0x7dbe2c939dfa - <unknown>
[INFO] [stdout]   20:     0x7dbe2c9cd3d4 - clone
[INFO] [stdout]   21:                0x0 - <unknown>
[INFO] [stdout] 
[INFO] [stdout] ---- core::load::test_loader::test_new_loader stdout ----
[INFO] [stdout] 
[INFO] [stdout] thread 'core::load::test_loader::test_new_loader' (273) panicked at src/core/load.rs:102:23:
[INFO] [stdout] No such file or directory (os error 2)
[INFO] [stdout] stack backtrace:
[INFO] [stdout]    0:     0x62fc314a38b1 - <<std[617be2ca0a6fd877]::sys::backtrace::BacktraceLock>::print::DisplayBacktrace as core[a373ad73a504971]::fmt::Display>::fmt
[INFO] [stdout]    1:     0x62fc314b8e6a - core[a373ad73a504971]::fmt::write
[INFO] [stdout]    2:     0x62fc314a7dbc - <alloc[2e1b2a31b91974c5]::vec::Vec<u8> as core[a373ad73a504971]::io::write::Write>::write_fmt
[INFO] [stdout]    3:     0x62fc3147f816 - std[617be2ca0a6fd877]::panicking::default_hook::{closure#0}
[INFO] [stdout]    4:     0x62fc3149bc99 - std[617be2ca0a6fd877]::panicking::default_hook
[INFO] [stdout]    5:     0x62fc31434690 - test[aada8e7e76ba119b]::test_main_inner::{closure#0}
[INFO] [stdout]    6:     0x62fc3149be52 - std[617be2ca0a6fd877]::panicking::panic_with_hook
[INFO] [stdout]    7:     0x62fc3147f8c2 - std[617be2ca0a6fd877]::panicking::panic_handler::{closure#0}
[INFO] [stdout]    8:     0x62fc31478539 - std[617be2ca0a6fd877]::sys::backtrace::__rust_end_short_backtrace::<std[617be2ca0a6fd877]::panicking::panic_handler::{closure#0}, !>
[INFO] [stdout]    9:     0x62fc314804cd - __rustc[ea4f61d10b84890b]::rust_begin_unwind
[INFO] [stdout]   10:     0x62fc314b959c - core[a373ad73a504971]::panicking::panic_fmt
[INFO] [stdout]   11:     0x62fc31424c28 - <rs_i18n[58e9758097a480f8]::core::load::Loader>::get_configuration
[INFO] [stdout]   12:     0x62fc3142731e - <rs_i18n[58e9758097a480f8]::core::load::test_loader::test_new_loader::{closure#0} as core[a373ad73a504971]::ops::function::FnOnce<()>>::call_once
[INFO] [stdout]   13:     0x62fc31427adb - test[aada8e7e76ba119b]::__rust_begin_short_backtrace::<core[a373ad73a504971]::result::Result<(), alloc[2e1b2a31b91974c5]::string::String>, fn() -> core[a373ad73a504971]::result::Result<(), alloc[2e1b2a31b91974c5]::string::String>>
[INFO] [stdout]   14:     0x62fc31434cb5 - test[aada8e7e76ba119b]::run_test::{closure#0}
[INFO] [stdout]   15:     0x62fc3142e5a4 - std[617be2ca0a6fd877]::sys::backtrace::__rust_begin_short_backtrace::<test[aada8e7e76ba119b]::run_test::{closure#1}, ()>
[INFO] [stdout]   16:     0x62fc31437d42 - <std[617be2ca0a6fd877]::thread::lifecycle::spawn_unchecked<test[aada8e7e76ba119b]::run_test::{closure#1}, ()>::{closure#1} as core[a373ad73a504971]::ops::function::FnOnce<()>>::call_once::{shim:vtable#0}
[INFO] [stdout]   17:     0x62fc314a310f - <std[617be2ca0a6fd877]::sys::thread::unix::Thread>::new::thread_start
[INFO] [stdout]   18:     0x7dbe2c939dfa - <unknown>
[INFO] [stdout]   19:     0x7dbe2c9cd3d4 - clone
[INFO] [stdout]   20:                0x0 - <unknown>
[INFO] [stdout] 
[INFO] [stdout] 
[INFO] [stdout] failures:
[INFO] [stdout]     core::common::dev::test_dev::test_build
[INFO] [stdout]     core::load::test_loader::test_get_configuration
[INFO] [stdout]     core::load::test_loader::test_get_sys_lang
[INFO] [stdout]     core::load::test_loader::test_load_loader
[INFO] [stdout]     core::load::test_loader::test_new_loader
[INFO] [stdout] 
[INFO] [stdout] test result: FAILED. 0 passed; 5 failed; 0 ignored; 0 measured; 0 filtered out; finished in 0.00s
[INFO] [stdout] 
[INFO] running `Command { std: "docker" "inspect" "6e9601c8dd356fe055bf1869b081bfe9398b70bdfbe142b10fa49b081e36ee61", kill_on_drop: false }`
[INFO] running `Command { std: "docker" "rm" "-f" "6e9601c8dd356fe055bf1869b081bfe9398b70bdfbe142b10fa49b081e36ee61", kill_on_drop: false }`
[INFO] [stdout] 6e9601c8dd356fe055bf1869b081bfe9398b70bdfbe142b10fa49b081e36ee61
