[INFO] fetching crate rs-fsring 3.1.0...
[INFO] testing rs-fsring-3.1.0 against 1.100.0-beta.1+cargoflags=--release for beta-release-1.100-2
[INFO] extracting crate rs-fsring 3.1.0 into /workspace/builds/worker-2-tc2/source
[INFO] started tweaking crates.io crate rs-fsring 3.1.0
[INFO] finished tweaking crates.io crate rs-fsring 3.1.0
[INFO] tweaked toml for crates.io crate rs-fsring 3.1.0 written to /workspace/builds/worker-2-tc2/source/Cargo.toml
[INFO] validating manifest of crates.io crate rs-fsring 3.1.0 on toolchain 1.100.0-beta.1
[INFO] running `Command { std: CARGO_HOME="/workspace/cargo-home" RUSTUP_HOME="/workspace/rustup-home" "/workspace/cargo-home/bin/cargo" "+1.100.0-beta.1" "metadata" "--manifest-path" "Cargo.toml" "--no-deps", kill_on_drop: false }`
[INFO] running `Command { std: CARGO_HOME="/workspace/cargo-home" RUSTUP_HOME="/workspace/rustup-home" "/workspace/cargo-home/bin/cargo" "+1.100.0-beta.1" "generate-lockfile" "--manifest-path" "Cargo.toml", kill_on_drop: false }`
[INFO] running `Command { std: CARGO_HOME="/workspace/cargo-home" RUSTUP_HOME="/workspace/rustup-home" "/workspace/cargo-home/bin/cargo" "+1.100.0-beta.1" "fetch" "--manifest-path" "Cargo.toml", kill_on_drop: false }`
[INFO] running `Command { std: "docker" "create" "-v" "/var/lib/crater-agent-workspace/builds/worker-2-tc2/source:/opt/rustwide/workdir:ro,Z" "-v" "/var/lib/crater-agent-workspace/builds/worker-2-tc2/target:/opt/rustwide/target:rw,Z" "-v" "/var/lib/crater-agent-workspace/cargo-home:/opt/rustwide/cargo-home:ro,Z" "-v" "/var/lib/crater-agent-workspace/rustup-home:/opt/rustwide/rustup-home:ro,Z" "-m" "1610612736" "--network" "none" "ghcr.io/rust-lang/crates-build-env/linux@sha256:77db811e55d90add9212f6832c23229e3de5f1c1f9905e8cb07319ea15df73ac" "sleep" "infinity", kill_on_drop: false }`
[INFO] [stdout] 6094462dac43a1473ea00357f136cca76f267a4600ad2d7699f3dd47f3b79afa
[INFO] running `Command { std: "docker" "start" "6094462dac43a1473ea00357f136cca76f267a4600ad2d7699f3dd47f3b79afa", kill_on_drop: false }`
[INFO] running `Command { std: "docker" "inspect" "6094462dac43a1473ea00357f136cca76f267a4600ad2d7699f3dd47f3b79afa", kill_on_drop: false }`
[INFO] running `Command { std: "docker" "exec" "-e" "SOURCE_DIR=/opt/rustwide/workdir" "-e" "CARGO_HOME=/opt/rustwide/cargo-home" "-e" "RUSTUP_HOME=/opt/rustwide/rustup-home" "-e" "CARGO_TARGET_DIR=/opt/rustwide/target" "-w" "/opt/rustwide/workdir" "--user" "0:0" "6094462dac43a1473ea00357f136cca76f267a4600ad2d7699f3dd47f3b79afa" "/opt/rustwide/cargo-home/bin/cargo" "+1.100.0-beta.1" "metadata" "--no-deps" "--format-version=1", kill_on_drop: false }`
[INFO] running `Command { std: "docker" "inspect" "6094462dac43a1473ea00357f136cca76f267a4600ad2d7699f3dd47f3b79afa", kill_on_drop: false }`
[INFO] running `Command { std: "docker" "exec" "-e" "SOURCE_DIR=/opt/rustwide/workdir" "-e" "CARGO_HOME=/opt/rustwide/cargo-home" "-e" "RUSTUP_HOME=/opt/rustwide/rustup-home" "-e" "CARGO_TARGET_DIR=/opt/rustwide/target" "-e" "CARGO_INCREMENTAL=0" "-e" "RUST_BACKTRACE=full" "-e" "RUSTFLAGS=--cap-lints=warn" "-e" "RUSTDOCFLAGS=--cap-lints=warn" "-w" "/opt/rustwide/workdir" "--user" "0:0" "6094462dac43a1473ea00357f136cca76f267a4600ad2d7699f3dd47f3b79afa" "/opt/rustwide/cargo-home/bin/cargo" "+1.100.0-beta.1" "build" "--frozen" "--message-format=json" "--release", kill_on_drop: false }`
[INFO] [stderr]    Compiling rs-fsring v3.1.0 (/opt/rustwide/workdir)
[INFO] [stderr]     Finished `release` profile [optimized] target(s) in 0.38s
[INFO] running `Command { std: "docker" "inspect" "6094462dac43a1473ea00357f136cca76f267a4600ad2d7699f3dd47f3b79afa", kill_on_drop: false }`
[INFO] running `Command { std: "docker" "exec" "-e" "SOURCE_DIR=/opt/rustwide/workdir" "-e" "CARGO_HOME=/opt/rustwide/cargo-home" "-e" "RUSTUP_HOME=/opt/rustwide/rustup-home" "-e" "CARGO_TARGET_DIR=/opt/rustwide/target" "-e" "CARGO_INCREMENTAL=0" "-e" "RUST_BACKTRACE=full" "-e" "RUSTFLAGS=--cap-lints=warn" "-e" "RUSTDOCFLAGS=--cap-lints=warn" "-w" "/opt/rustwide/workdir" "--user" "0:0" "6094462dac43a1473ea00357f136cca76f267a4600ad2d7699f3dd47f3b79afa" "/opt/rustwide/cargo-home/bin/cargo" "+1.100.0-beta.1" "test" "--frozen" "--no-run" "--message-format=json" "--release", kill_on_drop: false }`
[INFO] [stderr]    Compiling rs-fsring v3.1.0 (/opt/rustwide/workdir)
[INFO] [stdout] warning: unnecessary parentheses around closure body
[INFO] [stdout]    --> src/u/buf.rs:291:34
[INFO] [stdout]     |
[INFO] [stdout] 291 |             let chk = |_: &[u8]| (b"cafef00ddeadbeafface864299792458".to_vec());
[INFO] [stdout]     |                                  ^                                            ^
[INFO] [stdout]     |
[INFO] [stdout]     = note: `#[warn(unused_parens)]` (part of `#[warn(unused)]`) on by default
[INFO] [stdout] help: remove these parentheses
[INFO] [stdout]     |
[INFO] [stdout] 291 -             let chk = |_: &[u8]| (b"cafef00ddeadbeafface864299792458".to_vec());
[INFO] [stdout] 291 +             let chk = |_: &[u8]| b"cafef00ddeadbeafface864299792458".to_vec();
[INFO] [stdout]     |
[INFO] [stdout] 
[INFO] [stdout] 
[INFO] [stderr]     Finished `release` profile [optimized] target(s) in 2.04s
[INFO] running `Command { std: "docker" "inspect" "6094462dac43a1473ea00357f136cca76f267a4600ad2d7699f3dd47f3b79afa", kill_on_drop: false }`
[INFO] running `Command { std: "docker" "exec" "-e" "SOURCE_DIR=/opt/rustwide/workdir" "-e" "CARGO_HOME=/opt/rustwide/cargo-home" "-e" "RUSTUP_HOME=/opt/rustwide/rustup-home" "-e" "CARGO_TARGET_DIR=/opt/rustwide/target" "-e" "CARGO_INCREMENTAL=0" "-e" "RUST_BACKTRACE=full" "-e" "RUSTFLAGS=--cap-lints=warn" "-e" "RUSTDOCFLAGS=--cap-lints=warn" "-w" "/opt/rustwide/workdir" "--user" "0:0" "6094462dac43a1473ea00357f136cca76f267a4600ad2d7699f3dd47f3b79afa" "/opt/rustwide/cargo-home/bin/cargo" "+1.100.0-beta.1" "test" "--frozen" "--release", kill_on_drop: false }`
[INFO] [stderr] warning: unnecessary parentheses around closure body
[INFO] [stderr]    --> src/u/buf.rs:291:34
[INFO] [stderr]     |
[INFO] [stderr] 291 |             let chk = |_: &[u8]| (b"cafef00ddeadbeafface864299792458".to_vec());
[INFO] [stderr]     |                                  ^                                            ^
[INFO] [stderr]     |
[INFO] [stderr]     = note: `#[warn(unused_parens)]` (part of `#[warn(unused)]`) on by default
[INFO] [stderr] help: remove these parentheses
[INFO] [stderr]     |
[INFO] [stderr] 291 -             let chk = |_: &[u8]| (b"cafef00ddeadbeafface864299792458".to_vec());
[INFO] [stderr] 291 +             let chk = |_: &[u8]| b"cafef00ddeadbeafface864299792458".to_vec();
[INFO] [stderr]     |
[INFO] [stderr] 
[INFO] [stderr] warning: `rs-fsring` (lib test) generated 1 warning (run `cargo fix --lib -p rs-fsring --tests` to apply 1 suggestion)
[INFO] [stderr]     Finished `release` profile [optimized] target(s) in 0.01s
[INFO] [stderr]      Running unittests src/lib.rs (/opt/rustwide/target/release/build/rs-fsring/cf8533656e9e2eb0/out/rs_fsring-cf8533656e9e2eb0)
[INFO] [stdout] 
[INFO] [stdout] running 47 tests
[INFO] [stdout] test empty::test_empty::empty_checker_new_default::test_empty ... ignored
[INFO] [stdout] test empty::test_empty::kind2empty::test_noent ... ok
[INFO] [stdout] test integer::u::test_u::next_gen_by_prev_u8_new::test_valid_name ... ok
[INFO] [stdout] test empty::test_empty::len2empty::test_zero ... ok
[INFO] [stdout] test list::test_list::list_request_handler_new_default::test_all_empty ... ignored
[INFO] [stdout] test integer::u::test_u::u2n3_hex::test_max ... ok
[INFO] [stdout] test integer::u::test_u::next_gen_by_prev_u8_hex::test_valid_name ... ok
[INFO] [stdout] test integer::u::test_u::u2n3_hex::test_zero ... ok
[INFO] [stdout] test list::test_list::list_request_handler_new::test_empty ... ok
[INFO] [stdout] test list::test_list::list_request_handler_new::test_nonempty_all ... ok
[INFO] [stdout] test list::test_list::list_request_handler_new::test_unable2get_list ... ok
[INFO] [stdout] test empty::test_empty::nonempty_checker_new::test_empty ... ok
[INFO] [stdout] test empty::test_empty::kind2empty::test_err ... ok
[INFO] [stdout] test list::u::test_u::list_names_u8_all_new::test_len ... ok
[INFO] [stdout] test integer::u::test_u::name_checker_u8_new::test_zero ... ok
[INFO] [stdout] test list::test_list::list_request_handler_new::test_empty_all ... ok
[INFO] [stdout] test list::test_list::list_request_handler_new::test_filter_err ... ok
[INFO] [stdout] test next::u::test_u::next_random_u8_new_from_path_default::test_single ... ignored
[INFO] [stdout] test full::test_full::fullpath_builder_new::test_u8 ... ok
[INFO] [stdout] test empty::test_empty::len2empty::test_non0 ... ok
[INFO] [stdout] test test_lib::remove_broken_buffers::test_invalid ... ignored
[INFO] [stdout] test test_lib::remove_broken_buffers::test_valid ... ignored
[INFO] [stdout] test test_lib::remove_broken_buffers::test_without_checksum ... ignored
[INFO] [stdout] test u::buf::test_buf::ring_buffer_u8_new_default::test_del ... ignored
[INFO] [stdout] test u::buf::test_buf::ring_buffer_u8_new_default::test_get ... ignored
[INFO] [stdout] test u::buf::test_buf::ring_buffer_u8_new_default::test_list ... ignored
[INFO] [stdout] test u::buf::test_buf::ring_buffer_u8_new_default::test_push ... ignored
[INFO] [stdout] test u::buf::test_buf::ring_buffer_u8_new_default_with_checksum::test_checksum_invalid ... ignored
[INFO] [stdout] test u::buf::test_buf::ring_buffer_u8_new_default_with_checksum::test_checksum_valid ... ignored
[INFO] [stdout] test u::buf::test_buf::ring_buffer_u8_new_default_with_checksum::test_push ... ignored
[INFO] [stdout] test u::buf::test_buf::ring_buffer_u8_new_default_with_checksum::test_valid ... ignored
[INFO] [stdout] test write::test_write::writer_unchecked_new_default::test_dir_noent ... ignored
[INFO] [stdout] test integer::u::test_u::name_checker_u8_new::test_all_valid ... ok
[INFO] [stdout] test next::test_next::get_next_checked_new::test_used ... ok
[INFO] [stdout] test next::test_next::get_next_checked_new::test_unexpected ... ok
[INFO] [stdout] test integer::u::test_u::name_checker_u8_new::test_invalid ... ok
[INFO] [stdout] test next::test_next::get_next_simple_retry::test_empty1st ... ok
[INFO] [stdout] test next::test_next::get_next_simple_retry::test_empty_candidates ... ok
[INFO] [stdout] test next::test_next::get_next_simple_retry::test_no_empty ... ok
[INFO] [stdout] test next::u::test_u::next_random_u8_new_from_read::test_number ... ok
[INFO] [stdout] test push::test_push::push_new::test_no_next ... ok
[INFO] [stdout] test next::test_next::get_next_checked_new::test_empty ... ok
[INFO] [stdout] test next::u::test_u::next_u8_iter_new::test_256 ... ok
[INFO] [stdout] test read::test_read::read_handler_new_default::test_empty ... FAILED
[INFO] [stdout] test read::test_read::read_handler_new_default_with_checksum::test_empty ... FAILED
[INFO] [stdout] test write::test_write::writer_checked_new::test_non_empty ... ok
[INFO] [stdout] test next::test_next::get_next_checked_new::test_noent ... ok
[INFO] [stdout] 
[INFO] [stdout] failures:
[INFO] [stdout] 
[INFO] [stdout] ---- read::test_read::read_handler_new_default::test_empty stdout ----
[INFO] [stdout] 
[INFO] [stdout] thread 'read::test_read::read_handler_new_default::test_empty' (218) panicked at src/read.rs:192:47:
[INFO] [stdout] called `Result::unwrap()` on an `Err` value: Os { code: 30, kind: ReadOnlyFilesystem, message: "Read-only file system" }
[INFO] [stdout] stack backtrace:
[INFO] [stdout]    0:     0x64138d62c8d1 - <<std[617be2ca0a6fd877]::sys::backtrace::BacktraceLock>::print::DisplayBacktrace as core[a373ad73a504971]::fmt::Display>::fmt
[INFO] [stdout]    1:     0x64138d640c1a - core[a373ad73a504971]::fmt::write
[INFO] [stdout]    2:     0x64138d630dbc - <alloc[2e1b2a31b91974c5]::vec::Vec<u8> as core[a373ad73a504971]::io::write::Write>::write_fmt
[INFO] [stdout]    3:     0x64138d6076a6 - std[617be2ca0a6fd877]::panicking::default_hook::{closure#0}
[INFO] [stdout]    4:     0x64138d624499 - std[617be2ca0a6fd877]::panicking::default_hook
[INFO] [stdout]    5:     0x64138d5bfcf0 - test[aada8e7e76ba119b]::test_main_inner::{closure#0}
[INFO] [stdout]    6:     0x64138d624652 - std[617be2ca0a6fd877]::panicking::panic_with_hook
[INFO] [stdout]    7:     0x64138d607752 - std[617be2ca0a6fd877]::panicking::panic_handler::{closure#0}
[INFO] [stdout]    8:     0x64138d6002a9 - std[617be2ca0a6fd877]::sys::backtrace::__rust_end_short_backtrace::<std[617be2ca0a6fd877]::panicking::panic_handler::{closure#0}, !>
[INFO] [stdout]    9:     0x64138d60835d - __rustc[ea4f61d10b84890b]::rust_begin_unwind
[INFO] [stdout]   10:     0x64138d64134c - core[a373ad73a504971]::panicking::panic_fmt
[INFO] [stdout]   11:     0x64138d641122 - core[a373ad73a504971]::result::unwrap_failed
[INFO] [stdout]   12:     0x64138d5aaa43 - <rs_fsring[bf37718b97abc311]::read::test_read::read_handler_new_default::test_empty::{closure#0} as core[a373ad73a504971]::ops::function::FnOnce<()>>::call_once
[INFO] [stdout]   13:     0x64138d5b313b - test[aada8e7e76ba119b]::__rust_begin_short_backtrace::<core[a373ad73a504971]::result::Result<(), alloc[2e1b2a31b91974c5]::string::String>, fn() -> core[a373ad73a504971]::result::Result<(), alloc[2e1b2a31b91974c5]::string::String>>
[INFO] [stdout]   14:     0x64138d5c0315 - test[aada8e7e76ba119b]::run_test::{closure#0}
[INFO] [stdout]   15:     0x64138d5b9c04 - std[617be2ca0a6fd877]::sys::backtrace::__rust_begin_short_backtrace::<test[aada8e7e76ba119b]::run_test::{closure#1}, ()>
[INFO] [stdout]   16:     0x64138d5c33a2 - <std[617be2ca0a6fd877]::thread::lifecycle::spawn_unchecked<test[aada8e7e76ba119b]::run_test::{closure#1}, ()>::{closure#1} as core[a373ad73a504971]::ops::function::FnOnce<()>>::call_once::{shim:vtable#0}
[INFO] [stdout]   17:     0x64138d62bf4f - <std[617be2ca0a6fd877]::sys::thread::unix::Thread>::new::thread_start
[INFO] [stdout]   18:     0x792e16298dfa - <unknown>
[INFO] [stdout]   19:     0x792e1632c3d4 - clone
[INFO] [stdout]   20:                0x0 - <unknown>
[INFO] [stdout] 
[INFO] [stdout] ---- read::test_read::read_handler_new_default_with_checksum::test_empty stdout ----
[INFO] [stdout] 
[INFO] [stdout] thread 'read::test_read::read_handler_new_default_with_checksum::test_empty' (219) panicked at src/read.rs:209:47:
[INFO] [stdout] called `Result::unwrap()` on an `Err` value: Os { code: 30, kind: ReadOnlyFilesystem, message: "Read-only file system" }
[INFO] [stdout] stack backtrace:
[INFO] [stdout]    0:     0x64138d62c8d1 - <<std[617be2ca0a6fd877]::sys::backtrace::BacktraceLock>::print::DisplayBacktrace as core[a373ad73a504971]::fmt::Display>::fmt
[INFO] [stdout]    1:     0x64138d640c1a - core[a373ad73a504971]::fmt::write
[INFO] [stdout]    2:     0x64138d630dbc - <alloc[2e1b2a31b91974c5]::vec::Vec<u8> as core[a373ad73a504971]::io::write::Write>::write_fmt
[INFO] [stdout]    3:     0x64138d6076a6 - std[617be2ca0a6fd877]::panicking::default_hook::{closure#0}
[INFO] [stdout]    4:     0x64138d624499 - std[617be2ca0a6fd877]::panicking::default_hook
[INFO] [stdout]    5:     0x64138d5bfcf0 - test[aada8e7e76ba119b]::test_main_inner::{closure#0}
[INFO] [stdout]    6:     0x64138d624652 - std[617be2ca0a6fd877]::panicking::panic_with_hook
[INFO] [stdout]    7:     0x64138d607752 - std[617be2ca0a6fd877]::panicking::panic_handler::{closure#0}
[INFO] [stdout]    8:     0x64138d6002a9 - std[617be2ca0a6fd877]::sys::backtrace::__rust_end_short_backtrace::<std[617be2ca0a6fd877]::panicking::panic_handler::{closure#0}, !>
[INFO] [stdout]    9:     0x64138d60835d - __rustc[ea4f61d10b84890b]::rust_begin_unwind
[INFO] [stdout]   10:     0x64138d64134c - core[a373ad73a504971]::panicking::panic_fmt
[INFO] [stdout]   11:     0x64138d641122 - core[a373ad73a504971]::result::unwrap_failed
[INFO] [stdout]   12:     0x64138d5b1d23 - <rs_fsring[bf37718b97abc311]::read::test_read::read_handler_new_default_with_checksum::test_empty::{closure#0} as core[a373ad73a504971]::ops::function::FnOnce<()>>::call_once
[INFO] [stdout]   13:     0x64138d5b313b - test[aada8e7e76ba119b]::__rust_begin_short_backtrace::<core[a373ad73a504971]::result::Result<(), alloc[2e1b2a31b91974c5]::string::String>, fn() -> core[a373ad73a504971]::result::Result<(), alloc[2e1b2a31b91974c5]::string::String>>
[INFO] [stdout]   14:     0x64138d5c0315 - test[aada8e7e76ba119b]::run_test::{closure#0}
[INFO] [stdout]   15:     0x64138d5b9c04 - std[617be2ca0a6fd877]::sys::backtrace::__rust_begin_short_backtrace::<test[aada8e7e76ba119b]::run_test::{closure#1}, ()>
[INFO] [stdout]   16:     0x64138d5c33a2 - <std[617be2ca0a6fd877]::thread::lifecycle::spawn_unchecked<test[aada8e7e76ba119b]::run_test::{closure#1}, ()>::{closure#1} as core[a373ad73a504971]::ops::function::FnOnce<()>>::call_once::{shim:vtable#0}
[INFO] [stdout]   17:     0x64138d62bf4f - <std[617be2ca0a6fd877]::sys::thread::unix::Thread>::new::thread_start
[INFO] [stdout]   18:     0x792e16298dfa - <unknown>
[INFO] [stdout]   19:     0x792e1632c3d4 - clone
[INFO] [stdout]   20:                0x0 - <unknown>
[INFO] [stdout] 
[INFO] [stdout] 
[INFO] [stdout] failures:
[INFO] [stdout]     read::test_read::read_handler_new_default::test_empty
[INFO] [stdout]     read::test_read::read_handler_new_default_with_checksum::test_empty
[INFO] [stdout] 
[INFO] [stdout] test result: FAILED. 30 passed; 2 failed; 15 ignored; 0 measured; 0 filtered out; finished in 0.09s
[INFO] [stdout] 
[INFO] [stderr] error: test failed, to rerun pass `--lib`
[INFO] running `Command { std: "docker" "inspect" "6094462dac43a1473ea00357f136cca76f267a4600ad2d7699f3dd47f3b79afa", kill_on_drop: false }`
[INFO] running `Command { std: "docker" "rm" "-f" "6094462dac43a1473ea00357f136cca76f267a4600ad2d7699f3dd47f3b79afa", kill_on_drop: false }`
[INFO] [stdout] 6094462dac43a1473ea00357f136cca76f267a4600ad2d7699f3dd47f3b79afa
