[INFO] fetching crate rs-firebase-admin-sdk 5.0.0...
[INFO] testing rs-firebase-admin-sdk-5.0.0 against 1.99.0-beta.8+cargoflags=--release for beta-release-1.100-2
[INFO] extracting crate rs-firebase-admin-sdk 5.0.0 into /workspace/builds/worker-0-tc1/source
[INFO] started tweaking crates.io crate rs-firebase-admin-sdk 5.0.0
[INFO] finished tweaking crates.io crate rs-firebase-admin-sdk 5.0.0
[INFO] tweaked toml for crates.io crate rs-firebase-admin-sdk 5.0.0 written to /workspace/builds/worker-0-tc1/source/Cargo.toml
[INFO] validating manifest of crates.io crate rs-firebase-admin-sdk 5.0.0 on toolchain 1.99.0-beta.8
[INFO] running `Command { std: CARGO_HOME="/workspace/cargo-home" RUSTUP_HOME="/workspace/rustup-home" "/workspace/cargo-home/bin/cargo" "+1.99.0-beta.8" "metadata" "--manifest-path" "Cargo.toml" "--no-deps", kill_on_drop: false }`
[INFO] crate crates.io crate rs-firebase-admin-sdk 5.0.0 already has a lockfile, it will not be regenerated
[INFO] running `Command { std: CARGO_HOME="/workspace/cargo-home" RUSTUP_HOME="/workspace/rustup-home" "/workspace/cargo-home/bin/cargo" "+1.99.0-beta.8" "fetch" "--manifest-path" "Cargo.toml", kill_on_drop: false }`
[INFO] [stderr]     Updating crates.io index
[INFO] [stderr]  Downloading crates ...
[INFO] [stderr]   Downloaded serial_test v3.5.0
[INFO] [stderr]   Downloaded serial_test_derive v3.5.0
[INFO] [stderr]   Downloaded time-macros v0.2.30
[INFO] [stderr]   Downloaded jsonwebtoken-jwks-cache v0.3.0
[INFO] [stderr]   Downloaded http-cache-semantics v3.0.0
[INFO] [stderr]   Downloaded google-cloud-auth v1.13.0
[INFO] [stderr]   Downloaded google-cloud-wkt v1.5.0
[INFO] [stderr]   Downloaded google-cloud-gax v1.11.0
[INFO] [stderr]   Downloaded google-cloud-rpc v1.5.0
[INFO] [stderr]   Downloaded error-stack v0.7.1
[INFO] running `Command { std: "docker" "create" "-v" "/var/lib/crater-agent-workspace/builds/worker-0-tc1/source:/opt/rustwide/workdir:ro,Z" "-v" "/var/lib/crater-agent-workspace/builds/worker-0-tc1/target:/opt/rustwide/target:rw,Z" "-v" "/var/lib/crater-agent-workspace/cargo-home:/opt/rustwide/cargo-home:ro,Z" "-v" "/var/lib/crater-agent-workspace/rustup-home:/opt/rustwide/rustup-home:ro,Z" "-m" "1610612736" "--network" "none" "ghcr.io/rust-lang/crates-build-env/linux@sha256:77db811e55d90add9212f6832c23229e3de5f1c1f9905e8cb07319ea15df73ac" "sleep" "infinity", kill_on_drop: false }`
[INFO] [stdout] 39043ed19336ee8ef76ead032c65bf49358288ecf739104887c464200816e230
[INFO] running `Command { std: "docker" "start" "39043ed19336ee8ef76ead032c65bf49358288ecf739104887c464200816e230", kill_on_drop: false }`
[INFO] running `Command { std: "docker" "inspect" "39043ed19336ee8ef76ead032c65bf49358288ecf739104887c464200816e230", kill_on_drop: false }`
[INFO] running `Command { std: "docker" "exec" "-e" "SOURCE_DIR=/opt/rustwide/workdir" "-e" "CARGO_HOME=/opt/rustwide/cargo-home" "-e" "RUSTUP_HOME=/opt/rustwide/rustup-home" "-e" "CARGO_TARGET_DIR=/opt/rustwide/target" "-w" "/opt/rustwide/workdir" "--user" "0:0" "39043ed19336ee8ef76ead032c65bf49358288ecf739104887c464200816e230" "/opt/rustwide/cargo-home/bin/cargo" "+1.99.0-beta.8" "metadata" "--no-deps" "--format-version=1", kill_on_drop: false }`
[INFO] running `Command { std: "docker" "inspect" "39043ed19336ee8ef76ead032c65bf49358288ecf739104887c464200816e230", kill_on_drop: false }`
[INFO] running `Command { std: "docker" "exec" "-e" "SOURCE_DIR=/opt/rustwide/workdir" "-e" "CARGO_HOME=/opt/rustwide/cargo-home" "-e" "RUSTUP_HOME=/opt/rustwide/rustup-home" "-e" "CARGO_TARGET_DIR=/opt/rustwide/target" "-e" "CARGO_INCREMENTAL=0" "-e" "RUST_BACKTRACE=full" "-e" "RUSTFLAGS=--cap-lints=warn" "-e" "RUSTDOCFLAGS=--cap-lints=warn" "-w" "/opt/rustwide/workdir" "--user" "0:0" "39043ed19336ee8ef76ead032c65bf49358288ecf739104887c464200816e230" "/opt/rustwide/cargo-home/bin/cargo" "+1.99.0-beta.8" "build" "--frozen" "--message-format=json" "--release", kill_on_drop: false }`
[INFO] [stderr]    Compiling zeroize_derive v1.5.0
[INFO] [stderr]    Compiling synstructure v0.13.2
[INFO] [stderr]    Compiling serde_derive v1.0.228
[INFO] [stderr]    Compiling displaydoc v0.2.6
[INFO] [stderr]    Compiling zerovec-derive v0.11.3
[INFO] [stderr]    Compiling portable-atomic v1.13.1
[INFO] [stderr]    Compiling cmake v0.1.58
[INFO] [stderr]    Compiling critical-section v1.2.0
[INFO] [stderr]    Compiling time-macros v0.2.30
[INFO] [stderr]    Compiling aws-lc-sys v0.41.0
[INFO] [stderr]    Compiling zeroize v1.9.0
[INFO] [stderr]    Compiling zerofrom-derive v0.1.7
[INFO] [stderr]    Compiling yoke-derive v0.8.2
[INFO] [stderr]    Compiling generic-array v0.14.9
[INFO] [stderr]    Compiling der v0.7.10
[INFO] [stderr]    Compiling block-buffer v0.10.4
[INFO] [stderr]    Compiling crypto-common v0.1.6
[INFO] [stderr]    Compiling once_cell v1.21.4
[INFO] [stderr]    Compiling digest v0.10.7
[INFO] [stderr]    Compiling futures-macro v0.3.32
[INFO] [stderr]    Compiling zerofrom v0.1.8
[INFO] [stderr]    Compiling deranged v0.5.8
[INFO] [stderr]    Compiling tracing-core v0.1.36
[INFO] [stderr]    Compiling yoke v0.8.3
[INFO] [stderr]    Compiling rustls-pki-types v1.14.1
[INFO] [stderr]    Compiling zerovec v0.11.6
[INFO] [stderr]    Compiling zerotrie v0.2.4
[INFO] [stderr]    Compiling tinystr v0.8.3
[INFO] [stderr]    Compiling icu_locale_core v2.2.0
[INFO] [stderr]    Compiling potential_utf v0.1.5
[INFO] [stderr]    Compiling spki v0.7.3
[INFO] [stderr]    Compiling futures-util v0.3.32
[INFO] [stderr]    Compiling icu_collections v2.2.0
[INFO] [stderr]    Compiling pkcs8 v0.10.2
[INFO] [stderr]    Compiling time v0.3.51
[INFO] [stderr]    Compiling alloc-no-stdlib v2.0.4
[INFO] [stderr]    Compiling icu_provider v2.2.0
[INFO] [stderr]    Compiling serde v1.0.228
[INFO] [stderr]    Compiling alloc-stdlib v0.2.4
[INFO] [stderr]    Compiling tracing v0.1.44
[INFO] [stderr]    Compiling icu_normalizer v2.2.0
[INFO] [stderr]    Compiling icu_properties v2.2.0
[INFO] [stderr]    Compiling bytes v1.12.0
[INFO] [stderr]    Compiling ipnet v2.12.0
[INFO] [stderr]    Compiling tokio v1.52.3
[INFO] [stderr]    Compiling http v1.4.2
[INFO] [stderr]    Compiling idna_adapter v1.2.2
[INFO] [stderr]    Compiling hmac v0.12.1
[INFO] [stderr]    Compiling idna v1.1.0
[INFO] [stderr]    Compiling rustls v0.23.41
[INFO] [stderr]    Compiling darling_core v0.23.0
[INFO] [stderr]    Compiling rand v0.10.1
[INFO] [stderr]    Compiling url v2.5.8
[INFO] [stderr]    Compiling http-body v1.0.1
[INFO] [stderr]    Compiling serde_json v1.0.150
[INFO] [stderr]    Compiling brotli-decompressor v5.0.3
[INFO] [stderr]    Compiling signature v2.2.0
[INFO] [stderr]    Compiling sec1 v0.7.3
[INFO] [stderr]    Compiling brotli v8.0.4
[INFO] [stderr]    Compiling prefix-trie v0.8.4
[INFO] [stderr]    Compiling darling_macro v0.23.0
[INFO] [stderr]    Compiling hkdf v0.12.4
[INFO] [stderr]    Compiling crypto-bigint v0.5.5
[INFO] [stderr]    Compiling compression-core v0.4.32
[INFO] [stderr]    Compiling nom v7.1.3
[INFO] [stderr]    Compiling hickory-proto v0.26.1
[INFO] [stderr]    Compiling darling v0.23.0
[INFO] [stderr]    Compiling crossbeam-epoch v0.9.18
[INFO] [stderr]    Compiling uuid v1.23.4
[INFO] [stderr]    Compiling elliptic-curve v0.13.8
[INFO] [stderr]    Compiling hyper v1.10.1
[INFO] [stderr]    Compiling async-trait v0.1.89
[INFO] [stderr]    Compiling tagptr v0.2.0
[INFO] [stderr]    Compiling moka v0.12.15
[INFO] [stderr]    Compiling compression-codecs v0.4.38
[INFO] [stderr]    Compiling hyper-util v0.1.20
[INFO] [stderr]    Compiling async-compression v0.4.42
[INFO] [stderr]    Compiling hickory-net v0.26.1
[INFO] [stderr]    Compiling tower v0.5.3
[INFO] [stderr]    Compiling rustls-native-certs v0.8.4
[INFO] [stderr]    Compiling rusticata-macros v4.1.0
[INFO] [stderr]    Compiling tokio-util v0.7.18
[INFO] [stderr]    Compiling serde_with_macros v3.21.0
[INFO] [stderr]    Compiling http-body-util v0.1.3
[INFO] [stderr]    Compiling sha2 v0.10.9
[INFO] [stderr]    Compiling rfc6979 v0.4.0
[INFO] [stderr]    Compiling asn1-rs-derive v0.6.0
[INFO] [stderr]    Compiling asn1-rs-impl v0.2.0
[INFO] [stderr]    Compiling resolv-conf v0.7.6
[INFO] [stderr]    Compiling serde_urlencoded v0.7.1
[INFO] [stderr]    Compiling asn1-rs v0.7.2
[INFO] [stderr]    Compiling hickory-resolver v0.26.1
[INFO] [stderr]    Compiling tower-http v0.6.11
[INFO] [stderr]    Compiling serde_with v3.21.0
[INFO] [stderr]    Compiling ecdsa v0.16.9
[INFO] [stderr]    Compiling primeorder v0.13.6
[INFO] [stderr]    Compiling num-iter v0.1.45
[INFO] [stderr]    Compiling curve25519-dalek-derive v0.1.1
[INFO] [stderr]    Compiling num-bigint-dig v0.8.6
[INFO] [stderr]    Compiling curve25519-dalek v4.1.3
[INFO] [stderr]    Compiling digest v0.11.3
[INFO] [stderr]    Compiling ed25519 v2.2.3
[INFO] [stderr]    Compiling pkcs1 v0.7.5
[INFO] [stderr]    Compiling google-cloud-wkt v1.5.0
[INFO] [stderr]    Compiling pin-project-internal v1.1.13
[INFO] [stderr]    Compiling rsa v0.9.10
[INFO] [stderr]    Compiling pin-project v1.1.13
[INFO] [stderr]    Compiling ed25519-dalek v2.2.0
[INFO] [stderr]    Compiling oid-registry v0.8.1
[INFO] [stderr]    Compiling p256 v0.13.2
[INFO] [stderr]    Compiling p384 v0.13.1
[INFO] [stderr]    Compiling der-parser v10.0.0
[INFO] [stderr]    Compiling simple_asn1 v0.6.4
[INFO] [stderr]    Compiling google-cloud-rpc v1.5.0
[INFO] [stderr]    Compiling futures v0.3.32
[INFO] [stderr]    Compiling error-stack v0.7.1
[INFO] [stderr]    Compiling google-cloud-auth v1.13.0
[INFO] [stderr]    Compiling jsonwebtoken v10.4.0
[INFO] [stderr]    Compiling google-cloud-gax v1.11.0
[INFO] [stderr]    Compiling x509-parser v0.18.1
[INFO] [stderr]    Compiling sha2 v0.11.0
[INFO] [stderr]    Compiling hmac v0.13.0
[INFO] [stderr]    Compiling headers-core v0.3.0
[INFO] [stderr]    Compiling spin v0.10.0
[INFO] [stderr]    Compiling sha1 v0.10.6
[INFO] [stderr]    Compiling urlencoding v2.1.3
[INFO] [stderr]    Compiling headers v0.4.1
[INFO] [stderr]    Compiling aws-lc-rs v1.17.0
[INFO] [stderr]    Compiling rustls-webpki v0.103.13
[INFO] [stderr]    Compiling tokio-rustls v0.26.4
[INFO] [stderr]    Compiling rustls-platform-verifier v0.7.0
[INFO] [stderr]    Compiling hyper-rustls v0.27.9
[INFO] [stderr]    Compiling reqwest v0.13.4
[INFO] [stderr]    Compiling http-cache-semantics v3.0.0
[INFO] [stderr]    Compiling jsonwebtoken-jwks-cache v0.3.0
[INFO] [stderr]    Compiling rs-firebase-admin-sdk v5.0.0 (/opt/rustwide/workdir)
[INFO] [stderr]     Finished `release` profile [optimized] target(s) in 6m 31s
[INFO] running `Command { std: "docker" "inspect" "39043ed19336ee8ef76ead032c65bf49358288ecf739104887c464200816e230", kill_on_drop: false }`
[INFO] running `Command { std: "docker" "exec" "-e" "SOURCE_DIR=/opt/rustwide/workdir" "-e" "CARGO_HOME=/opt/rustwide/cargo-home" "-e" "RUSTUP_HOME=/opt/rustwide/rustup-home" "-e" "CARGO_TARGET_DIR=/opt/rustwide/target" "-e" "CARGO_INCREMENTAL=0" "-e" "RUST_BACKTRACE=full" "-e" "RUSTFLAGS=--cap-lints=warn" "-e" "RUSTDOCFLAGS=--cap-lints=warn" "-w" "/opt/rustwide/workdir" "--user" "0:0" "39043ed19336ee8ef76ead032c65bf49358288ecf739104887c464200816e230" "/opt/rustwide/cargo-home/bin/cargo" "+1.99.0-beta.8" "test" "--frozen" "--no-run" "--message-format=json" "--release", kill_on_drop: false }`
[INFO] [stderr]    Compiling futures-executor v0.3.32
[INFO] [stderr]    Compiling serial_test_derive v3.5.0
[INFO] [stderr]    Compiling serial_test v3.5.0
[INFO] [stderr]    Compiling rs-firebase-admin-sdk v5.0.0 (/opt/rustwide/workdir)
[INFO] [stderr]     Finished `release` profile [optimized] target(s) in 15.28s
[INFO] running `Command { std: "docker" "inspect" "39043ed19336ee8ef76ead032c65bf49358288ecf739104887c464200816e230", kill_on_drop: false }`
[INFO] running `Command { std: "docker" "exec" "-e" "SOURCE_DIR=/opt/rustwide/workdir" "-e" "CARGO_HOME=/opt/rustwide/cargo-home" "-e" "RUSTUP_HOME=/opt/rustwide/rustup-home" "-e" "CARGO_TARGET_DIR=/opt/rustwide/target" "-e" "CARGO_INCREMENTAL=0" "-e" "RUST_BACKTRACE=full" "-e" "RUSTFLAGS=--cap-lints=warn" "-e" "RUSTDOCFLAGS=--cap-lints=warn" "-w" "/opt/rustwide/workdir" "--user" "0:0" "39043ed19336ee8ef76ead032c65bf49358288ecf739104887c464200816e230" "/opt/rustwide/cargo-home/bin/cargo" "+1.99.0-beta.8" "test" "--frozen" "--release", kill_on_drop: false }`
[INFO] [stderr]     Finished `release` profile [optimized] target(s) in 0.36s
[INFO] [stderr]      Running unittests src/lib.rs (/opt/rustwide/target/release/deps/rs_firebase_admin_sdk-970ab8270b295074)
[INFO] [stdout] 
[INFO] [stdout] running 18 tests
[INFO] [stdout] test auth::claims::test::test_claims ... ok
[INFO] [stdout] test auth::test::test_create_user ... FAILED
[INFO] [stdout] test auth::test::test_delete_users ... FAILED
[INFO] [stdout] test auth::test::test_list_users ... FAILED
[INFO] [stdout] test auth::test::test_update_user ... FAILED
[INFO] [stdout] test client::url_params::test::test_empty_url_params ... ok
[INFO] [stdout] test client::url_params::test::test_url_params ... ok
[INFO] [stdout] test credentials::emulator::test::test_credentials ... ok
[INFO] [stdout] test util::test::test_int_epoch_ms ... ok
[INFO] [stdout] test util::test::test_str_epoch_ms ... ok
[INFO] [stdout] test util::test::test_str_epoch_sec ... ok
[INFO] [stdout] test auth::test::test_emulator_configuration ... FAILED
[INFO] [stdout] test auth::test::test_get_user ... FAILED
[INFO] [stdout] test auth::test::test_generate_email_action_link ... FAILED
[INFO] [stdout] test auth::test::test_create_session_cookie ... FAILED
[INFO] [stdout] test auth::test::test_import_users ... FAILED
[INFO] [stdout] test auth::test::test_delete_user ... FAILED
[INFO] [stdout] test auth::test::test_get_users ... FAILED
[INFO] [stdout] 
[INFO] [stdout] failures:
[INFO] [stdout] 
[INFO] [stdout] ---- auth::test::test_create_user stdout ----
[INFO] [stdout] 
[INFO] [stdout] thread 'auth::test::test_create_user' (3551) panicked at src/auth/test.rs:92:10:
[INFO] [stdout] called `Result::unwrap()` on an `Err` value: [1mFailed to send API request[22m
[INFO] [stdout] ├╴at [3msrc/client/mod.rs:116:14[23m
[INFO] [stdout] │
[INFO] [stdout] ├─▶ [1merror sending request for url (http://emulator:9099/identitytoolkit.googleapis.com/v1/projects/demo-firebase-project/accounts)[22m
[INFO] [stdout] │   ╰╴at [3msrc/client/mod.rs:116:14[23m
[INFO] [stdout] │
[INFO] [stdout] ├─▶ [1mclient error (Connect)[22m
[INFO] [stdout] │   ╰╴at [3msrc/client/mod.rs:116:14[23m
[INFO] [stdout] │
[INFO] [stdout] ├─▶ [1mdns error[22m
[INFO] [stdout] │   ╰╴at [3msrc/client/mod.rs:116:14[23m
[INFO] [stdout] │
[INFO] [stdout] ╰─▶ [1mno connections available[22m
[INFO] [stdout]     ├╴at [3msrc/client/mod.rs:116:14[23m
[INFO] [stdout]     ╰╴backtrace (1)
[INFO] [stdout] 
[INFO] [stdout] ━━━━━━━━━━━━━━━━━━━━━━━━━━━━━━━━━━━━━━━━
[INFO] [stdout] 
[INFO] [stdout] backtrace no. 1
[INFO] [stdout]    0: <error_stack::report::Report<google_cloud_gax::error::credentials::CredentialsError>>::from_frame
[INFO] [stdout]    1: <reqwest::error::Error as error_stack::report::IntoReport>::into_report
[INFO] [stdout]    2: <core::pin::Pin<alloc::boxed::Box<<rs_firebase_admin_sdk::client::ReqwestApiClient as rs_firebase_admin_sdk::client::ApiHttpClient>::send_request_body<rs_firebase_admin_sdk::auth::NewUser, rs_firebase_admin_sdk::auth::User>::{closure#0}>> as core::future::future::Future>::poll
[INFO] [stdout]    3: rs_firebase_admin_sdk::auth::test::test_create_user::{closure#0}::{closure#0}
[INFO] [stdout]    4: <tokio::runtime::runtime::Runtime>::block_on::<core::pin::Pin<&mut dyn core::future::future::Future<Output = ()>>>
[INFO] [stdout]    5: <rs_firebase_admin_sdk::auth::test::test_create_user::{closure#0} as core::ops::function::FnOnce<()>>::call_once
[INFO] [stdout]    6: serial_test::serial_code_lock::local_serial_core
[INFO] [stdout]    7: <rs_firebase_admin_sdk::auth::test::test_create_user::{closure#0} as core::ops::function::FnOnce<()>>::call_once
[INFO] [stdout]    8: test::__rust_begin_short_backtrace::<core::result::Result<(), alloc::string::String>, fn() -> core::result::Result<(), alloc::string::String>>
[INFO] [stdout]    9: test::run_test::{closure#0}
[INFO] [stdout]   10: std::sys::backtrace::__rust_begin_short_backtrace::<test::run_test::{closure#1}, ()>
[INFO] [stdout]   11: <std::thread::lifecycle::spawn_unchecked<test::run_test::{closure#1}, ()>::{closure#1} as core::ops::function::FnOnce<()>>::call_once::{shim:vtable#0}
[INFO] [stdout]   12: <std::sys::thread::unix::Thread>::new::thread_start
[INFO] [stdout]   13: <unknown>
[INFO] [stdout]   14: clone
[INFO] [stdout] stack backtrace:
[INFO] [stdout]    0:     0x634933698c21 - <<std[70759c8f55707aa4]::sys::backtrace::BacktraceLock>::print::DisplayBacktrace as core[df12db4294e9bfd3]::fmt::Display>::fmt
[INFO] [stdout]    1:     0x6349336b034a - core[df12db4294e9bfd3]::fmt::write
[INFO] [stdout]    2:     0x63493369e02c - <alloc[2182bb758b4b3781]::vec::Vec<u8> as core[df12db4294e9bfd3]::io::write::Write>::write_fmt
[INFO] [stdout]    3:     0x6349336726c6 - std[70759c8f55707aa4]::panicking::default_hook::{closure#0}
[INFO] [stdout]    4:     0x63493368ffc9 - std[70759c8f55707aa4]::panicking::default_hook
[INFO] [stdout]    5:     0x634933180f20 - test[9d35eded1c95d3be]::test_main_inner::<test[9d35eded1c95d3be]::test_main_static::{closure#0}>::{closure#0}
[INFO] [stdout]    6:     0x6349336902f2 - std[70759c8f55707aa4]::panicking::panic_with_hook
[INFO] [stdout]    7:     0x634933672772 - std[70759c8f55707aa4]::panicking::panic_handler::{closure#0}
[INFO] [stdout]    8:     0x63493366ac59 - std[70759c8f55707aa4]::sys::backtrace::__rust_end_short_backtrace::<std[70759c8f55707aa4]::panicking::panic_handler::{closure#0}, !>
[INFO] [stdout]    9:     0x63493367366d - __rustc[8fa7c3cbc660c2b3]::rust_begin_unwind
[INFO] [stdout]   10:     0x6349336b0aac - core[df12db4294e9bfd3]::panicking::panic_fmt
[INFO] [stdout]   11:     0x6349336b0882 - core[df12db4294e9bfd3]::result::unwrap_failed
[INFO] [stdout]   12:     0x6349331221af - rs_firebase_admin_sdk[951c98c31f1ddb6d]::auth::test::test_create_user::{closure#0}::{closure#0}
[INFO] [stdout]   13:     0x63493316cf8b - <tokio[b706f68490a74645]::runtime::runtime::Runtime>::block_on::<core[df12db4294e9bfd3]::pin::Pin<&mut dyn core[df12db4294e9bfd3]::future::future::Future<Output = ()>>>
[INFO] [stdout]   14:     0x63493312ebeb - <rs_firebase_admin_sdk[951c98c31f1ddb6d]::auth::test::test_create_user::{closure#0} as core[df12db4294e9bfd3]::ops::function::FnOnce<()>>::call_once
[INFO] [stdout]   15:     0x634933650df3 - serial_test[745e28a0c766370e]::serial_code_lock::local_serial_core
[INFO] [stdout]   16:     0x63493316f17d - <rs_firebase_admin_sdk[951c98c31f1ddb6d]::auth::test::test_create_user::{closure#0} as core[df12db4294e9bfd3]::ops::function::FnOnce<()>>::call_once
[INFO] [stdout]   17:     0x63493317420b - test[9d35eded1c95d3be]::__rust_begin_short_backtrace::<core[df12db4294e9bfd3]::result::Result<(), alloc[2182bb758b4b3781]::string::String>, fn() -> core[df12db4294e9bfd3]::result::Result<(), alloc[2182bb758b4b3781]::string::String>>
[INFO] [stdout]   18:     0x634933181875 - test[9d35eded1c95d3be]::run_test::{closure#0}
[INFO] [stdout]   19:     0x63493317b134 - std[70759c8f55707aa4]::sys::backtrace::__rust_begin_short_backtrace::<test[9d35eded1c95d3be]::run_test::{closure#1}, ()>
[INFO] [stdout]   20:     0x6349331849d2 - <std[70759c8f55707aa4]::thread::lifecycle::spawn_unchecked<test[9d35eded1c95d3be]::run_test::{closure#1}, ()>::{closure#1} as core[df12db4294e9bfd3]::ops::function::FnOnce<()>>::call_once::{shim:vtable#0}
[INFO] [stdout]   21:     0x634933697e29 - <std[70759c8f55707aa4]::sys::thread::unix::Thread>::new::thread_start
[INFO] [stdout]   22:     0x7c6edc809dfa - <unknown>
[INFO] [stdout]   23:     0x7c6edc89d3d4 - clone
[INFO] [stdout]   24:                0x0 - <unknown>
[INFO] [stdout] 
[INFO] [stdout] ---- auth::test::test_delete_users stdout ----
[INFO] [stdout] 
[INFO] [stdout] thread 'auth::test::test_delete_users' (3553) panicked at src/auth/test.rs:254:10:
[INFO] [stdout] called `Result::unwrap()` on an `Err` value: [1mFailed to send API request[22m
[INFO] [stdout] ├╴at [3msrc/client/mod.rs:116:14[23m
[INFO] [stdout] │
[INFO] [stdout] ├─▶ [1merror sending request for url (http://emulator:9099/identitytoolkit.googleapis.com/v1/projects/demo-firebase-project/accounts)[22m
[INFO] [stdout] │   ╰╴at [3msrc/client/mod.rs:116:14[23m
[INFO] [stdout] │
[INFO] [stdout] ├─▶ [1mclient error (Connect)[22m
[INFO] [stdout] │   ╰╴at [3msrc/client/mod.rs:116:14[23m
[INFO] [stdout] │
[INFO] [stdout] ├─▶ [1mdns error[22m
[INFO] [stdout] │   ╰╴at [3msrc/client/mod.rs:116:14[23m
[INFO] [stdout] │
[INFO] [stdout] ╰─▶ [1mno connections available[22m
[INFO] [stdout]     ├╴at [3msrc/client/mod.rs:116:14[23m
[INFO] [stdout]     ╰╴backtrace (1)
[INFO] [stdout] 
[INFO] [stdout] ━━━━━━━━━━━━━━━━━━━━━━━━━━━━━━━━━━━━━━━━
[INFO] [stdout] 
[INFO] [stdout] backtrace no. 1
[INFO] [stdout]    0: <error_stack::report::Report<google_cloud_gax::error::credentials::CredentialsError>>::from_frame
[INFO] [stdout]    1: <reqwest::error::Error as error_stack::report::IntoReport>::into_report
[INFO] [stdout]    2: <core::pin::Pin<alloc::boxed::Box<<rs_firebase_admin_sdk::client::ReqwestApiClient as rs_firebase_admin_sdk::client::ApiHttpClient>::send_request_body<rs_firebase_admin_sdk::auth::NewUser, rs_firebase_admin_sdk::auth::User>::{closure#0}>> as core::future::future::Future>::poll
[INFO] [stdout]    3: rs_firebase_admin_sdk::auth::test::test_delete_users::{closure#0}::{closure#0}
[INFO] [stdout]    4: <tokio::runtime::runtime::Runtime>::block_on::<core::pin::Pin<&mut dyn core::future::future::Future<Output = ()>>>
[INFO] [stdout]    5: <rs_firebase_admin_sdk::auth::test::test_delete_users::{closure#0} as core::ops::function::FnOnce<()>>::call_once
[INFO] [stdout]    6: serial_test::serial_code_lock::local_serial_core
[INFO] [stdout]    7: <rs_firebase_admin_sdk::auth::test::test_delete_users::{closure#0} as core::ops::function::FnOnce<()>>::call_once
[INFO] [stdout]    8: test::__rust_begin_short_backtrace::<core::result::Result<(), alloc::string::String>, fn() -> core::result::Result<(), alloc::string::String>>
[INFO] [stdout]    9: test::run_test::{closure#0}
[INFO] [stdout]   10: std::sys::backtrace::__rust_begin_short_backtrace::<test::run_test::{closure#1}, ()>
[INFO] [stdout]   11: <std::thread::lifecycle::spawn_unchecked<test::run_test::{closure#1}, ()>::{closure#1} as core::ops::function::FnOnce<()>>::call_once::{shim:vtable#0}
[INFO] [stdout]   12: <std::sys::thread::unix::Thread>::new::thread_start
[INFO] [stdout]   13: <unknown>
[INFO] [stdout]   14: clone
[INFO] [stdout] stack backtrace:
[INFO] [stdout]    0:     0x634933698c21 - <<std[70759c8f55707aa4]::sys::backtrace::BacktraceLock>::print::DisplayBacktrace as core[df12db4294e9bfd3]::fmt::Display>::fmt
[INFO] [stdout]    1:     0x6349336b034a - core[df12db4294e9bfd3]::fmt::write
[INFO] [stdout]    2:     0x63493369e02c - <alloc[2182bb758b4b3781]::vec::Vec<u8> as core[df12db4294e9bfd3]::io::write::Write>::write_fmt
[INFO] [stdout]    3:     0x6349336726c6 - std[70759c8f55707aa4]::panicking::default_hook::{closure#0}
[INFO] [stdout]    4:     0x63493368ffc9 - std[70759c8f55707aa4]::panicking::default_hook
[INFO] [stdout]    5:     0x634933180f20 - test[9d35eded1c95d3be]::test_main_inner::<test[9d35eded1c95d3be]::test_main_static::{closure#0}>::{closure#0}
[INFO] [stdout]    6:     0x6349336902f2 - std[70759c8f55707aa4]::panicking::panic_with_hook
[INFO] [stdout]    7:     0x634933672772 - std[70759c8f55707aa4]::panicking::panic_handler::{closure#0}
[INFO] [stdout]    8:     0x63493366ac59 - std[70759c8f55707aa4]::sys::backtrace::__rust_end_short_backtrace::<std[70759c8f55707aa4]::panicking::panic_handler::{closure#0}, !>
[INFO] [stdout]    9:     0x63493367366d - __rustc[8fa7c3cbc660c2b3]::rust_begin_unwind
[INFO] [stdout]   10:     0x6349336b0aac - core[df12db4294e9bfd3]::panicking::panic_fmt
[INFO] [stdout]   11:     0x6349336b0882 - core[df12db4294e9bfd3]::result::unwrap_failed
[INFO] [stdout]   12:     0x6349331259e0 - rs_firebase_admin_sdk[951c98c31f1ddb6d]::auth::test::test_delete_users::{closure#0}::{closure#0}
[INFO] [stdout]   13:     0x63493316cf8b - <tokio[b706f68490a74645]::runtime::runtime::Runtime>::block_on::<core[df12db4294e9bfd3]::pin::Pin<&mut dyn core[df12db4294e9bfd3]::future::future::Future<Output = ()>>>
[INFO] [stdout]   14:     0x63493312efdb - <rs_firebase_admin_sdk[951c98c31f1ddb6d]::auth::test::test_delete_users::{closure#0} as core[df12db4294e9bfd3]::ops::function::FnOnce<()>>::call_once
[INFO] [stdout]   15:     0x634933650df3 - serial_test[745e28a0c766370e]::serial_code_lock::local_serial_core
[INFO] [stdout]   16:     0x63493316f2fd - <rs_firebase_admin_sdk[951c98c31f1ddb6d]::auth::test::test_delete_users::{closure#0} as core[df12db4294e9bfd3]::ops::function::FnOnce<()>>::call_once
[INFO] [stdout]   17:     0x63493317420b - test[9d35eded1c95d3be]::__rust_begin_short_backtrace::<core[df12db4294e9bfd3]::result::Result<(), alloc[2182bb758b4b3781]::string::String>, fn() -> core[df12db4294e9bfd3]::result::Result<(), alloc[2182bb758b4b3781]::string::String>>
[INFO] [stdout]   18:     0x634933181875 - test[9d35eded1c95d3be]::run_test::{closure#0}
[INFO] [stdout]   19:     0x63493317b134 - std[70759c8f55707aa4]::sys::backtrace::__rust_begin_short_backtrace::<test[9d35eded1c95d3be]::run_test::{closure#1}, ()>
[INFO] [stdout]   20:     0x6349331849d2 - <std[70759c8f55707aa4]::thread::lifecycle::spawn_unchecked<test[9d35eded1c95d3be]::run_test::{closure#1}, ()>::{closure#1} as core[df12db4294e9bfd3]::ops::function::FnOnce<()>>::call_once::{shim:vtable#0}
[INFO] [stdout]   21:     0x634933697e29 - <std[70759c8f55707aa4]::sys::thread::unix::Thread>::new::thread_start
[INFO] [stdout]   22:     0x7c6edc809dfa - <unknown>
[INFO] [stdout]   23:     0x7c6edc89d3d4 - clone
[INFO] [stdout]   24:                0x0 - <unknown>
[INFO] [stdout] 
[INFO] [stdout] ---- auth::test::test_list_users stdout ----
[INFO] [stdout] 
[INFO] [stdout] thread 'auth::test::test_list_users' (3559) panicked at src/auth/test.rs:151:10:
[INFO] [stdout] called `Result::unwrap()` on an `Err` value: [1mFailed to send API request[22m
[INFO] [stdout] ├╴at [3msrc/client/mod.rs:116:14[23m
[INFO] [stdout] │
[INFO] [stdout] ├─▶ [1merror sending request for url (http://emulator:9099/identitytoolkit.googleapis.com/v1/projects/demo-firebase-project/accounts)[22m
[INFO] [stdout] │   ╰╴at [3msrc/client/mod.rs:116:14[23m
[INFO] [stdout] │
[INFO] [stdout] ├─▶ [1mclient error (Connect)[22m
[INFO] [stdout] │   ╰╴at [3msrc/client/mod.rs:116:14[23m
[INFO] [stdout] │
[INFO] [stdout] ├─▶ [1mdns error[22m
[INFO] [stdout] │   ╰╴at [3msrc/client/mod.rs:116:14[23m
[INFO] [stdout] │
[INFO] [stdout] ╰─▶ [1mno connections available[22m
[INFO] [stdout]     ├╴at [3msrc/client/mod.rs:116:14[23m
[INFO] [stdout]     ╰╴backtrace (1)
[INFO] [stdout] 
[INFO] [stdout] ━━━━━━━━━━━━━━━━━━━━━━━━━━━━━━━━━━━━━━━━
[INFO] [stdout] 
[INFO] [stdout] backtrace no. 1
[INFO] [stdout]    0: <error_stack::report::Report<google_cloud_gax::error::credentials::CredentialsError>>::from_frame
[INFO] [stdout]    1: <reqwest::error::Error as error_stack::report::IntoReport>::into_report
[INFO] [stdout]    2: <core::pin::Pin<alloc::boxed::Box<<rs_firebase_admin_sdk::client::ReqwestApiClient as rs_firebase_admin_sdk::client::ApiHttpClient>::send_request_body<rs_firebase_admin_sdk::auth::NewUser, rs_firebase_admin_sdk::auth::User>::{closure#0}>> as core::future::future::Future>::poll
[INFO] [stdout]    3: rs_firebase_admin_sdk::auth::test::test_list_users::{closure#0}::{closure#0}
[INFO] [stdout]    4: <tokio::runtime::runtime::Runtime>::block_on::<core::pin::Pin<&mut dyn core::future::future::Future<Output = ()>>>
[INFO] [stdout]    5: <rs_firebase_admin_sdk::auth::test::test_list_users::{closure#0} as core::ops::function::FnOnce<()>>::call_once
[INFO] [stdout]    6: serial_test::serial_code_lock::local_serial_core
[INFO] [stdout]    7: <rs_firebase_admin_sdk::auth::test::test_list_users::{closure#0} as core::ops::function::FnOnce<()>>::call_once
[INFO] [stdout]    8: test::__rust_begin_short_backtrace::<core::result::Result<(), alloc::string::String>, fn() -> core::result::Result<(), alloc::string::String>>
[INFO] [stdout]    9: test::run_test::{closure#0}
[INFO] [stdout]   10: std::sys::backtrace::__rust_begin_short_backtrace::<test::run_test::{closure#1}, ()>
[INFO] [stdout]   11: <std::thread::lifecycle::spawn_unchecked<test::run_test::{closure#1}, ()>::{closure#1} as core::ops::function::FnOnce<()>>::call_once::{shim:vtable#0}
[INFO] [stdout]   12: <std::sys::thread::unix::Thread>::new::thread_start
[INFO] [stdout]   13: <unknown>
[INFO] [stdout]   14: clone
[INFO] [stdout] stack backtrace:
[INFO] [stdout]    0:     0x634933698c21 - <<std[70759c8f55707aa4]::sys::backtrace::BacktraceLock>::print::DisplayBacktrace as core[df12db4294e9bfd3]::fmt::Display>::fmt
[INFO] [stdout]    1:     0x6349336b034a - core[df12db4294e9bfd3]::fmt::write
[INFO] [stdout]    2:     0x63493369e02c - <alloc[2182bb758b4b3781]::vec::Vec<u8> as core[df12db4294e9bfd3]::io::write::Write>::write_fmt
[INFO] [stdout]    3:     0x6349336726c6 - std[70759c8f55707aa4]::panicking::default_hook::{closure#0}
[INFO] [stdout]    4:     0x63493368ffc9 - std[70759c8f55707aa4]::panicking::default_hook
[INFO] [stdout]    5:     0x634933180f20 - test[9d35eded1c95d3be]::test_main_inner::<test[9d35eded1c95d3be]::test_main_static::{closure#0}>::{closure#0}
[INFO] [stdout]    6:     0x6349336902f2 - std[70759c8f55707aa4]::panicking::panic_with_hook
[INFO] [stdout]    7:     0x634933672772 - std[70759c8f55707aa4]::panicking::panic_handler::{closure#0}
[INFO] [stdout]    8:     0x63493366ac59 - std[70759c8f55707aa4]::sys::backtrace::__rust_end_short_backtrace::<std[70759c8f55707aa4]::panicking::panic_handler::{closure#0}, !>
[INFO] [stdout]    9:     0x63493367366d - __rustc[8fa7c3cbc660c2b3]::rust_begin_unwind
[INFO] [stdout]   10:     0x6349336b0aac - core[df12db4294e9bfd3]::panicking::panic_fmt
[INFO] [stdout]   11:     0x6349336b0882 - core[df12db4294e9bfd3]::result::unwrap_failed
[INFO] [stdout]   12:     0x63493312198c - rs_firebase_admin_sdk[951c98c31f1ddb6d]::auth::test::test_list_users::{closure#0}::{closure#0}
[INFO] [stdout]   13:     0x63493316cf8b - <tokio[b706f68490a74645]::runtime::runtime::Runtime>::block_on::<core[df12db4294e9bfd3]::pin::Pin<&mut dyn core[df12db4294e9bfd3]::future::future::Future<Output = ()>>>
[INFO] [stdout]   14:     0x63493312ea9b - <rs_firebase_admin_sdk[951c98c31f1ddb6d]::auth::test::test_list_users::{closure#0} as core[df12db4294e9bfd3]::ops::function::FnOnce<()>>::call_once
[INFO] [stdout]   15:     0x634933650df3 - serial_test[745e28a0c766370e]::serial_code_lock::local_serial_core
[INFO] [stdout]   16:     0x63493316f0fd - <rs_firebase_admin_sdk[951c98c31f1ddb6d]::auth::test::test_list_users::{closure#0} as core[df12db4294e9bfd3]::ops::function::FnOnce<()>>::call_once
[INFO] [stdout]   17:     0x63493317420b - test[9d35eded1c95d3be]::__rust_begin_short_backtrace::<core[df12db4294e9bfd3]::result::Result<(), alloc[2182bb758b4b3781]::string::String>, fn() -> core[df12db4294e9bfd3]::result::Result<(), alloc[2182bb758b4b3781]::string::String>>
[INFO] [stdout]   18:     0x634933181875 - test[9d35eded1c95d3be]::run_test::{closure#0}
[INFO] [stdout]   19:     0x63493317b134 - std[70759c8f55707aa4]::sys::backtrace::__rust_begin_short_backtrace::<test[9d35eded1c95d3be]::run_test::{closure#1}, ()>
[INFO] [stdout]   20:     0x6349331849d2 - <std[70759c8f55707aa4]::thread::lifecycle::spawn_unchecked<test[9d35eded1c95d3be]::run_test::{closure#1}, ()>::{closure#1} as core[df12db4294e9bfd3]::ops::function::FnOnce<()>>::call_once::{shim:vtable#0}
[INFO] [stdout]   21:     0x634933697e29 - <std[70759c8f55707aa4]::sys::thread::unix::Thread>::new::thread_start
[INFO] [stdout]   22:     0x7c6edc809dfa - <unknown>
[INFO] [stdout]   23:     0x7c6edc89d3d4 - clone
[INFO] [stdout]   24:                0x0 - <unknown>
[INFO] [stdout] 
[INFO] [stdout] ---- auth::test::test_update_user stdout ----
[INFO] [stdout] 
[INFO] [stdout] thread 'auth::test::test_update_user' (3560) panicked at src/auth/test.rs:287:10:
[INFO] [stdout] called `Result::unwrap()` on an `Err` value: [1mFailed to send API request[22m
[INFO] [stdout] ├╴at [3msrc/client/mod.rs:116:14[23m
[INFO] [stdout] │
[INFO] [stdout] ├─▶ [1merror sending request for url (http://emulator:9099/identitytoolkit.googleapis.com/v1/projects/demo-firebase-project/accounts)[22m
[INFO] [stdout] │   ╰╴at [3msrc/client/mod.rs:116:14[23m
[INFO] [stdout] │
[INFO] [stdout] ├─▶ [1mclient error (Connect)[22m
[INFO] [stdout] │   ╰╴at [3msrc/client/mod.rs:116:14[23m
[INFO] [stdout] │
[INFO] [stdout] ├─▶ [1mdns error[22m
[INFO] [stdout] │   ╰╴at [3msrc/client/mod.rs:116:14[23m
[INFO] [stdout] │
[INFO] [stdout] ╰─▶ [1mno connections available[22m
[INFO] [stdout]     ├╴at [3msrc/client/mod.rs:116:14[23m
[INFO] [stdout]     ╰╴backtrace (1)
[INFO] [stdout] 
[INFO] [stdout] ━━━━━━━━━━━━━━━━━━━━━━━━━━━━━━━━━━━━━━━━
[INFO] [stdout] 
[INFO] [stdout] backtrace no. 1
[INFO] [stdout]    0: <error_stack::report::Report<google_cloud_gax::error::credentials::CredentialsError>>::from_frame
[INFO] [stdout]    1: <reqwest::error::Error as error_stack::report::IntoReport>::into_report
[INFO] [stdout]    2: <core::pin::Pin<alloc::boxed::Box<<rs_firebase_admin_sdk::client::ReqwestApiClient as rs_firebase_admin_sdk::client::ApiHttpClient>::send_request_body<rs_firebase_admin_sdk::auth::NewUser, rs_firebase_admin_sdk::auth::User>::{closure#0}>> as core::future::future::Future>::poll
[INFO] [stdout]    3: rs_firebase_admin_sdk::auth::test::test_update_user::{closure#0}::{closure#0}
[INFO] [stdout]    4: <tokio::runtime::runtime::Runtime>::block_on::<core::pin::Pin<&mut dyn core::future::future::Future<Output = ()>>>
[INFO] [stdout]    5: <rs_firebase_admin_sdk::auth::test::test_update_user::{closure#0} as core::ops::function::FnOnce<()>>::call_once
[INFO] [stdout]    6: serial_test::serial_code_lock::local_serial_core
[INFO] [stdout]    7: <rs_firebase_admin_sdk::auth::test::test_update_user::{closure#0} as core::ops::function::FnOnce<()>>::call_once
[INFO] [stdout]    8: test::__rust_begin_short_backtrace::<core::result::Result<(), alloc::string::String>, fn() -> core::result::Result<(), alloc::string::String>>
[INFO] [stdout]    9: test::run_test::{closure#0}
[INFO] [stdout]   10: std::sys::backtrace::__rust_begin_short_backtrace::<test::run_test::{closure#1}, ()>
[INFO] [stdout]   11: <std::thread::lifecycle::spawn_unchecked<test::run_test::{closure#1}, ()>::{closure#1} as core::ops::function::FnOnce<()>>::call_once::{shim:vtable#0}
[INFO] [stdout]   12: <std::sys::thread::unix::Thread>::new::thread_start
[INFO] [stdout]   13: <unknown>
[INFO] [stdout]   14: clone
[INFO] [stdout] stack backtrace:
[INFO] [stdout]    0:     0x634933698c21 - <<std[70759c8f55707aa4]::sys::backtrace::BacktraceLock>::print::DisplayBacktrace as core[df12db4294e9bfd3]::fmt::Display>::fmt
[INFO] [stdout]    1:     0x6349336b034a - core[df12db4294e9bfd3]::fmt::write
[INFO] [stdout]    2:     0x63493369e02c - <alloc[2182bb758b4b3781]::vec::Vec<u8> as core[df12db4294e9bfd3]::io::write::Write>::write_fmt
[INFO] [stdout]    3:     0x6349336726c6 - std[70759c8f55707aa4]::panicking::default_hook::{closure#0}
[INFO] [stdout]    4:     0x63493368ffc9 - std[70759c8f55707aa4]::panicking::default_hook
[INFO] [stdout]    5:     0x634933180f20 - test[9d35eded1c95d3be]::test_main_inner::<test[9d35eded1c95d3be]::test_main_static::{closure#0}>::{closure#0}
[INFO] [stdout]    6:     0x6349336902f2 - std[70759c8f55707aa4]::panicking::panic_with_hook
[INFO] [stdout]    7:     0x634933672772 - std[70759c8f55707aa4]::panicking::panic_handler::{closure#0}
[INFO] [stdout]    8:     0x63493366ac59 - std[70759c8f55707aa4]::sys::backtrace::__rust_end_short_backtrace::<std[70759c8f55707aa4]::panicking::panic_handler::{closure#0}, !>
[INFO] [stdout]    9:     0x63493367366d - __rustc[8fa7c3cbc660c2b3]::rust_begin_unwind
[INFO] [stdout]   10:     0x6349336b0aac - core[df12db4294e9bfd3]::panicking::panic_fmt
[INFO] [stdout]   11:     0x6349336b0882 - core[df12db4294e9bfd3]::result::unwrap_failed
[INFO] [stdout]   12:     0x634933124326 - rs_firebase_admin_sdk[951c98c31f1ddb6d]::auth::test::test_update_user::{closure#0}::{closure#0}
[INFO] [stdout]   13:     0x63493316cf8b - <tokio[b706f68490a74645]::runtime::runtime::Runtime>::block_on::<core[df12db4294e9bfd3]::pin::Pin<&mut dyn core[df12db4294e9bfd3]::future::future::Future<Output = ()>>>
[INFO] [stdout]   14:     0x63493312ee8b - <rs_firebase_admin_sdk[951c98c31f1ddb6d]::auth::test::test_update_user::{closure#0} as core[df12db4294e9bfd3]::ops::function::FnOnce<()>>::call_once
[INFO] [stdout]   15:     0x634933650df3 - serial_test[745e28a0c766370e]::serial_code_lock::local_serial_core
[INFO] [stdout]   16:     0x63493316f27d - <rs_firebase_admin_sdk[951c98c31f1ddb6d]::auth::test::test_update_user::{closure#0} as core[df12db4294e9bfd3]::ops::function::FnOnce<()>>::call_once
[INFO] [stdout]   17:     0x63493317420b - test[9d35eded1c95d3be]::__rust_begin_short_backtrace::<core[df12db4294e9bfd3]::result::Result<(), alloc[2182bb758b4b3781]::string::String>, fn() -> core[df12db4294e9bfd3]::result::Result<(), alloc[2182bb758b4b3781]::string::String>>
[INFO] [stdout]   18:     0x634933181875 - test[9d35eded1c95d3be]::run_test::{closure#0}
[INFO] [stdout]   19:     0x63493317b134 - std[70759c8f55707aa4]::sys::backtrace::__rust_begin_short_backtrace::<test[9d35eded1c95d3be]::run_test::{closure#1}, ()>
[INFO] [stdout]   20:     0x6349331849d2 - <std[70759c8f55707aa4]::thread::lifecycle::spawn_unchecked<test[9d35eded1c95d3be]::run_test::{closure#1}, ()>::{closure#1} as core[df12db4294e9bfd3]::ops::function::FnOnce<()>>::call_once::{shim:vtable#0}
[INFO] [stdout]   21:     0x634933697e29 - <std[70759c8f55707aa4]::sys::thread::unix::Thread>::new::thread_start
[INFO] [stdout]   22:     0x7c6edc809dfa - <unknown>
[INFO] [stdout]   23:     0x7c6edc89d3d4 - clone
[INFO] [stdout]   24:                0x0 - <unknown>
[INFO] [stdout] 
[INFO] [stdout] ---- auth::test::test_emulator_configuration stdout ----
[INFO] [stdout] 
[INFO] [stdout] thread 'auth::test::test_emulator_configuration' (3554) panicked at src/auth/test.rs:62:62:
[INFO] [stdout] called `Result::unwrap()` on an `Err` value: [1mFailed to send API request[22m
[INFO] [stdout] ├╴at [3msrc/client/mod.rs:116:14[23m
[INFO] [stdout] │
[INFO] [stdout] ├─▶ [1merror sending request for url (http://emulator:9099/emulator/v1/projects/demo-firebase-project/config)[22m
[INFO] [stdout] │   ╰╴at [3msrc/client/mod.rs:116:14[23m
[INFO] [stdout] │
[INFO] [stdout] ├─▶ [1mclient error (Connect)[22m
[INFO] [stdout] │   ╰╴at [3msrc/client/mod.rs:116:14[23m
[INFO] [stdout] │
[INFO] [stdout] ├─▶ [1mdns error[22m
[INFO] [stdout] │   ╰╴at [3msrc/client/mod.rs:116:14[23m
[INFO] [stdout] │
[INFO] [stdout] ╰─▶ [1mno connections available[22m
[INFO] [stdout]     ├╴at [3msrc/client/mod.rs:116:14[23m
[INFO] [stdout]     ╰╴backtrace (1)
[INFO] [stdout] 
[INFO] [stdout] ━━━━━━━━━━━━━━━━━━━━━━━━━━━━━━━━━━━━━━━━
[INFO] [stdout] 
[INFO] [stdout] backtrace no. 1
[INFO] [stdout]    0: <error_stack::report::Report<google_cloud_gax::error::credentials::CredentialsError>>::from_frame
[INFO] [stdout]    1: <reqwest::error::Error as error_stack::report::IntoReport>::into_report
[INFO] [stdout]    2: <rs_firebase_admin_sdk::client::ReqwestApiClient>::handle_request::<()>::{closure#0}
[INFO] [stdout]    3: <core::pin::Pin<alloc::boxed::Box<<rs_firebase_admin_sdk::auth::FirebaseAuth<rs_firebase_admin_sdk::client::ReqwestApiClient> as rs_firebase_admin_sdk::auth::FirebaseEmulatorAuthService<rs_firebase_admin_sdk::client::ReqwestApiClient>>::get_emulator_configuration::{closure#0}>> as core::future::future::Future>::poll
[INFO] [stdout]    4: rs_firebase_admin_sdk::auth::test::test_emulator_configuration::{closure#0}::{closure#0}
[INFO] [stdout]    5: <tokio::runtime::runtime::Runtime>::block_on::<core::pin::Pin<&mut dyn core::future::future::Future<Output = ()>>>
[INFO] [stdout]    6: <rs_firebase_admin_sdk::auth::test::test_emulator_configuration::{closure#0} as core::ops::function::FnOnce<()>>::call_once
[INFO] [stdout]    7: serial_test::serial_code_lock::local_serial_core
[INFO] [stdout]    8: <rs_firebase_admin_sdk::auth::test::test_emulator_configuration::{closure#0} as core::ops::function::FnOnce<()>>::call_once
[INFO] [stdout]    9: test::__rust_begin_short_backtrace::<core::result::Result<(), alloc::string::String>, fn() -> core::result::Result<(), alloc::string::String>>
[INFO] [stdout]   10: test::run_test::{closure#0}
[INFO] [stdout]   11: std::sys::backtrace::__rust_begin_short_backtrace::<test::run_test::{closure#1}, ()>
[INFO] [stdout]   12: <std::thread::lifecycle::spawn_unchecked<test::run_test::{closure#1}, ()>::{closure#1} as core::ops::function::FnOnce<()>>::call_once::{shim:vtable#0}
[INFO] [stdout]   13: <std::sys::thread::unix::Thread>::new::thread_start
[INFO] [stdout]   14: <unknown>
[INFO] [stdout]   15: clone
[INFO] [stdout] stack backtrace:
[INFO] [stdout]    0:     0x634933698c21 - <<std[70759c8f55707aa4]::sys::backtrace::BacktraceLock>::print::DisplayBacktrace as core[df12db4294e9bfd3]::fmt::Display>::fmt
[INFO] [stdout]    1:     0x6349336b034a - core[df12db4294e9bfd3]::fmt::write
[INFO] [stdout]    2:     0x63493369e02c - <alloc[2182bb758b4b3781]::vec::Vec<u8> as core[df12db4294e9bfd3]::io::write::Write>::write_fmt
[INFO] [stdout]    3:     0x6349336726c6 - std[70759c8f55707aa4]::panicking::default_hook::{closure#0}
[INFO] [stdout]    4:     0x63493368ffc9 - std[70759c8f55707aa4]::panicking::default_hook
[INFO] [stdout]    5:     0x634933180f20 - test[9d35eded1c95d3be]::test_main_inner::<test[9d35eded1c95d3be]::test_main_static::{closure#0}>::{closure#0}
[INFO] [stdout]    6:     0x6349336902f2 - std[70759c8f55707aa4]::panicking::panic_with_hook
[INFO] [stdout]    7:     0x634933672772 - std[70759c8f55707aa4]::panicking::panic_handler::{closure#0}
[INFO] [stdout]    8:     0x63493366ac59 - std[70759c8f55707aa4]::sys::backtrace::__rust_end_short_backtrace::<std[70759c8f55707aa4]::panicking::panic_handler::{closure#0}, !>
[INFO] [stdout]    9:     0x63493367366d - __rustc[8fa7c3cbc660c2b3]::rust_begin_unwind
[INFO] [stdout]   10:     0x6349336b0aac - core[df12db4294e9bfd3]::panicking::panic_fmt
[INFO] [stdout]   11:     0x6349336b0882 - core[df12db4294e9bfd3]::result::unwrap_failed
[INFO] [stdout]   12:     0x63493312b1c4 - rs_firebase_admin_sdk[951c98c31f1ddb6d]::auth::test::test_emulator_configuration::{closure#0}::{closure#0}
[INFO] [stdout]   13:     0x63493316cf8b - <tokio[b706f68490a74645]::runtime::runtime::Runtime>::block_on::<core[df12db4294e9bfd3]::pin::Pin<&mut dyn core[df12db4294e9bfd3]::future::future::Future<Output = ()>>>
[INFO] [stdout]   14:     0x63493312f3cb - <rs_firebase_admin_sdk[951c98c31f1ddb6d]::auth::test::test_emulator_configuration::{closure#0} as core[df12db4294e9bfd3]::ops::function::FnOnce<()>>::call_once
[INFO] [stdout]   15:     0x634933650df3 - serial_test[745e28a0c766370e]::serial_code_lock::local_serial_core
[INFO] [stdout]   16:     0x63493316f47d - <rs_firebase_admin_sdk[951c98c31f1ddb6d]::auth::test::test_emulator_configuration::{closure#0} as core[df12db4294e9bfd3]::ops::function::FnOnce<()>>::call_once
[INFO] [stdout]   17:     0x63493317420b - test[9d35eded1c95d3be]::__rust_begin_short_backtrace::<core[df12db4294e9bfd3]::result::Result<(), alloc[2182bb758b4b3781]::string::String>, fn() -> core[df12db4294e9bfd3]::result::Result<(), alloc[2182bb758b4b3781]::string::String>>
[INFO] [stdout]   18:     0x634933181875 - test[9d35eded1c95d3be]::run_test::{closure#0}
[INFO] [stdout]   19:     0x63493317b134 - std[70759c8f55707aa4]::sys::backtrace::__rust_begin_short_backtrace::<test[9d35eded1c95d3be]::run_test::{closure#1}, ()>
[INFO] [stdout]   20:     0x6349331849d2 - <std[70759c8f55707aa4]::thread::lifecycle::spawn_unchecked<test[9d35eded1c95d3be]::run_test::{closure#1}, ()>::{closure#1} as core[df12db4294e9bfd3]::ops::function::FnOnce<()>>::call_once::{shim:vtable#0}
[INFO] [stdout]   21:     0x634933697e29 - <std[70759c8f55707aa4]::sys::thread::unix::Thread>::new::thread_start
[INFO] [stdout]   22:     0x7c6edc809dfa - <unknown>
[INFO] [stdout]   23:     0x7c6edc89d3d4 - clone
[INFO] [stdout]   24:                0x0 - <unknown>
[INFO] [stdout] 
[INFO] [stdout] ---- auth::test::test_get_user stdout ----
[INFO] [stdout] 
[INFO] [stdout] thread 'auth::test::test_get_user' (3556) panicked at src/auth/test.rs:198:6:
[INFO] [stdout] called `Result::unwrap()` on an `Err` value: [1mFailed to send API request[22m
[INFO] [stdout] ├╴at [3msrc/client/mod.rs:116:14[23m
[INFO] [stdout] │
[INFO] [stdout] ├─▶ [1merror sending request for url (http://emulator:9099/identitytoolkit.googleapis.com/v1/projects/demo-firebase-project/accounts)[22m
[INFO] [stdout] │   ╰╴at [3msrc/client/mod.rs:116:14[23m
[INFO] [stdout] │
[INFO] [stdout] ├─▶ [1mclient error (Connect)[22m
[INFO] [stdout] │   ╰╴at [3msrc/client/mod.rs:116:14[23m
[INFO] [stdout] │
[INFO] [stdout] ├─▶ [1mdns error[22m
[INFO] [stdout] │   ╰╴at [3msrc/client/mod.rs:116:14[23m
[INFO] [stdout] │
[INFO] [stdout] ╰─▶ [1mno connections available[22m
[INFO] [stdout]     ├╴at [3msrc/client/mod.rs:116:14[23m
[INFO] [stdout]     ╰╴backtrace (1)
[INFO] [stdout] 
[INFO] [stdout] ━━━━━━━━━━━━━━━━━━━━━━━━━━━━━━━━━━━━━━━━
[INFO] [stdout] 
[INFO] [stdout] backtrace no. 1
[INFO] [stdout]    0: <error_stack::report::Report<google_cloud_gax::error::credentials::CredentialsError>>::from_frame
[INFO] [stdout]    1: <reqwest::error::Error as error_stack::report::IntoReport>::into_report
[INFO] [stdout]    2: <core::pin::Pin<alloc::boxed::Box<<rs_firebase_admin_sdk::client::ReqwestApiClient as rs_firebase_admin_sdk::client::ApiHttpClient>::send_request_body<rs_firebase_admin_sdk::auth::NewUser, rs_firebase_admin_sdk::auth::User>::{closure#0}>> as core::future::future::Future>::poll
[INFO] [stdout]    3: rs_firebase_admin_sdk::auth::test::test_get_user::{closure#0}::{closure#0}
[INFO] [stdout]    4: <tokio::runtime::runtime::Runtime>::block_on::<core::pin::Pin<&mut dyn core::future::future::Future<Output = ()>>>
[INFO] [stdout]    5: <rs_firebase_admin_sdk::auth::test::test_get_user::{closure#0} as core::ops::function::FnOnce<()>>::call_once
[INFO] [stdout]    6: serial_test::serial_code_lock::local_serial_core
[INFO] [stdout]    7: <rs_firebase_admin_sdk::auth::test::test_get_user::{closure#0} as core::ops::function::FnOnce<()>>::call_once
[INFO] [stdout]    8: test::__rust_begin_short_backtrace::<core::result::Result<(), alloc::string::String>, fn() -> core::result::Result<(), alloc::string::String>>
[INFO] [stdout]    9: test::run_test::{closure#0}
[INFO] [stdout]   10: std::sys::backtrace::__rust_begin_short_backtrace::<test::run_test::{closure#1}, ()>
[INFO] [stdout]   11: <std::thread::lifecycle::spawn_unchecked<test::run_test::{closure#1}, ()>::{closure#1} as core::ops::function::FnOnce<()>>::call_once::{shim:vtable#0}
[INFO] [stdout]   12: <std::sys::thread::unix::Thread>::new::thread_start
[INFO] [stdout]   13: <unknown>
[INFO] [stdout]   14: clone
[INFO] [stdout] stack backtrace:
[INFO] [stdout]    0:     0x634933698c21 - <<std[70759c8f55707aa4]::sys::backtrace::BacktraceLock>::print::DisplayBacktrace as core[df12db4294e9bfd3]::fmt::Display>::fmt
[INFO] [stdout]    1:     0x6349336b034a - core[df12db4294e9bfd3]::fmt::write
[INFO] [stdout]    2:     0x63493369e02c - <alloc[2182bb758b4b3781]::vec::Vec<u8> as core[df12db4294e9bfd3]::io::write::Write>::write_fmt
[INFO] [stdout]    3:     0x6349336726c6 - std[70759c8f55707aa4]::panicking::default_hook::{closure#0}
[INFO] [stdout]    4:     0x63493368ffc9 - std[70759c8f55707aa4]::panicking::default_hook
[INFO] [stdout]    5:     0x634933180f20 - test[9d35eded1c95d3be]::test_main_inner::<test[9d35eded1c95d3be]::test_main_static::{closure#0}>::{closure#0}
[INFO] [stdout]    6:     0x6349336902f2 - std[70759c8f55707aa4]::panicking::panic_with_hook
[INFO] [stdout]    7:     0x634933672772 - std[70759c8f55707aa4]::panicking::panic_handler::{closure#0}
[INFO] [stdout]    8:     0x63493366ac59 - std[70759c8f55707aa4]::sys::backtrace::__rust_end_short_backtrace::<std[70759c8f55707aa4]::panicking::panic_handler::{closure#0}, !>
[INFO] [stdout]    9:     0x63493367366d - __rustc[8fa7c3cbc660c2b3]::rust_begin_unwind
[INFO] [stdout]   10:     0x6349336b0aac - core[df12db4294e9bfd3]::panicking::panic_fmt
[INFO] [stdout]   11:     0x6349336b0882 - core[df12db4294e9bfd3]::result::unwrap_failed
[INFO] [stdout]   12:     0x6349331207fe - rs_firebase_admin_sdk[951c98c31f1ddb6d]::auth::test::test_get_user::{closure#0}::{closure#0}
[INFO] [stdout]   13:     0x63493316cf8b - <tokio[b706f68490a74645]::runtime::runtime::Runtime>::block_on::<core[df12db4294e9bfd3]::pin::Pin<&mut dyn core[df12db4294e9bfd3]::future::future::Future<Output = ()>>>
[INFO] [stdout]   14:     0x63493312e7fb - <rs_firebase_admin_sdk[951c98c31f1ddb6d]::auth::test::test_get_user::{closure#0} as core[df12db4294e9bfd3]::ops::function::FnOnce<()>>::call_once
[INFO] [stdout]   15:     0x634933650df3 - serial_test[745e28a0c766370e]::serial_code_lock::local_serial_core
[INFO] [stdout]   16:     0x63493316effd - <rs_firebase_admin_sdk[951c98c31f1ddb6d]::auth::test::test_get_user::{closure#0} as core[df12db4294e9bfd3]::ops::function::FnOnce<()>>::call_once
[INFO] [stdout]   17:     0x63493317420b - test[9d35eded1c95d3be]::__rust_begin_short_backtrace::<core[df12db4294e9bfd3]::result::Result<(), alloc[2182bb758b4b3781]::string::String>, fn() -> core[df12db4294e9bfd3]::result::Result<(), alloc[2182bb758b4b3781]::string::String>>
[INFO] [stdout]   18:     0x634933181875 - test[9d35eded1c95d3be]::run_test::{closure#0}
[INFO] [stdout]   19:     0x63493317b134 - std[70759c8f55707aa4]::sys::backtrace::__rust_begin_short_backtrace::<test[9d35eded1c95d3be]::run_test::{closure#1}, ()>
[INFO] [stdout]   20:     0x6349331849d2 - <std[70759c8f55707aa4]::thread::lifecycle::spawn_unchecked<test[9d35eded1c95d3be]::run_test::{closure#1}, ()>::{closure#1} as core[df12db4294e9bfd3]::ops::function::FnOnce<()>>::call_once::{shim:vtable#0}
[INFO] [stdout]   21:     0x634933697e29 - <std[70759c8f55707aa4]::sys::thread::unix::Thread>::new::thread_start
[INFO] [stdout]   22:     0x7c6edc809dfa - <unknown>
[INFO] [stdout]   23:     0x7c6edc89d3d4 - clone
[INFO] [stdout]   24:                0x0 - <unknown>
[INFO] [stdout] 
[INFO] [stdout] ---- auth::test::test_generate_email_action_link stdout ----
[INFO] [stdout] 
[INFO] [stdout] thread 'auth::test::test_generate_email_action_link' (3555) panicked at src/auth/test.rs:485:6:
[INFO] [stdout] called `Result::unwrap()` on an `Err` value: [1mFailed to send API request[22m
[INFO] [stdout] ├╴at [3msrc/client/mod.rs:116:14[23m
[INFO] [stdout] │
[INFO] [stdout] ├─▶ [1merror sending request for url (http://emulator:9099/identitytoolkit.googleapis.com/v1/projects/demo-firebase-project/accounts)[22m
[INFO] [stdout] │   ╰╴at [3msrc/client/mod.rs:116:14[23m
[INFO] [stdout] │
[INFO] [stdout] ├─▶ [1mclient error (Connect)[22m
[INFO] [stdout] │   ╰╴at [3msrc/client/mod.rs:116:14[23m
[INFO] [stdout] │
[INFO] [stdout] ├─▶ [1mdns error[22m
[INFO] [stdout] │   ╰╴at [3msrc/client/mod.rs:116:14[23m
[INFO] [stdout] │
[INFO] [stdout] ╰─▶ [1mno connections available[22m
[INFO] [stdout]     ├╴at [3msrc/client/mod.rs:116:14[23m
[INFO] [stdout]     ╰╴backtrace (1)
[INFO] [stdout] 
[INFO] [stdout] ━━━━━━━━━━━━━━━━━━━━━━━━━━━━━━━━━━━━━━━━
[INFO] [stdout] 
[INFO] [stdout] backtrace no. 1
[INFO] [stdout]    0: <error_stack::report::Report<google_cloud_gax::error::credentials::CredentialsError>>::from_frame
[INFO] [stdout]    1: <reqwest::error::Error as error_stack::report::IntoReport>::into_report
[INFO] [stdout]    2: <core::pin::Pin<alloc::boxed::Box<<rs_firebase_admin_sdk::client::ReqwestApiClient as rs_firebase_admin_sdk::client::ApiHttpClient>::send_request_body<rs_firebase_admin_sdk::auth::NewUser, rs_firebase_admin_sdk::auth::User>::{closure#0}>> as core::future::future::Future>::poll
[INFO] [stdout]    3: rs_firebase_admin_sdk::auth::test::test_generate_email_action_link::{closure#0}::{closure#0}
[INFO] [stdout]    4: <tokio::runtime::runtime::Runtime>::block_on::<core::pin::Pin<&mut dyn core::future::future::Future<Output = ()>>>
[INFO] [stdout]    5: <rs_firebase_admin_sdk::auth::test::test_generate_email_action_link::{closure#0} as core::ops::function::FnOnce<()>>::call_once
[INFO] [stdout]    6: serial_test::serial_code_lock::local_serial_core
[INFO] [stdout]    7: <rs_firebase_admin_sdk::auth::test::test_generate_email_action_link::{closure#0} as core::ops::function::FnOnce<()>>::call_once
[INFO] [stdout]    8: test::__rust_begin_short_backtrace::<core::result::Result<(), alloc::string::String>, fn() -> core::result::Result<(), alloc::string::String>>
[INFO] [stdout]    9: test::run_test::{closure#0}
[INFO] [stdout]   10: std::sys::backtrace::__rust_begin_short_backtrace::<test::run_test::{closure#1}, ()>
[INFO] [stdout]   11: <std::thread::lifecycle::spawn_unchecked<test::run_test::{closure#1}, ()>::{closure#1} as core::ops::function::FnOnce<()>>::call_once::{shim:vtable#0}
[INFO] [stdout]   12: <std::sys::thread::unix::Thread>::new::thread_start
[INFO] [stdout]   13: <unknown>
[INFO] [stdout]   14: clone
[INFO] [stdout] stack backtrace:
[INFO] [stdout]    0:     0x634933698c21 - <<std[70759c8f55707aa4]::sys::backtrace::BacktraceLock>::print::DisplayBacktrace as core[df12db4294e9bfd3]::fmt::Display>::fmt
[INFO] [stdout]    1:     0x6349336b034a - core[df12db4294e9bfd3]::fmt::write
[INFO] [stdout]    2:     0x63493369e02c - <alloc[2182bb758b4b3781]::vec::Vec<u8> as core[df12db4294e9bfd3]::io::write::Write>::write_fmt
[INFO] [stdout]    3:     0x6349336726c6 - std[70759c8f55707aa4]::panicking::default_hook::{closure#0}
[INFO] [stdout]    4:     0x63493368ffc9 - std[70759c8f55707aa4]::panicking::default_hook
[INFO] [stdout]    5:     0x634933180f20 - test[9d35eded1c95d3be]::test_main_inner::<test[9d35eded1c95d3be]::test_main_static::{closure#0}>::{closure#0}
[INFO] [stdout]    6:     0x6349336902f2 - std[70759c8f55707aa4]::panicking::panic_with_hook
[INFO] [stdout]    7:     0x634933672772 - std[70759c8f55707aa4]::panicking::panic_handler::{closure#0}
[INFO] [stdout]    8:     0x63493366ac59 - std[70759c8f55707aa4]::sys::backtrace::__rust_end_short_backtrace::<std[70759c8f55707aa4]::panicking::panic_handler::{closure#0}, !>
[INFO] [stdout]    9:     0x63493367366d - __rustc[8fa7c3cbc660c2b3]::rust_begin_unwind
[INFO] [stdout]   10:     0x6349336b0aac - core[df12db4294e9bfd3]::panicking::panic_fmt
[INFO] [stdout]   11:     0x6349336b0882 - core[df12db4294e9bfd3]::result::unwrap_failed
[INFO] [stdout]   12:     0x63493312bd25 - rs_firebase_admin_sdk[951c98c31f1ddb6d]::auth::test::test_generate_email_action_link::{closure#0}::{closure#0}
[INFO] [stdout]   13:     0x63493316cf8b - <tokio[b706f68490a74645]::runtime::runtime::Runtime>::block_on::<core[df12db4294e9bfd3]::pin::Pin<&mut dyn core[df12db4294e9bfd3]::future::future::Future<Output = ()>>>
[INFO] [stdout]   14:     0x63493312f51b - <rs_firebase_admin_sdk[951c98c31f1ddb6d]::auth::test::test_generate_email_action_link::{closure#0} as core[df12db4294e9bfd3]::ops::function::FnOnce<()>>::call_once
[INFO] [stdout]   15:     0x634933650df3 - serial_test[745e28a0c766370e]::serial_code_lock::local_serial_core
[INFO] [stdout]   16:     0x63493316f4fd - <rs_firebase_admin_sdk[951c98c31f1ddb6d]::auth::test::test_generate_email_action_link::{closure#0} as core[df12db4294e9bfd3]::ops::function::FnOnce<()>>::call_once
[INFO] [stdout]   17:     0x63493317420b - test[9d35eded1c95d3be]::__rust_begin_short_backtrace::<core[df12db4294e9bfd3]::result::Result<(), alloc[2182bb758b4b3781]::string::String>, fn() -> core[df12db4294e9bfd3]::result::Result<(), alloc[2182bb758b4b3781]::string::String>>
[INFO] [stdout]   18:     0x634933181875 - test[9d35eded1c95d3be]::run_test::{closure#0}
[INFO] [stdout]   19:     0x63493317b134 - std[70759c8f55707aa4]::sys::backtrace::__rust_begin_short_backtrace::<test[9d35eded1c95d3be]::run_test::{closure#1}, ()>
[INFO] [stdout]   20:     0x6349331849d2 - <std[70759c8f55707aa4]::thread::lifecycle::spawn_unchecked<test[9d35eded1c95d3be]::run_test::{closure#1}, ()>::{closure#1} as core[df12db4294e9bfd3]::ops::function::FnOnce<()>>::call_once::{shim:vtable#0}
[INFO] [stdout]   21:     0x634933697e29 - <std[70759c8f55707aa4]::sys::thread::unix::Thread>::new::thread_start
[INFO] [stdout]   22:     0x7c6edc809dfa - <unknown>
[INFO] [stdout]   23:     0x7c6edc89d3d4 - clone
[INFO] [stdout]   24:                0x0 - <unknown>
[INFO] [stdout] 
[INFO] [stdout] ---- auth::test::test_create_session_cookie stdout ----
[INFO] [stdout] 
[INFO] [stdout] thread 'auth::test::test_create_session_cookie' (3550) panicked at src/auth/test.rs:540:6:
[INFO] [stdout] called `Result::unwrap()` on an `Err` value: [1mFailed to send API request[22m
[INFO] [stdout] ├╴at [3msrc/client/mod.rs:116:14[23m
[INFO] [stdout] │
[INFO] [stdout] ├─▶ [1merror sending request for url (http://emulator:9099/identitytoolkit.googleapis.com/v1/projects/demo-firebase-project/accounts)[22m
[INFO] [stdout] │   ╰╴at [3msrc/client/mod.rs:116:14[23m
[INFO] [stdout] │
[INFO] [stdout] ├─▶ [1mclient error (Connect)[22m
[INFO] [stdout] │   ╰╴at [3msrc/client/mod.rs:116:14[23m
[INFO] [stdout] │
[INFO] [stdout] ├─▶ [1mdns error[22m
[INFO] [stdout] │   ╰╴at [3msrc/client/mod.rs:116:14[23m
[INFO] [stdout] │
[INFO] [stdout] ╰─▶ [1mno connections available[22m
[INFO] [stdout]     ├╴at [3msrc/client/mod.rs:116:14[23m
[INFO] [stdout]     ╰╴backtrace (1)
[INFO] [stdout] 
[INFO] [stdout] ━━━━━━━━━━━━━━━━━━━━━━━━━━━━━━━━━━━━━━━━
[INFO] [stdout] 
[INFO] [stdout] backtrace no. 1
[INFO] [stdout]    0: <error_stack::report::Report<google_cloud_gax::error::credentials::CredentialsError>>::from_frame
[INFO] [stdout]    1: <reqwest::error::Error as error_stack::report::IntoReport>::into_report
[INFO] [stdout]    2: <core::pin::Pin<alloc::boxed::Box<<rs_firebase_admin_sdk::client::ReqwestApiClient as rs_firebase_admin_sdk::client::ApiHttpClient>::send_request_body<rs_firebase_admin_sdk::auth::NewUser, rs_firebase_admin_sdk::auth::User>::{closure#0}>> as core::future::future::Future>::poll
[INFO] [stdout]    3: rs_firebase_admin_sdk::auth::test::test_create_session_cookie::{closure#0}::{closure#0}
[INFO] [stdout]    4: <tokio::runtime::runtime::Runtime>::block_on::<core::pin::Pin<&mut dyn core::future::future::Future<Output = ()>>>
[INFO] [stdout]    5: <rs_firebase_admin_sdk::auth::test::test_create_session_cookie::{closure#0} as core::ops::function::FnOnce<()>>::call_once
[INFO] [stdout]    6: serial_test::serial_code_lock::local_serial_core
[INFO] [stdout]    7: <rs_firebase_admin_sdk::auth::test::test_create_session_cookie::{closure#0} as core::ops::function::FnOnce<()>>::call_once
[INFO] [stdout]    8: test::__rust_begin_short_backtrace::<core::result::Result<(), alloc::string::String>, fn() -> core::result::Result<(), alloc::string::String>>
[INFO] [stdout]    9: test::run_test::{closure#0}
[INFO] [stdout]   10: std::sys::backtrace::__rust_begin_short_backtrace::<test::run_test::{closure#1}, ()>
[INFO] [stdout]   11: <std::thread::lifecycle::spawn_unchecked<test::run_test::{closure#1}, ()>::{closure#1} as core::ops::function::FnOnce<()>>::call_once::{shim:vtable#0}
[INFO] [stdout]   12: <std::sys::thread::unix::Thread>::new::thread_start
[INFO] [stdout]   13: <unknown>
[INFO] [stdout]   14: clone
[INFO] [stdout] stack backtrace:
[INFO] [stdout]    0:     0x634933698c21 - <<std[70759c8f55707aa4]::sys::backtrace::BacktraceLock>::print::DisplayBacktrace as core[df12db4294e9bfd3]::fmt::Display>::fmt
[INFO] [stdout]    1:     0x6349336b034a - core[df12db4294e9bfd3]::fmt::write
[INFO] [stdout]    2:     0x63493369e02c - <alloc[2182bb758b4b3781]::vec::Vec<u8> as core[df12db4294e9bfd3]::io::write::Write>::write_fmt
[INFO] [stdout]    3:     0x6349336726c6 - std[70759c8f55707aa4]::panicking::default_hook::{closure#0}
[INFO] [stdout]    4:     0x63493368ffc9 - std[70759c8f55707aa4]::panicking::default_hook
[INFO] [stdout]    5:     0x634933180f20 - test[9d35eded1c95d3be]::test_main_inner::<test[9d35eded1c95d3be]::test_main_static::{closure#0}>::{closure#0}
[INFO] [stdout]    6:     0x6349336902f2 - std[70759c8f55707aa4]::panicking::panic_with_hook
[INFO] [stdout]    7:     0x634933672772 - std[70759c8f55707aa4]::panicking::panic_handler::{closure#0}
[INFO] [stdout]    8:     0x63493366ac59 - std[70759c8f55707aa4]::sys::backtrace::__rust_end_short_backtrace::<std[70759c8f55707aa4]::panicking::panic_handler::{closure#0}, !>
[INFO] [stdout]    9:     0x63493367366d - __rustc[8fa7c3cbc660c2b3]::rust_begin_unwind
[INFO] [stdout]   10:     0x6349336b0aac - core[df12db4294e9bfd3]::panicking::panic_fmt
[INFO] [stdout]   11:     0x6349336b0882 - core[df12db4294e9bfd3]::result::unwrap_failed
[INFO] [stdout]   12:     0x63493312a954 - rs_firebase_admin_sdk[951c98c31f1ddb6d]::auth::test::test_create_session_cookie::{closure#0}::{closure#0}
[INFO] [stdout]   13:     0x63493316cf8b - <tokio[b706f68490a74645]::runtime::runtime::Runtime>::block_on::<core[df12db4294e9bfd3]::pin::Pin<&mut dyn core[df12db4294e9bfd3]::future::future::Future<Output = ()>>>
[INFO] [stdout]   14:     0x63493312f27b - <rs_firebase_admin_sdk[951c98c31f1ddb6d]::auth::test::test_create_session_cookie::{closure#0} as core[df12db4294e9bfd3]::ops::function::FnOnce<()>>::call_once
[INFO] [stdout]   15:     0x634933650df3 - serial_test[745e28a0c766370e]::serial_code_lock::local_serial_core
[INFO] [stdout]   16:     0x63493316f3fd - <rs_firebase_admin_sdk[951c98c31f1ddb6d]::auth::test::test_create_session_cookie::{closure#0} as core[df12db4294e9bfd3]::ops::function::FnOnce<()>>::call_once
[INFO] [stdout]   17:     0x63493317420b - test[9d35eded1c95d3be]::__rust_begin_short_backtrace::<core[df12db4294e9bfd3]::result::Result<(), alloc[2182bb758b4b3781]::string::String>, fn() -> core[df12db4294e9bfd3]::result::Result<(), alloc[2182bb758b4b3781]::string::String>>
[INFO] [stdout]   18:     0x634933181875 - test[9d35eded1c95d3be]::run_test::{closure#0}
[INFO] [stdout]   19:     0x63493317b134 - std[70759c8f55707aa4]::sys::backtrace::__rust_begin_short_backtrace::<test[9d35eded1c95d3be]::run_test::{closure#1}, ()>
[INFO] [stdout]   20:     0x6349331849d2 - <std[70759c8f55707aa4]::thread::lifecycle::spawn_unchecked<test[9d35eded1c95d3be]::run_test::{closure#1}, ()>::{closure#1} as core[df12db4294e9bfd3]::ops::function::FnOnce<()>>::call_once::{shim:vtable#0}
[INFO] [stdout]   21:     0x634933697e29 - <std[70759c8f55707aa4]::sys::thread::unix::Thread>::new::thread_start
[INFO] [stdout]   22:     0x7c6edc809dfa - <unknown>
[INFO] [stdout]   23:     0x7c6edc89d3d4 - clone
[INFO] [stdout]   24:                0x0 - <unknown>
[INFO] [stdout] 
[INFO] [stdout] ---- auth::test::test_import_users stdout ----
[INFO] [stdout] 
[INFO] [stdout] thread 'auth::test::test_import_users' (3558) panicked at src/auth/test.rs:432:38:
[INFO] [stdout] called `Result::unwrap()` on an `Err` value: [1mFailed to send API request[22m
[INFO] [stdout] ├╴at [3msrc/client/mod.rs:116:14[23m
[INFO] [stdout] │
[INFO] [stdout] ├─▶ [1merror sending request for url (http://emulator:9099/identitytoolkit.googleapis.com/v1/projects/demo-firebase-project/accounts:batchCreate)[22m
[INFO] [stdout] │   ╰╴at [3msrc/client/mod.rs:116:14[23m
[INFO] [stdout] │
[INFO] [stdout] ├─▶ [1mclient error (Connect)[22m
[INFO] [stdout] │   ╰╴at [3msrc/client/mod.rs:116:14[23m
[INFO] [stdout] │
[INFO] [stdout] ├─▶ [1mdns error[22m
[INFO] [stdout] │   ╰╴at [3msrc/client/mod.rs:116:14[23m
[INFO] [stdout] │
[INFO] [stdout] ╰─▶ [1mno connections available[22m
[INFO] [stdout]     ├╴at [3msrc/client/mod.rs:116:14[23m
[INFO] [stdout]     ╰╴backtrace (1)
[INFO] [stdout] 
[INFO] [stdout] ━━━━━━━━━━━━━━━━━━━━━━━━━━━━━━━━━━━━━━━━
[INFO] [stdout] 
[INFO] [stdout] backtrace no. 1
[INFO] [stdout]    0: <error_stack::report::Report<google_cloud_gax::error::credentials::CredentialsError>>::from_frame
[INFO] [stdout]    1: <reqwest::error::Error as error_stack::report::IntoReport>::into_report
[INFO] [stdout]    2: <core::pin::Pin<alloc::boxed::Box<<rs_firebase_admin_sdk::auth::FirebaseAuth<rs_firebase_admin_sdk::client::ReqwestApiClient> as rs_firebase_admin_sdk::auth::FirebaseAuthService<rs_firebase_admin_sdk::client::ReqwestApiClient>>::import_users::{closure#0}>> as core::future::future::Future>::poll
[INFO] [stdout]    3: rs_firebase_admin_sdk::auth::test::test_import_users::{closure#0}::{closure#0}
[INFO] [stdout]    4: <tokio::runtime::runtime::Runtime>::block_on::<core::pin::Pin<&mut dyn core::future::future::Future<Output = ()>>>
[INFO] [stdout]    5: <rs_firebase_admin_sdk::auth::test::test_import_users::{closure#0} as core::ops::function::FnOnce<()>>::call_once
[INFO] [stdout]    6: serial_test::serial_code_lock::local_serial_core
[INFO] [stdout]    7: <rs_firebase_admin_sdk::auth::test::test_import_users::{closure#0} as core::ops::function::FnOnce<()>>::call_once
[INFO] [stdout]    8: test::__rust_begin_short_backtrace::<core::result::Result<(), alloc::string::String>, fn() -> core::result::Result<(), alloc::string::String>>
[INFO] [stdout]    9: test::run_test::{closure#0}
[INFO] [stdout]   10: std::sys::backtrace::__rust_begin_short_backtrace::<test::run_test::{closure#1}, ()>
[INFO] [stdout]   11: <std::thread::lifecycle::spawn_unchecked<test::run_test::{closure#1}, ()>::{closure#1} as core::ops::function::FnOnce<()>>::call_once::{shim:vtable#0}
[INFO] [stdout]   12: <std::sys::thread::unix::Thread>::new::thread_start
[INFO] [stdout]   13: <unknown>
[INFO] [stdout]   14: clone
[INFO] [stdout] stack backtrace:
[INFO] [stdout]    0:     0x634933698c21 - <<std[70759c8f55707aa4]::sys::backtrace::BacktraceLock>::print::DisplayBacktrace as core[df12db4294e9bfd3]::fmt::Display>::fmt
[INFO] [stdout]    1:     0x6349336b034a - core[df12db4294e9bfd3]::fmt::write
[INFO] [stdout]    2:     0x63493369e02c - <alloc[2182bb758b4b3781]::vec::Vec<u8> as core[df12db4294e9bfd3]::io::write::Write>::write_fmt
[INFO] [stdout]    3:     0x6349336726c6 - std[70759c8f55707aa4]::panicking::default_hook::{closure#0}
[INFO] [stdout]    4:     0x63493368ffc9 - std[70759c8f55707aa4]::panicking::default_hook
[INFO] [stdout]    5:     0x634933180f20 - test[9d35eded1c95d3be]::test_main_inner::<test[9d35eded1c95d3be]::test_main_static::{closure#0}>::{closure#0}
[INFO] [stdout]    6:     0x6349336902f2 - std[70759c8f55707aa4]::panicking::panic_with_hook
[INFO] [stdout]    7:     0x634933672772 - std[70759c8f55707aa4]::panicking::panic_handler::{closure#0}
[INFO] [stdout]    8:     0x63493366ac59 - std[70759c8f55707aa4]::sys::backtrace::__rust_end_short_backtrace::<std[70759c8f55707aa4]::panicking::panic_handler::{closure#0}, !>
[INFO] [stdout]    9:     0x63493367366d - __rustc[8fa7c3cbc660c2b3]::rust_begin_unwind
[INFO] [stdout]   10:     0x6349336b0aac - core[df12db4294e9bfd3]::panicking::panic_fmt
[INFO] [stdout]   11:     0x6349336b0882 - core[df12db4294e9bfd3]::result::unwrap_failed
[INFO] [stdout]   12:     0x634933127ebb - rs_firebase_admin_sdk[951c98c31f1ddb6d]::auth::test::test_import_users::{closure#0}::{closure#0}
[INFO] [stdout]   13:     0x63493316cf8b - <tokio[b706f68490a74645]::runtime::runtime::Runtime>::block_on::<core[df12db4294e9bfd3]::pin::Pin<&mut dyn core[df12db4294e9bfd3]::future::future::Future<Output = ()>>>
[INFO] [stdout]   14:     0x63493312f12b - <rs_firebase_admin_sdk[951c98c31f1ddb6d]::auth::test::test_import_users::{closure#0} as core[df12db4294e9bfd3]::ops::function::FnOnce<()>>::call_once
[INFO] [stdout]   15:     0x634933650df3 - serial_test[745e28a0c766370e]::serial_code_lock::local_serial_core
[INFO] [stdout]   16:     0x63493316f37d - <rs_firebase_admin_sdk[951c98c31f1ddb6d]::auth::test::test_import_users::{closure#0} as core[df12db4294e9bfd3]::ops::function::FnOnce<()>>::call_once
[INFO] [stdout]   17:     0x63493317420b - test[9d35eded1c95d3be]::__rust_begin_short_backtrace::<core[df12db4294e9bfd3]::result::Result<(), alloc[2182bb758b4b3781]::string::String>, fn() -> core[df12db4294e9bfd3]::result::Result<(), alloc[2182bb758b4b3781]::string::String>>
[INFO] [stdout]   18:     0x634933181875 - test[9d35eded1c95d3be]::run_test::{closure#0}
[INFO] [stdout]   19:     0x63493317b134 - std[70759c8f55707aa4]::sys::backtrace::__rust_begin_short_backtrace::<test[9d35eded1c95d3be]::run_test::{closure#1}, ()>
[INFO] [stdout]   20:     0x6349331849d2 - <std[70759c8f55707aa4]::thread::lifecycle::spawn_unchecked<test[9d35eded1c95d3be]::run_test::{closure#1}, ()>::{closure#1} as core[df12db4294e9bfd3]::ops::function::FnOnce<()>>::call_once::{shim:vtable#0}
[INFO] [stdout]   21:     0x634933697e29 - <std[70759c8f55707aa4]::sys::thread::unix::Thread>::new::thread_start
[INFO] [stdout]   22:     0x7c6edc809dfa - <unknown>
[INFO] [stdout]   23:     0x7c6edc89d3d4 - clone
[INFO] [stdout]   24:                0x0 - <unknown>
[INFO] [stdout] 
[INFO] [stdout] ---- auth::test::test_delete_user stdout ----
[INFO] [stdout] 
[INFO] [stdout] thread 'auth::test::test_delete_user' (3552) panicked at src/auth/test.rs:233:10:
[INFO] [stdout] called `Result::unwrap()` on an `Err` value: [1mFailed to send API request[22m
[INFO] [stdout] ├╴at [3msrc/client/mod.rs:116:14[23m
[INFO] [stdout] │
[INFO] [stdout] ├─▶ [1merror sending request for url (http://emulator:9099/identitytoolkit.googleapis.com/v1/projects/demo-firebase-project/accounts)[22m
[INFO] [stdout] │   ╰╴at [3msrc/client/mod.rs:116:14[23m
[INFO] [stdout] │
[INFO] [stdout] ├─▶ [1mclient error (Connect)[22m
[INFO] [stdout] │   ╰╴at [3msrc/client/mod.rs:116:14[23m
[INFO] [stdout] │
[INFO] [stdout] ├─▶ [1mdns error[22m
[INFO] [stdout] │   ╰╴at [3msrc/client/mod.rs:116:14[23m
[INFO] [stdout] │
[INFO] [stdout] ╰─▶ [1mno connections available[22m
[INFO] [stdout]     ├╴at [3msrc/client/mod.rs:116:14[23m
[INFO] [stdout]     ╰╴backtrace (1)
[INFO] [stdout] 
[INFO] [stdout] ━━━━━━━━━━━━━━━━━━━━━━━━━━━━━━━━━━━━━━━━
[INFO] [stdout] 
[INFO] [stdout] backtrace no. 1
[INFO] [stdout]    0: <error_stack::report::Report<google_cloud_gax::error::credentials::CredentialsError>>::from_frame
[INFO] [stdout]    1: <reqwest::error::Error as error_stack::report::IntoReport>::into_report
[INFO] [stdout]    2: <core::pin::Pin<alloc::boxed::Box<<rs_firebase_admin_sdk::client::ReqwestApiClient as rs_firebase_admin_sdk::client::ApiHttpClient>::send_request_body<rs_firebase_admin_sdk::auth::NewUser, rs_firebase_admin_sdk::auth::User>::{closure#0}>> as core::future::future::Future>::poll
[INFO] [stdout]    3: rs_firebase_admin_sdk::auth::test::test_delete_user::{closure#0}::{closure#0}
[INFO] [stdout]    4: <tokio::runtime::runtime::Runtime>::block_on::<core::pin::Pin<&mut dyn core::future::future::Future<Output = ()>>>
[INFO] [stdout]    5: <rs_firebase_admin_sdk::auth::test::test_delete_user::{closure#0} as core::ops::function::FnOnce<()>>::call_once
[INFO] [stdout]    6: serial_test::serial_code_lock::local_serial_core
[INFO] [stdout]    7: <rs_firebase_admin_sdk::auth::test::test_delete_user::{closure#0} as core::ops::function::FnOnce<()>>::call_once
[INFO] [stdout]    8: test::__rust_begin_short_backtrace::<core::result::Result<(), alloc::string::String>, fn() -> core::result::Result<(), alloc::string::String>>
[INFO] [stdout]    9: test::run_test::{closure#0}
[INFO] [stdout]   10: std::sys::backtrace::__rust_begin_short_backtrace::<test::run_test::{closure#1}, ()>
[INFO] [stdout]   11: <std::thread::lifecycle::spawn_unchecked<test::run_test::{closure#1}, ()>::{closure#1} as core::ops::function::FnOnce<()>>::call_once::{shim:vtable#0}
[INFO] [stdout]   12: <std::sys::thread::unix::Thread>::new::thread_start
[INFO] [stdout]   13: <unknown>
[INFO] [stdout]   14: clone
[INFO] [stdout] stack backtrace:
[INFO] [stdout]    0:     0x634933698c21 - <<std[70759c8f55707aa4]::sys::backtrace::BacktraceLock>::print::DisplayBacktrace as core[df12db4294e9bfd3]::fmt::Display>::fmt
[INFO] [stdout]    1:     0x6349336b034a - core[df12db4294e9bfd3]::fmt::write
[INFO] [stdout]    2:     0x63493369e02c - <alloc[2182bb758b4b3781]::vec::Vec<u8> as core[df12db4294e9bfd3]::io::write::Write>::write_fmt
[INFO] [stdout]    3:     0x6349336726c6 - std[70759c8f55707aa4]::panicking::default_hook::{closure#0}
[INFO] [stdout]    4:     0x63493368ffc9 - std[70759c8f55707aa4]::panicking::default_hook
[INFO] [stdout]    5:     0x634933180f20 - test[9d35eded1c95d3be]::test_main_inner::<test[9d35eded1c95d3be]::test_main_static::{closure#0}>::{closure#0}
[INFO] [stdout]    6:     0x6349336902f2 - std[70759c8f55707aa4]::panicking::panic_with_hook
[INFO] [stdout]    7:     0x634933672772 - std[70759c8f55707aa4]::panicking::panic_handler::{closure#0}
[INFO] [stdout]    8:     0x63493366ac59 - std[70759c8f55707aa4]::sys::backtrace::__rust_end_short_backtrace::<std[70759c8f55707aa4]::panicking::panic_handler::{closure#0}, !>
[INFO] [stdout]    9:     0x63493367366d - __rustc[8fa7c3cbc660c2b3]::rust_begin_unwind
[INFO] [stdout]   10:     0x6349336b0aac - core[df12db4294e9bfd3]::panicking::panic_fmt
[INFO] [stdout]   11:     0x6349336b0882 - core[df12db4294e9bfd3]::result::unwrap_failed
[INFO] [stdout]   12:     0x6349331228fd - rs_firebase_admin_sdk[951c98c31f1ddb6d]::auth::test::test_delete_user::{closure#0}::{closure#0}
[INFO] [stdout]   13:     0x63493316cf8b - <tokio[b706f68490a74645]::runtime::runtime::Runtime>::block_on::<core[df12db4294e9bfd3]::pin::Pin<&mut dyn core[df12db4294e9bfd3]::future::future::Future<Output = ()>>>
[INFO] [stdout]   14:     0x63493312ed3b - <rs_firebase_admin_sdk[951c98c31f1ddb6d]::auth::test::test_delete_user::{closure#0} as core[df12db4294e9bfd3]::ops::function::FnOnce<()>>::call_once
[INFO] [stdout]   15:     0x634933650df3 - serial_test[745e28a0c766370e]::serial_code_lock::local_serial_core
[INFO] [stdout]   16:     0x63493316f1fd - <rs_firebase_admin_sdk[951c98c31f1ddb6d]::auth::test::test_delete_user::{closure#0} as core[df12db4294e9bfd3]::ops::function::FnOnce<()>>::call_once
[INFO] [stdout]   17:     0x63493317420b - test[9d35eded1c95d3be]::__rust_begin_short_backtrace::<core[df12db4294e9bfd3]::result::Result<(), alloc[2182bb758b4b3781]::string::String>, fn() -> core[df12db4294e9bfd3]::result::Result<(), alloc[2182bb758b4b3781]::string::String>>
[INFO] [stdout]   18:     0x634933181875 - test[9d35eded1c95d3be]::run_test::{closure#0}
[INFO] [stdout]   19:     0x63493317b134 - std[70759c8f55707aa4]::sys::backtrace::__rust_begin_short_backtrace::<test[9d35eded1c95d3be]::run_test::{closure#1}, ()>
[INFO] [stdout]   20:     0x6349331849d2 - <std[70759c8f55707aa4]::thread::lifecycle::spawn_unchecked<test[9d35eded1c95d3be]::run_test::{closure#1}, ()>::{closure#1} as core[df12db4294e9bfd3]::ops::function::FnOnce<()>>::call_once::{shim:vtable#0}
[INFO] [stdout]   21:     0x634933697e29 - <std[70759c8f55707aa4]::sys::thread::unix::Thread>::new::thread_start
[INFO] [stdout]   22:     0x7c6edc809dfa - <unknown>
[INFO] [stdout]   23:     0x7c6edc89d3d4 - clone
[INFO] [stdout]   24:                0x0 - <unknown>
[INFO] [stdout] 
[INFO] [stdout] ---- auth::test::test_get_users stdout ----
[INFO] [stdout] 
[INFO] [stdout] thread 'auth::test::test_get_users' (3557) panicked at src/auth/test.rs:113:6:
[INFO] [stdout] called `Result::unwrap()` on an `Err` value: [1mFailed to send API request[22m
[INFO] [stdout] ├╴at [3msrc/client/mod.rs:116:14[23m
[INFO] [stdout] │
[INFO] [stdout] ├─▶ [1merror sending request for url (http://emulator:9099/identitytoolkit.googleapis.com/v1/projects/demo-firebase-project/accounts)[22m
[INFO] [stdout] │   ╰╴at [3msrc/client/mod.rs:116:14[23m
[INFO] [stdout] │
[INFO] [stdout] ├─▶ [1mclient error (Connect)[22m
[INFO] [stdout] │   ╰╴at [3msrc/client/mod.rs:116:14[23m
[INFO] [stdout] │
[INFO] [stdout] ├─▶ [1mdns error[22m
[INFO] [stdout] │   ╰╴at [3msrc/client/mod.rs:116:14[23m
[INFO] [stdout] │
[INFO] [stdout] ╰─▶ [1mno connections available[22m
[INFO] [stdout]     ├╴at [3msrc/client/mod.rs:116:14[23m
[INFO] [stdout]     ╰╴backtrace (1)
[INFO] [stdout] 
[INFO] [stdout] ━━━━━━━━━━━━━━━━━━━━━━━━━━━━━━━━━━━━━━━━
[INFO] [stdout] 
[INFO] [stdout] backtrace no. 1
[INFO] [stdout]    0: <error_stack::report::Report<google_cloud_gax::error::credentials::CredentialsError>>::from_frame
[INFO] [stdout]    1: <reqwest::error::Error as error_stack::report::IntoReport>::into_report
[INFO] [stdout]    2: <core::pin::Pin<alloc::boxed::Box<<rs_firebase_admin_sdk::client::ReqwestApiClient as rs_firebase_admin_sdk::client::ApiHttpClient>::send_request_body<rs_firebase_admin_sdk::auth::NewUser, rs_firebase_admin_sdk::auth::User>::{closure#0}>> as core::future::future::Future>::poll
[INFO] [stdout]    3: rs_firebase_admin_sdk::auth::test::test_get_users::{closure#0}::{closure#0}
[INFO] [stdout]    4: <tokio::runtime::runtime::Runtime>::block_on::<core::pin::Pin<&mut dyn core::future::future::Future<Output = ()>>>
[INFO] [stdout]    5: <rs_firebase_admin_sdk::auth::test::test_get_users::{closure#0} as core::ops::function::FnOnce<()>>::call_once
[INFO] [stdout]    6: serial_test::serial_code_lock::local_serial_core
[INFO] [stdout]    7: <rs_firebase_admin_sdk::auth::test::test_get_users::{closure#0} as core::ops::function::FnOnce<()>>::call_once
[INFO] [stdout]    8: test::__rust_begin_short_backtrace::<core::result::Result<(), alloc::string::String>, fn() -> core::result::Result<(), alloc::string::String>>
[INFO] [stdout]    9: test::run_test::{closure#0}
[INFO] [stdout]   10: std::sys::backtrace::__rust_begin_short_backtrace::<test::run_test::{closure#1}, ()>
[INFO] [stdout]   11: <std::thread::lifecycle::spawn_unchecked<test::run_test::{closure#1}, ()>::{closure#1} as core::ops::function::FnOnce<()>>::call_once::{shim:vtable#0}
[INFO] [stdout]   12: <std::sys::thread::unix::Thread>::new::thread_start
[INFO] [stdout]   13: <unknown>
[INFO] [stdout]   14: clone
[INFO] [stdout] stack backtrace:
[INFO] [stdout]    0:     0x634933698c21 - <<std[70759c8f55707aa4]::sys::backtrace::BacktraceLock>::print::DisplayBacktrace as core[df12db4294e9bfd3]::fmt::Display>::fmt
[INFO] [stdout]    1:     0x6349336b034a - core[df12db4294e9bfd3]::fmt::write
[INFO] [stdout]    2:     0x63493369e02c - <alloc[2182bb758b4b3781]::vec::Vec<u8> as core[df12db4294e9bfd3]::io::write::Write>::write_fmt
[INFO] [stdout]    3:     0x6349336726c6 - std[70759c8f55707aa4]::panicking::default_hook::{closure#0}
[INFO] [stdout]    4:     0x63493368ffc9 - std[70759c8f55707aa4]::panicking::default_hook
[INFO] [stdout]    5:     0x634933180f20 - test[9d35eded1c95d3be]::test_main_inner::<test[9d35eded1c95d3be]::test_main_static::{closure#0}>::{closure#0}
[INFO] [stdout]    6:     0x6349336902f2 - std[70759c8f55707aa4]::panicking::panic_with_hook
[INFO] [stdout]    7:     0x634933672772 - std[70759c8f55707aa4]::panicking::panic_handler::{closure#0}
[INFO] [stdout]    8:     0x63493366ac59 - std[70759c8f55707aa4]::sys::backtrace::__rust_end_short_backtrace::<std[70759c8f55707aa4]::panicking::panic_handler::{closure#0}, !>
[INFO] [stdout]    9:     0x63493367366d - __rustc[8fa7c3cbc660c2b3]::rust_begin_unwind
[INFO] [stdout]   10:     0x6349336b0aac - core[df12db4294e9bfd3]::panicking::panic_fmt
[INFO] [stdout]   11:     0x6349336b0882 - core[df12db4294e9bfd3]::result::unwrap_failed
[INFO] [stdout]   12:     0x6349331213a7 - rs_firebase_admin_sdk[951c98c31f1ddb6d]::auth::test::test_get_users::{closure#0}::{closure#0}
[INFO] [stdout]   13:     0x63493316cf8b - <tokio[b706f68490a74645]::runtime::runtime::Runtime>::block_on::<core[df12db4294e9bfd3]::pin::Pin<&mut dyn core[df12db4294e9bfd3]::future::future::Future<Output = ()>>>
[INFO] [stdout]   14:     0x63493312e94b - <rs_firebase_admin_sdk[951c98c31f1ddb6d]::auth::test::test_get_users::{closure#0} as core[df12db4294e9bfd3]::ops::function::FnOnce<()>>::call_once
[INFO] [stdout]   15:     0x634933650df3 - serial_test[745e28a0c766370e]::serial_code_lock::local_serial_core
[INFO] [stdout]   16:     0x63493316f07d - <rs_firebase_admin_sdk[951c98c31f1ddb6d]::auth::test::test_get_users::{closure#0} as core[df12db4294e9bfd3]::ops::function::FnOnce<()>>::call_once
[INFO] [stdout]   17:     0x63493317420b - test[9d35eded1c95d3be]::__rust_begin_short_backtrace::<core[df12db4294e9bfd3]::result::Result<(), alloc[2182bb758b4b3781]::string::String>, fn() -> core[df12db4294e9bfd3]::result::Result<(), alloc[2182bb758b4b3781]::string::String>>
[INFO] [stdout]   18:     0x634933181875 - test[9d35eded1c95d3be]::run_test::{closure#0}
[INFO] [stdout]   19:     0x63493317b134 - std[70759c8f55707aa4]::sys::backtrace::__rust_begin_short_backtrace::<test[9d35eded1c95d3be]::run_test::{closure#1}, ()>
[INFO] [stdout]   20:     0x6349331849d2 - <std[70759c8f55707aa4]::thread::lifecycle::spawn_unchecked<test[9d35eded1c95d3be]::run_test::{closure#1}, ()>::{closure#1} as core[df12db4294e9bfd3]::ops::function::FnOnce<()>>::call_once::{shim:vtable#0}
[INFO] [stdout]   21:     0x634933697e29 - <std[70759c8f55707aa4]::sys::thread::unix::Thread>::new::thread_start
[INFO] [stdout]   22:     0x7c6edc809dfa - <unknown>
[INFO] [stdout]   23:     0x7c6edc89d3d4 - clone
[INFO] [stdout]   24:                0x0 - <unknown>
[INFO] [stdout] 
[INFO] [stdout] 
[INFO] [stdout] failures:
[INFO] [stdout]     auth::test::test_create_session_cookie
[INFO] [stdout]     auth::test::test_create_user
[INFO] [stdout]     auth::test::test_delete_user
[INFO] [stdout]     auth::test::test_delete_users
[INFO] [stdout]     auth::test::test_emulator_configuration
[INFO] [stdout]     auth::test::test_generate_email_action_link
[INFO] [stdout]     auth::test::test_get_user
[INFO] [stdout]     auth::test::test_get_users
[INFO] [stdout]     auth::test::test_import_users
[INFO] [stdout]     auth::test::test_list_users
[INFO] [stdout]     auth::test::test_update_user
[INFO] [stdout] 
[INFO] [stdout] test result: FAILED. 7 passed; 11 failed; 0 ignored; 0 measured; 0 filtered out; finished in 0.47s
[INFO] [stdout] 
[INFO] [stderr] error: test failed, to rerun pass `--lib`
[INFO] running `Command { std: "docker" "inspect" "39043ed19336ee8ef76ead032c65bf49358288ecf739104887c464200816e230", kill_on_drop: false }`
[INFO] running `Command { std: "docker" "rm" "-f" "39043ed19336ee8ef76ead032c65bf49358288ecf739104887c464200816e230", kill_on_drop: false }`
[INFO] [stdout] 39043ed19336ee8ef76ead032c65bf49358288ecf739104887c464200816e230
