[INFO] fetching crate rs-covid19gr 0.1.2...
[INFO] testing rs-covid19gr-0.1.2 against 1.99.0-beta.8+cargoflags=--release for beta-release-1.100-2
[INFO] extracting crate rs-covid19gr 0.1.2 into /workspace/builds/worker-5-tc1/source
[INFO] started tweaking crates.io crate rs-covid19gr 0.1.2
[INFO] finished tweaking crates.io crate rs-covid19gr 0.1.2
[INFO] tweaked toml for crates.io crate rs-covid19gr 0.1.2 written to /workspace/builds/worker-5-tc1/source/Cargo.toml
[INFO] validating manifest of crates.io crate rs-covid19gr 0.1.2 on toolchain 1.99.0-beta.8
[INFO] running `Command { std: CARGO_HOME="/workspace/cargo-home" RUSTUP_HOME="/workspace/rustup-home" "/workspace/cargo-home/bin/cargo" "+1.99.0-beta.8" "metadata" "--manifest-path" "Cargo.toml" "--no-deps", kill_on_drop: false }`
[INFO] crate crates.io crate rs-covid19gr 0.1.2 already has a lockfile, it will not be regenerated
[INFO] running `Command { std: CARGO_HOME="/workspace/cargo-home" RUSTUP_HOME="/workspace/rustup-home" "/workspace/cargo-home/bin/cargo" "+1.99.0-beta.8" "fetch" "--manifest-path" "Cargo.toml", kill_on_drop: false }`
[INFO] [stderr]  Downloading crates ...
[INFO] [stderr]   Downloaded wasm-bindgen-macro v0.2.73
[INFO] [stderr]   Downloaded chunked_transfer v1.4.0
[INFO] [stderr]   Downloaded wasm-bindgen-shared v0.2.73
[INFO] [stderr]   Downloaded wasm-bindgen-macro-support v0.2.73
[INFO] [stderr]   Downloaded wasm-bindgen-backend v0.2.73
[INFO] [stderr]   Downloaded js-sys v0.3.50
[INFO] [stderr]   Downloaded ureq v2.1.1
[INFO] [stderr]   Downloaded webpki-roots v0.21.1
[INFO] [stderr]   Downloaded wasm-bindgen v0.2.73
[INFO] [stderr]   Downloaded rustls v0.19.1
[INFO] [stderr]   Downloaded syn v1.0.70
[INFO] [stderr]   Downloaded web-sys v0.3.50
[INFO] running `Command { std: "docker" "create" "-v" "/var/lib/crater-agent-workspace/builds/worker-5-tc1/source:/opt/rustwide/workdir:ro,Z" "-v" "/var/lib/crater-agent-workspace/builds/worker-5-tc1/target:/opt/rustwide/target:rw,Z" "-v" "/var/lib/crater-agent-workspace/cargo-home:/opt/rustwide/cargo-home:ro,Z" "-v" "/var/lib/crater-agent-workspace/rustup-home:/opt/rustwide/rustup-home:ro,Z" "-m" "1610612736" "--network" "none" "ghcr.io/rust-lang/crates-build-env/linux@sha256:77db811e55d90add9212f6832c23229e3de5f1c1f9905e8cb07319ea15df73ac" "sleep" "infinity", kill_on_drop: false }`
[INFO] [stdout] 9bb00f8cdb4a4f3210774b14cd4c6d1ad472ca09e41faa01bd80b241a551bc7e
[INFO] running `Command { std: "docker" "start" "9bb00f8cdb4a4f3210774b14cd4c6d1ad472ca09e41faa01bd80b241a551bc7e", kill_on_drop: false }`
[INFO] running `Command { std: "docker" "inspect" "9bb00f8cdb4a4f3210774b14cd4c6d1ad472ca09e41faa01bd80b241a551bc7e", kill_on_drop: false }`
[INFO] running `Command { std: "docker" "exec" "-e" "SOURCE_DIR=/opt/rustwide/workdir" "-e" "CARGO_HOME=/opt/rustwide/cargo-home" "-e" "RUSTUP_HOME=/opt/rustwide/rustup-home" "-e" "CARGO_TARGET_DIR=/opt/rustwide/target" "-w" "/opt/rustwide/workdir" "--user" "0:0" "9bb00f8cdb4a4f3210774b14cd4c6d1ad472ca09e41faa01bd80b241a551bc7e" "/opt/rustwide/cargo-home/bin/cargo" "+1.99.0-beta.8" "metadata" "--no-deps" "--format-version=1", kill_on_drop: false }`
[INFO] running `Command { std: "docker" "inspect" "9bb00f8cdb4a4f3210774b14cd4c6d1ad472ca09e41faa01bd80b241a551bc7e", kill_on_drop: false }`
[INFO] running `Command { std: "docker" "exec" "-e" "SOURCE_DIR=/opt/rustwide/workdir" "-e" "CARGO_HOME=/opt/rustwide/cargo-home" "-e" "RUSTUP_HOME=/opt/rustwide/rustup-home" "-e" "CARGO_TARGET_DIR=/opt/rustwide/target" "-e" "CARGO_INCREMENTAL=0" "-e" "RUST_BACKTRACE=full" "-e" "RUSTFLAGS=--cap-lints=warn" "-e" "RUSTDOCFLAGS=--cap-lints=warn" "-w" "/opt/rustwide/workdir" "--user" "0:0" "9bb00f8cdb4a4f3210774b14cd4c6d1ad472ca09e41faa01bd80b241a551bc7e" "/opt/rustwide/cargo-home/bin/cargo" "+1.99.0-beta.8" "build" "--frozen" "--message-format=json" "--release", kill_on_drop: false }`
[INFO] [stderr]    Compiling proc-macro2 v1.0.26
[INFO] [stderr]    Compiling cc v1.0.67
[INFO] [stderr]    Compiling libc v0.2.94
[INFO] [stderr]    Compiling once_cell v1.7.2
[INFO] [stderr]    Compiling syn v1.0.70
[INFO] [stderr]    Compiling serde_derive v1.0.125
[INFO] [stderr]    Compiling log v0.4.14
[INFO] [stderr]    Compiling serde v1.0.125
[INFO] [stderr]    Compiling serde_json v1.0.64
[INFO] [stderr]    Compiling tinyvec v1.2.0
[INFO] [stderr]    Compiling unicode-bidi v0.3.5
[INFO] [stderr]    Compiling itoa v0.4.7
[INFO] [stderr]    Compiling chunked_transfer v1.4.0
[INFO] [stderr]    Compiling form_urlencoded v1.0.1
[INFO] [stderr]    Compiling ring v0.16.20
[INFO] [stderr]    Compiling quote v1.0.9
[INFO] [stderr]    Compiling unicode-normalization v0.1.17
[INFO] [stderr]    Compiling idna v0.2.3
[INFO] [stderr]    Compiling url v2.2.1
[INFO] [stderr]    Compiling webpki v0.21.4
[INFO] [stderr]    Compiling sct v0.6.1
[INFO] [stderr]    Compiling rustls v0.19.1
[INFO] [stderr]    Compiling webpki-roots v0.21.1
[INFO] [stderr]    Compiling ureq v2.1.1
[INFO] [stderr]    Compiling rs-covid19gr v0.1.2 (/opt/rustwide/workdir)
[INFO] [stdout] warning: unused import: `super::*`
[INFO] [stdout]    --> src/cum.rs:156:9
[INFO] [stdout]     |
[INFO] [stdout] 156 |     use super::*;
[INFO] [stdout]     |         ^^^^^^^^
[INFO] [stdout]     |
[INFO] [stdout]     = note: `#[warn(unused_imports)]` (part of `#[warn(unused)]`) on by default
[INFO] [stdout] 
[INFO] [stdout] 
[INFO] [stdout] warning: unused import: `macros`
[INFO] [stdout]  --> src/hosp.rs:3:48
[INFO] [stdout]   |
[INFO] [stdout] 3 | use crate::{impl_into_iter, impl_iter_and_mut, macros};
[INFO] [stdout]   |                                                ^^^^^^
[INFO] [stdout] 
[INFO] [stdout] 
[INFO] [stdout] warning: unused import: `std::ops::Deref`
[INFO] [stdout]  --> src/refug.rs:3:5
[INFO] [stdout]   |
[INFO] [stdout] 3 | use std::ops::Deref;
[INFO] [stdout]   |     ^^^^^^^^^^^^^^^
[INFO] [stdout] 
[INFO] [stdout] 
[INFO] [stdout] warning: type alias `Result` is never used
[INFO] [stdout]   --> src/lib.rs:10:6
[INFO] [stdout]    |
[INFO] [stdout] 10 | type Result<T> = std::result::Result<T, CrateError>;
[INFO] [stdout]    |      ^^^^^^
[INFO] [stdout]    |
[INFO] [stdout]    = note: `#[warn(dead_code)]` (part of `#[warn(unused)]`) on by default
[INFO] [stdout] 
[INFO] [stdout] 
[INFO] [stdout] warning: enum `CrateError` is never used
[INFO] [stdout]   --> src/lib.rs:17:6
[INFO] [stdout]    |
[INFO] [stdout] 17 | enum CrateError {
[INFO] [stdout]    |      ^^^^^^^^^^
[INFO] [stdout] 
[INFO] [stdout] 
[INFO] [stdout] warning: constant `BASE_URL` is never used
[INFO] [stdout]  --> src/main.rs:2:7
[INFO] [stdout]   |
[INFO] [stdout] 2 | const BASE_URL: &str = "https://covid-19-greece.herokuapp.com";
[INFO] [stdout]   |       ^^^^^^^^
[INFO] [stdout]   |
[INFO] [stdout]   = note: `#[warn(dead_code)]` (part of `#[warn(unused)]`) on by default
[INFO] [stdout] 
[INFO] [stdout] 
[INFO] [stderr]     Finished `release` profile [optimized] target(s) in 37.71s
[INFO] running `Command { std: "docker" "inspect" "9bb00f8cdb4a4f3210774b14cd4c6d1ad472ca09e41faa01bd80b241a551bc7e", kill_on_drop: false }`
[INFO] running `Command { std: "docker" "exec" "-e" "SOURCE_DIR=/opt/rustwide/workdir" "-e" "CARGO_HOME=/opt/rustwide/cargo-home" "-e" "RUSTUP_HOME=/opt/rustwide/rustup-home" "-e" "CARGO_TARGET_DIR=/opt/rustwide/target" "-e" "CARGO_INCREMENTAL=0" "-e" "RUST_BACKTRACE=full" "-e" "RUSTFLAGS=--cap-lints=warn" "-e" "RUSTDOCFLAGS=--cap-lints=warn" "-w" "/opt/rustwide/workdir" "--user" "0:0" "9bb00f8cdb4a4f3210774b14cd4c6d1ad472ca09e41faa01bd80b241a551bc7e" "/opt/rustwide/cargo-home/bin/cargo" "+1.99.0-beta.8" "test" "--frozen" "--no-run" "--message-format=json" "--release", kill_on_drop: false }`
[INFO] [stdout] warning: unused import: `super::*`
[INFO] [stdout]    --> src/cum.rs:156:9
[INFO] [stdout]     |
[INFO] [stdout] 156 |     use super::*;
[INFO] [stdout]     |         ^^^^^^^^
[INFO] [stdout]     |
[INFO] [stdout]     = note: `#[warn(unused_imports)]` (part of `#[warn(unused)]`) on by default
[INFO] [stdout] 
[INFO] [stdout] 
[INFO] [stdout] warning: unused import: `macros`
[INFO] [stdout]  --> src/hosp.rs:3:48
[INFO] [stdout]   |
[INFO] [stdout] 3 | use crate::{impl_into_iter, impl_iter_and_mut, macros};
[INFO] [stdout]   |                                                ^^^^^^
[INFO] [stdout] 
[INFO] [stdout] 
[INFO] [stdout] warning: unused import: `std::ops::Deref`
[INFO] [stdout]  --> src/refug.rs:3:5
[INFO] [stdout]   |
[INFO] [stdout] 3 | use std::ops::Deref;
[INFO] [stdout]   |     ^^^^^^^^^^^^^^^
[INFO] [stdout] 
[INFO] [stdout] 
[INFO] [stdout] warning: type alias `Result` is never used
[INFO] [stdout]   --> src/lib.rs:10:6
[INFO] [stdout]    |
[INFO] [stdout] 10 | type Result<T> = std::result::Result<T, CrateError>;
[INFO] [stdout]    |      ^^^^^^
[INFO] [stdout]    |
[INFO] [stdout]    = note: `#[warn(dead_code)]` (part of `#[warn(unused)]`) on by default
[INFO] [stdout] 
[INFO] [stdout] 
[INFO] [stdout] warning: enum `CrateError` is never used
[INFO] [stdout]   --> src/lib.rs:17:6
[INFO] [stdout]    |
[INFO] [stdout] 17 | enum CrateError {
[INFO] [stdout]    |      ^^^^^^^^^^
[INFO] [stdout] 
[INFO] [stdout] 
[INFO] [stderr]    Compiling rs-covid19gr v0.1.2 (/opt/rustwide/workdir)
[INFO] [stdout] warning: constant `BASE_URL` is never used
[INFO] [stdout]  --> src/main.rs:2:7
[INFO] [stdout]   |
[INFO] [stdout] 2 | const BASE_URL: &str = "https://covid-19-greece.herokuapp.com";
[INFO] [stdout]   |       ^^^^^^^^
[INFO] [stdout]   |
[INFO] [stdout]   = note: `#[warn(dead_code)]` (part of `#[warn(unused)]`) on by default
[INFO] [stdout] 
[INFO] [stdout] 
[INFO] [stdout] warning: unused import: `macros`
[INFO] [stdout]  --> src/hosp.rs:3:48
[INFO] [stdout]   |
[INFO] [stdout] 3 | use crate::{impl_into_iter, impl_iter_and_mut, macros};
[INFO] [stdout]   |                                                ^^^^^^
[INFO] [stdout]   |
[INFO] [stdout]   = note: `#[warn(unused_imports)]` (part of `#[warn(unused)]`) on by default
[INFO] [stdout] 
[INFO] [stdout] 
[INFO] [stdout] warning: unused import: `std::ops::Deref`
[INFO] [stdout]  --> src/refug.rs:3:5
[INFO] [stdout]   |
[INFO] [stdout] 3 | use std::ops::Deref;
[INFO] [stdout]   |     ^^^^^^^^^^^^^^^
[INFO] [stdout] 
[INFO] [stdout] 
[INFO] [stdout] warning: unused variable: `total_series`
[INFO] [stdout]    --> src/cum.rs:176:13
[INFO] [stdout]     |
[INFO] [stdout] 176 |         let total_series = get_total_data();
[INFO] [stdout]     |             ^^^^^^^^^^^^ help: if this is intentional, prefix it with an underscore: `_total_series`
[INFO] [stdout]     |
[INFO] [stdout]     = note: `#[warn(unused_variables)]` (part of `#[warn(unused)]`) on by default
[INFO] [stdout] 
[INFO] [stdout] 
[INFO] [stdout] warning: unused variable: `region_series`
[INFO] [stdout]    --> src/cum.rs:208:13
[INFO] [stdout]     |
[INFO] [stdout] 208 |         let region_series = get_regions_data();
[INFO] [stdout]     |             ^^^^^^^^^^^^^ help: if this is intentional, prefix it with an underscore: `_region_series`
[INFO] [stdout] 
[INFO] [stdout] 
[INFO] [stdout] warning: unused variable: `age_dist_series`
[INFO] [stdout]    --> src/cum.rs:251:13
[INFO] [stdout]     |
[INFO] [stdout] 251 |         let age_dist_series = get_age_dist_data();
[INFO] [stdout]     |             ^^^^^^^^^^^^^^^ help: if this is intentional, prefix it with an underscore: `_age_dist_series`
[INFO] [stdout] 
[INFO] [stdout] 
[INFO] [stdout] warning: unused variable: `gender_dist_series`
[INFO] [stdout]    --> src/cum.rs:272:13
[INFO] [stdout]     |
[INFO] [stdout] 272 |         let gender_dist_series = get_gender_dist_data();
[INFO] [stdout]     |             ^^^^^^^^^^^^^^^^^^ help: if this is intentional, prefix it with an underscore: `_gender_dist_series`
[INFO] [stdout] 
[INFO] [stdout] 
[INFO] [stdout] warning: unused variable: `total_vaccin_series`
[INFO] [stdout]    --> src/cum.rs:295:13
[INFO] [stdout]     |
[INFO] [stdout] 295 |         let total_vaccin_series = get_total_vaccin_data();
[INFO] [stdout]     |             ^^^^^^^^^^^^^^^^^^^ help: if this is intentional, prefix it with an underscore: `_total_vaccin_series`
[INFO] [stdout] 
[INFO] [stdout] 
[INFO] [stdout] warning: unused variable: `res`
[INFO] [stdout]    --> src/daily.rs:673:13
[INFO] [stdout]     |
[INFO] [stdout] 673 |         let res = get_all_series_data();
[INFO] [stdout]     |             ^^^ help: if this is intentional, prefix it with an underscore: `_res`
[INFO] [stdout] 
[INFO] [stdout] 
[INFO] [stdout] warning: unused variable: `res`
[INFO] [stdout]    --> src/daily.rs:678:13
[INFO] [stdout]     |
[INFO] [stdout] 678 |         let res = get_confirmed_series_data();
[INFO] [stdout]     |             ^^^ help: if this is intentional, prefix it with an underscore: `_res`
[INFO] [stdout] 
[INFO] [stdout] 
[INFO] [stdout] warning: unused variable: `res`
[INFO] [stdout]    --> src/daily.rs:683:13
[INFO] [stdout]     |
[INFO] [stdout] 683 |         let res = get_recovered_series_data();
[INFO] [stdout]     |             ^^^ help: if this is intentional, prefix it with an underscore: `_res`
[INFO] [stdout] 
[INFO] [stdout] 
[INFO] [stdout] warning: unused variable: `res`
[INFO] [stdout]    --> src/daily.rs:688:13
[INFO] [stdout]     |
[INFO] [stdout] 688 |         let res = get_deaths_series_data();
[INFO] [stdout]     |             ^^^ help: if this is intentional, prefix it with an underscore: `_res`
[INFO] [stdout] 
[INFO] [stdout] 
[INFO] [stdout] warning: unused variable: `res`
[INFO] [stdout]    --> src/daily.rs:693:13
[INFO] [stdout]     |
[INFO] [stdout] 693 |         let res = get_active_series_data();
[INFO] [stdout]     |             ^^^ help: if this is intentional, prefix it with an underscore: `_res`
[INFO] [stdout] 
[INFO] [stdout] 
[INFO] [stdout] warning: unused variable: `res`
[INFO] [stdout]    --> src/daily.rs:698:13
[INFO] [stdout]     |
[INFO] [stdout] 698 |         let res = get_intensive_care_series_data();
[INFO] [stdout]     |             ^^^ help: if this is intentional, prefix it with an underscore: `_res`
[INFO] [stdout] 
[INFO] [stdout] 
[INFO] [stdout] warning: unused variable: `res`
[INFO] [stdout]    --> src/daily.rs:703:13
[INFO] [stdout]     |
[INFO] [stdout] 703 |         let res = get_total_tests_series_data();
[INFO] [stdout]     |             ^^^ help: if this is intentional, prefix it with an underscore: `_res`
[INFO] [stdout] 
[INFO] [stdout] 
[INFO] [stdout] warning: unused variable: `res`
[INFO] [stdout]    --> src/daily.rs:708:13
[INFO] [stdout]     |
[INFO] [stdout] 708 |         let res = get_age_dist_series_data();
[INFO] [stdout]     |             ^^^ help: if this is intentional, prefix it with an underscore: `_res`
[INFO] [stdout] 
[INFO] [stdout] 
[INFO] [stdout] warning: unused variable: `res`
[INFO] [stdout]    --> src/daily.rs:713:13
[INFO] [stdout]     |
[INFO] [stdout] 713 |         let res = get_regions_history_series_data();
[INFO] [stdout]     |             ^^^ help: if this is intentional, prefix it with an underscore: `_res`
[INFO] [stdout] 
[INFO] [stdout] 
[INFO] [stdout] warning: unused variable: `res`
[INFO] [stdout]    --> src/daily.rs:718:13
[INFO] [stdout]     |
[INFO] [stdout] 718 |         let res = get_male_cases_series_data();
[INFO] [stdout]     |             ^^^ help: if this is intentional, prefix it with an underscore: `_res`
[INFO] [stdout] 
[INFO] [stdout] 
[INFO] [stdout] warning: unused variable: `res`
[INFO] [stdout]    --> src/daily.rs:723:13
[INFO] [stdout]     |
[INFO] [stdout] 723 |         let res = get_female_cases_series_data();
[INFO] [stdout]     |             ^^^ help: if this is intentional, prefix it with an underscore: `_res`
[INFO] [stdout] 
[INFO] [stdout] 
[INFO] [stdout] warning: unused variable: `res`
[INFO] [stdout]    --> src/daily.rs:728:13
[INFO] [stdout]     |
[INFO] [stdout] 728 |         let res = get_vaccin_per_region_series_data();
[INFO] [stdout]     |             ^^^ help: if this is intentional, prefix it with an underscore: `_res`
[INFO] [stdout] 
[INFO] [stdout] 
[INFO] [stdout] warning: unused variable: `res`
[INFO] [stdout]    --> src/daily.rs:733:13
[INFO] [stdout]     |
[INFO] [stdout] 733 |         let res = get_school_status_series_data();
[INFO] [stdout]     |             ^^^ help: if this is intentional, prefix it with an underscore: `_res`
[INFO] [stdout] 
[INFO] [stdout] 
[INFO] [stdout] warning: unused variable: `json_resp`
[INFO] [stdout]    --> src/hosp.rs:153:13
[INFO] [stdout]     |
[INFO] [stdout] 153 |         let json_resp = get_western_macedonia_data();
[INFO] [stdout]     |             ^^^^^^^^^ help: if this is intentional, prefix it with an underscore: `_json_resp`
[INFO] [stdout] 
[INFO] [stdout] 
[INFO] [stdout] warning: unused variable: `json_resp`
[INFO] [stdout]    --> src/hosp.rs:158:13
[INFO] [stdout]     |
[INFO] [stdout] 158 |         let json_resp = get_western_macedonia_death_data();
[INFO] [stdout]     |             ^^^^^^^^^ help: if this is intentional, prefix it with an underscore: `_json_resp`
[INFO] [stdout] 
[INFO] [stdout] 
[INFO] [stdout] warning: unused variable: `ref_camp`
[INFO] [stdout]   --> src/refug.rs:97:13
[INFO] [stdout]    |
[INFO] [stdout] 97 |         let ref_camp = get_refugee_camp_data();
[INFO] [stdout]    |             ^^^^^^^^ help: if this is intentional, prefix it with an underscore: `_ref_camp`
[INFO] [stdout] 
[INFO] [stdout] 
[INFO] [stdout] warning: variable does not need to be mutable
[INFO] [stdout]    --> src/refug.rs:118:13
[INFO] [stdout]     |
[INFO] [stdout] 118 |         let mut first = iter_mut.next();
[INFO] [stdout]     |             ----^^^^^
[INFO] [stdout]     |             |
[INFO] [stdout]     |             help: remove this `mut`
[INFO] [stdout]     |
[INFO] [stdout]     = note: `#[warn(unused_mut)]` (part of `#[warn(unused)]`) on by default
[INFO] [stdout] 
[INFO] [stdout] 
[INFO] [stdout] warning: variable does not need to be mutable
[INFO] [stdout]    --> src/refug.rs:119:13
[INFO] [stdout]     |
[INFO] [stdout] 119 |         let mut second = iter_mut.next();
[INFO] [stdout]     |             ----^^^^^^
[INFO] [stdout]     |             |
[INFO] [stdout]     |             help: remove this `mut`
[INFO] [stdout] 
[INFO] [stdout] 
[INFO] [stdout] warning: type alias `Result` is never used
[INFO] [stdout]   --> src/lib.rs:10:6
[INFO] [stdout]    |
[INFO] [stdout] 10 | type Result<T> = std::result::Result<T, CrateError>;
[INFO] [stdout]    |      ^^^^^^
[INFO] [stdout]    |
[INFO] [stdout]    = note: `#[warn(dead_code)]` (part of `#[warn(unused)]`) on by default
[INFO] [stdout] 
[INFO] [stdout] 
[INFO] [stdout] warning: enum `CrateError` is never used
[INFO] [stdout]   --> src/lib.rs:17:6
[INFO] [stdout]    |
[INFO] [stdout] 17 | enum CrateError {
[INFO] [stdout]    |      ^^^^^^^^^^
[INFO] [stdout] 
[INFO] [stdout] 
[INFO] [stderr]     Finished `release` profile [optimized] target(s) in 8.76s
[INFO] running `Command { std: "docker" "inspect" "9bb00f8cdb4a4f3210774b14cd4c6d1ad472ca09e41faa01bd80b241a551bc7e", kill_on_drop: false }`
[INFO] running `Command { std: "docker" "exec" "-e" "SOURCE_DIR=/opt/rustwide/workdir" "-e" "CARGO_HOME=/opt/rustwide/cargo-home" "-e" "RUSTUP_HOME=/opt/rustwide/rustup-home" "-e" "CARGO_TARGET_DIR=/opt/rustwide/target" "-e" "CARGO_INCREMENTAL=0" "-e" "RUST_BACKTRACE=full" "-e" "RUSTFLAGS=--cap-lints=warn" "-e" "RUSTDOCFLAGS=--cap-lints=warn" "-w" "/opt/rustwide/workdir" "--user" "0:0" "9bb00f8cdb4a4f3210774b14cd4c6d1ad472ca09e41faa01bd80b241a551bc7e" "/opt/rustwide/cargo-home/bin/cargo" "+1.99.0-beta.8" "test" "--frozen" "--release", kill_on_drop: false }`
[INFO] [stderr] warning: unused import: `super::*`
[INFO] [stderr]    --> src/cum.rs:156:9
[INFO] [stderr]     |
[INFO] [stderr] 156 |     use super::*;
[INFO] [stderr]     |         ^^^^^^^^
[INFO] [stderr]     |
[INFO] [stderr]     = note: `#[warn(unused_imports)]` (part of `#[warn(unused)]`) on by default
[INFO] [stderr] 
[INFO] [stderr] warning: unused import: `macros`
[INFO] [stderr]  --> src/hosp.rs:3:48
[INFO] [stderr]   |
[INFO] [stderr] 3 | use crate::{impl_into_iter, impl_iter_and_mut, macros};
[INFO] [stderr]   |                                                ^^^^^^
[INFO] [stderr] 
[INFO] [stderr] warning: unused import: `std::ops::Deref`
[INFO] [stderr]  --> src/refug.rs:3:5
[INFO] [stderr]   |
[INFO] [stderr] 3 | use std::ops::Deref;
[INFO] [stderr]   |     ^^^^^^^^^^^^^^^
[INFO] [stderr] 
[INFO] [stderr] warning: type alias `Result` is never used
[INFO] [stderr]   --> src/lib.rs:10:6
[INFO] [stderr]    |
[INFO] [stderr] 10 | type Result<T> = std::result::Result<T, CrateError>;
[INFO] [stderr]    |      ^^^^^^
[INFO] [stderr]    |
[INFO] [stderr]    = note: `#[warn(dead_code)]` (part of `#[warn(unused)]`) on by default
[INFO] [stderr] 
[INFO] [stderr] warning: enum `CrateError` is never used
[INFO] [stderr]   --> src/lib.rs:17:6
[INFO] [stderr]    |
[INFO] [stderr] 17 | enum CrateError {
[INFO] [stderr]    |      ^^^^^^^^^^
[INFO] [stderr] 
[INFO] [stderr] warning: `rs-covid19gr` (lib) generated 5 warnings (run `cargo fix --lib -p rs-covid19gr` to apply 3 suggestions)
[INFO] [stderr] warning: constant `BASE_URL` is never used
[INFO] [stderr]  --> src/main.rs:2:7
[INFO] [stderr]   |
[INFO] [stderr] 2 | const BASE_URL: &str = "https://covid-19-greece.herokuapp.com";
[INFO] [stderr]   |       ^^^^^^^^
[INFO] [stderr]   |
[INFO] [stderr]   = note: `#[warn(dead_code)]` (part of `#[warn(unused)]`) on by default
[INFO] [stderr] 
[INFO] [stderr] warning: `rs-covid19gr` (bin "rs-covid19gr" test) generated 1 warning
[INFO] [stderr] warning: unused import: `macros`
[INFO] [stderr]  --> src/hosp.rs:3:48
[INFO] [stderr]   |
[INFO] [stderr] 3 | use crate::{impl_into_iter, impl_iter_and_mut, macros};
[INFO] [stderr]   |                                                ^^^^^^
[INFO] [stderr]   |
[INFO] [stderr]   = note: `#[warn(unused_imports)]` (part of `#[warn(unused)]`) on by default
[INFO] [stderr] 
[INFO] [stderr] warning: unused variable: `total_series`
[INFO] [stderr]    --> src/cum.rs:176:13
[INFO] [stderr]     |
[INFO] [stderr] 176 |         let total_series = get_total_data();
[INFO] [stderr]     |             ^^^^^^^^^^^^ help: if this is intentional, prefix it with an underscore: `_total_series`
[INFO] [stderr]     |
[INFO] [stderr]     = note: `#[warn(unused_variables)]` (part of `#[warn(unused)]`) on by default
[INFO] [stderr] 
[INFO] [stderr] warning: unused variable: `region_series`
[INFO] [stderr]    --> src/cum.rs:208:13
[INFO] [stderr]     |
[INFO] [stderr] 208 |         let region_series = get_regions_data();
[INFO] [stderr]     |             ^^^^^^^^^^^^^ help: if this is intentional, prefix it with an underscore: `_region_series`
[INFO] [stderr] 
[INFO] [stderr] warning: unused variable: `age_dist_series`
[INFO] [stderr]    --> src/cum.rs:251:13
[INFO] [stderr]     |
[INFO] [stderr] 251 |         let age_dist_series = get_age_dist_data();
[INFO] [stderr]     |             ^^^^^^^^^^^^^^^ help: if this is intentional, prefix it with an underscore: `_age_dist_series`
[INFO] [stderr] 
[INFO] [stderr] warning: unused variable: `gender_dist_series`
[INFO] [stderr]    --> src/cum.rs:272:13
[INFO] [stderr]     |
[INFO] [stderr] 272 |         let gender_dist_series = get_gender_dist_data();
[INFO] [stderr]     |             ^^^^^^^^^^^^^^^^^^ help: if this is intentional, prefix it with an underscore: `_gender_dist_series`
[INFO] [stderr] 
[INFO] [stderr] warning: unused variable: `total_vaccin_series`
[INFO] [stderr]    --> src/cum.rs:295:13
[INFO] [stderr]     |
[INFO] [stderr] 295 |         let total_vaccin_series = get_total_vaccin_data();
[INFO] [stderr]     |             ^^^^^^^^^^^^^^^^^^^ help: if this is intentional, prefix it with an underscore: `_total_vaccin_series`
[INFO] [stderr] 
[INFO] [stderr] warning: unused variable: `res`
[INFO] [stderr]    --> src/daily.rs:673:13
[INFO] [stderr]     |
[INFO] [stderr] 673 |         let res = get_all_series_data();
[INFO] [stderr]     |             ^^^ help: if this is intentional, prefix it with an underscore: `_res`
[INFO] [stderr] 
[INFO] [stderr] warning: unused variable: `res`
[INFO] [stderr]    --> src/daily.rs:678:13
[INFO] [stderr]     |
[INFO] [stderr] 678 |         let res = get_confirmed_series_data();
[INFO] [stderr]     |             ^^^ help: if this is intentional, prefix it with an underscore: `_res`
[INFO] [stderr] 
[INFO] [stderr] warning: unused variable: `res`
[INFO] [stderr]    --> src/daily.rs:683:13
[INFO] [stderr]     |
[INFO] [stderr] 683 |         let res = get_recovered_series_data();
[INFO] [stderr]     |             ^^^ help: if this is intentional, prefix it with an underscore: `_res`
[INFO] [stderr] 
[INFO] [stderr] warning: unused variable: `res`
[INFO] [stderr]    --> src/daily.rs:688:13
[INFO] [stderr]     |
[INFO] [stderr] 688 |         let res = get_deaths_series_data();
[INFO] [stderr]     |             ^^^ help: if this is intentional, prefix it with an underscore: `_res`
[INFO] [stderr] 
[INFO] [stderr] warning: unused variable: `res`
[INFO] [stderr]    --> src/daily.rs:693:13
[INFO] [stderr]     |
[INFO] [stderr] 693 |         let res = get_active_series_data();
[INFO] [stderr]     |             ^^^ help: if this is intentional, prefix it with an underscore: `_res`
[INFO] [stderr] 
[INFO] [stderr] warning: unused variable: `res`
[INFO] [stderr]    --> src/daily.rs:698:13
[INFO] [stderr]     |
[INFO] [stderr] 698 |         let res = get_intensive_care_series_data();
[INFO] [stderr]     |             ^^^ help: if this is intentional, prefix it with an underscore: `_res`
[INFO] [stderr] 
[INFO] [stderr] warning: unused variable: `res`
[INFO] [stderr]    --> src/daily.rs:703:13
[INFO] [stderr]     |
[INFO] [stderr] 703 |         let res = get_total_tests_series_data();
[INFO] [stderr]     |             ^^^ help: if this is intentional, prefix it with an underscore: `_res`
[INFO] [stderr] 
[INFO] [stderr] warning: unused variable: `res`
[INFO] [stderr]    --> src/daily.rs:708:13
[INFO] [stderr]     |
[INFO] [stderr] 708 |         let res = get_age_dist_series_data();
[INFO] [stderr]     |             ^^^ help: if this is intentional, prefix it with an underscore: `_res`
[INFO] [stderr] 
[INFO] [stderr] warning: unused variable: `res`
[INFO] [stderr]    --> src/daily.rs:713:13
[INFO] [stderr]     |
[INFO] [stderr] 713 |         let res = get_regions_history_series_data();
[INFO] [stderr]     |             ^^^ help: if this is intentional, prefix it with an underscore: `_res`
[INFO] [stderr] 
[INFO] [stderr] warning: unused variable: `res`
[INFO] [stderr]    --> src/daily.rs:718:13
[INFO] [stderr]     |
[INFO] [stderr] 718 |         let res = get_male_cases_series_data();
[INFO] [stderr]     |             ^^^ help: if this is intentional, prefix it with an underscore: `_res`
[INFO] [stderr] 
[INFO] [stderr] warning: unused variable: `res`
[INFO] [stderr]    --> src/daily.rs:723:13
[INFO] [stderr]     |
[INFO] [stderr] 723 |         let res = get_female_cases_series_data();
[INFO] [stderr]     |             ^^^ help: if this is intentional, prefix it with an underscore: `_res`
[INFO] [stderr] 
[INFO] [stderr] warning: unused variable: `res`
[INFO] [stderr]    --> src/daily.rs:728:13
[INFO] [stderr]     |
[INFO] [stderr] 728 |         let res = get_vaccin_per_region_series_data();
[INFO] [stderr]     |             ^^^ help: if this is intentional, prefix it with an underscore: `_res`
[INFO] [stderr] 
[INFO] [stderr] warning: unused variable: `res`
[INFO] [stderr]    --> src/daily.rs:733:13
[INFO] [stderr]     |
[INFO] [stderr] 733 |         let res = get_school_status_series_data();
[INFO] [stderr]     |             ^^^ help: if this is intentional, prefix it with an underscore: `_res`
[INFO] [stderr] 
[INFO] [stderr] warning: unused variable: `json_resp`
[INFO] [stderr]    --> src/hosp.rs:153:13
[INFO] [stderr]     |
[INFO] [stderr] 153 |         let json_resp = get_western_macedonia_data();
[INFO] [stderr]     |             ^^^^^^^^^ help: if this is intentional, prefix it with an underscore: `_json_resp`
[INFO] [stderr] 
[INFO] [stderr] warning: unused variable: `json_resp`
[INFO] [stderr]    --> src/hosp.rs:158:13
[INFO] [stderr]     |
[INFO] [stderr] 158 |         let json_resp = get_western_macedonia_death_data();
[INFO] [stderr]     |             ^^^^^^^^^ help: if this is intentional, prefix it with an underscore: `_json_resp`
[INFO] [stderr] 
[INFO] [stderr] warning: unused variable: `ref_camp`
[INFO] [stderr]   --> src/refug.rs:97:13
[INFO] [stderr]    |
[INFO] [stderr] 97 |         let ref_camp = get_refugee_camp_data();
[INFO] [stderr]    |             ^^^^^^^^ help: if this is intentional, prefix it with an underscore: `_ref_camp`
[INFO] [stderr] 
[INFO] [stderr] warning: variable does not need to be mutable
[INFO] [stderr]    --> src/refug.rs:118:13
[INFO] [stderr]     |
[INFO] [stderr] 118 |         let mut first = iter_mut.next();
[INFO] [stderr]     |             ----^^^^^
[INFO] [stderr]     |             |
[INFO] [stderr]     |             help: remove this `mut`
[INFO] [stderr]     |
[INFO] [stderr]     = note: `#[warn(unused_mut)]` (part of `#[warn(unused)]`) on by default
[INFO] [stderr] 
[INFO] [stderr] warning: variable does not need to be mutable
[INFO] [stderr]    --> src/refug.rs:119:13
[INFO] [stderr]     |
[INFO] [stderr] 119 |         let mut second = iter_mut.next();
[INFO] [stderr]     |             ----^^^^^^
[INFO] [stderr]     |             |
[INFO] [stderr]     |             help: remove this `mut`
[INFO] [stderr] 
[INFO] [stderr] warning: `rs-covid19gr` (lib test) generated 27 warnings (3 duplicates) (run `cargo fix --lib -p rs-covid19gr --tests` to apply 24 suggestions)
[INFO] [stderr]     Finished `release` profile [optimized] target(s) in 0.08s
[INFO] [stderr]      Running unittests src/lib.rs (/opt/rustwide/target/release/deps/rs_covid19gr-a498ff7538a2752b)
[INFO] [stdout] 
[INFO] [stdout] running 45 tests
[INFO] [stdout] test daily::tests::test_deser_confirmed ... ok
[INFO] [stdout] test daily::tests::test_deser_recovered ... ok
[INFO] [stdout] test daily::tests::test_deser_age_dist_history ... ok
[INFO] [stdout] test daily::tests::test_deser_females_cases_history ... ok
[INFO] [stdout] test daily::tests::test_deser_active ... ok
[INFO] [stdout] test daily::tests::test_deser_vaccin_per_region_history ... ok
[INFO] [stdout] test cum::tests::test_get_gender_dist_data ... FAILED
[INFO] [stdout] test cum::tests::test_get_region_data ... FAILED
[INFO] [stdout] test cum::tests::test_get_age_dist_data ... FAILED
[INFO] [stdout] test daily::tests::test_deser_males_cases_history ... ok
[INFO] [stdout] test daily::tests::test_deser_total_tests ... ok
[INFO] [stdout] test daily::tests::test_deser_region_history ... ok
[INFO] [stdout] test daily::tests::test_deser_school_status ... ok
[INFO] [stdout] test cum::tests::test_des_gender_distribution ... ok
[INFO] [stdout] test daily::tests::test_desser_deaths ... ok
[INFO] [stdout] test daily::tests::test_desser_intensive_care ... ok
[INFO] [stdout] test cum::tests::test_get_total_data ... FAILED
[INFO] [stdout] test cum::tests::test_des_total ... ok
[INFO] [stdout] test cum::tests::test_des_total_vaccinations ... ok
[INFO] [stdout] test daily::tests::test_get_deaths_series_data ... FAILED
[INFO] [stdout] test daily::tests::test_deser_all ... ok
[INFO] [stdout] test cum::tests::test_des_age_distribution ... ok
[INFO] [stdout] test daily::tests::test_get_age_dist_series_data ... FAILED
[INFO] [stdout] test daily::tests::test_get_active_series_data ... FAILED
[INFO] [stdout] test cum::tests::test_des_regions ... ok
[INFO] [stdout] test hosp::tests::test_des_west_mac_deaths ... ok
[INFO] [stdout] test daily::tests::test_get_males_cases_series_data ... FAILED
[INFO] [stdout] test daily::tests::test_get_regions_history_data ... FAILED
[INFO] [stdout] test hosp::tests::test_get_west_mac ... FAILED
[INFO] [stdout] test refug::tests::test_deserilize_refugee ... ok
[INFO] [stdout] test refug::tests::test_into_iterator ... ok
[INFO] [stdout] test hosp::tests::test_get_west_mac_deaths ... FAILED
[INFO] [stdout] test daily::tests::test_get_school_status_data ... FAILED
[INFO] [stdout] test hosp::tests::test_des_west_mac ... ok
[INFO] [stdout] test refug::tests::test_iter ... ok
[INFO] [stdout] test cum::tests::test_get_total_vaccin_data ... FAILED
[INFO] [stdout] test refug::tests::test_iter_mut ... ok
[INFO] [stdout] test daily::tests::test_get_all_data ... FAILED
[INFO] [stdout] test daily::tests::test_get_recovered_data ... FAILED
[INFO] [stdout] test daily::tests::test_vaccin_history_data ... FAILED
[INFO] [stdout] test daily::tests::test_get_females_cases_series_data ... FAILED
[INFO] [stdout] test refug::tests::test_get_refugee_camp_data ... FAILED
[INFO] [stdout] test daily::tests::test_get_confirmed_data ... FAILED
[INFO] [stdout] test daily::tests::test_get_total_tests_data ... FAILED
[INFO] [stdout] test daily::tests::test_get_intensive_care_data ... FAILED
[INFO] [stdout] 
[INFO] [stdout] failures:
[INFO] [stdout] 
[INFO] [stdout] ---- cum::tests::test_get_gender_dist_data stdout ----
[INFO] [stdout] 
[INFO] [stdout] thread 'cum::tests::test_get_gender_dist_data' (931) panicked at src/lib.rs:28:10:
[INFO] [stdout] http error: Transport(Transport { kind: Dns, message: None, url: Some(Url { scheme: "https", username: "", password: None, host: Some(Domain("covid-19-greece.herokuapp.com")), port: None, path: "/gender-distribution", query: None, fragment: None }), source: Some(Custom { kind: Uncategorized, error: "failed to lookup address information: Temporary failure in name resolution" }), response: None })
[INFO] [stdout] stack backtrace:
[INFO] [stdout]    0:     0x568011ccddd1 - <<std[70759c8f55707aa4]::sys::backtrace::BacktraceLock>::print::DisplayBacktrace as core[df12db4294e9bfd3]::fmt::Display>::fmt
[INFO] [stdout]    1:     0x568011ce466a - core[df12db4294e9bfd3]::fmt::write
[INFO] [stdout]    2:     0x568011cd2a2c - <alloc[2182bb758b4b3781]::vec::Vec<u8> as core[df12db4294e9bfd3]::io::write::Write>::write_fmt
[INFO] [stdout]    3:     0x568011ca8886 - std[70759c8f55707aa4]::panicking::default_hook::{closure#0}
[INFO] [stdout]    4:     0x568011cc5b99 - std[70759c8f55707aa4]::panicking::default_hook
[INFO] [stdout]    5:     0x568011c609a0 - test[9d35eded1c95d3be]::test_main_inner::<test[9d35eded1c95d3be]::test_main_static::{closure#0}>::{closure#0}
[INFO] [stdout]    6:     0x568011cc5d52 - std[70759c8f55707aa4]::panicking::panic_with_hook
[INFO] [stdout]    7:     0x568011ca8932 - std[70759c8f55707aa4]::panicking::panic_handler::{closure#0}
[INFO] [stdout]    8:     0x568011ca15d9 - std[70759c8f55707aa4]::sys::backtrace::__rust_end_short_backtrace::<std[70759c8f55707aa4]::panicking::panic_handler::{closure#0}, !>
[INFO] [stdout]    9:     0x568011ca971d - __rustc[8fa7c3cbc660c2b3]::rust_begin_unwind
[INFO] [stdout]   10:     0x568011ce4d9c - core[df12db4294e9bfd3]::panicking::panic_fmt
[INFO] [stdout]   11:     0x568011ce4b72 - core[df12db4294e9bfd3]::result::unwrap_failed
[INFO] [stdout]   12:     0x568011b86a9d - rs_covid19gr[a90cd188c33f9b8d]::build_request
[INFO] [stdout]   13:     0x568011b82c1f - rs_covid19gr[a90cd188c33f9b8d]::cum::tests::test_get_gender_dist_data
[INFO] [stdout]   14:     0x568011b87239 - <rs_covid19gr[a90cd188c33f9b8d]::cum::tests::test_get_gender_dist_data::{closure#0} as core[df12db4294e9bfd3]::ops::function::FnOnce<()>>::call_once
[INFO] [stdout]   15:     0x568011c53c8b - test[9d35eded1c95d3be]::__rust_begin_short_backtrace::<core[df12db4294e9bfd3]::result::Result<(), alloc[2182bb758b4b3781]::string::String>, fn() -> core[df12db4294e9bfd3]::result::Result<(), alloc[2182bb758b4b3781]::string::String>>
[INFO] [stdout]   16:     0x568011c612f5 - test[9d35eded1c95d3be]::run_test::{closure#0}
[INFO] [stdout]   17:     0x568011c5abb4 - std[70759c8f55707aa4]::sys::backtrace::__rust_begin_short_backtrace::<test[9d35eded1c95d3be]::run_test::{closure#1}, ()>
[INFO] [stdout]   18:     0x568011c64452 - <std[70759c8f55707aa4]::thread::lifecycle::spawn_unchecked<test[9d35eded1c95d3be]::run_test::{closure#1}, ()>::{closure#1} as core[df12db4294e9bfd3]::ops::function::FnOnce<()>>::call_once::{shim:vtable#0}
[INFO] [stdout]   19:     0x568011cccf09 - <std[70759c8f55707aa4]::sys::thread::unix::Thread>::new::thread_start
[INFO] [stdout]   20:     0x710192aaedfa - <unknown>
[INFO] [stdout]   21:     0x710192b423d4 - clone
[INFO] [stdout]   22:                0x0 - <unknown>
[INFO] [stdout] 
[INFO] [stdout] ---- cum::tests::test_get_region_data stdout ----
[INFO] [stdout] 
[INFO] [stdout] thread 'cum::tests::test_get_region_data' (932) panicked at src/lib.rs:28:10:
[INFO] [stdout] http error: Transport(Transport { kind: Dns, message: None, url: Some(Url { scheme: "https", username: "", password: None, host: Some(Domain("covid-19-greece.herokuapp.com")), port: None, path: "/regions", query: None, fragment: None }), source: Some(Custom { kind: Uncategorized, error: "failed to lookup address information: Temporary failure in name resolution" }), response: None })
[INFO] [stdout] stack backtrace:
[INFO] [stdout]    0:     0x568011ccddd1 - <<std[70759c8f55707aa4]::sys::backtrace::BacktraceLock>::print::DisplayBacktrace as core[df12db4294e9bfd3]::fmt::Display>::fmt
[INFO] [stdout]    1:     0x568011ce466a - core[df12db4294e9bfd3]::fmt::write
[INFO] [stdout]    2:     0x568011cd2a2c - <alloc[2182bb758b4b3781]::vec::Vec<u8> as core[df12db4294e9bfd3]::io::write::Write>::write_fmt
[INFO] [stdout]    3:     0x568011ca8886 - std[70759c8f55707aa4]::panicking::default_hook::{closure#0}
[INFO] [stdout]    4:     0x568011cc5b99 - std[70759c8f55707aa4]::panicking::default_hook
[INFO] [stdout]    5:     0x568011c609a0 - test[9d35eded1c95d3be]::test_main_inner::<test[9d35eded1c95d3be]::test_main_static::{closure#0}>::{closure#0}
[INFO] [stdout]    6:     0x568011cc5d52 - std[70759c8f55707aa4]::panicking::panic_with_hook
[INFO] [stdout]    7:     0x568011ca8932 - std[70759c8f55707aa4]::panicking::panic_handler::{closure#0}
[INFO] [stdout]    8:     0x568011ca15d9 - std[70759c8f55707aa4]::sys::backtrace::__rust_end_short_backtrace::<std[70759c8f55707aa4]::panicking::panic_handler::{closure#0}, !>
[INFO] [stdout]    9:     0x568011ca971d - __rustc[8fa7c3cbc660c2b3]::rust_begin_unwind
[INFO] [stdout]   10:     0x568011ce4d9c - core[df12db4294e9bfd3]::panicking::panic_fmt
[INFO] [stdout]   11:     0x568011ce4b72 - core[df12db4294e9bfd3]::result::unwrap_failed
[INFO] [stdout]   12:     0x568011b86a9d - rs_covid19gr[a90cd188c33f9b8d]::build_request
[INFO] [stdout]   13:     0x568011b8294d - rs_covid19gr[a90cd188c33f9b8d]::cum::tests::test_get_region_data
[INFO] [stdout]   14:     0x568011b871d9 - <rs_covid19gr[a90cd188c33f9b8d]::cum::tests::test_get_region_data::{closure#0} as core[df12db4294e9bfd3]::ops::function::FnOnce<()>>::call_once
[INFO] [stdout]   15:     0x568011c53c8b - test[9d35eded1c95d3be]::__rust_begin_short_backtrace::<core[df12db4294e9bfd3]::result::Result<(), alloc[2182bb758b4b3781]::string::String>, fn() -> core[df12db4294e9bfd3]::result::Result<(), alloc[2182bb758b4b3781]::string::String>>
[INFO] [stdout]   16:     0x568011c612f5 - test[9d35eded1c95d3be]::run_test::{closure#0}
[INFO] [stdout]   17:     0x568011c5abb4 - std[70759c8f55707aa4]::sys::backtrace::__rust_begin_short_backtrace::<test[9d35eded1c95d3be]::run_test::{closure#1}, ()>
[INFO] [stdout]   18:     0x568011c64452 - <std[70759c8f55707aa4]::thread::lifecycle::spawn_unchecked<test[9d35eded1c95d3be]::run_test::{closure#1}, ()>::{closure#1} as core[df12db4294e9bfd3]::ops::function::FnOnce<()>>::call_once::{shim:vtable#0}
[INFO] [stdout]   19:     0x568011cccf09 - <std[70759c8f55707aa4]::sys::thread::unix::Thread>::new::thread_start
[INFO] [stdout]   20:     0x710192aaedfa - <unknown>
[INFO] [stdout]   21:     0x710192b423d4 - clone
[INFO] [stdout]   22:                0x0 - <unknown>
[INFO] [stdout] 
[INFO] [stdout] ---- cum::tests::test_get_age_dist_data stdout ----
[INFO] [stdout] 
[INFO] [stdout] thread 'cum::tests::test_get_age_dist_data' (930) panicked at src/lib.rs:28:10:
[INFO] [stdout] http error: Transport(Transport { kind: Dns, message: None, url: Some(Url { scheme: "https", username: "", password: None, host: Some(Domain("covid-19-greece.herokuapp.com")), port: None, path: "/age-distribution", query: None, fragment: None }), source: Some(Custom { kind: Uncategorized, error: "failed to lookup address information: Temporary failure in name resolution" }), response: None })
[INFO] [stdout] stack backtrace:
[INFO] [stdout]    0:     0x568011ccddd1 - <<std[70759c8f55707aa4]::sys::backtrace::BacktraceLock>::print::DisplayBacktrace as core[df12db4294e9bfd3]::fmt::Display>::fmt
[INFO] [stdout]    1:     0x568011ce466a - core[df12db4294e9bfd3]::fmt::write
[INFO] [stdout]    2:     0x568011cd2a2c - <alloc[2182bb758b4b3781]::vec::Vec<u8> as core[df12db4294e9bfd3]::io::write::Write>::write_fmt
[INFO] [stdout]    3:     0x568011ca8886 - std[70759c8f55707aa4]::panicking::default_hook::{closure#0}
[INFO] [stdout]    4:     0x568011cc5b99 - std[70759c8f55707aa4]::panicking::default_hook
[INFO] [stdout]    5:     0x568011c609a0 - test[9d35eded1c95d3be]::test_main_inner::<test[9d35eded1c95d3be]::test_main_static::{closure#0}>::{closure#0}
[INFO] [stdout]    6:     0x568011cc5d52 - std[70759c8f55707aa4]::panicking::panic_with_hook
[INFO] [stdout]    7:     0x568011ca8932 - std[70759c8f55707aa4]::panicking::panic_handler::{closure#0}
[INFO] [stdout]    8:     0x568011ca15d9 - std[70759c8f55707aa4]::sys::backtrace::__rust_end_short_backtrace::<std[70759c8f55707aa4]::panicking::panic_handler::{closure#0}, !>
[INFO] [stdout]    9:     0x568011ca971d - __rustc[8fa7c3cbc660c2b3]::rust_begin_unwind
[INFO] [stdout]   10:     0x568011ce4d9c - core[df12db4294e9bfd3]::panicking::panic_fmt
[INFO] [stdout]   11:     0x568011ce4b72 - core[df12db4294e9bfd3]::result::unwrap_failed
[INFO] [stdout]   12:     0x568011b86a9d - rs_covid19gr[a90cd188c33f9b8d]::build_request
[INFO] [stdout]   13:     0x568011b82a62 - rs_covid19gr[a90cd188c33f9b8d]::cum::tests::test_get_age_dist_data
[INFO] [stdout]   14:     0x568011b871f9 - <rs_covid19gr[a90cd188c33f9b8d]::cum::tests::test_get_age_dist_data::{closure#0} as core[df12db4294e9bfd3]::ops::function::FnOnce<()>>::call_once
[INFO] [stdout]   15:     0x568011c53c8b - test[9d35eded1c95d3be]::__rust_begin_short_backtrace::<core[df12db4294e9bfd3]::result::Result<(), alloc[2182bb758b4b3781]::string::String>, fn() -> core[df12db4294e9bfd3]::result::Result<(), alloc[2182bb758b4b3781]::string::String>>
[INFO] [stdout]   16:     0x568011c612f5 - test[9d35eded1c95d3be]::run_test::{closure#0}
[INFO] [stdout]   17:     0x568011c5abb4 - std[70759c8f55707aa4]::sys::backtrace::__rust_begin_short_backtrace::<test[9d35eded1c95d3be]::run_test::{closure#1}, ()>
[INFO] [stdout]   18:     0x568011c64452 - <std[70759c8f55707aa4]::thread::lifecycle::spawn_unchecked<test[9d35eded1c95d3be]::run_test::{closure#1}, ()>::{closure#1} as core[df12db4294e9bfd3]::ops::function::FnOnce<()>>::call_once::{shim:vtable#0}
[INFO] [stdout]   19:     0x568011cccf09 - <std[70759c8f55707aa4]::sys::thread::unix::Thread>::new::thread_start
[INFO] [stdout]   20:     0x710192aaedfa - <unknown>
[INFO] [stdout]   21:     0x710192b423d4 - clone
[INFO] [stdout]   22:                0x0 - <unknown>
[INFO] [stdout] 
[INFO] [stdout] ---- cum::tests::test_get_total_data stdout ----
[INFO] [stdout] 
[INFO] [stdout] thread 'cum::tests::test_get_total_data' (933) panicked at src/lib.rs:28:10:
[INFO] [stdout] http error: Transport(Transport { kind: Dns, message: None, url: Some(Url { scheme: "https", username: "", password: None, host: Some(Domain("covid-19-greece.herokuapp.com")), port: None, path: "/total", query: None, fragment: None }), source: Some(Custom { kind: Uncategorized, error: "failed to lookup address information: Temporary failure in name resolution" }), response: None })
[INFO] [stdout] stack backtrace:
[INFO] [stdout]    0:     0x568011ccddd1 - <<std[70759c8f55707aa4]::sys::backtrace::BacktraceLock>::print::DisplayBacktrace as core[df12db4294e9bfd3]::fmt::Display>::fmt
[INFO] [stdout]    1:     0x568011ce466a - core[df12db4294e9bfd3]::fmt::write
[INFO] [stdout]    2:     0x568011cd2a2c - <alloc[2182bb758b4b3781]::vec::Vec<u8> as core[df12db4294e9bfd3]::io::write::Write>::write_fmt
[INFO] [stdout]    3:     0x568011ca8886 - std[70759c8f55707aa4]::panicking::default_hook::{closure#0}
[INFO] [stdout]    4:     0x568011cc5b99 - std[70759c8f55707aa4]::panicking::default_hook
[INFO] [stdout]    5:     0x568011c609a0 - test[9d35eded1c95d3be]::test_main_inner::<test[9d35eded1c95d3be]::test_main_static::{closure#0}>::{closure#0}
[INFO] [stdout]    6:     0x568011cc5d52 - std[70759c8f55707aa4]::panicking::panic_with_hook
[INFO] [stdout]    7:     0x568011ca8932 - std[70759c8f55707aa4]::panicking::panic_handler::{closure#0}
[INFO] [stdout]    8:     0x568011ca15d9 - std[70759c8f55707aa4]::sys::backtrace::__rust_end_short_backtrace::<std[70759c8f55707aa4]::panicking::panic_handler::{closure#0}, !>
[INFO] [stdout]    9:     0x568011ca971d - __rustc[8fa7c3cbc660c2b3]::rust_begin_unwind
[INFO] [stdout]   10:     0x568011ce4d9c - core[df12db4294e9bfd3]::panicking::panic_fmt
[INFO] [stdout]   11:     0x568011ce4b72 - core[df12db4294e9bfd3]::result::unwrap_failed
[INFO] [stdout]   12:     0x568011b86a9d - rs_covid19gr[a90cd188c33f9b8d]::build_request
[INFO] [stdout]   13:     0x568011b8284f - rs_covid19gr[a90cd188c33f9b8d]::cum::tests::test_get_total_data
[INFO] [stdout]   14:     0x568011b871b9 - <rs_covid19gr[a90cd188c33f9b8d]::cum::tests::test_get_total_data::{closure#0} as core[df12db4294e9bfd3]::ops::function::FnOnce<()>>::call_once
[INFO] [stdout]   15:     0x568011c53c8b - test[9d35eded1c95d3be]::__rust_begin_short_backtrace::<core[df12db4294e9bfd3]::result::Result<(), alloc[2182bb758b4b3781]::string::String>, fn() -> core[df12db4294e9bfd3]::result::Result<(), alloc[2182bb758b4b3781]::string::String>>
[INFO] [stdout]   16:     0x568011c612f5 - test[9d35eded1c95d3be]::run_test::{closure#0}
[INFO] [stdout]   17:     0x568011c5abb4 - std[70759c8f55707aa4]::sys::backtrace::__rust_begin_short_backtrace::<test[9d35eded1c95d3be]::run_test::{closure#1}, ()>
[INFO] [stdout]   18:     0x568011c64452 - <std[70759c8f55707aa4]::thread::lifecycle::spawn_unchecked<test[9d35eded1c95d3be]::run_test::{closure#1}, ()>::{closure#1} as core[df12db4294e9bfd3]::ops::function::FnOnce<()>>::call_once::{shim:vtable#0}
[INFO] [stdout]   19:     0x568011cccf09 - <std[70759c8f55707aa4]::sys::thread::unix::Thread>::new::thread_start
[INFO] [stdout]   20:     0x710192aaedfa - <unknown>
[INFO] [stdout]   21:     0x710192b423d4 - clone
[INFO] [stdout]   22:                0x0 - <unknown>
[INFO] [stdout] 
[INFO] [stdout] ---- daily::tests::test_get_deaths_series_data stdout ----
[INFO] [stdout] 
[INFO] [stdout] thread 'daily::tests::test_get_deaths_series_data' (952) panicked at src/lib.rs:28:10:
[INFO] [stdout] http error: Transport(Transport { kind: Dns, message: None, url: Some(Url { scheme: "https", username: "", password: None, host: Some(Domain("covid-19-greece.herokuapp.com")), port: None, path: "/deaths", query: None, fragment: None }), source: Some(Custom { kind: Uncategorized, error: "failed to lookup address information: Temporary failure in name resolution" }), response: None })
[INFO] [stdout] stack backtrace:
[INFO] [stdout]    0:     0x568011ccddd1 - <<std[70759c8f55707aa4]::sys::backtrace::BacktraceLock>::print::DisplayBacktrace as core[df12db4294e9bfd3]::fmt::Display>::fmt
[INFO] [stdout]    1:     0x568011ce466a - core[df12db4294e9bfd3]::fmt::write
[INFO] [stdout]    2:     0x568011cd2a2c - <alloc[2182bb758b4b3781]::vec::Vec<u8> as core[df12db4294e9bfd3]::io::write::Write>::write_fmt
[INFO] [stdout]    3:     0x568011ca8886 - std[70759c8f55707aa4]::panicking::default_hook::{closure#0}
[INFO] [stdout]    4:     0x568011cc5b99 - std[70759c8f55707aa4]::panicking::default_hook
[INFO] [stdout]    5:     0x568011c609a0 - test[9d35eded1c95d3be]::test_main_inner::<test[9d35eded1c95d3be]::test_main_static::{closure#0}>::{closure#0}
[INFO] [stdout]    6:     0x568011cc5d52 - std[70759c8f55707aa4]::panicking::panic_with_hook
[INFO] [stdout]    7:     0x568011ca8932 - std[70759c8f55707aa4]::panicking::panic_handler::{closure#0}
[INFO] [stdout]    8:     0x568011ca15d9 - std[70759c8f55707aa4]::sys::backtrace::__rust_end_short_backtrace::<std[70759c8f55707aa4]::panicking::panic_handler::{closure#0}, !>
[INFO] [stdout]    9:     0x568011ca971d - __rustc[8fa7c3cbc660c2b3]::rust_begin_unwind
[INFO] [stdout]   10:     0x568011ce4d9c - core[df12db4294e9bfd3]::panicking::panic_fmt
[INFO] [stdout]   11:     0x568011ce4b72 - core[df12db4294e9bfd3]::result::unwrap_failed
[INFO] [stdout]   12:     0x568011b86a9d - rs_covid19gr[a90cd188c33f9b8d]::build_request
[INFO] [stdout]   13:     0x568011b89b00 - rs_covid19gr[a90cd188c33f9b8d]::daily::get_deaths_series_data
[INFO] [stdout]   14:     0x568011b877ca - <rs_covid19gr[a90cd188c33f9b8d]::daily::tests::test_get_deaths_series_data::{closure#0} as core[df12db4294e9bfd3]::ops::function::FnOnce<()>>::call_once
[INFO] [stdout]   15:     0x568011c53c8b - test[9d35eded1c95d3be]::__rust_begin_short_backtrace::<core[df12db4294e9bfd3]::result::Result<(), alloc[2182bb758b4b3781]::string::String>, fn() -> core[df12db4294e9bfd3]::result::Result<(), alloc[2182bb758b4b3781]::string::String>>
[INFO] [stdout]   16:     0x568011c612f5 - test[9d35eded1c95d3be]::run_test::{closure#0}
[INFO] [stdout]   17:     0x568011c5abb4 - std[70759c8f55707aa4]::sys::backtrace::__rust_begin_short_backtrace::<test[9d35eded1c95d3be]::run_test::{closure#1}, ()>
[INFO] [stdout]   18:     0x568011c64452 - <std[70759c8f55707aa4]::thread::lifecycle::spawn_unchecked<test[9d35eded1c95d3be]::run_test::{closure#1}, ()>::{closure#1} as core[df12db4294e9bfd3]::ops::function::FnOnce<()>>::call_once::{shim:vtable#0}
[INFO] [stdout]   19:     0x568011cccf09 - <std[70759c8f55707aa4]::sys::thread::unix::Thread>::new::thread_start
[INFO] [stdout]   20:     0x710192aaedfa - <unknown>
[INFO] [stdout]   21:     0x710192b423d4 - clone
[INFO] [stdout]   22:                0x0 - <unknown>
[INFO] [stdout] 
[INFO] [stdout] ---- daily::tests::test_get_age_dist_series_data stdout ----
[INFO] [stdout] 
[INFO] [stdout] thread 'daily::tests::test_get_age_dist_series_data' (949) panicked at src/lib.rs:28:10:
[INFO] [stdout] http error: Transport(Transport { kind: Dns, message: None, url: Some(Url { scheme: "https", username: "", password: None, host: Some(Domain("covid-19-greece.herokuapp.com")), port: None, path: "/age-distribution-history", query: None, fragment: None }), source: Some(Custom { kind: Uncategorized, error: "failed to lookup address information: Temporary failure in name resolution" }), response: None })
[INFO] [stdout] stack backtrace:
[INFO] [stdout]    0:     0x568011ccddd1 - <<std[70759c8f55707aa4]::sys::backtrace::BacktraceLock>::print::DisplayBacktrace as core[df12db4294e9bfd3]::fmt::Display>::fmt
[INFO] [stdout]    1:     0x568011ce466a - core[df12db4294e9bfd3]::fmt::write
[INFO] [stdout]    2:     0x568011cd2a2c - <alloc[2182bb758b4b3781]::vec::Vec<u8> as core[df12db4294e9bfd3]::io::write::Write>::write_fmt
[INFO] [stdout]    3:     0x568011ca8886 - std[70759c8f55707aa4]::panicking::default_hook::{closure#0}
[INFO] [stdout]    4:     0x568011cc5b99 - std[70759c8f55707aa4]::panicking::default_hook
[INFO] [stdout]    5:     0x568011c609a0 - test[9d35eded1c95d3be]::test_main_inner::<test[9d35eded1c95d3be]::test_main_static::{closure#0}>::{closure#0}
[INFO] [stdout]    6:     0x568011cc5d52 - std[70759c8f55707aa4]::panicking::panic_with_hook
[INFO] [stdout]    7:     0x568011ca8932 - std[70759c8f55707aa4]::panicking::panic_handler::{closure#0}
[INFO] [stdout]    8:     0x568011ca15d9 - std[70759c8f55707aa4]::sys::backtrace::__rust_end_short_backtrace::<std[70759c8f55707aa4]::panicking::panic_handler::{closure#0}, !>
[INFO] [stdout]    9:     0x568011ca971d - __rustc[8fa7c3cbc660c2b3]::rust_begin_unwind
[INFO] [stdout]   10:     0x568011ce4d9c - core[df12db4294e9bfd3]::panicking::panic_fmt
[INFO] [stdout]   11:     0x568011ce4b72 - core[df12db4294e9bfd3]::result::unwrap_failed
[INFO] [stdout]   12:     0x568011b86a9d - rs_covid19gr[a90cd188c33f9b8d]::build_request
[INFO] [stdout]   13:     0x568011b89bf0 - rs_covid19gr[a90cd188c33f9b8d]::daily::get_age_dist_series_data
[INFO] [stdout]   14:     0x568011b8798a - <rs_covid19gr[a90cd188c33f9b8d]::daily::tests::test_get_age_dist_series_data::{closure#0} as core[df12db4294e9bfd3]::ops::function::FnOnce<()>>::call_once
[INFO] [stdout]   15:     0x568011c53c8b - test[9d35eded1c95d3be]::__rust_begin_short_backtrace::<core[df12db4294e9bfd3]::result::Result<(), alloc[2182bb758b4b3781]::string::String>, fn() -> core[df12db4294e9bfd3]::result::Result<(), alloc[2182bb758b4b3781]::string::String>>
[INFO] [stdout]   16:     0x568011c612f5 - test[9d35eded1c95d3be]::run_test::{closure#0}
[INFO] [stdout]   17:     0x568011c5abb4 - std[70759c8f55707aa4]::sys::backtrace::__rust_begin_short_backtrace::<test[9d35eded1c95d3be]::run_test::{closure#1}, ()>
[INFO] [stdout]   18:     0x568011c64452 - <std[70759c8f55707aa4]::thread::lifecycle::spawn_unchecked<test[9d35eded1c95d3be]::run_test::{closure#1}, ()>::{closure#1} as core[df12db4294e9bfd3]::ops::function::FnOnce<()>>::call_once::{shim:vtable#0}
[INFO] [stdout]   19:     0x568011cccf09 - <std[70759c8f55707aa4]::sys::thread::unix::Thread>::new::thread_start
[INFO] [stdout]   20:     0x710192aaedfa - <unknown>
[INFO] [stdout]   21:     0x710192b423d4 - clone
[INFO] [stdout]   22:                0x0 - <unknown>
[INFO] [stdout] 
[INFO] [stdout] ---- daily::tests::test_get_active_series_data stdout ----
[INFO] [stdout] 
[INFO] [stdout] thread 'daily::tests::test_get_active_series_data' (948) panicked at src/lib.rs:28:10:
[INFO] [stdout] http error: Transport(Transport { kind: Dns, message: None, url: Some(Url { scheme: "https", username: "", password: None, host: Some(Domain("covid-19-greece.herokuapp.com")), port: None, path: "/active", query: None, fragment: None }), source: Some(Custom { kind: Uncategorized, error: "failed to lookup address information: Temporary failure in name resolution" }), response: None })
[INFO] [stdout] stack backtrace:
[INFO] [stdout]    0:     0x568011ccddd1 - <<std[70759c8f55707aa4]::sys::backtrace::BacktraceLock>::print::DisplayBacktrace as core[df12db4294e9bfd3]::fmt::Display>::fmt
[INFO] [stdout]    1:     0x568011ce466a - core[df12db4294e9bfd3]::fmt::write
[INFO] [stdout]    2:     0x568011cd2a2c - <alloc[2182bb758b4b3781]::vec::Vec<u8> as core[df12db4294e9bfd3]::io::write::Write>::write_fmt
[INFO] [stdout]    3:     0x568011ca8886 - std[70759c8f55707aa4]::panicking::default_hook::{closure#0}
[INFO] [stdout]    4:     0x568011cc5b99 - std[70759c8f55707aa4]::panicking::default_hook
[INFO] [stdout]    5:     0x568011c609a0 - test[9d35eded1c95d3be]::test_main_inner::<test[9d35eded1c95d3be]::test_main_static::{closure#0}>::{closure#0}
[INFO] [stdout]    6:     0x568011cc5d52 - std[70759c8f55707aa4]::panicking::panic_with_hook
[INFO] [stdout]    7:     0x568011ca8932 - std[70759c8f55707aa4]::panicking::panic_handler::{closure#0}
[INFO] [stdout]    8:     0x568011ca15d9 - std[70759c8f55707aa4]::sys::backtrace::__rust_end_short_backtrace::<std[70759c8f55707aa4]::panicking::panic_handler::{closure#0}, !>
[INFO] [stdout]    9:     0x568011ca971d - __rustc[8fa7c3cbc660c2b3]::rust_begin_unwind
[INFO] [stdout]   10:     0x568011ce4d9c - core[df12db4294e9bfd3]::panicking::panic_fmt
[INFO] [stdout]   11:     0x568011ce4b72 - core[df12db4294e9bfd3]::result::unwrap_failed
[INFO] [stdout]   12:     0x568011b86a9d - rs_covid19gr[a90cd188c33f9b8d]::build_request
[INFO] [stdout]   13:     0x568011b89a10 - rs_covid19gr[a90cd188c33f9b8d]::daily::get_active_series_data
[INFO] [stdout]   14:     0x568011b8772a - <rs_covid19gr[a90cd188c33f9b8d]::daily::tests::test_get_active_series_data::{closure#0} as core[df12db4294e9bfd3]::ops::function::FnOnce<()>>::call_once
[INFO] [stdout]   15:     0x568011c53c8b - test[9d35eded1c95d3be]::__rust_begin_short_backtrace::<core[df12db4294e9bfd3]::result::Result<(), alloc[2182bb758b4b3781]::string::String>, fn() -> core[df12db4294e9bfd3]::result::Result<(), alloc[2182bb758b4b3781]::string::String>>
[INFO] [stdout]   16:     0x568011c612f5 - test[9d35eded1c95d3be]::run_test::{closure#0}
[INFO] [stdout]   17:     0x568011c5abb4 - std[70759c8f55707aa4]::sys::backtrace::__rust_begin_short_backtrace::<test[9d35eded1c95d3be]::run_test::{closure#1}, ()>
[INFO] [stdout]   18:     0x568011c64452 - <std[70759c8f55707aa4]::thread::lifecycle::spawn_unchecked<test[9d35eded1c95d3be]::run_test::{closure#1}, ()>::{closure#1} as core[df12db4294e9bfd3]::ops::function::FnOnce<()>>::call_once::{shim:vtable#0}
[INFO] [stdout]   19:     0x568011cccf09 - <std[70759c8f55707aa4]::sys::thread::unix::Thread>::new::thread_start
[INFO] [stdout]   20:     0x710192aaedfa - <unknown>
[INFO] [stdout]   21:     0x710192b423d4 - clone
[INFO] [stdout]   22:                0x0 - <unknown>
[INFO] [stdout] 
[INFO] [stdout] ---- daily::tests::test_get_males_cases_series_data stdout ----
[INFO] [stdout] 
[INFO] [stdout] thread 'daily::tests::test_get_males_cases_series_data' (955) panicked at src/lib.rs:28:10:
[INFO] [stdout] http error: Transport(Transport { kind: Dns, message: None, url: Some(Url { scheme: "https", username: "", password: None, host: Some(Domain("covid-19-greece.herokuapp.com")), port: None, path: "/male-cases-history", query: None, fragment: None }), source: Some(Custom { kind: Uncategorized, error: "failed to lookup address information: Temporary failure in name resolution" }), response: None })
[INFO] [stdout] stack backtrace:
[INFO] [stdout]    0:     0x568011ccddd1 - <<std[70759c8f55707aa4]::sys::backtrace::BacktraceLock>::print::DisplayBacktrace as core[df12db4294e9bfd3]::fmt::Display>::fmt
[INFO] [stdout]    1:     0x568011ce466a - core[df12db4294e9bfd3]::fmt::write
[INFO] [stdout]    2:     0x568011cd2a2c - <alloc[2182bb758b4b3781]::vec::Vec<u8> as core[df12db4294e9bfd3]::io::write::Write>::write_fmt
[INFO] [stdout]    3:     0x568011ca8886 - std[70759c8f55707aa4]::panicking::default_hook::{closure#0}
[INFO] [stdout]    4:     0x568011cc5b99 - std[70759c8f55707aa4]::panicking::default_hook
[INFO] [stdout]    5:     0x568011c609a0 - test[9d35eded1c95d3be]::test_main_inner::<test[9d35eded1c95d3be]::test_main_static::{closure#0}>::{closure#0}
[INFO] [stdout]    6:     0x568011cc5d52 - std[70759c8f55707aa4]::panicking::panic_with_hook
[INFO] [stdout]    7:     0x568011ca8932 - std[70759c8f55707aa4]::panicking::panic_handler::{closure#0}
[INFO] [stdout]    8:     0x568011ca15d9 - std[70759c8f55707aa4]::sys::backtrace::__rust_end_short_backtrace::<std[70759c8f55707aa4]::panicking::panic_handler::{closure#0}, !>
[INFO] [stdout]    9:     0x568011ca971d - __rustc[8fa7c3cbc660c2b3]::rust_begin_unwind
[INFO] [stdout]   10:     0x568011ce4d9c - core[df12db4294e9bfd3]::panicking::panic_fmt
[INFO] [stdout]   11:     0x568011ce4b72 - core[df12db4294e9bfd3]::result::unwrap_failed
[INFO] [stdout]   12:     0x568011b86a9d - rs_covid19gr[a90cd188c33f9b8d]::build_request
[INFO] [stdout]   13:     0x568011b89ec0 - rs_covid19gr[a90cd188c33f9b8d]::daily::get_male_cases_series_data
[INFO] [stdout]   14:     0x568011b87a8a - <rs_covid19gr[a90cd188c33f9b8d]::daily::tests::test_get_males_cases_series_data::{closure#0} as core[df12db4294e9bfd3]::ops::function::FnOnce<()>>::call_once
[INFO] [stdout]   15:     0x568011c53c8b - test[9d35eded1c95d3be]::__rust_begin_short_backtrace::<core[df12db4294e9bfd3]::result::Result<(), alloc[2182bb758b4b3781]::string::String>, fn() -> core[df12db4294e9bfd3]::result::Result<(), alloc[2182bb758b4b3781]::string::String>>
[INFO] [stdout]   16:     0x568011c612f5 - test[9d35eded1c95d3be]::run_test::{closure#0}
[INFO] [stdout]   17:     0x568011c5abb4 - std[70759c8f55707aa4]::sys::backtrace::__rust_begin_short_backtrace::<test[9d35eded1c95d3be]::run_test::{closure#1}, ()>
[INFO] [stdout]   18:     0x568011c64452 - <std[70759c8f55707aa4]::thread::lifecycle::spawn_unchecked<test[9d35eded1c95d3be]::run_test::{closure#1}, ()>::{closure#1} as core[df12db4294e9bfd3]::ops::function::FnOnce<()>>::call_once::{shim:vtable#0}
[INFO] [stdout]   19:     0x568011cccf09 - <std[70759c8f55707aa4]::sys::thread::unix::Thread>::new::thread_start
[INFO] [stdout]   20:     0x710192aaedfa - <unknown>
[INFO] [stdout]   21:     0x710192b423d4 - clone
[INFO] [stdout]   22:                0x0 - <unknown>
[INFO] [stdout] 
[INFO] [stdout] ---- daily::tests::test_get_regions_history_data stdout ----
[INFO] [stdout] 
[INFO] [stdout] thread 'daily::tests::test_get_regions_history_data' (957) panicked at src/lib.rs:28:10:
[INFO] [stdout] http error: Transport(Transport { kind: Dns, message: None, url: Some(Url { scheme: "https", username: "", password: None, host: Some(Domain("covid-19-greece.herokuapp.com")), port: None, path: "/regions-history", query: None, fragment: None }), source: Some(Custom { kind: Uncategorized, error: "failed to lookup address information: Temporary failure in name resolution" }), response: None })
[INFO] [stdout] stack backtrace:
[INFO] [stdout]    0:     0x568011ccddd1 - <<std[70759c8f55707aa4]::sys::backtrace::BacktraceLock>::print::DisplayBacktrace as core[df12db4294e9bfd3]::fmt::Display>::fmt
[INFO] [stdout]    1:     0x568011ce466a - core[df12db4294e9bfd3]::fmt::write
[INFO] [stdout]    2:     0x568011cd2a2c - <alloc[2182bb758b4b3781]::vec::Vec<u8> as core[df12db4294e9bfd3]::io::write::Write>::write_fmt
[INFO] [stdout]    3:     0x568011ca8886 - std[70759c8f55707aa4]::panicking::default_hook::{closure#0}
[INFO] [stdout]    4:     0x568011cc5b99 - std[70759c8f55707aa4]::panicking::default_hook
[INFO] [stdout]    5:     0x568011c609a0 - test[9d35eded1c95d3be]::test_main_inner::<test[9d35eded1c95d3be]::test_main_static::{closure#0}>::{closure#0}
[INFO] [stdout]    6:     0x568011cc5d52 - std[70759c8f55707aa4]::panicking::panic_with_hook
[INFO] [stdout]    7:     0x568011ca8932 - std[70759c8f55707aa4]::panicking::panic_handler::{closure#0}
[INFO] [stdout]    8:     0x568011ca15d9 - std[70759c8f55707aa4]::sys::backtrace::__rust_end_short_backtrace::<std[70759c8f55707aa4]::panicking::panic_handler::{closure#0}, !>
[INFO] [stdout]    9:     0x568011ca971d - __rustc[8fa7c3cbc660c2b3]::rust_begin_unwind
[INFO] [stdout]   10:     0x568011ce4d9c - core[df12db4294e9bfd3]::panicking::panic_fmt
[INFO] [stdout]   11:     0x568011ce4b72 - core[df12db4294e9bfd3]::result::unwrap_failed
[INFO] [stdout]   12:     0x568011b86a9d - rs_covid19gr[a90cd188c33f9b8d]::build_request
[INFO] [stdout]   13:     0x568011b8a370 - rs_covid19gr[a90cd188c33f9b8d]::daily::get_regions_history_series_data
[INFO] [stdout]   14:     0x568011b83b13 - rs_covid19gr[a90cd188c33f9b8d]::daily::tests::test_get_regions_history_data
[INFO] [stdout]   15:     0x568011b87a19 - <rs_covid19gr[a90cd188c33f9b8d]::daily::tests::test_get_regions_history_data::{closure#0} as core[df12db4294e9bfd3]::ops::function::FnOnce<()>>::call_once
[INFO] [stdout]   16:     0x568011c53c8b - test[9d35eded1c95d3be]::__rust_begin_short_backtrace::<core[df12db4294e9bfd3]::result::Result<(), alloc[2182bb758b4b3781]::string::String>, fn() -> core[df12db4294e9bfd3]::result::Result<(), alloc[2182bb758b4b3781]::string::String>>
[INFO] [stdout]   17:     0x568011c612f5 - test[9d35eded1c95d3be]::run_test::{closure#0}
[INFO] [stdout]   18:     0x568011c5abb4 - std[70759c8f55707aa4]::sys::backtrace::__rust_begin_short_backtrace::<test[9d35eded1c95d3be]::run_test::{closure#1}, ()>
[INFO] [stdout]   19:     0x568011c64452 - <std[70759c8f55707aa4]::thread::lifecycle::spawn_unchecked<test[9d35eded1c95d3be]::run_test::{closure#1}, ()>::{closure#1} as core[df12db4294e9bfd3]::ops::function::FnOnce<()>>::call_once::{shim:vtable#0}
[INFO] [stdout]   20:     0x568011cccf09 - <std[70759c8f55707aa4]::sys::thread::unix::Thread>::new::thread_start
[INFO] [stdout]   21:     0x710192aaedfa - <unknown>
[INFO] [stdout]   22:     0x710192b423d4 - clone
[INFO] [stdout]   23:                0x0 - <unknown>
[INFO] [stdout] 
[INFO] [stdout] ---- hosp::tests::test_get_west_mac stdout ----
[INFO] [stdout] 
[INFO] [stdout] thread 'hosp::tests::test_get_west_mac' (963) panicked at src/lib.rs:28:10:
[INFO] [stdout] http error: Transport(Transport { kind: Dns, message: None, url: Some(Url { scheme: "https", username: "", password: None, host: Some(Domain("covid-19-greece.herokuapp.com")), port: None, path: "/western-macedonia", query: None, fragment: None }), source: Some(Custom { kind: Uncategorized, error: "failed to lookup address information: Temporary failure in name resolution" }), response: None })
[INFO] [stdout] stack backtrace:
[INFO] [stdout]    0:     0x568011ccddd1 - <<std[70759c8f55707aa4]::sys::backtrace::BacktraceLock>::print::DisplayBacktrace as core[df12db4294e9bfd3]::fmt::Display>::fmt
[INFO] [stdout]    1:     0x568011ce466a - core[df12db4294e9bfd3]::fmt::write
[INFO] [stdout]    2:     0x568011cd2a2c - <alloc[2182bb758b4b3781]::vec::Vec<u8> as core[df12db4294e9bfd3]::io::write::Write>::write_fmt
[INFO] [stdout]    3:     0x568011ca8886 - std[70759c8f55707aa4]::panicking::default_hook::{closure#0}
[INFO] [stdout]    4:     0x568011cc5b99 - std[70759c8f55707aa4]::panicking::default_hook
[INFO] [stdout]    5:     0x568011c609a0 - test[9d35eded1c95d3be]::test_main_inner::<test[9d35eded1c95d3be]::test_main_static::{closure#0}>::{closure#0}
[INFO] [stdout]    6:     0x568011cc5d52 - std[70759c8f55707aa4]::panicking::panic_with_hook
[INFO] [stdout]    7:     0x568011ca8932 - std[70759c8f55707aa4]::panicking::panic_handler::{closure#0}
[INFO] [stdout]    8:     0x568011ca15d9 - std[70759c8f55707aa4]::sys::backtrace::__rust_end_short_backtrace::<std[70759c8f55707aa4]::panicking::panic_handler::{closure#0}, !>
[INFO] [stdout]    9:     0x568011ca971d - __rustc[8fa7c3cbc660c2b3]::rust_begin_unwind
[INFO] [stdout]   10:     0x568011ce4d9c - core[df12db4294e9bfd3]::panicking::panic_fmt
[INFO] [stdout]   11:     0x568011ce4b72 - core[df12db4294e9bfd3]::result::unwrap_failed
[INFO] [stdout]   12:     0x568011b86a9d - rs_covid19gr[a90cd188c33f9b8d]::build_request
[INFO] [stdout]   13:     0x568011b889a4 - rs_covid19gr[a90cd188c33f9b8d]::hosp::tests::test_get_west_mac
[INFO] [stdout]   14:     0x568011b872d9 - <rs_covid19gr[a90cd188c33f9b8d]::hosp::tests::test_get_west_mac::{closure#0} as core[df12db4294e9bfd3]::ops::function::FnOnce<()>>::call_once
[INFO] [stdout]   15:     0x568011c53c8b - test[9d35eded1c95d3be]::__rust_begin_short_backtrace::<core[df12db4294e9bfd3]::result::Result<(), alloc[2182bb758b4b3781]::string::String>, fn() -> core[df12db4294e9bfd3]::result::Result<(), alloc[2182bb758b4b3781]::string::String>>
[INFO] [stdout]   16:     0x568011c612f5 - test[9d35eded1c95d3be]::run_test::{closure#0}
[INFO] [stdout]   17:     0x568011c5abb4 - std[70759c8f55707aa4]::sys::backtrace::__rust_begin_short_backtrace::<test[9d35eded1c95d3be]::run_test::{closure#1}, ()>
[INFO] [stdout]   18:     0x568011c64452 - <std[70759c8f55707aa4]::thread::lifecycle::spawn_unchecked<test[9d35eded1c95d3be]::run_test::{closure#1}, ()>::{closure#1} as core[df12db4294e9bfd3]::ops::function::FnOnce<()>>::call_once::{shim:vtable#0}
[INFO] [stdout]   19:     0x568011cccf09 - <std[70759c8f55707aa4]::sys::thread::unix::Thread>::new::thread_start
[INFO] [stdout]   20:     0x710192aaedfa - <unknown>
[INFO] [stdout]   21:     0x710192b423d4 - clone
[INFO] [stdout]   22:                0x0 - <unknown>
[INFO] [stdout] 
[INFO] [stdout] ---- hosp::tests::test_get_west_mac_deaths stdout ----
[INFO] [stdout] 
[INFO] [stdout] thread 'hosp::tests::test_get_west_mac_deaths' (964) panicked at src/lib.rs:28:10:
[INFO] [stdout] http error: Transport(Transport { kind: Dns, message: None, url: Some(Url { scheme: "https", username: "", password: None, host: Some(Domain("covid-19-greece.herokuapp.com")), port: None, path: "/western-macedonia-deaths", query: None, fragment: None }), source: Some(Custom { kind: Uncategorized, error: "failed to lookup address information: Temporary failure in name resolution" }), response: None })
[INFO] [stdout] stack backtrace:
[INFO] [stdout]    0:     0x568011ccddd1 - <<std[70759c8f55707aa4]::sys::backtrace::BacktraceLock>::print::DisplayBacktrace as core[df12db4294e9bfd3]::fmt::Display>::fmt
[INFO] [stdout]    1:     0x568011ce466a - core[df12db4294e9bfd3]::fmt::write
[INFO] [stdout]    2:     0x568011cd2a2c - <alloc[2182bb758b4b3781]::vec::Vec<u8> as core[df12db4294e9bfd3]::io::write::Write>::write_fmt
[INFO] [stdout]    3:     0x568011ca8886 - std[70759c8f55707aa4]::panicking::default_hook::{closure#0}
[INFO] [stdout]    4:     0x568011cc5b99 - std[70759c8f55707aa4]::panicking::default_hook
[INFO] [stdout]    5:     0x568011c609a0 - test[9d35eded1c95d3be]::test_main_inner::<test[9d35eded1c95d3be]::test_main_static::{closure#0}>::{closure#0}
[INFO] [stdout]    6:     0x568011cc5d52 - std[70759c8f55707aa4]::panicking::panic_with_hook
[INFO] [stdout]    7:     0x568011ca8932 - std[70759c8f55707aa4]::panicking::panic_handler::{closure#0}
[INFO] [stdout]    8:     0x568011ca15d9 - std[70759c8f55707aa4]::sys::backtrace::__rust_end_short_backtrace::<std[70759c8f55707aa4]::panicking::panic_handler::{closure#0}, !>
[INFO] [stdout]    9:     0x568011ca971d - __rustc[8fa7c3cbc660c2b3]::rust_begin_unwind
[INFO] [stdout]   10:     0x568011ce4d9c - core[df12db4294e9bfd3]::panicking::panic_fmt
[INFO] [stdout]   11:     0x568011ce4b72 - core[df12db4294e9bfd3]::result::unwrap_failed
[INFO] [stdout]   12:     0x568011b86a9d - rs_covid19gr[a90cd188c33f9b8d]::build_request
[INFO] [stdout]   13:     0x568011b88c3d - rs_covid19gr[a90cd188c33f9b8d]::hosp::tests::test_get_west_mac_deaths
[INFO] [stdout]   14:     0x568011b87319 - <rs_covid19gr[a90cd188c33f9b8d]::hosp::tests::test_get_west_mac_deaths::{closure#0} as core[df12db4294e9bfd3]::ops::function::FnOnce<()>>::call_once
[INFO] [stdout]   15:     0x568011c53c8b - test[9d35eded1c95d3be]::__rust_begin_short_backtrace::<core[df12db4294e9bfd3]::result::Result<(), alloc[2182bb758b4b3781]::string::String>, fn() -> core[df12db4294e9bfd3]::result::Result<(), alloc[2182bb758b4b3781]::string::String>>
[INFO] [stdout]   16:     0x568011c612f5 - test[9d35eded1c95d3be]::run_test::{closure#0}
[INFO] [stdout]   17:     0x568011c5abb4 - std[70759c8f55707aa4]::sys::backtrace::__rust_begin_short_backtrace::<test[9d35eded1c95d3be]::run_test::{closure#1}, ()>
[INFO] [stdout]   18:     0x568011c64452 - <std[70759c8f55707aa4]::thread::lifecycle::spawn_unchecked<test[9d35eded1c95d3be]::run_test::{closure#1}, ()>::{closure#1} as core[df12db4294e9bfd3]::ops::function::FnOnce<()>>::call_once::{shim:vtable#0}
[INFO] [stdout]   19:     0x568011cccf09 - <std[70759c8f55707aa4]::sys::thread::unix::Thread>::new::thread_start
[INFO] [stdout]   20:     0x710192aaedfa - <unknown>
[INFO] [stdout]   21:     0x710192b423d4 - clone
[INFO] [stdout]   22:                0x0 - <unknown>
[INFO] [stdout] 
[INFO] [stdout] ---- daily::tests::test_get_school_status_data stdout ----
[INFO] [stdout] 
[INFO] [stdout] thread 'daily::tests::test_get_school_status_data' (958) panicked at src/lib.rs:28:10:
[INFO] [stdout] http error: Transport(Transport { kind: Dns, message: None, url: Some(Url { scheme: "https", username: "", password: None, host: Some(Domain("covid-19-greece.herokuapp.com")), port: None, path: "/schools-status", query: None, fragment: None }), source: Some(Custom { kind: Uncategorized, error: "failed to lookup address information: Temporary failure in name resolution" }), response: None })
[INFO] [stdout] stack backtrace:
[INFO] [stdout]    0:     0x568011ccddd1 - <<std[70759c8f55707aa4]::sys::backtrace::BacktraceLock>::print::DisplayBacktrace as core[df12db4294e9bfd3]::fmt::Display>::fmt
[INFO] [stdout]    1:     0x568011ce466a - core[df12db4294e9bfd3]::fmt::write
[INFO] [stdout]    2:     0x568011cd2a2c - <alloc[2182bb758b4b3781]::vec::Vec<u8> as core[df12db4294e9bfd3]::io::write::Write>::write_fmt
[INFO] [stdout]    3:     0x568011ca8886 - std[70759c8f55707aa4]::panicking::default_hook::{closure#0}
[INFO] [stdout]    4:     0x568011cc5b99 - std[70759c8f55707aa4]::panicking::default_hook
[INFO] [stdout]    5:     0x568011c609a0 - test[9d35eded1c95d3be]::test_main_inner::<test[9d35eded1c95d3be]::test_main_static::{closure#0}>::{closure#0}
[INFO] [stdout]    6:     0x568011cc5d52 - std[70759c8f55707aa4]::panicking::panic_with_hook
[INFO] [stdout]    7:     0x568011ca8932 - std[70759c8f55707aa4]::panicking::panic_handler::{closure#0}
[INFO] [stdout]    8:     0x568011ca15d9 - std[70759c8f55707aa4]::sys::backtrace::__rust_end_short_backtrace::<std[70759c8f55707aa4]::panicking::panic_handler::{closure#0}, !>
[INFO] [stdout]    9:     0x568011ca971d - __rustc[8fa7c3cbc660c2b3]::rust_begin_unwind
[INFO] [stdout]   10:     0x568011ce4d9c - core[df12db4294e9bfd3]::panicking::panic_fmt
[INFO] [stdout]   11:     0x568011ce4b72 - core[df12db4294e9bfd3]::result::unwrap_failed
[INFO] [stdout]   12:     0x568011b86a9d - rs_covid19gr[a90cd188c33f9b8d]::build_request
[INFO] [stdout]   13:     0x568011b8a190 - rs_covid19gr[a90cd188c33f9b8d]::daily::get_school_status_series_data
[INFO] [stdout]   14:     0x568011b87865 - <rs_covid19gr[a90cd188c33f9b8d]::daily::tests::test_get_school_status_data::{closure#0} as core[df12db4294e9bfd3]::ops::function::FnOnce<()>>::call_once
[INFO] [stdout]   15:     0x568011c53c8b - test[9d35eded1c95d3be]::__rust_begin_short_backtrace::<core[df12db4294e9bfd3]::result::Result<(), alloc[2182bb758b4b3781]::string::String>, fn() -> core[df12db4294e9bfd3]::result::Result<(), alloc[2182bb758b4b3781]::string::String>>
[INFO] [stdout]   16:     0x568011c612f5 - test[9d35eded1c95d3be]::run_test::{closure#0}
[INFO] [stdout]   17:     0x568011c5abb4 - std[70759c8f55707aa4]::sys::backtrace::__rust_begin_short_backtrace::<test[9d35eded1c95d3be]::run_test::{closure#1}, ()>
[INFO] [stdout]   18:     0x568011c64452 - <std[70759c8f55707aa4]::thread::lifecycle::spawn_unchecked<test[9d35eded1c95d3be]::run_test::{closure#1}, ()>::{closure#1} as core[df12db4294e9bfd3]::ops::function::FnOnce<()>>::call_once::{shim:vtable#0}
[INFO] [stdout]   19:     0x568011cccf09 - <std[70759c8f55707aa4]::sys::thread::unix::Thread>::new::thread_start
[INFO] [stdout]   20:     0x710192aaedfa - <unknown>
[INFO] [stdout]   21:     0x710192b423d4 - clone
[INFO] [stdout]   22:                0x0 - <unknown>
[INFO] [stdout] 
[INFO] [stdout] ---- cum::tests::test_get_total_vaccin_data stdout ----
[INFO] [stdout] 
[INFO] [stdout] thread 'cum::tests::test_get_total_vaccin_data' (934) panicked at src/lib.rs:28:10:
[INFO] [stdout] http error: Transport(Transport { kind: Dns, message: None, url: Some(Url { scheme: "https", username: "", password: None, host: Some(Domain("covid-19-greece.herokuapp.com")), port: None, path: "/total-vaccinations", query: None, fragment: None }), source: Some(Custom { kind: Uncategorized, error: "failed to lookup address information: Temporary failure in name resolution" }), response: None })
[INFO] [stdout] stack backtrace:
[INFO] [stdout]    0:     0x568011ccddd1 - <<std[70759c8f55707aa4]::sys::backtrace::BacktraceLock>::print::DisplayBacktrace as core[df12db4294e9bfd3]::fmt::Display>::fmt
[INFO] [stdout]    1:     0x568011ce466a - core[df12db4294e9bfd3]::fmt::write
[INFO] [stdout]    2:     0x568011cd2a2c - <alloc[2182bb758b4b3781]::vec::Vec<u8> as core[df12db4294e9bfd3]::io::write::Write>::write_fmt
[INFO] [stdout]    3:     0x568011ca8886 - std[70759c8f55707aa4]::panicking::default_hook::{closure#0}
[INFO] [stdout]    4:     0x568011cc5b99 - std[70759c8f55707aa4]::panicking::default_hook
[INFO] [stdout]    5:     0x568011c609a0 - test[9d35eded1c95d3be]::test_main_inner::<test[9d35eded1c95d3be]::test_main_static::{closure#0}>::{closure#0}
[INFO] [stdout]    6:     0x568011cc5d52 - std[70759c8f55707aa4]::panicking::panic_with_hook
[INFO] [stdout]    7:     0x568011ca8932 - std[70759c8f55707aa4]::panicking::panic_handler::{closure#0}
[INFO] [stdout]    8:     0x568011ca15d9 - std[70759c8f55707aa4]::sys::backtrace::__rust_end_short_backtrace::<std[70759c8f55707aa4]::panicking::panic_handler::{closure#0}, !>
[INFO] [stdout]    9:     0x568011ca971d - __rustc[8fa7c3cbc660c2b3]::rust_begin_unwind
[INFO] [stdout]   10:     0x568011ce4d9c - core[df12db4294e9bfd3]::panicking::panic_fmt
[INFO] [stdout]   11:     0x568011ce4b72 - core[df12db4294e9bfd3]::result::unwrap_failed
[INFO] [stdout]   12:     0x568011b86a9d - rs_covid19gr[a90cd188c33f9b8d]::build_request
[INFO] [stdout]   13:     0x568011b82d1f - rs_covid19gr[a90cd188c33f9b8d]::cum::tests::test_get_total_vaccin_data
[INFO] [stdout]   14:     0x568011b87259 - <rs_covid19gr[a90cd188c33f9b8d]::cum::tests::test_get_total_vaccin_data::{closure#0} as core[df12db4294e9bfd3]::ops::function::FnOnce<()>>::call_once
[INFO] [stdout]   15:     0x568011c53c8b - test[9d35eded1c95d3be]::__rust_begin_short_backtrace::<core[df12db4294e9bfd3]::result::Result<(), alloc[2182bb758b4b3781]::string::String>, fn() -> core[df12db4294e9bfd3]::result::Result<(), alloc[2182bb758b4b3781]::string::String>>
[INFO] [stdout]   16:     0x568011c612f5 - test[9d35eded1c95d3be]::run_test::{closure#0}
[INFO] [stdout]   17:     0x568011c5abb4 - std[70759c8f55707aa4]::sys::backtrace::__rust_begin_short_backtrace::<test[9d35eded1c95d3be]::run_test::{closure#1}, ()>
[INFO] [stdout]   18:     0x568011c64452 - <std[70759c8f55707aa4]::thread::lifecycle::spawn_unchecked<test[9d35eded1c95d3be]::run_test::{closure#1}, ()>::{closure#1} as core[df12db4294e9bfd3]::ops::function::FnOnce<()>>::call_once::{shim:vtable#0}
[INFO] [stdout]   19:     0x568011cccf09 - <std[70759c8f55707aa4]::sys::thread::unix::Thread>::new::thread_start
[INFO] [stdout]   20:     0x710192aaedfa - <unknown>
[INFO] [stdout]   21:     0x710192b423d4 - clone
[INFO] [stdout]   22:                0x0 - <unknown>
[INFO] [stdout] 
[INFO] [stdout] ---- daily::tests::test_get_all_data stdout ----
[INFO] [stdout] 
[INFO] [stdout] thread 'daily::tests::test_get_all_data' (950) panicked at src/lib.rs:28:10:
[INFO] [stdout] http error: Transport(Transport { kind: Dns, message: None, url: Some(Url { scheme: "https", username: "", password: None, host: Some(Domain("covid-19-greece.herokuapp.com")), port: None, path: "/all", query: None, fragment: None }), source: Some(Custom { kind: Uncategorized, error: "failed to lookup address information: Temporary failure in name resolution" }), response: None })
[INFO] [stdout] stack backtrace:
[INFO] [stdout]    0:     0x568011ccddd1 - <<std[70759c8f55707aa4]::sys::backtrace::BacktraceLock>::print::DisplayBacktrace as core[df12db4294e9bfd3]::fmt::Display>::fmt
[INFO] [stdout]    1:     0x568011ce466a - core[df12db4294e9bfd3]::fmt::write
[INFO] [stdout]    2:     0x568011cd2a2c - <alloc[2182bb758b4b3781]::vec::Vec<u8> as core[df12db4294e9bfd3]::io::write::Write>::write_fmt
[INFO] [stdout]    3:     0x568011ca8886 - std[70759c8f55707aa4]::panicking::default_hook::{closure#0}
[INFO] [stdout]    4:     0x568011cc5b99 - std[70759c8f55707aa4]::panicking::default_hook
[INFO] [stdout]    5:     0x568011c609a0 - test[9d35eded1c95d3be]::test_main_inner::<test[9d35eded1c95d3be]::test_main_static::{closure#0}>::{closure#0}
[INFO] [stdout]    6:     0x568011cc5d52 - std[70759c8f55707aa4]::panicking::panic_with_hook
[INFO] [stdout]    7:     0x568011ca8932 - std[70759c8f55707aa4]::panicking::panic_handler::{closure#0}
[INFO] [stdout]    8:     0x568011ca15d9 - std[70759c8f55707aa4]::sys::backtrace::__rust_end_short_backtrace::<std[70759c8f55707aa4]::panicking::panic_handler::{closure#0}, !>
[INFO] [stdout]    9:     0x568011ca971d - __rustc[8fa7c3cbc660c2b3]::rust_begin_unwind
[INFO] [stdout]   10:     0x568011ce4d9c - core[df12db4294e9bfd3]::panicking::panic_fmt
[INFO] [stdout]   11:     0x568011ce4b72 - core[df12db4294e9bfd3]::result::unwrap_failed
[INFO] [stdout]   12:     0x568011b86a9d - rs_covid19gr[a90cd188c33f9b8d]::build_request
[INFO] [stdout]   13:     0x568011b89920 - rs_covid19gr[a90cd188c33f9b8d]::daily::get_all_series_data
[INFO] [stdout]   14:     0x568011b8738a - <rs_covid19gr[a90cd188c33f9b8d]::daily::tests::test_get_all_data::{closure#0} as core[df12db4294e9bfd3]::ops::function::FnOnce<()>>::call_once
[INFO] [stdout]   15:     0x568011c53c8b - test[9d35eded1c95d3be]::__rust_begin_short_backtrace::<core[df12db4294e9bfd3]::result::Result<(), alloc[2182bb758b4b3781]::string::String>, fn() -> core[df12db4294e9bfd3]::result::Result<(), alloc[2182bb758b4b3781]::string::String>>
[INFO] [stdout]   16:     0x568011c612f5 - test[9d35eded1c95d3be]::run_test::{closure#0}
[INFO] [stdout]   17:     0x568011c5abb4 - std[70759c8f55707aa4]::sys::backtrace::__rust_begin_short_backtrace::<test[9d35eded1c95d3be]::run_test::{closure#1}, ()>
[INFO] [stdout]   18:     0x568011c64452 - <std[70759c8f55707aa4]::thread::lifecycle::spawn_unchecked<test[9d35eded1c95d3be]::run_test::{closure#1}, ()>::{closure#1} as core[df12db4294e9bfd3]::ops::function::FnOnce<()>>::call_once::{shim:vtable#0}
[INFO] [stdout]   19:     0x568011cccf09 - <std[70759c8f55707aa4]::sys::thread::unix::Thread>::new::thread_start
[INFO] [stdout]   20:     0x710192aaedfa - <unknown>
[INFO] [stdout]   21:     0x710192b423d4 - clone
[INFO] [stdout]   22:                0x0 - <unknown>
[INFO] [stdout] 
[INFO] [stdout] ---- daily::tests::test_get_recovered_data stdout ----
[INFO] [stdout] 
[INFO] [stdout] thread 'daily::tests::test_get_recovered_data' (956) panicked at src/lib.rs:28:10:
[INFO] [stdout] http error: Transport(Transport { kind: Dns, message: None, url: Some(Url { scheme: "https", username: "", password: None, host: Some(Domain("covid-19-greece.herokuapp.com")), port: None, path: "/recovered", query: None, fragment: None }), source: Some(Custom { kind: Uncategorized, error: "failed to lookup address information: Temporary failure in name resolution" }), response: None })
[INFO] [stdout] stack backtrace:
[INFO] [stdout]    0:     0x568011ccddd1 - <<std[70759c8f55707aa4]::sys::backtrace::BacktraceLock>::print::DisplayBacktrace as core[df12db4294e9bfd3]::fmt::Display>::fmt
[INFO] [stdout]    1:     0x568011ce466a - core[df12db4294e9bfd3]::fmt::write
[INFO] [stdout]    2:     0x568011cd2a2c - <alloc[2182bb758b4b3781]::vec::Vec<u8> as core[df12db4294e9bfd3]::io::write::Write>::write_fmt
[INFO] [stdout]    3:     0x568011ca8886 - std[70759c8f55707aa4]::panicking::default_hook::{closure#0}
[INFO] [stdout]    4:     0x568011cc5b99 - std[70759c8f55707aa4]::panicking::default_hook
[INFO] [stdout]    5:     0x568011c609a0 - test[9d35eded1c95d3be]::test_main_inner::<test[9d35eded1c95d3be]::test_main_static::{closure#0}>::{closure#0}
[INFO] [stdout]    6:     0x568011cc5d52 - std[70759c8f55707aa4]::panicking::panic_with_hook
[INFO] [stdout]    7:     0x568011ca8932 - std[70759c8f55707aa4]::panicking::panic_handler::{closure#0}
[INFO] [stdout]    8:     0x568011ca15d9 - std[70759c8f55707aa4]::sys::backtrace::__rust_end_short_backtrace::<std[70759c8f55707aa4]::panicking::panic_handler::{closure#0}, !>
[INFO] [stdout]    9:     0x568011ca971d - __rustc[8fa7c3cbc660c2b3]::rust_begin_unwind
[INFO] [stdout]   10:     0x568011ce4d9c - core[df12db4294e9bfd3]::panicking::panic_fmt
[INFO] [stdout]   11:     0x568011ce4b72 - core[df12db4294e9bfd3]::result::unwrap_failed
[INFO] [stdout]   12:     0x568011b86a9d - rs_covid19gr[a90cd188c33f9b8d]::build_request
[INFO] [stdout]   13:     0x568011b89dd0 - rs_covid19gr[a90cd188c33f9b8d]::daily::get_recovered_series_data
[INFO] [stdout]   14:     0x568011b8754a - <rs_covid19gr[a90cd188c33f9b8d]::daily::tests::test_get_recovered_data::{closure#0} as core[df12db4294e9bfd3]::ops::function::FnOnce<()>>::call_once
[INFO] [stdout]   15:     0x568011c53c8b - test[9d35eded1c95d3be]::__rust_begin_short_backtrace::<core[df12db4294e9bfd3]::result::Result<(), alloc[2182bb758b4b3781]::string::String>, fn() -> core[df12db4294e9bfd3]::result::Result<(), alloc[2182bb758b4b3781]::string::String>>
[INFO] [stdout]   16:     0x568011c612f5 - test[9d35eded1c95d3be]::run_test::{closure#0}
[INFO] [stdout]   17:     0x568011c5abb4 - std[70759c8f55707aa4]::sys::backtrace::__rust_begin_short_backtrace::<test[9d35eded1c95d3be]::run_test::{closure#1}, ()>
[INFO] [stdout]   18:     0x568011c64452 - <std[70759c8f55707aa4]::thread::lifecycle::spawn_unchecked<test[9d35eded1c95d3be]::run_test::{closure#1}, ()>::{closure#1} as core[df12db4294e9bfd3]::ops::function::FnOnce<()>>::call_once::{shim:vtable#0}
[INFO] [stdout]   19:     0x568011cccf09 - <std[70759c8f55707aa4]::sys::thread::unix::Thread>::new::thread_start
[INFO] [stdout]   20:     0x710192aaedfa - <unknown>
[INFO] [stdout]   21:     0x710192b423d4 - clone
[INFO] [stdout]   22:                0x0 - <unknown>
[INFO] [stdout] 
[INFO] [stdout] ---- daily::tests::test_vaccin_history_data stdout ----
[INFO] [stdout] 
[INFO] [stdout] thread 'daily::tests::test_vaccin_history_data' (960) panicked at src/lib.rs:28:10:
[INFO] [stdout] http error: Transport(Transport { kind: Dns, message: None, url: Some(Url { scheme: "https", username: "", password: None, host: Some(Domain("covid-19-greece.herokuapp.com")), port: None, path: "/vaccinations-per-region-history", query: None, fragment: None }), source: Some(Custom { kind: Uncategorized, error: "failed to lookup address information: Temporary failure in name resolution" }), response: None })
[INFO] [stdout] stack backtrace:
[INFO] [stdout]    0:     0x568011ccddd1 - <<std[70759c8f55707aa4]::sys::backtrace::BacktraceLock>::print::DisplayBacktrace as core[df12db4294e9bfd3]::fmt::Display>::fmt
[INFO] [stdout]    1:     0x568011ce466a - core[df12db4294e9bfd3]::fmt::write
[INFO] [stdout]    2:     0x568011cd2a2c - <alloc[2182bb758b4b3781]::vec::Vec<u8> as core[df12db4294e9bfd3]::io::write::Write>::write_fmt
[INFO] [stdout]    3:     0x568011ca8886 - std[70759c8f55707aa4]::panicking::default_hook::{closure#0}
[INFO] [stdout]    4:     0x568011cc5b99 - std[70759c8f55707aa4]::panicking::default_hook
[INFO] [stdout]    5:     0x568011c609a0 - test[9d35eded1c95d3be]::test_main_inner::<test[9d35eded1c95d3be]::test_main_static::{closure#0}>::{closure#0}
[INFO] [stdout]    6:     0x568011cc5d52 - std[70759c8f55707aa4]::panicking::panic_with_hook
[INFO] [stdout]    7:     0x568011ca8932 - std[70759c8f55707aa4]::panicking::panic_handler::{closure#0}
[INFO] [stdout]    8:     0x568011ca15d9 - std[70759c8f55707aa4]::sys::backtrace::__rust_end_short_backtrace::<std[70759c8f55707aa4]::panicking::panic_handler::{closure#0}, !>
[INFO] [stdout]    9:     0x568011ca971d - __rustc[8fa7c3cbc660c2b3]::rust_begin_unwind
[INFO] [stdout]   10:     0x568011ce4d9c - core[df12db4294e9bfd3]::panicking::panic_fmt
[INFO] [stdout]   11:     0x568011ce4b72 - core[df12db4294e9bfd3]::result::unwrap_failed
[INFO] [stdout]   12:     0x568011b86a9d - rs_covid19gr[a90cd188c33f9b8d]::build_request
[INFO] [stdout]   13:     0x568011b8a460 - rs_covid19gr[a90cd188c33f9b8d]::daily::get_vaccin_per_region_series_data
[INFO] [stdout]   14:     0x568011b836e3 - rs_covid19gr[a90cd188c33f9b8d]::daily::tests::test_vaccin_history_data
[INFO] [stdout]   15:     0x568011b875f9 - <rs_covid19gr[a90cd188c33f9b8d]::daily::tests::test_vaccin_history_data::{closure#0} as core[df12db4294e9bfd3]::ops::function::FnOnce<()>>::call_once
[INFO] [stdout]   16:     0x568011c53c8b - test[9d35eded1c95d3be]::__rust_begin_short_backtrace::<core[df12db4294e9bfd3]::result::Result<(), alloc[2182bb758b4b3781]::string::String>, fn() -> core[df12db4294e9bfd3]::result::Result<(), alloc[2182bb758b4b3781]::string::String>>
[INFO] [stdout]   17:     0x568011c612f5 - test[9d35eded1c95d3be]::run_test::{closure#0}
[INFO] [stdout]   18:     0x568011c5abb4 - std[70759c8f55707aa4]::sys::backtrace::__rust_begin_short_backtrace::<test[9d35eded1c95d3be]::run_test::{closure#1}, ()>
[INFO] [stdout]   19:     0x568011c64452 - <std[70759c8f55707aa4]::thread::lifecycle::spawn_unchecked<test[9d35eded1c95d3be]::run_test::{closure#1}, ()>::{closure#1} as core[df12db4294e9bfd3]::ops::function::FnOnce<()>>::call_once::{shim:vtable#0}
[INFO] [stdout]   20:     0x568011cccf09 - <std[70759c8f55707aa4]::sys::thread::unix::Thread>::new::thread_start
[INFO] [stdout]   21:     0x710192aaedfa - <unknown>
[INFO] [stdout]   22:     0x710192b423d4 - clone
[INFO] [stdout]   23:                0x0 - <unknown>
[INFO] [stdout] 
[INFO] [stdout] ---- daily::tests::test_get_females_cases_series_data stdout ----
[INFO] [stdout] 
[INFO] [stdout] thread 'daily::tests::test_get_females_cases_series_data' (953) panicked at src/lib.rs:28:10:
[INFO] [stdout] http error: Transport(Transport { kind: Dns, message: None, url: Some(Url { scheme: "https", username: "", password: None, host: Some(Domain("covid-19-greece.herokuapp.com")), port: None, path: "/female-cases-history", query: None, fragment: None }), source: Some(Custom { kind: Uncategorized, error: "failed to lookup address information: Temporary failure in name resolution" }), response: None })
[INFO] [stdout] stack backtrace:
[INFO] [stdout]    0:     0x568011ccddd1 - <<std[70759c8f55707aa4]::sys::backtrace::BacktraceLock>::print::DisplayBacktrace as core[df12db4294e9bfd3]::fmt::Display>::fmt
[INFO] [stdout]    1:     0x568011ce466a - core[df12db4294e9bfd3]::fmt::write
[INFO] [stdout]    2:     0x568011cd2a2c - <alloc[2182bb758b4b3781]::vec::Vec<u8> as core[df12db4294e9bfd3]::io::write::Write>::write_fmt
[INFO] [stdout]    3:     0x568011ca8886 - std[70759c8f55707aa4]::panicking::default_hook::{closure#0}
[INFO] [stdout]    4:     0x568011cc5b99 - std[70759c8f55707aa4]::panicking::default_hook
[INFO] [stdout]    5:     0x568011c609a0 - test[9d35eded1c95d3be]::test_main_inner::<test[9d35eded1c95d3be]::test_main_static::{closure#0}>::{closure#0}
[INFO] [stdout]    6:     0x568011cc5d52 - std[70759c8f55707aa4]::panicking::panic_with_hook
[INFO] [stdout]    7:     0x568011ca8932 - std[70759c8f55707aa4]::panicking::panic_handler::{closure#0}
[INFO] [stdout]    8:     0x568011ca15d9 - std[70759c8f55707aa4]::sys::backtrace::__rust_end_short_backtrace::<std[70759c8f55707aa4]::panicking::panic_handler::{closure#0}, !>
[INFO] [stdout]    9:     0x568011ca971d - __rustc[8fa7c3cbc660c2b3]::rust_begin_unwind
[INFO] [stdout]   10:     0x568011ce4d9c - core[df12db4294e9bfd3]::panicking::panic_fmt
[INFO] [stdout]   11:     0x568011ce4b72 - core[df12db4294e9bfd3]::result::unwrap_failed
[INFO] [stdout]   12:     0x568011b86a9d - rs_covid19gr[a90cd188c33f9b8d]::build_request
[INFO] [stdout]   13:     0x568011b8a0a0 - rs_covid19gr[a90cd188c33f9b8d]::daily::get_female_cases_series_data
[INFO] [stdout]   14:     0x568011b87b2a - <rs_covid19gr[a90cd188c33f9b8d]::daily::tests::test_get_females_cases_series_data::{closure#0} as core[df12db4294e9bfd3]::ops::function::FnOnce<()>>::call_once
[INFO] [stdout]   15:     0x568011c53c8b - test[9d35eded1c95d3be]::__rust_begin_short_backtrace::<core[df12db4294e9bfd3]::result::Result<(), alloc[2182bb758b4b3781]::string::String>, fn() -> core[df12db4294e9bfd3]::result::Result<(), alloc[2182bb758b4b3781]::string::String>>
[INFO] [stdout]   16:     0x568011c612f5 - test[9d35eded1c95d3be]::run_test::{closure#0}
[INFO] [stdout]   17:     0x568011c5abb4 - std[70759c8f55707aa4]::sys::backtrace::__rust_begin_short_backtrace::<test[9d35eded1c95d3be]::run_test::{closure#1}, ()>
[INFO] [stdout]   18:     0x568011c64452 - <std[70759c8f55707aa4]::thread::lifecycle::spawn_unchecked<test[9d35eded1c95d3be]::run_test::{closure#1}, ()>::{closure#1} as core[df12db4294e9bfd3]::ops::function::FnOnce<()>>::call_once::{shim:vtable#0}
[INFO] [stdout]   19:     0x568011cccf09 - <std[70759c8f55707aa4]::sys::thread::unix::Thread>::new::thread_start
[INFO] [stdout]   20:     0x710192aaedfa - <unknown>
[INFO] [stdout]   21:     0x710192b423d4 - clone
[INFO] [stdout]   22:                0x0 - <unknown>
[INFO] [stdout] 
[INFO] [stdout] ---- refug::tests::test_get_refugee_camp_data stdout ----
[INFO] [stdout] 
[INFO] [stdout] thread 'refug::tests::test_get_refugee_camp_data' (966) panicked at src/lib.rs:28:10:
[INFO] [stdout] http error: Transport(Transport { kind: Dns, message: None, url: Some(Url { scheme: "https", username: "", password: None, host: Some(Domain("covid-19-greece.herokuapp.com")), port: None, path: "/refugee-camps", query: None, fragment: None }), source: Some(Custom { kind: Uncategorized, error: "failed to lookup address information: Temporary failure in name resolution" }), response: None })
[INFO] [stdout] stack backtrace:
[INFO] [stdout]    0:     0x568011ccddd1 - <<std[70759c8f55707aa4]::sys::backtrace::BacktraceLock>::print::DisplayBacktrace as core[df12db4294e9bfd3]::fmt::Display>::fmt
[INFO] [stdout]    1:     0x568011ce466a - core[df12db4294e9bfd3]::fmt::write
[INFO] [stdout]    2:     0x568011cd2a2c - <alloc[2182bb758b4b3781]::vec::Vec<u8> as core[df12db4294e9bfd3]::io::write::Write>::write_fmt
[INFO] [stdout]    3:     0x568011ca8886 - std[70759c8f55707aa4]::panicking::default_hook::{closure#0}
[INFO] [stdout]    4:     0x568011cc5b99 - std[70759c8f55707aa4]::panicking::default_hook
[INFO] [stdout]    5:     0x568011c609a0 - test[9d35eded1c95d3be]::test_main_inner::<test[9d35eded1c95d3be]::test_main_static::{closure#0}>::{closure#0}
[INFO] [stdout]    6:     0x568011cc5d52 - std[70759c8f55707aa4]::panicking::panic_with_hook
[INFO] [stdout]    7:     0x568011ca8932 - std[70759c8f55707aa4]::panicking::panic_handler::{closure#0}
[INFO] [stdout]    8:     0x568011ca15d9 - std[70759c8f55707aa4]::sys::backtrace::__rust_end_short_backtrace::<std[70759c8f55707aa4]::panicking::panic_handler::{closure#0}, !>
[INFO] [stdout]    9:     0x568011ca971d - __rustc[8fa7c3cbc660c2b3]::rust_begin_unwind
[INFO] [stdout]   10:     0x568011ce4d9c - core[df12db4294e9bfd3]::panicking::panic_fmt
[INFO] [stdout]   11:     0x568011ce4b72 - core[df12db4294e9bfd3]::result::unwrap_failed
[INFO] [stdout]   12:     0x568011b86a9d - rs_covid19gr[a90cd188c33f9b8d]::build_request
[INFO] [stdout]   13:     0x568011b87f40 - <rs_covid19gr[a90cd188c33f9b8d]::refug::tests::test_get_refugee_camp_data::{closure#0} as core[df12db4294e9bfd3]::ops::function::FnOnce<()>>::call_once
[INFO] [stdout]   14:     0x568011c53c8b - test[9d35eded1c95d3be]::__rust_begin_short_backtrace::<core[df12db4294e9bfd3]::result::Result<(), alloc[2182bb758b4b3781]::string::String>, fn() -> core[df12db4294e9bfd3]::result::Result<(), alloc[2182bb758b4b3781]::string::String>>
[INFO] [stdout]   15:     0x568011c612f5 - test[9d35eded1c95d3be]::run_test::{closure#0}
[INFO] [stdout]   16:     0x568011c5abb4 - std[70759c8f55707aa4]::sys::backtrace::__rust_begin_short_backtrace::<test[9d35eded1c95d3be]::run_test::{closure#1}, ()>
[INFO] [stdout]   17:     0x568011c64452 - <std[70759c8f55707aa4]::thread::lifecycle::spawn_unchecked<test[9d35eded1c95d3be]::run_test::{closure#1}, ()>::{closure#1} as core[df12db4294e9bfd3]::ops::function::FnOnce<()>>::call_once::{shim:vtable#0}
[INFO] [stdout]   18:     0x568011cccf09 - <std[70759c8f55707aa4]::sys::thread::unix::Thread>::new::thread_start
[INFO] [stdout]   19:     0x710192aaedfa - <unknown>
[INFO] [stdout]   20:     0x710192b423d4 - clone
[INFO] [stdout]   21:                0x0 - <unknown>
[INFO] [stdout] 
[INFO] [stdout] ---- daily::tests::test_get_confirmed_data stdout ----
[INFO] [stdout] 
[INFO] [stdout] thread 'daily::tests::test_get_confirmed_data' (951) panicked at src/lib.rs:28:10:
[INFO] [stdout] http error: Transport(Transport { kind: Dns, message: None, url: Some(Url { scheme: "https", username: "", password: None, host: Some(Domain("covid-19-greece.herokuapp.com")), port: None, path: "/confirmed", query: None, fragment: None }), source: Some(Custom { kind: Uncategorized, error: "failed to lookup address information: Temporary failure in name resolution" }), response: None })
[INFO] [stdout] stack backtrace:
[INFO] [stdout]    0:     0x568011ccddd1 - <<std[70759c8f55707aa4]::sys::backtrace::BacktraceLock>::print::DisplayBacktrace as core[df12db4294e9bfd3]::fmt::Display>::fmt
[INFO] [stdout]    1:     0x568011ce466a - core[df12db4294e9bfd3]::fmt::write
[INFO] [stdout]    2:     0x568011cd2a2c - <alloc[2182bb758b4b3781]::vec::Vec<u8> as core[df12db4294e9bfd3]::io::write::Write>::write_fmt
[INFO] [stdout]    3:     0x568011ca8886 - std[70759c8f55707aa4]::panicking::default_hook::{closure#0}
[INFO] [stdout]    4:     0x568011cc5b99 - std[70759c8f55707aa4]::panicking::default_hook
[INFO] [stdout]    5:     0x568011c609a0 - test[9d35eded1c95d3be]::test_main_inner::<test[9d35eded1c95d3be]::test_main_static::{closure#0}>::{closure#0}
[INFO] [stdout]    6:     0x568011cc5d52 - std[70759c8f55707aa4]::panicking::panic_with_hook
[INFO] [stdout]    7:     0x568011ca8932 - std[70759c8f55707aa4]::panicking::panic_handler::{closure#0}
[INFO] [stdout]    8:     0x568011ca15d9 - std[70759c8f55707aa4]::sys::backtrace::__rust_end_short_backtrace::<std[70759c8f55707aa4]::panicking::panic_handler::{closure#0}, !>
[INFO] [stdout]    9:     0x568011ca971d - __rustc[8fa7c3cbc660c2b3]::rust_begin_unwind
[INFO] [stdout]   10:     0x568011ce4d9c - core[df12db4294e9bfd3]::panicking::panic_fmt
[INFO] [stdout]   11:     0x568011ce4b72 - core[df12db4294e9bfd3]::result::unwrap_failed
[INFO] [stdout]   12:     0x568011b86a9d - rs_covid19gr[a90cd188c33f9b8d]::build_request
[INFO] [stdout]   13:     0x568011b89ce0 - rs_covid19gr[a90cd188c33f9b8d]::daily::get_confirmed_series_data
[INFO] [stdout]   14:     0x568011b874aa - <rs_covid19gr[a90cd188c33f9b8d]::daily::tests::test_get_confirmed_data::{closure#0} as core[df12db4294e9bfd3]::ops::function::FnOnce<()>>::call_once
[INFO] [stdout]   15:     0x568011c53c8b - test[9d35eded1c95d3be]::__rust_begin_short_backtrace::<core[df12db4294e9bfd3]::result::Result<(), alloc[2182bb758b4b3781]::string::String>, fn() -> core[df12db4294e9bfd3]::result::Result<(), alloc[2182bb758b4b3781]::string::String>>
[INFO] [stdout]   16:     0x568011c612f5 - test[9d35eded1c95d3be]::run_test::{closure#0}
[INFO] [stdout]   17:     0x568011c5abb4 - std[70759c8f55707aa4]::sys::backtrace::__rust_begin_short_backtrace::<test[9d35eded1c95d3be]::run_test::{closure#1}, ()>
[INFO] [stdout]   18:     0x568011c64452 - <std[70759c8f55707aa4]::thread::lifecycle::spawn_unchecked<test[9d35eded1c95d3be]::run_test::{closure#1}, ()>::{closure#1} as core[df12db4294e9bfd3]::ops::function::FnOnce<()>>::call_once::{shim:vtable#0}
[INFO] [stdout]   19:     0x568011cccf09 - <std[70759c8f55707aa4]::sys::thread::unix::Thread>::new::thread_start
[INFO] [stdout]   20:     0x710192aaedfa - <unknown>
[INFO] [stdout]   21:     0x710192b423d4 - clone
[INFO] [stdout]   22:                0x0 - <unknown>
[INFO] [stdout] 
[INFO] [stdout] ---- daily::tests::test_get_total_tests_data stdout ----
[INFO] [stdout] 
[INFO] [stdout] thread 'daily::tests::test_get_total_tests_data' (959) panicked at src/lib.rs:28:10:
[INFO] [stdout] http error: Transport(Transport { kind: Dns, message: None, url: Some(Url { scheme: "https", username: "", password: None, host: Some(Domain("covid-19-greece.herokuapp.com")), port: None, path: "/total-tests", query: None, fragment: None }), source: Some(Custom { kind: Uncategorized, error: "failed to lookup address information: Temporary failure in name resolution" }), response: None })
[INFO] [stdout] stack backtrace:
[INFO] [stdout]    0:     0x568011ccddd1 - <<std[70759c8f55707aa4]::sys::backtrace::BacktraceLock>::print::DisplayBacktrace as core[df12db4294e9bfd3]::fmt::Display>::fmt
[INFO] [stdout]    1:     0x568011ce466a - core[df12db4294e9bfd3]::fmt::write
[INFO] [stdout]    2:     0x568011cd2a2c - <alloc[2182bb758b4b3781]::vec::Vec<u8> as core[df12db4294e9bfd3]::io::write::Write>::write_fmt
[INFO] [stdout]    3:     0x568011ca8886 - std[70759c8f55707aa4]::panicking::default_hook::{closure#0}
[INFO] [stdout]    4:     0x568011cc5b99 - std[70759c8f55707aa4]::panicking::default_hook
[INFO] [stdout]    5:     0x568011c609a0 - test[9d35eded1c95d3be]::test_main_inner::<test[9d35eded1c95d3be]::test_main_static::{closure#0}>::{closure#0}
[INFO] [stdout]    6:     0x568011cc5d52 - std[70759c8f55707aa4]::panicking::panic_with_hook
[INFO] [stdout]    7:     0x568011ca8932 - std[70759c8f55707aa4]::panicking::panic_handler::{closure#0}
[INFO] [stdout]    8:     0x568011ca15d9 - std[70759c8f55707aa4]::sys::backtrace::__rust_end_short_backtrace::<std[70759c8f55707aa4]::panicking::panic_handler::{closure#0}, !>
[INFO] [stdout]    9:     0x568011ca971d - __rustc[8fa7c3cbc660c2b3]::rust_begin_unwind
[INFO] [stdout]   10:     0x568011ce4d9c - core[df12db4294e9bfd3]::panicking::panic_fmt
[INFO] [stdout]   11:     0x568011ce4b72 - core[df12db4294e9bfd3]::result::unwrap_failed
[INFO] [stdout]   12:     0x568011b86a9d - rs_covid19gr[a90cd188c33f9b8d]::build_request
[INFO] [stdout]   13:     0x568011b89fb0 - rs_covid19gr[a90cd188c33f9b8d]::daily::get_total_tests_series_data
[INFO] [stdout]   14:     0x568011b8764a - <rs_covid19gr[a90cd188c33f9b8d]::daily::tests::test_get_total_tests_data::{closure#0} as core[df12db4294e9bfd3]::ops::function::FnOnce<()>>::call_once
[INFO] [stdout]   15:     0x568011c53c8b - test[9d35eded1c95d3be]::__rust_begin_short_backtrace::<core[df12db4294e9bfd3]::result::Result<(), alloc[2182bb758b4b3781]::string::String>, fn() -> core[df12db4294e9bfd3]::result::Result<(), alloc[2182bb758b4b3781]::string::String>>
[INFO] [stdout]   16:     0x568011c612f5 - test[9d35eded1c95d3be]::run_test::{closure#0}
[INFO] [stdout]   17:     0x568011c5abb4 - std[70759c8f55707aa4]::sys::backtrace::__rust_begin_short_backtrace::<test[9d35eded1c95d3be]::run_test::{closure#1}, ()>
[INFO] [stdout]   18:     0x568011c64452 - <std[70759c8f55707aa4]::thread::lifecycle::spawn_unchecked<test[9d35eded1c95d3be]::run_test::{closure#1}, ()>::{closure#1} as core[df12db4294e9bfd3]::ops::function::FnOnce<()>>::call_once::{shim:vtable#0}
[INFO] [stdout]   19:     0x568011cccf09 - <std[70759c8f55707aa4]::sys::thread::unix::Thread>::new::thread_start
[INFO] [stdout]   20:     0x710192aaedfa - <unknown>
[INFO] [stdout]   21:     0x710192b423d4 - clone
[INFO] [stdout]   22:                0x0 - <unknown>
[INFO] [stdout] 
[INFO] [stdout] ---- daily::tests::test_get_intensive_care_data stdout ----
[INFO] [stdout] 
[INFO] [stdout] thread 'daily::tests::test_get_intensive_care_data' (954) panicked at src/lib.rs:28:10:
[INFO] [stdout] http error: Transport(Transport { kind: Dns, message: None, url: Some(Url { scheme: "https", username: "", password: None, host: Some(Domain("covid-19-greece.herokuapp.com")), port: None, path: "/intensive-care", query: None, fragment: None }), source: Some(Custom { kind: Uncategorized, error: "failed to lookup address information: Temporary failure in name resolution" }), response: None })
[INFO] [stdout] stack backtrace:
[INFO] [stdout]    0:     0x568011ccddd1 - <<std[70759c8f55707aa4]::sys::backtrace::BacktraceLock>::print::DisplayBacktrace as core[df12db4294e9bfd3]::fmt::Display>::fmt
[INFO] [stdout]    1:     0x568011ce466a - core[df12db4294e9bfd3]::fmt::write
[INFO] [stdout]    2:     0x568011cd2a2c - <alloc[2182bb758b4b3781]::vec::Vec<u8> as core[df12db4294e9bfd3]::io::write::Write>::write_fmt
[INFO] [stdout]    3:     0x568011ca8886 - std[70759c8f55707aa4]::panicking::default_hook::{closure#0}
[INFO] [stdout]    4:     0x568011cc5b99 - std[70759c8f55707aa4]::panicking::default_hook
[INFO] [stdout]    5:     0x568011c609a0 - test[9d35eded1c95d3be]::test_main_inner::<test[9d35eded1c95d3be]::test_main_static::{closure#0}>::{closure#0}
[INFO] [stdout]    6:     0x568011cc5d52 - std[70759c8f55707aa4]::panicking::panic_with_hook
[INFO] [stdout]    7:     0x568011ca8932 - std[70759c8f55707aa4]::panicking::panic_handler::{closure#0}
[INFO] [stdout]    8:     0x568011ca15d9 - std[70759c8f55707aa4]::sys::backtrace::__rust_end_short_backtrace::<std[70759c8f55707aa4]::panicking::panic_handler::{closure#0}, !>
[INFO] [stdout]    9:     0x568011ca971d - __rustc[8fa7c3cbc660c2b3]::rust_begin_unwind
[INFO] [stdout]   10:     0x568011ce4d9c - core[df12db4294e9bfd3]::panicking::panic_fmt
[INFO] [stdout]   11:     0x568011ce4b72 - core[df12db4294e9bfd3]::result::unwrap_failed
[INFO] [stdout]   12:     0x568011b86a9d - rs_covid19gr[a90cd188c33f9b8d]::build_request
[INFO] [stdout]   13:     0x568011b8a280 - rs_covid19gr[a90cd188c33f9b8d]::daily::get_intensive_care_series_data
[INFO] [stdout]   14:     0x568011b878ea - <rs_covid19gr[a90cd188c33f9b8d]::daily::tests::test_get_intensive_care_data::{closure#0} as core[df12db4294e9bfd3]::ops::function::FnOnce<()>>::call_once
[INFO] [stdout]   15:     0x568011c53c8b - test[9d35eded1c95d3be]::__rust_begin_short_backtrace::<core[df12db4294e9bfd3]::result::Result<(), alloc[2182bb758b4b3781]::string::String>, fn() -> core[df12db4294e9bfd3]::result::Result<(), alloc[2182bb758b4b3781]::string::String>>
[INFO] [stdout]   16:     0x568011c612f5 - test[9d35eded1c95d3be]::run_test::{closure#0}
[INFO] [stdout]   17:     0x568011c5abb4 - std[70759c8f55707aa4]::sys::backtrace::__rust_begin_short_backtrace::<test[9d35eded1c95d3be]::run_test::{closure#1}, ()>
[INFO] [stdout]   18:     0x568011c64452 - <std[70759c8f55707aa4]::thread::lifecycle::spawn_unchecked<test[9d35eded1c95d3be]::run_test::{closure#1}, ()>::{closure#1} as core[df12db4294e9bfd3]::ops::function::FnOnce<()>>::call_once::{shim:vtable#0}
[INFO] [stdout]   19:     0x568011cccf09 - <std[70759c8f55707aa4]::sys::thread::unix::Thread>::new::thread_start
[INFO] [stdout]   20:     0x710192aaedfa - <unknown>
[INFO] [stdout]   21:     0x710192b423d4 - clone
[INFO] [stdout]   22:                0x0 - <unknown>
[INFO] [stdout] 
[INFO] [stdout] 
[INFO] [stdout] failures:
[INFO] [stdout]     cum::tests::test_get_age_dist_data
[INFO] [stdout]     cum::tests::test_get_gender_dist_data
[INFO] [stdout]     cum::tests::test_get_region_data
[INFO] [stdout]     cum::tests::test_get_total_data
[INFO] [stdout]     cum::tests::test_get_total_vaccin_data
[INFO] [stdout]     daily::tests::test_get_active_series_data
[INFO] [stdout]     daily::tests::test_get_age_dist_series_data
[INFO] [stdout]     daily::tests::test_get_all_data
[INFO] [stdout]     daily::tests::test_get_confirmed_data
[INFO] [stdout]     daily::tests::test_get_deaths_series_data
[INFO] [stdout]     daily::tests::test_get_females_cases_series_data
[INFO] [stdout]     daily::tests::test_get_intensive_care_data
[INFO] [stdout]     daily::tests::test_get_males_cases_series_data
[INFO] [stdout]     daily::tests::test_get_recovered_data
[INFO] [stdout]     daily::tests::test_get_regions_history_data
[INFO] [stdout]     daily::tests::test_get_school_status_data
[INFO] [stdout]     daily::tests::test_get_total_tests_data
[INFO] [stdout]     daily::tests::test_vaccin_history_data
[INFO] [stdout]     hosp::tests::test_get_west_mac
[INFO] [stdout]     hosp::tests::test_get_west_mac_deaths
[INFO] [stdout]     refug::tests::test_get_refugee_camp_data
[INFO] [stdout] 
[INFO] [stdout] test result: FAILED. 24 passed; 21 failed; 0 ignored; 0 measured; 0 filtered out; finished in 0.03s
[INFO] [stdout] 
[INFO] [stderr] error: test failed, to rerun pass `--lib`
[INFO] running `Command { std: "docker" "inspect" "9bb00f8cdb4a4f3210774b14cd4c6d1ad472ca09e41faa01bd80b241a551bc7e", kill_on_drop: false }`
[INFO] running `Command { std: "docker" "rm" "-f" "9bb00f8cdb4a4f3210774b14cd4c6d1ad472ca09e41faa01bd80b241a551bc7e", kill_on_drop: false }`
[INFO] [stdout] 9bb00f8cdb4a4f3210774b14cd4c6d1ad472ca09e41faa01bd80b241a551bc7e
