[INFO] fetching crate rs-clob-client 0.1.8...
[INFO] testing rs-clob-client-0.1.8 against 1.100.0-beta.1+cargoflags=--release for beta-release-1.100-2
[INFO] extracting crate rs-clob-client 0.1.8 into /workspace/builds/worker-6-tc2/source
[INFO] started tweaking crates.io crate rs-clob-client 0.1.8
[INFO] removed 0 missing tests
[INFO] finished tweaking crates.io crate rs-clob-client 0.1.8
[INFO] tweaked toml for crates.io crate rs-clob-client 0.1.8 written to /workspace/builds/worker-6-tc2/source/Cargo.toml
[INFO] validating manifest of crates.io crate rs-clob-client 0.1.8 on toolchain 1.100.0-beta.1
[INFO] running `Command { std: CARGO_HOME="/workspace/cargo-home" RUSTUP_HOME="/workspace/rustup-home" "/workspace/cargo-home/bin/cargo" "+1.100.0-beta.1" "metadata" "--manifest-path" "Cargo.toml" "--no-deps", kill_on_drop: false }`
[INFO] crate crates.io crate rs-clob-client 0.1.8 already has a lockfile, it will not be regenerated
[INFO] running `Command { std: CARGO_HOME="/workspace/cargo-home" RUSTUP_HOME="/workspace/rustup-home" "/workspace/cargo-home/bin/cargo" "+1.100.0-beta.1" "fetch" "--manifest-path" "Cargo.toml", kill_on_drop: false }`
[INFO] [stderr] warning: `package.homepage` is redundant with `package.repository`
[INFO] [stderr]   --> Cargo.toml:81:12
[INFO] [stderr]    |
[INFO] [stderr] 81 | homepage = "https://github.com/tdergouzi/rs-clob-client"
[INFO] [stderr]    |            ^^^^^^^^^^^^^^^^^^^^^^^^^^^^^^^^^^^^^^^^^^^^^
[INFO] [stderr] ...
[INFO] [stderr] 86 | repository = "https://github.com/tdergouzi/rs-clob-client"
[INFO] [stderr]    |              ---------------------------------------------
[INFO] [stderr]    |
[INFO] [stderr]    = note: `cargo::redundant_homepage` is set to `warn` by default
[INFO] [stderr] help: consider removing `package.homepage`
[INFO] [stderr] warning: `rs-clob-client` (manifest) generated 1 warning
[INFO] running `Command { std: "docker" "create" "-v" "/var/lib/crater-agent-workspace/builds/worker-6-tc2/source:/opt/rustwide/workdir:ro,Z" "-v" "/var/lib/crater-agent-workspace/builds/worker-6-tc2/target:/opt/rustwide/target:rw,Z" "-v" "/var/lib/crater-agent-workspace/cargo-home:/opt/rustwide/cargo-home:ro,Z" "-v" "/var/lib/crater-agent-workspace/rustup-home:/opt/rustwide/rustup-home:ro,Z" "-m" "1610612736" "--network" "none" "ghcr.io/rust-lang/crates-build-env/linux@sha256:77db811e55d90add9212f6832c23229e3de5f1c1f9905e8cb07319ea15df73ac" "sleep" "infinity", kill_on_drop: false }`
[INFO] [stdout] 88a3a23eca65c3c6225ac62e34890213251572c69a6a26b9d1c2eaae27eba16b
[INFO] running `Command { std: "docker" "start" "88a3a23eca65c3c6225ac62e34890213251572c69a6a26b9d1c2eaae27eba16b", kill_on_drop: false }`
[INFO] running `Command { std: "docker" "inspect" "88a3a23eca65c3c6225ac62e34890213251572c69a6a26b9d1c2eaae27eba16b", kill_on_drop: false }`
[INFO] running `Command { std: "docker" "exec" "-e" "SOURCE_DIR=/opt/rustwide/workdir" "-e" "CARGO_HOME=/opt/rustwide/cargo-home" "-e" "RUSTUP_HOME=/opt/rustwide/rustup-home" "-e" "CARGO_TARGET_DIR=/opt/rustwide/target" "-w" "/opt/rustwide/workdir" "--user" "0:0" "88a3a23eca65c3c6225ac62e34890213251572c69a6a26b9d1c2eaae27eba16b" "/opt/rustwide/cargo-home/bin/cargo" "+1.100.0-beta.1" "metadata" "--no-deps" "--format-version=1", kill_on_drop: false }`
[INFO] running `Command { std: "docker" "inspect" "88a3a23eca65c3c6225ac62e34890213251572c69a6a26b9d1c2eaae27eba16b", kill_on_drop: false }`
[INFO] running `Command { std: "docker" "exec" "-e" "SOURCE_DIR=/opt/rustwide/workdir" "-e" "CARGO_HOME=/opt/rustwide/cargo-home" "-e" "RUSTUP_HOME=/opt/rustwide/rustup-home" "-e" "CARGO_TARGET_DIR=/opt/rustwide/target" "-e" "CARGO_INCREMENTAL=0" "-e" "RUST_BACKTRACE=full" "-e" "RUSTFLAGS=--cap-lints=warn" "-e" "RUSTDOCFLAGS=--cap-lints=warn" "-w" "/opt/rustwide/workdir" "--user" "0:0" "88a3a23eca65c3c6225ac62e34890213251572c69a6a26b9d1c2eaae27eba16b" "/opt/rustwide/cargo-home/bin/cargo" "+1.100.0-beta.1" "build" "--frozen" "--message-format=json" "--release", kill_on_drop: false }`
[INFO] [stderr] warning: `package.homepage` is redundant with `package.repository`
[INFO] [stderr]   --> Cargo.toml:81:12
[INFO] [stderr]    |
[INFO] [stderr] 81 | homepage = "https://github.com/tdergouzi/rs-clob-client"
[INFO] [stderr]    |            ^^^^^^^^^^^^^^^^^^^^^^^^^^^^^^^^^^^^^^^^^^^^^
[INFO] [stderr] ...
[INFO] [stderr] 86 | repository = "https://github.com/tdergouzi/rs-clob-client"
[INFO] [stderr]    |              ---------------------------------------------
[INFO] [stderr]    |
[INFO] [stderr]    = note: `cargo::redundant_homepage` is set to `warn` by default
[INFO] [stderr] help: consider removing `package.homepage`
[INFO] [stderr] warning: `rs-clob-client` (manifest) generated 1 warning
[INFO] [stderr]    Compiling proc-macro2 v1.0.103
[INFO] [stderr]    Compiling quote v1.0.42
[INFO] [stderr]    Compiling libc v0.2.177
[INFO] [stderr]    Compiling zeroize v1.8.2
[INFO] [stderr]    Compiling typenum v1.19.0
[INFO] [stderr]    Compiling generic-array v0.14.9
[INFO] [stderr]    Compiling const-oid v0.9.6
[INFO] [stderr]    Compiling subtle v2.6.1
[INFO] [stderr]    Compiling itoa v1.0.15
[INFO] [stderr]    Compiling crunchy v0.2.4
[INFO] [stderr]    Compiling tiny-keccak v2.0.2
[INFO] [stderr]    Compiling der v0.7.10
[INFO] [stderr]    Compiling find-msvc-tools v0.1.5
[INFO] [stderr]    Compiling const-hex v1.17.0
[INFO] [stderr]    Compiling ruint-macro v1.2.1
[INFO] [stderr]    Compiling foldhash v0.1.5
[INFO] [stderr]    Compiling cc v1.2.46
[INFO] [stderr]    Compiling tracing-core v0.1.34
[INFO] [stderr]    Compiling serde_json v1.0.145
[INFO] [stderr]    Compiling ryu v1.0.20
[INFO] [stderr]    Compiling cpufeatures v0.2.17
[INFO] [stderr]    Compiling syn v2.0.110
[INFO] [stderr]    Compiling proc-macro-error-attr2 v2.0.0
[INFO] [stderr]    Compiling getrandom v0.2.16
[INFO] [stderr]    Compiling signal-hook-registry v1.4.6
[INFO] [stderr]    Compiling mio v1.1.0
[INFO] [stderr]    Compiling rand_core v0.6.4
[INFO] [stderr]    Compiling crypto-common v0.1.6
[INFO] [stderr]    Compiling block-buffer v0.10.4
[INFO] [stderr]    Compiling ff v0.13.1
[INFO] [stderr]    Compiling digest v0.10.7
[INFO] [stderr]    Compiling spki v0.7.3
[INFO] [stderr]    Compiling pkcs8 v0.10.2
[INFO] [stderr]    Compiling hmac v0.12.1
[INFO] [stderr]    Compiling group v0.13.0
[INFO] [stderr]    Compiling crypto-bigint v0.5.5
[INFO] [stderr]    Compiling sec1 v0.7.3
[INFO] [stderr]    Compiling rfc6979 v0.4.0
[INFO] [stderr]    Compiling signature v2.2.0
[INFO] [stderr]    Compiling sha2 v0.10.9
[INFO] [stderr]    Compiling socket2 v0.6.1
[INFO] [stderr]    Compiling openssl-sys v0.9.111
[INFO] [stderr]    Compiling ring v0.17.14
[INFO] [stderr]    Compiling dunce v1.0.5
[INFO] [stderr]    Compiling hashbrown v0.16.0
[INFO] [stderr]    Compiling either v1.15.0
[INFO] [stderr]    Compiling futures-task v0.3.31
[INFO] [stderr]    Compiling icu_properties_data v2.1.1
[INFO] [stderr]    Compiling log v0.4.28
[INFO] [stderr]    Compiling untrusted v0.9.0
[INFO] [stderr]    Compiling elliptic-curve v0.13.8
[INFO] [stderr]    Compiling indexmap v2.12.0
[INFO] [stderr]    Compiling futures-util v0.3.31
[INFO] [stderr]    Compiling ecdsa v0.16.9
[INFO] [stderr]    Compiling zerocopy v0.8.27
[INFO] [stderr]    Compiling k256 v0.13.4
[INFO] [stderr]    Compiling openssl v0.10.75
[INFO] [stderr]    Compiling rustls v0.21.12
[INFO] [stderr]    Compiling native-tls v0.2.14
[INFO] [stderr]    Compiling simd-adler32 v0.3.7
[INFO] [stderr]    Compiling miniz_oxide v0.8.9
[INFO] [stderr]    Compiling synstructure v0.13.2
[INFO] [stderr]    Compiling syn-solidity v0.8.26
[INFO] [stderr]    Compiling macro-string v0.1.4
[INFO] [stderr]    Compiling proc-macro-error2 v2.0.1
[INFO] [stderr]    Compiling itertools v0.13.0
[INFO] [stderr]    Compiling socket2 v0.5.10
[INFO] [stderr]    Compiling futures-channel v0.3.31
[INFO] [stderr]    Compiling openssl-probe v0.1.6
[INFO] [stderr]    Compiling serde_derive v1.0.228
[INFO] [stderr]    Compiling alloy-rlp-derive v0.3.12
[INFO] [stderr]    Compiling derive_more-impl v2.0.1
[INFO] [stderr]    Compiling tracing-attributes v0.1.30
[INFO] [stderr]    Compiling zerofrom-derive v0.1.6
[INFO] [stderr]    Compiling yoke-derive v0.8.1
[INFO] [stderr]    Compiling tracing v0.1.41
[INFO] [stderr]    Compiling zerovec-derive v0.11.2
[INFO] [stderr]    Compiling zerofrom v0.1.6
[INFO] [stderr]    Compiling yoke v0.8.1
[INFO] [stderr]    Compiling displaydoc v0.2.5
[INFO] [stderr]    Compiling derive_more-impl v1.0.0
[INFO] [stderr]    Compiling tokio-macros v2.6.0
[INFO] [stderr]    Compiling alloy-sol-macro-input v0.8.26
[INFO] [stderr]    Compiling auto_impl v1.3.0
[INFO] [stderr]    Compiling zerotrie v0.2.3
[INFO] [stderr]    Compiling alloy-sol-macro-expander v0.8.26
[INFO] [stderr]    Compiling zerovec v0.11.5
[INFO] [stderr]    Compiling openssl-macros v0.1.1
[INFO] [stderr]    Compiling thiserror-impl v2.0.18
[INFO] [stderr]    Compiling serde v1.0.228
[INFO] [stderr]    Compiling tinystr v0.8.2
[INFO] [stderr]    Compiling icu_locale_core v2.1.1
[INFO] [stderr]    Compiling derive_more v2.0.1
[INFO] [stderr]    Compiling potential_utf v0.1.4
[INFO] [stderr]    Compiling icu_collections v2.1.1
[INFO] [stderr]    Compiling bytes v1.11.0
[INFO] [stderr]    Compiling smallvec v1.15.1
[INFO] [stderr]    Compiling arrayvec v0.7.6
[INFO] [stderr]    Compiling hashbrown v0.15.5
[INFO] [stderr]    Compiling parking_lot_core v0.9.12
[INFO] [stderr]    Compiling alloy-rlp v0.3.12
[INFO] [stderr]    Compiling parking_lot v0.12.5
[INFO] [stderr]    Compiling ruint v1.17.0
[INFO] [stderr]    Compiling derive_more v1.0.0
[INFO] [stderr]    Compiling nybbles v0.3.4
[INFO] [stderr]    Compiling tokio v1.48.0
[INFO] [stderr]    Compiling alloy-sol-macro v0.8.26
[INFO] [stderr]    Compiling http v0.2.12
[INFO] [stderr]    Compiling icu_provider v2.1.1
[INFO] [stderr]    Compiling icu_properties v2.1.1
[INFO] [stderr]    Compiling alloy-primitives v0.8.26
[INFO] [stderr]    Compiling icu_normalizer v2.1.1
[INFO] [stderr]    Compiling thiserror v2.0.18
[INFO] [stderr]    Compiling http-body v0.4.6
[INFO] [stderr]    Compiling thiserror-impl v1.0.69
[INFO] [stderr]    Compiling thiserror v1.0.69
[INFO] [stderr]    Compiling idna_adapter v1.2.1
[INFO] [stderr]    Compiling alloy-serde v0.8.3
[INFO] [stderr]    Compiling alloy-eip2930 v0.1.0
[INFO] [stderr]    Compiling alloy-eip7702 v0.4.2
[INFO] [stderr]    Compiling alloy-eips v0.8.3
[INFO] [stderr]    Compiling alloy-trie v0.7.9
[INFO] [stderr]    Compiling alloy-sol-types v0.8.26
[INFO] [stderr]    Compiling rustls-webpki v0.101.7
[INFO] [stderr]    Compiling alloy-consensus v0.8.3
[INFO] [stderr]    Compiling sct v0.7.1
[INFO] [stderr]    Compiling async-trait v0.1.89
[INFO] [stderr]    Compiling ppv-lite86 v0.2.21
[INFO] [stderr]    Compiling flate2 v1.1.5
[INFO] [stderr]    Compiling tokio-util v0.7.17
[INFO] [stderr]    Compiling alloy-consensus-any v0.8.3
[INFO] [stderr]    Compiling alloy-network-primitives v0.8.3
[INFO] [stderr]    Compiling compression-core v0.4.29
[INFO] [stderr]    Compiling idna v1.1.0
[INFO] [stderr]    Compiling h2 v0.3.27
[INFO] [stderr]    Compiling num-traits v0.2.19
[INFO] [stderr]    Compiling compression-codecs v0.4.31
[INFO] [stderr]    Compiling tokio-rustls v0.24.1
[INFO] [stderr]    Compiling alloy-signer v0.8.3
[INFO] [stderr]    Compiling tokio-native-tls v0.3.1
[INFO] [stderr]    Compiling rand_chacha v0.3.1
[INFO] [stderr]    Compiling futures-utils-wasm v0.1.0
[INFO] [stderr]    Compiling url v2.5.7
[INFO] [stderr]    Compiling rand v0.8.5
[INFO] [stderr]    Compiling async-compression v0.4.32
[INFO] [stderr]    Compiling tokio-socks v0.5.2
[INFO] [stderr]    Compiling serde_urlencoded v0.7.1
[INFO] [stderr]    Compiling encoding_rs v0.8.35
[INFO] [stderr]    Compiling ipnet v2.11.0
[INFO] [stderr]    Compiling anyhow v1.0.100
[INFO] [stderr]    Compiling webpki-roots v0.25.4
[INFO] [stderr]    Compiling iana-time-zone v0.1.64
[INFO] [stderr]    Compiling hyper v0.14.32
[INFO] [stderr]    Compiling chrono v0.4.42
[INFO] [stderr]    Compiling sha1 v0.10.6
[INFO] [stderr]    Compiling alloy-rpc-types-eth v0.8.3
[INFO] [stderr]    Compiling alloy-json-rpc v0.8.3
[INFO] [stderr]    Compiling hyper-tls v0.5.0
[INFO] [stderr]    Compiling hyper-rustls v0.24.2
[INFO] [stderr]    Compiling reqwest v0.11.27
[INFO] [stderr]    Compiling alloy-rpc-types-any v0.8.3
[INFO] [stderr]    Compiling alloy-network v0.8.3
[INFO] [stderr]    Compiling rs-builder-signing-sdk v0.1.2
[INFO] [stderr]    Compiling alloy-signer-local v0.8.3
[INFO] [stderr]    Compiling rs_order_utils v0.2.1
[INFO] [stderr]    Compiling rs-clob-client v0.1.8 (/opt/rustwide/workdir)
[INFO] [stderr] warning: unused dependency `anyhow`
[INFO] [stderr]   --> Cargo.toml:10:15
[INFO] [stderr]    |
[INFO] [stderr] 10 | [dependencies.anyhow]
[INFO] [stderr]    |               ^^^^^^^
[INFO] [stderr]    |
[INFO] [stderr]    = note: `cargo::unused_dependencies` is set to `warn` by default
[INFO] [stderr] help: consider removing the dependency on `anyhow`
[INFO] [stderr] warning: unused dependency `chrono`
[INFO] [stderr]   --> Cargo.toml:16:15
[INFO] [stderr]    |
[INFO] [stderr] 16 | [dependencies.chrono]
[INFO] [stderr]    |               ^^^^^^^
[INFO] [stderr]    |
[INFO] [stderr] help: consider removing the dependency on `chrono`
[INFO] [stderr] warning: `rs-clob-client` (manifest) generated 2 warnings
[INFO] [stderr]     Finished `release` profile [optimized] target(s) in 4m 07s
[INFO] [stderr] warning: the following packages contain code that will be rejected by a future version of Rust: proc-macro-error2 v2.0.1
[INFO] [stderr] note: to see what the problems were, use the option `--future-incompat-report`, or run `cargo report future-incompatibilities --id 3`
[INFO] running `Command { std: "docker" "inspect" "88a3a23eca65c3c6225ac62e34890213251572c69a6a26b9d1c2eaae27eba16b", kill_on_drop: false }`
[INFO] running `Command { std: "docker" "exec" "-e" "SOURCE_DIR=/opt/rustwide/workdir" "-e" "CARGO_HOME=/opt/rustwide/cargo-home" "-e" "RUSTUP_HOME=/opt/rustwide/rustup-home" "-e" "CARGO_TARGET_DIR=/opt/rustwide/target" "-e" "CARGO_INCREMENTAL=0" "-e" "RUST_BACKTRACE=full" "-e" "RUSTFLAGS=--cap-lints=warn" "-e" "RUSTDOCFLAGS=--cap-lints=warn" "-w" "/opt/rustwide/workdir" "--user" "0:0" "88a3a23eca65c3c6225ac62e34890213251572c69a6a26b9d1c2eaae27eba16b" "/opt/rustwide/cargo-home/bin/cargo" "+1.100.0-beta.1" "test" "--frozen" "--no-run" "--message-format=json" "--release", kill_on_drop: false }`
[INFO] [stderr] warning: `package.homepage` is redundant with `package.repository`
[INFO] [stderr]   --> Cargo.toml:81:12
[INFO] [stderr]    |
[INFO] [stderr] 81 | homepage = "https://github.com/tdergouzi/rs-clob-client"
[INFO] [stderr]    |            ^^^^^^^^^^^^^^^^^^^^^^^^^^^^^^^^^^^^^^^^^^^^^
[INFO] [stderr] ...
[INFO] [stderr] 86 | repository = "https://github.com/tdergouzi/rs-clob-client"
[INFO] [stderr]    |              ---------------------------------------------
[INFO] [stderr]    |
[INFO] [stderr]    = note: `cargo::redundant_homepage` is set to `warn` by default
[INFO] [stderr] help: consider removing `package.homepage`
[INFO] [stderr] warning: `rs-clob-client` (manifest) generated 1 warning
[INFO] [stderr]    Compiling tokio v1.48.0
[INFO] [stderr]    Compiling http v1.3.1
[INFO] [stderr]    Compiling getrandom v0.3.4
[INFO] [stderr]    Compiling aho-corasick v1.1.4
[INFO] [stderr]    Compiling regex-syntax v0.8.8
[INFO] [stderr]    Compiling async-stream-impl v0.3.6
[INFO] [stderr]    Compiling assert-json-diff v2.0.2
[INFO] [stderr]    Compiling similar v2.7.0
[INFO] [stderr]    Compiling rand_core v0.9.3
[INFO] [stderr]    Compiling async-stream v0.3.6
[INFO] [stderr]    Compiling rand_chacha v0.9.0
[INFO] [stderr]    Compiling colored v3.0.0
[INFO] [stderr]    Compiling http-body v1.0.1
[INFO] [stderr]    Compiling http-body-util v0.1.3
[INFO] [stderr]    Compiling rand v0.9.2
[INFO] [stderr]    Compiling dotenvy v0.15.7
[INFO] [stderr]    Compiling regex-automata v0.4.13
[INFO] [stderr]    Compiling regex v1.12.2
[INFO] [stderr]    Compiling tokio-util v0.7.17
[INFO] [stderr]    Compiling tokio-rustls v0.24.1
[INFO] [stderr]    Compiling tokio-native-tls v0.3.1
[INFO] [stderr]    Compiling async-compression v0.4.32
[INFO] [stderr]    Compiling h2 v0.3.27
[INFO] [stderr]    Compiling h2 v0.4.12
[INFO] [stderr]    Compiling tokio-socks v0.5.2
[INFO] [stderr]    Compiling tokio-stream v0.1.17
[INFO] [stderr]    Compiling tokio-test v0.4.4
[INFO] [stderr]    Compiling hyper v1.8.1
[INFO] [stderr]    Compiling hyper v0.14.32
[INFO] [stderr]    Compiling hyper-util v0.1.18
[INFO] [stderr]    Compiling mockito v1.7.0
[INFO] [stderr]    Compiling hyper-rustls v0.24.2
[INFO] [stderr]    Compiling hyper-tls v0.5.0
[INFO] [stderr]    Compiling reqwest v0.11.27
[INFO] [stderr]    Compiling rs-builder-signing-sdk v0.1.2
[INFO] [stderr]    Compiling rs-clob-client v0.1.8 (/opt/rustwide/workdir)
[INFO] [stderr] warning: unused dependency `anyhow`
[INFO] [stderr]   --> Cargo.toml:10:15
[INFO] [stderr]    |
[INFO] [stderr] 10 | [dependencies.anyhow]
[INFO] [stderr]    |               ^^^^^^^
[INFO] [stderr]    |
[INFO] [stderr]    = note: `cargo::unused_dependencies` is set to `warn` by default
[INFO] [stderr] help: consider removing the dependency on `anyhow`
[INFO] [stderr] warning: unused dependency `chrono`
[INFO] [stderr]   --> Cargo.toml:16:15
[INFO] [stderr]    |
[INFO] [stderr] 16 | [dependencies.chrono]
[INFO] [stderr]    |               ^^^^^^^
[INFO] [stderr]    |
[INFO] [stderr] help: consider removing the dependency on `chrono`
[INFO] [stderr] warning: `rs-clob-client` (manifest) generated 2 warnings
[INFO] [stderr]     Finished `release` profile [optimized] target(s) in 3m 06s
[INFO] [stderr] warning: the following packages contain code that will be rejected by a future version of Rust: proc-macro-error2 v2.0.1
[INFO] [stderr] note: to see what the problems were, use the option `--future-incompat-report`, or run `cargo report future-incompatibilities --id 3`
[INFO] running `Command { std: "docker" "inspect" "88a3a23eca65c3c6225ac62e34890213251572c69a6a26b9d1c2eaae27eba16b", kill_on_drop: false }`
[INFO] running `Command { std: "docker" "exec" "-e" "SOURCE_DIR=/opt/rustwide/workdir" "-e" "CARGO_HOME=/opt/rustwide/cargo-home" "-e" "RUSTUP_HOME=/opt/rustwide/rustup-home" "-e" "CARGO_TARGET_DIR=/opt/rustwide/target" "-e" "CARGO_INCREMENTAL=0" "-e" "RUST_BACKTRACE=full" "-e" "RUSTFLAGS=--cap-lints=warn" "-e" "RUSTDOCFLAGS=--cap-lints=warn" "-w" "/opt/rustwide/workdir" "--user" "0:0" "88a3a23eca65c3c6225ac62e34890213251572c69a6a26b9d1c2eaae27eba16b" "/opt/rustwide/cargo-home/bin/cargo" "+1.100.0-beta.1" "test" "--frozen" "--release", kill_on_drop: false }`
[INFO] [stderr] warning: `package.homepage` is redundant with `package.repository`
[INFO] [stderr]   --> Cargo.toml:81:12
[INFO] [stderr]    |
[INFO] [stderr] 81 | homepage = "https://github.com/tdergouzi/rs-clob-client"
[INFO] [stderr]    |            ^^^^^^^^^^^^^^^^^^^^^^^^^^^^^^^^^^^^^^^^^^^^^
[INFO] [stderr] ...
[INFO] [stderr] 86 | repository = "https://github.com/tdergouzi/rs-clob-client"
[INFO] [stderr]    |              ---------------------------------------------
[INFO] [stderr]    |
[INFO] [stderr]    = note: `cargo::redundant_homepage` is set to `warn` by default
[INFO] [stderr] help: consider removing `package.homepage`
[INFO] [stderr] warning: `rs-clob-client` (manifest) generated 1 warning
[INFO] [stderr] warning: unused dependency `anyhow`
[INFO] [stderr]   --> Cargo.toml:10:15
[INFO] [stderr]    |
[INFO] [stderr] 10 | [dependencies.anyhow]
[INFO] [stderr]    |               ^^^^^^^
[INFO] [stderr]    |
[INFO] [stderr]    = note: `cargo::unused_dependencies` is set to `warn` by default
[INFO] [stderr] help: consider removing the dependency on `anyhow`
[INFO] [stderr] warning: unused dependency `chrono`
[INFO] [stderr]   --> Cargo.toml:16:15
[INFO] [stderr]    |
[INFO] [stderr] 16 | [dependencies.chrono]
[INFO] [stderr]    |               ^^^^^^^
[INFO] [stderr]    |
[INFO] [stderr] help: consider removing the dependency on `chrono`
[INFO] [stderr] warning: `rs-clob-client` (manifest) generated 2 warnings
[INFO] [stderr]     Finished `release` profile [optimized] target(s) in 0.36s
[INFO] [stderr] warning: the following packages contain code that will be rejected by a future version of Rust: proc-macro-error2 v2.0.1
[INFO] [stderr] note: to see what the problems were, use the option `--future-incompat-report`, or run `cargo report future-incompatibilities --id 3`
[INFO] [stdout] 
[INFO] [stderr]      Running unittests src/lib.rs (/opt/rustwide/target/release/build/rs-clob-client/7ffd8016e18f47d6/out/rs_clob_client-7ffd8016e18f47d6)
[INFO] [stdout] running 20 tests
[INFO] [stdout] test order_builder::builder::tests::test_order_builder_with_options ... ok
[INFO] [stdout] test order_builder::helpers::tests::test_calculate_sell_market_price ... ok
[INFO] [stdout] test order_builder::helpers::tests::test_fak_accepts_partial_fill ... ok
[INFO] [stdout] test order_builder::helpers::tests::test_calculate_buy_market_price ... ok
[INFO] [stdout] test order_builder::builder::tests::test_order_builder_creation ... ok
[INFO] [stdout] test order_builder::helpers::tests::test_fok_fails_on_insufficient_liquidity ... ok
[INFO] [stdout] test order_builder::helpers::tests::test_get_order_raw_amounts_buy ... ok
[INFO] [stdout] test order_builder::helpers::tests::test_get_order_raw_amounts_sell ... ok
[INFO] [stdout] test signing::hmac::tests::test_hmac_signature ... ok
[INFO] [stdout] test signing::hmac::tests::test_hmac_with_body ... ok
[INFO] [stdout] test utilities::tests::test_decimal_places ... ok
[INFO] [stdout] test utilities::tests::test_is_tick_size_smaller ... ok
[INFO] [stdout] test utilities::tests::test_parse_tick_size ... ok
[INFO] [stdout] test utilities::tests::test_price_valid ... ok
[INFO] [stdout] test utilities::tests::test_round_down ... ok
[INFO] [stdout] test order_builder::builder::tests::test_resolve_signer_without_get_signer ... ok
[INFO] [stderr]      Running tests/api_key_test.rs (/opt/rustwide/target/release/build/rs-clob-client/71ed0d9e60fe576c/out/api_key_test-71ed0d9e60fe576c)
[INFO] [stdout] test utilities::tests::test_round_normal ... ok
[INFO] [stdout] test order_builder::helpers::tests::test_empty_orderbook ... ok
[INFO] [stdout] test utilities::tests::test_round_up ... ok
[INFO] [stdout] test order_builder::helpers::tests::test_get_rounding_config ... ok
[INFO] [stdout] 
[INFO] [stdout] test result: ok. 20 passed; 0 failed; 0 ignored; 0 measured; 0 filtered out; finished in 0.00s
[INFO] [stdout] 
[INFO] [stdout] 
[INFO] [stdout] running 6 tests
[INFO] [stdout] test test_create_api_key ... FAILED
[INFO] [stdout] test test_get_api_keys ... FAILED
[INFO] [stdout] test test_get_closed_only_mode ... FAILED
[INFO] [stdout] test test_create_or_derive_api_key ... FAILED
[INFO] [stdout] test test_derive_api_key ... FAILED
[INFO] [stdout] test test_delete_api_key ... FAILED
[INFO] [stdout] 
[INFO] [stdout] failures:
[INFO] [stdout] 
[INFO] [stdout] ---- test_create_api_key stdout ----
[INFO] [stdout] 
[INFO] [stdout] thread 'test_create_api_key' (4091) panicked at tests/common/mod.rs:41:29:
[INFO] [stdout] PK must be set: NotPresent
[INFO] [stdout] stack backtrace:
[INFO] [stdout]    0:     0x5f2d30748141 - <<std[617be2ca0a6fd877]::sys::backtrace::BacktraceLock>::print::DisplayBacktrace as core[a373ad73a504971]::fmt::Display>::fmt
[INFO] [stdout]    1:     0x5f2d3075e89a - core[a373ad73a504971]::fmt::write
[INFO] [stdout]    2:     0x5f2d3074ca4c - <alloc[2e1b2a31b91974c5]::vec::Vec<u8> as core[a373ad73a504971]::io::write::Write>::write_fmt
[INFO] [stdout]    3:     0x5f2d30723186 - std[617be2ca0a6fd877]::panicking::default_hook::{closure#0}
[INFO] [stdout]    4:     0x5f2d30740029 - std[617be2ca0a6fd877]::panicking::default_hook
[INFO] [stdout]    5:     0x5f2d3047f310 - test[aada8e7e76ba119b]::test_main_inner::{closure#0}
[INFO] [stdout]    6:     0x5f2d30740352 - std[617be2ca0a6fd877]::panicking::panic_with_hook
[INFO] [stdout]    7:     0x5f2d30723232 - std[617be2ca0a6fd877]::panicking::panic_handler::{closure#0}
[INFO] [stdout]    8:     0x5f2d3071bc29 - std[617be2ca0a6fd877]::sys::backtrace::__rust_end_short_backtrace::<std[617be2ca0a6fd877]::panicking::panic_handler::{closure#0}, !>
[INFO] [stdout]    9:     0x5f2d307240cd - __rustc[ea4f61d10b84890b]::rust_begin_unwind
[INFO] [stdout]   10:     0x5f2d3075effc - core[a373ad73a504971]::panicking::panic_fmt
[INFO] [stdout]   11:     0x5f2d3075edd2 - core[a373ad73a504971]::result::unwrap_failed
[INFO] [stdout]   12:     0x5f2d3045eb4a - api_key_test[77428a946eae6b0c]::common::create_test_client_with_wallet
[INFO] [stdout]   13:     0x5f2d3044b1b2 - api_key_test[77428a946eae6b0c]::test_create_api_key::{closure#0}
[INFO] [stdout]   14:     0x5f2d30462ff3 - <tokio[4508f40078b59b08]::runtime::scheduler::current_thread::Context>::enter::<core[a373ad73a504971]::task::poll::Poll<()>, <tokio[4508f40078b59b08]::runtime::scheduler::current_thread::CoreGuard>::block_on<core[a373ad73a504971]::pin::Pin<&mut core[a373ad73a504971]::pin::Pin<&mut dyn core[a373ad73a504971]::future::future::Future<Output = ()>>>>::{closure#0}::{closure#0}>
[INFO] [stdout]   15:     0x5f2d304656e9 - <std[617be2ca0a6fd877]::thread::local::LocalKey<tokio[4508f40078b59b08]::runtime::context::Context>>::with::<tokio[4508f40078b59b08]::runtime::context::set_scheduler<(alloc[2e1b2a31b91974c5]::boxed::Box<tokio[4508f40078b59b08]::runtime::scheduler::current_thread::Core>, core[a373ad73a504971]::option::Option<()>), <tokio[4508f40078b59b08]::runtime::scheduler::current_thread::CoreGuard>::enter<<tokio[4508f40078b59b08]::runtime::scheduler::current_thread::CoreGuard>::block_on<core[a373ad73a504971]::pin::Pin<&mut core[a373ad73a504971]::pin::Pin<&mut dyn core[a373ad73a504971]::future::future::Future<Output = ()>>>>::{closure#0}, core[a373ad73a504971]::option::Option<()>>::{closure#0}>::{closure#0}, (alloc[2e1b2a31b91974c5]::boxed::Box<tokio[4508f40078b59b08]::runtime::scheduler::current_thread::Core>, core[a373ad73a504971]::option::Option<()>)>
[INFO] [stdout]   16:     0x5f2d30463327 - <tokio[4508f40078b59b08]::runtime::scheduler::current_thread::CoreGuard>::block_on::<core[a373ad73a504971]::pin::Pin<&mut core[a373ad73a504971]::pin::Pin<&mut dyn core[a373ad73a504971]::future::future::Future<Output = ()>>>>
[INFO] [stdout]   17:     0x5f2d30461ea0 - tokio[4508f40078b59b08]::runtime::context::runtime::enter_runtime::<<tokio[4508f40078b59b08]::runtime::scheduler::current_thread::CurrentThread>::block_on<core[a373ad73a504971]::pin::Pin<&mut dyn core[a373ad73a504971]::future::future::Future<Output = ()>>>::{closure#0}, ()>
[INFO] [stdout]   18:     0x5f2d304607aa - <tokio[4508f40078b59b08]::runtime::runtime::Runtime>::block_on::<core[a373ad73a504971]::pin::Pin<&mut dyn core[a373ad73a504971]::future::future::Future<Output = ()>>>
[INFO] [stdout]   19:     0x5f2d30455bae - <api_key_test[77428a946eae6b0c]::test_create_api_key::{closure#0} as core[a373ad73a504971]::ops::function::FnOnce<()>>::call_once
[INFO] [stdout]   20:     0x5f2d3047275b - test[aada8e7e76ba119b]::__rust_begin_short_backtrace::<core[a373ad73a504971]::result::Result<(), alloc[2e1b2a31b91974c5]::string::String>, fn() -> core[a373ad73a504971]::result::Result<(), alloc[2e1b2a31b91974c5]::string::String>>
[INFO] [stdout]   21:     0x5f2d3047f935 - test[aada8e7e76ba119b]::run_test::{closure#0}
[INFO] [stdout]   22:     0x5f2d30479224 - std[617be2ca0a6fd877]::sys::backtrace::__rust_begin_short_backtrace::<test[aada8e7e76ba119b]::run_test::{closure#1}, ()>
[INFO] [stdout]   23:     0x5f2d304829c2 - <std[617be2ca0a6fd877]::thread::lifecycle::spawn_unchecked<test[aada8e7e76ba119b]::run_test::{closure#1}, ()>::{closure#1} as core[a373ad73a504971]::ops::function::FnOnce<()>>::call_once::{shim:vtable#0}
[INFO] [stdout]   24:     0x5f2d307475ef - <std[617be2ca0a6fd877]::sys::thread::unix::Thread>::new::thread_start
[INFO] [stdout]   25:     0x7c9fbfe9edfa - <unknown>
[INFO] [stdout]   26:     0x7c9fbff323d4 - clone
[INFO] [stdout]   27:                0x0 - <unknown>
[INFO] [stdout] 
[INFO] [stdout] ---- test_get_api_keys stdout ----
[INFO] [stdout] 
[INFO] [stdout] thread 'test_get_api_keys' (4095) panicked at tests/common/mod.rs:81:29:
[INFO] [stdout] PK must be set: NotPresent
[INFO] [stdout] stack backtrace:
[INFO] [stdout]    0:     0x5f2d30748141 - <<std[617be2ca0a6fd877]::sys::backtrace::BacktraceLock>::print::DisplayBacktrace as core[a373ad73a504971]::fmt::Display>::fmt
[INFO] [stdout]    1:     0x5f2d3075e89a - core[a373ad73a504971]::fmt::write
[INFO] [stdout]    2:     0x5f2d3074ca4c - <alloc[2e1b2a31b91974c5]::vec::Vec<u8> as core[a373ad73a504971]::io::write::Write>::write_fmt
[INFO] [stdout]    3:     0x5f2d30723186 - std[617be2ca0a6fd877]::panicking::default_hook::{closure#0}
[INFO] [stdout]    4:     0x5f2d30740029 - std[617be2ca0a6fd877]::panicking::default_hook
[INFO] [stdout]    5:     0x5f2d3047f310 - test[aada8e7e76ba119b]::test_main_inner::{closure#0}
[INFO] [stdout]    6:     0x5f2d30740352 - std[617be2ca0a6fd877]::panicking::panic_with_hook
[INFO] [stdout]    7:     0x5f2d30723232 - std[617be2ca0a6fd877]::panicking::panic_handler::{closure#0}
[INFO] [stdout]    8:     0x5f2d3071bc29 - std[617be2ca0a6fd877]::sys::backtrace::__rust_end_short_backtrace::<std[617be2ca0a6fd877]::panicking::panic_handler::{closure#0}, !>
[INFO] [stdout]    9:     0x5f2d307240cd - __rustc[ea4f61d10b84890b]::rust_begin_unwind
[INFO] [stdout]   10:     0x5f2d3075effc - core[a373ad73a504971]::panicking::panic_fmt
[INFO] [stdout]   11:     0x5f2d3075edd2 - core[a373ad73a504971]::result::unwrap_failed
[INFO] [stdout]   12:     0x5f2d3045f6c0 - api_key_test[77428a946eae6b0c]::common::create_test_client_with_api_key
[INFO] [stdout]   13:     0x5f2d3044953d - api_key_test[77428a946eae6b0c]::test_get_api_keys::{closure#0}
[INFO] [stdout]   14:     0x5f2d30462ff3 - <tokio[4508f40078b59b08]::runtime::scheduler::current_thread::Context>::enter::<core[a373ad73a504971]::task::poll::Poll<()>, <tokio[4508f40078b59b08]::runtime::scheduler::current_thread::CoreGuard>::block_on<core[a373ad73a504971]::pin::Pin<&mut core[a373ad73a504971]::pin::Pin<&mut dyn core[a373ad73a504971]::future::future::Future<Output = ()>>>>::{closure#0}::{closure#0}>
[INFO] [stdout]   15:     0x5f2d304656e9 - <std[617be2ca0a6fd877]::thread::local::LocalKey<tokio[4508f40078b59b08]::runtime::context::Context>>::with::<tokio[4508f40078b59b08]::runtime::context::set_scheduler<(alloc[2e1b2a31b91974c5]::boxed::Box<tokio[4508f40078b59b08]::runtime::scheduler::current_thread::Core>, core[a373ad73a504971]::option::Option<()>), <tokio[4508f40078b59b08]::runtime::scheduler::current_thread::CoreGuard>::enter<<tokio[4508f40078b59b08]::runtime::scheduler::current_thread::CoreGuard>::block_on<core[a373ad73a504971]::pin::Pin<&mut core[a373ad73a504971]::pin::Pin<&mut dyn core[a373ad73a504971]::future::future::Future<Output = ()>>>>::{closure#0}, core[a373ad73a504971]::option::Option<()>>::{closure#0}>::{closure#0}, (alloc[2e1b2a31b91974c5]::boxed::Box<tokio[4508f40078b59b08]::runtime::scheduler::current_thread::Core>, core[a373ad73a504971]::option::Option<()>)>
[INFO] [stdout]   16:     0x5f2d30463327 - <tokio[4508f40078b59b08]::runtime::scheduler::current_thread::CoreGuard>::block_on::<core[a373ad73a504971]::pin::Pin<&mut core[a373ad73a504971]::pin::Pin<&mut dyn core[a373ad73a504971]::future::future::Future<Output = ()>>>>
[INFO] [stdout]   17:     0x5f2d30461ea0 - tokio[4508f40078b59b08]::runtime::context::runtime::enter_runtime::<<tokio[4508f40078b59b08]::runtime::scheduler::current_thread::CurrentThread>::block_on<core[a373ad73a504971]::pin::Pin<&mut dyn core[a373ad73a504971]::future::future::Future<Output = ()>>>::{closure#0}, ()>
[INFO] [stdout]   18:     0x5f2d304607aa - <tokio[4508f40078b59b08]::runtime::runtime::Runtime>::block_on::<core[a373ad73a504971]::pin::Pin<&mut dyn core[a373ad73a504971]::future::future::Future<Output = ()>>>
[INFO] [stdout]   19:     0x5f2d304559fe - <api_key_test[77428a946eae6b0c]::test_get_api_keys::{closure#0} as core[a373ad73a504971]::ops::function::FnOnce<()>>::call_once
[INFO] [stdout]   20:     0x5f2d3047275b - test[aada8e7e76ba119b]::__rust_begin_short_backtrace::<core[a373ad73a504971]::result::Result<(), alloc[2e1b2a31b91974c5]::string::String>, fn() -> core[a373ad73a504971]::result::Result<(), alloc[2e1b2a31b91974c5]::string::String>>
[INFO] [stdout]   21:     0x5f2d3047f935 - test[aada8e7e76ba119b]::run_test::{closure#0}
[INFO] [stdout]   22:     0x5f2d30479224 - std[617be2ca0a6fd877]::sys::backtrace::__rust_begin_short_backtrace::<test[aada8e7e76ba119b]::run_test::{closure#1}, ()>
[INFO] [stdout]   23:     0x5f2d304829c2 - <std[617be2ca0a6fd877]::thread::lifecycle::spawn_unchecked<test[aada8e7e76ba119b]::run_test::{closure#1}, ()>::{closure#1} as core[a373ad73a504971]::ops::function::FnOnce<()>>::call_once::{shim:vtable#0}
[INFO] [stdout]   24:     0x5f2d307475ef - <std[617be2ca0a6fd877]::sys::thread::unix::Thread>::new::thread_start
[INFO] [stdout]   25:     0x7c9fbfe9edfa - <unknown>
[INFO] [stdout]   26:     0x7c9fbff323d4 - clone
[INFO] [stdout]   27:                0x0 - <unknown>
[INFO] [stdout] 
[INFO] [stdout] ---- test_get_closed_only_mode stdout ----
[INFO] [stdout] 
[INFO] [stdout] thread 'test_get_closed_only_mode' (4096) panicked at tests/common/mod.rs:81:29:
[INFO] [stdout] PK must be set: NotPresent
[INFO] [stdout] stack backtrace:
[INFO] [stdout]    0:     0x5f2d30748141 - <<std[617be2ca0a6fd877]::sys::backtrace::BacktraceLock>::print::DisplayBacktrace as core[a373ad73a504971]::fmt::Display>::fmt
[INFO] [stdout]    1:     0x5f2d3075e89a - core[a373ad73a504971]::fmt::write
[INFO] [stdout]    2:     0x5f2d3074ca4c - <alloc[2e1b2a31b91974c5]::vec::Vec<u8> as core[a373ad73a504971]::io::write::Write>::write_fmt
[INFO] [stdout]    3:     0x5f2d30723186 - std[617be2ca0a6fd877]::panicking::default_hook::{closure#0}
[INFO] [stdout]    4:     0x5f2d30740029 - std[617be2ca0a6fd877]::panicking::default_hook
[INFO] [stdout]    5:     0x5f2d3047f310 - test[aada8e7e76ba119b]::test_main_inner::{closure#0}
[INFO] [stdout]    6:     0x5f2d30740352 - std[617be2ca0a6fd877]::panicking::panic_with_hook
[INFO] [stdout]    7:     0x5f2d30723232 - std[617be2ca0a6fd877]::panicking::panic_handler::{closure#0}
[INFO] [stdout]    8:     0x5f2d3071bc29 - std[617be2ca0a6fd877]::sys::backtrace::__rust_end_short_backtrace::<std[617be2ca0a6fd877]::panicking::panic_handler::{closure#0}, !>
[INFO] [stdout]    9:     0x5f2d307240cd - __rustc[ea4f61d10b84890b]::rust_begin_unwind
[INFO] [stdout]   10:     0x5f2d3075effc - core[a373ad73a504971]::panicking::panic_fmt
[INFO] [stdout]   11:     0x5f2d3075edd2 - core[a373ad73a504971]::result::unwrap_failed
[INFO] [stdout]   12:     0x5f2d3045f6c0 - api_key_test[77428a946eae6b0c]::common::create_test_client_with_api_key
[INFO] [stdout]   13:     0x5f2d3044dc3c - api_key_test[77428a946eae6b0c]::test_get_closed_only_mode::{closure#0}
[INFO] [stdout]   14:     0x5f2d30462ff3 - <tokio[4508f40078b59b08]::runtime::scheduler::current_thread::Context>::enter::<core[a373ad73a504971]::task::poll::Poll<()>, <tokio[4508f40078b59b08]::runtime::scheduler::current_thread::CoreGuard>::block_on<core[a373ad73a504971]::pin::Pin<&mut core[a373ad73a504971]::pin::Pin<&mut dyn core[a373ad73a504971]::future::future::Future<Output = ()>>>>::{closure#0}::{closure#0}>
[INFO] [stdout]   15:     0x5f2d304656e9 - <std[617be2ca0a6fd877]::thread::local::LocalKey<tokio[4508f40078b59b08]::runtime::context::Context>>::with::<tokio[4508f40078b59b08]::runtime::context::set_scheduler<(alloc[2e1b2a31b91974c5]::boxed::Box<tokio[4508f40078b59b08]::runtime::scheduler::current_thread::Core>, core[a373ad73a504971]::option::Option<()>), <tokio[4508f40078b59b08]::runtime::scheduler::current_thread::CoreGuard>::enter<<tokio[4508f40078b59b08]::runtime::scheduler::current_thread::CoreGuard>::block_on<core[a373ad73a504971]::pin::Pin<&mut core[a373ad73a504971]::pin::Pin<&mut dyn core[a373ad73a504971]::future::future::Future<Output = ()>>>>::{closure#0}, core[a373ad73a504971]::option::Option<()>>::{closure#0}>::{closure#0}, (alloc[2e1b2a31b91974c5]::boxed::Box<tokio[4508f40078b59b08]::runtime::scheduler::current_thread::Core>, core[a373ad73a504971]::option::Option<()>)>
[INFO] [stdout]   16:     0x5f2d30463327 - <tokio[4508f40078b59b08]::runtime::scheduler::current_thread::CoreGuard>::block_on::<core[a373ad73a504971]::pin::Pin<&mut core[a373ad73a504971]::pin::Pin<&mut dyn core[a373ad73a504971]::future::future::Future<Output = ()>>>>
[INFO] [stdout]   17:     0x5f2d30461ea0 - tokio[4508f40078b59b08]::runtime::context::runtime::enter_runtime::<<tokio[4508f40078b59b08]::runtime::scheduler::current_thread::CurrentThread>::block_on<core[a373ad73a504971]::pin::Pin<&mut dyn core[a373ad73a504971]::future::future::Future<Output = ()>>>::{closure#0}, ()>
[INFO] [stdout]   18:     0x5f2d304607aa - <tokio[4508f40078b59b08]::runtime::runtime::Runtime>::block_on::<core[a373ad73a504971]::pin::Pin<&mut dyn core[a373ad73a504971]::future::future::Future<Output = ()>>>
[INFO] [stdout]   19:     0x5f2d3045601e - <api_key_test[77428a946eae6b0c]::test_get_closed_only_mode::{closure#0} as core[a373ad73a504971]::ops::function::FnOnce<()>>::call_once
[INFO] [stdout]   20:     0x5f2d3047275b - test[aada8e7e76ba119b]::__rust_begin_short_backtrace::<core[a373ad73a504971]::result::Result<(), alloc[2e1b2a31b91974c5]::string::String>, fn() -> core[a373ad73a504971]::result::Result<(), alloc[2e1b2a31b91974c5]::string::String>>
[INFO] [stdout]   21:     0x5f2d3047f935 - test[aada8e7e76ba119b]::run_test::{closure#0}
[INFO] [stdout]   22:     0x5f2d30479224 - std[617be2ca0a6fd877]::sys::backtrace::__rust_begin_short_backtrace::<test[aada8e7e76ba119b]::run_test::{closure#1}, ()>
[INFO] [stdout]   23:     0x5f2d304829c2 - <std[617be2ca0a6fd877]::thread::lifecycle::spawn_unchecked<test[aada8e7e76ba119b]::run_test::{closure#1}, ()>::{closure#1} as core[a373ad73a504971]::ops::function::FnOnce<()>>::call_once::{shim:vtable#0}
[INFO] [stdout]   24:     0x5f2d307475ef - <std[617be2ca0a6fd877]::sys::thread::unix::Thread>::new::thread_start
[INFO] [stdout]   25:     0x7c9fbfe9edfa - <unknown>
[INFO] [stdout]   26:     0x7c9fbff323d4 - clone
[INFO] [stdout]   27:                0x0 - <unknown>
[INFO] [stdout] 
[INFO] [stdout] ---- test_create_or_derive_api_key stdout ----
[INFO] [stdout] 
[INFO] [stdout] thread 'test_create_or_derive_api_key' (4092) panicked at tests/common/mod.rs:41:29:
[INFO] [stdout] PK must be set: NotPresent
[INFO] [stdout] stack backtrace:
[INFO] [stdout]    0:     0x5f2d30748141 - <<std[617be2ca0a6fd877]::sys::backtrace::BacktraceLock>::print::DisplayBacktrace as core[a373ad73a504971]::fmt::Display>::fmt
[INFO] [stdout]    1:     0x5f2d3075e89a - core[a373ad73a504971]::fmt::write
[INFO] [stdout]    2:     0x5f2d3074ca4c - <alloc[2e1b2a31b91974c5]::vec::Vec<u8> as core[a373ad73a504971]::io::write::Write>::write_fmt
[INFO] [stdout]    3:     0x5f2d30723186 - std[617be2ca0a6fd877]::panicking::default_hook::{closure#0}
[INFO] [stdout]    4:     0x5f2d30740029 - std[617be2ca0a6fd877]::panicking::default_hook
[INFO] [stdout]    5:     0x5f2d3047f310 - test[aada8e7e76ba119b]::test_main_inner::{closure#0}
[INFO] [stdout]    6:     0x5f2d30740352 - std[617be2ca0a6fd877]::panicking::panic_with_hook
[INFO] [stdout]    7:     0x5f2d30723232 - std[617be2ca0a6fd877]::panicking::panic_handler::{closure#0}
[INFO] [stdout]    8:     0x5f2d3071bc29 - std[617be2ca0a6fd877]::sys::backtrace::__rust_end_short_backtrace::<std[617be2ca0a6fd877]::panicking::panic_handler::{closure#0}, !>
[INFO] [stdout]    9:     0x5f2d307240cd - __rustc[ea4f61d10b84890b]::rust_begin_unwind
[INFO] [stdout]   10:     0x5f2d3075effc - core[a373ad73a504971]::panicking::panic_fmt
[INFO] [stdout]   11:     0x5f2d3075edd2 - core[a373ad73a504971]::result::unwrap_failed
[INFO] [stdout]   12:     0x5f2d3045eb4a - api_key_test[77428a946eae6b0c]::common::create_test_client_with_wallet
[INFO] [stdout]   13:     0x5f2d3044f956 - api_key_test[77428a946eae6b0c]::test_create_or_derive_api_key::{closure#0}
[INFO] [stdout]   14:     0x5f2d30462ff3 - <tokio[4508f40078b59b08]::runtime::scheduler::current_thread::Context>::enter::<core[a373ad73a504971]::task::poll::Poll<()>, <tokio[4508f40078b59b08]::runtime::scheduler::current_thread::CoreGuard>::block_on<core[a373ad73a504971]::pin::Pin<&mut core[a373ad73a504971]::pin::Pin<&mut dyn core[a373ad73a504971]::future::future::Future<Output = ()>>>>::{closure#0}::{closure#0}>
[INFO] [stdout]   15:     0x5f2d304656e9 - <std[617be2ca0a6fd877]::thread::local::LocalKey<tokio[4508f40078b59b08]::runtime::context::Context>>::with::<tokio[4508f40078b59b08]::runtime::context::set_scheduler<(alloc[2e1b2a31b91974c5]::boxed::Box<tokio[4508f40078b59b08]::runtime::scheduler::current_thread::Core>, core[a373ad73a504971]::option::Option<()>), <tokio[4508f40078b59b08]::runtime::scheduler::current_thread::CoreGuard>::enter<<tokio[4508f40078b59b08]::runtime::scheduler::current_thread::CoreGuard>::block_on<core[a373ad73a504971]::pin::Pin<&mut core[a373ad73a504971]::pin::Pin<&mut dyn core[a373ad73a504971]::future::future::Future<Output = ()>>>>::{closure#0}, core[a373ad73a504971]::option::Option<()>>::{closure#0}>::{closure#0}, (alloc[2e1b2a31b91974c5]::boxed::Box<tokio[4508f40078b59b08]::runtime::scheduler::current_thread::Core>, core[a373ad73a504971]::option::Option<()>)>
[INFO] [stdout]   16:     0x5f2d30463327 - <tokio[4508f40078b59b08]::runtime::scheduler::current_thread::CoreGuard>::block_on::<core[a373ad73a504971]::pin::Pin<&mut core[a373ad73a504971]::pin::Pin<&mut dyn core[a373ad73a504971]::future::future::Future<Output = ()>>>>
[INFO] [stdout]   17:     0x5f2d30461ea0 - tokio[4508f40078b59b08]::runtime::context::runtime::enter_runtime::<<tokio[4508f40078b59b08]::runtime::scheduler::current_thread::CurrentThread>::block_on<core[a373ad73a504971]::pin::Pin<&mut dyn core[a373ad73a504971]::future::future::Future<Output = ()>>>::{closure#0}, ()>
[INFO] [stdout]   18:     0x5f2d304607aa - <tokio[4508f40078b59b08]::runtime::runtime::Runtime>::block_on::<core[a373ad73a504971]::pin::Pin<&mut dyn core[a373ad73a504971]::future::future::Future<Output = ()>>>
[INFO] [stdout]   19:     0x5f2d304561ce - <api_key_test[77428a946eae6b0c]::test_create_or_derive_api_key::{closure#0} as core[a373ad73a504971]::ops::function::FnOnce<()>>::call_once
[INFO] [stdout]   20:     0x5f2d3047275b - test[aada8e7e76ba119b]::__rust_begin_short_backtrace::<core[a373ad73a504971]::result::Result<(), alloc[2e1b2a31b91974c5]::string::String>, fn() -> core[a373ad73a504971]::result::Result<(), alloc[2e1b2a31b91974c5]::string::String>>
[INFO] [stdout]   21:     0x5f2d3047f935 - test[aada8e7e76ba119b]::run_test::{closure#0}
[INFO] [stdout]   22:     0x5f2d30479224 - std[617be2ca0a6fd877]::sys::backtrace::__rust_begin_short_backtrace::<test[aada8e7e76ba119b]::run_test::{closure#1}, ()>
[INFO] [stdout]   23:     0x5f2d304829c2 - <std[617be2ca0a6fd877]::thread::lifecycle::spawn_unchecked<test[aada8e7e76ba119b]::run_test::{closure#1}, ()>::{closure#1} as core[a373ad73a504971]::ops::function::FnOnce<()>>::call_once::{shim:vtable#0}
[INFO] [stdout]   24:     0x5f2d307475ef - <std[617be2ca0a6fd877]::sys::thread::unix::Thread>::new::thread_start
[INFO] [stdout]   25:     0x7c9fbfe9edfa - <unknown>
[INFO] [stdout]   26:     0x7c9fbff323d4 - clone
[INFO] [stdout]   27:                0x0 - <unknown>
[INFO] [stdout] 
[INFO] [stdout] ---- test_derive_api_key stdout ----
[INFO] [stdout] 
[INFO] [stdout] thread 'test_derive_api_key' (4094) panicked at tests/common/mod.rs:41:29:
[INFO] [stdout] PK must be set: NotPresent
[INFO] [stdout] stack backtrace:
[INFO] [stdout]    0:     0x5f2d30748141 - <<std[617be2ca0a6fd877]::sys::backtrace::BacktraceLock>::print::DisplayBacktrace as core[a373ad73a504971]::fmt::Display>::fmt
[INFO] [stdout]    1:     0x5f2d3075e89a - core[a373ad73a504971]::fmt::write
[INFO] [stdout]    2:     0x5f2d3074ca4c - <alloc[2e1b2a31b91974c5]::vec::Vec<u8> as core[a373ad73a504971]::io::write::Write>::write_fmt
[INFO] [stdout]    3:     0x5f2d30723186 - std[617be2ca0a6fd877]::panicking::default_hook::{closure#0}
[INFO] [stdout]    4:     0x5f2d30740029 - std[617be2ca0a6fd877]::panicking::default_hook
[INFO] [stdout]    5:     0x5f2d3047f310 - test[aada8e7e76ba119b]::test_main_inner::{closure#0}
[INFO] [stdout]    6:     0x5f2d30740352 - std[617be2ca0a6fd877]::panicking::panic_with_hook
[INFO] [stdout]    7:     0x5f2d30723232 - std[617be2ca0a6fd877]::panicking::panic_handler::{closure#0}
[INFO] [stdout]    8:     0x5f2d3071bc29 - std[617be2ca0a6fd877]::sys::backtrace::__rust_end_short_backtrace::<std[617be2ca0a6fd877]::panicking::panic_handler::{closure#0}, !>
[INFO] [stdout]    9:     0x5f2d307240cd - __rustc[ea4f61d10b84890b]::rust_begin_unwind
[INFO] [stdout]   10:     0x5f2d3075effc - core[a373ad73a504971]::panicking::panic_fmt
[INFO] [stdout]   11:     0x5f2d3075edd2 - core[a373ad73a504971]::result::unwrap_failed
[INFO] [stdout]   12:     0x5f2d3045eb4a - api_key_test[77428a946eae6b0c]::common::create_test_client_with_wallet
[INFO] [stdout]   13:     0x5f2d3044d892 - api_key_test[77428a946eae6b0c]::test_derive_api_key::{closure#0}
[INFO] [stdout]   14:     0x5f2d30462ff3 - <tokio[4508f40078b59b08]::runtime::scheduler::current_thread::Context>::enter::<core[a373ad73a504971]::task::poll::Poll<()>, <tokio[4508f40078b59b08]::runtime::scheduler::current_thread::CoreGuard>::block_on<core[a373ad73a504971]::pin::Pin<&mut core[a373ad73a504971]::pin::Pin<&mut dyn core[a373ad73a504971]::future::future::Future<Output = ()>>>>::{closure#0}::{closure#0}>
[INFO] [stdout]   15:     0x5f2d304656e9 - <std[617be2ca0a6fd877]::thread::local::LocalKey<tokio[4508f40078b59b08]::runtime::context::Context>>::with::<tokio[4508f40078b59b08]::runtime::context::set_scheduler<(alloc[2e1b2a31b91974c5]::boxed::Box<tokio[4508f40078b59b08]::runtime::scheduler::current_thread::Core>, core[a373ad73a504971]::option::Option<()>), <tokio[4508f40078b59b08]::runtime::scheduler::current_thread::CoreGuard>::enter<<tokio[4508f40078b59b08]::runtime::scheduler::current_thread::CoreGuard>::block_on<core[a373ad73a504971]::pin::Pin<&mut core[a373ad73a504971]::pin::Pin<&mut dyn core[a373ad73a504971]::future::future::Future<Output = ()>>>>::{closure#0}, core[a373ad73a504971]::option::Option<()>>::{closure#0}>::{closure#0}, (alloc[2e1b2a31b91974c5]::boxed::Box<tokio[4508f40078b59b08]::runtime::scheduler::current_thread::Core>, core[a373ad73a504971]::option::Option<()>)>
[INFO] [stdout]   16:     0x5f2d30463327 - <tokio[4508f40078b59b08]::runtime::scheduler::current_thread::CoreGuard>::block_on::<core[a373ad73a504971]::pin::Pin<&mut core[a373ad73a504971]::pin::Pin<&mut dyn core[a373ad73a504971]::future::future::Future<Output = ()>>>>
[INFO] [stdout]   17:     0x5f2d30461ea0 - tokio[4508f40078b59b08]::runtime::context::runtime::enter_runtime::<<tokio[4508f40078b59b08]::runtime::scheduler::current_thread::CurrentThread>::block_on<core[a373ad73a504971]::pin::Pin<&mut dyn core[a373ad73a504971]::future::future::Future<Output = ()>>>::{closure#0}, ()>
[INFO] [stdout]   18:     0x5f2d304607aa - <tokio[4508f40078b59b08]::runtime::runtime::Runtime>::block_on::<core[a373ad73a504971]::pin::Pin<&mut dyn core[a373ad73a504971]::future::future::Future<Output = ()>>>
[INFO] [stdout]   19:     0x5f2d30455ebe - <api_key_test[77428a946eae6b0c]::test_derive_api_key::{closure#0} as core[a373ad73a504971]::ops::function::FnOnce<()>>::call_once
[INFO] [stdout]   20:     0x5f2d3047275b - test[aada8e7e76ba119b]::__rust_begin_short_backtrace::<core[a373ad73a504971]::result::Result<(), alloc[2e1b2a31b91974c5]::string::String>, fn() -> core[a373ad73a504971]::result::Result<(), alloc[2e1b2a31b91974c5]::string::String>>
[INFO] [stdout]   21:     0x5f2d3047f935 - test[aada8e7e76ba119b]::run_test::{closure#0}
[INFO] [stdout]   22:     0x5f2d30479224 - std[617be2ca0a6fd877]::sys::backtrace::__rust_begin_short_backtrace::<test[aada8e7e76ba119b]::run_test::{closure#1}, ()>
[INFO] [stdout]   23:     0x5f2d304829c2 - <std[617be2ca0a6fd877]::thread::lifecycle::spawn_unchecked<test[aada8e7e76ba119b]::run_test::{closure#1}, ()>::{closure#1} as core[a373ad73a504971]::ops::function::FnOnce<()>>::call_once::{shim:vtable#0}
[INFO] [stdout]   24:     0x5f2d307475ef - <std[617be2ca0a6fd877]::sys::thread::unix::Thread>::new::thread_start
[INFO] [stdout]   25:     0x7c9fbfe9edfa - <unknown>
[INFO] [stdout]   26:     0x7c9fbff323d4 - clone
[INFO] [stdout]   27:                0x0 - <unknown>
[INFO] [stdout] 
[INFO] [stdout] ---- test_delete_api_key stdout ----
[INFO] [stdout] 
[INFO] [stdout] thread 'test_delete_api_key' (4093) panicked at tests/common/mod.rs:81:29:
[INFO] [stdout] PK must be set: NotPresent
[INFO] [stdout] stack backtrace:
[INFO] [stdout]    0:     0x5f2d30748141 - <<std[617be2ca0a6fd877]::sys::backtrace::BacktraceLock>::print::DisplayBacktrace as core[a373ad73a504971]::fmt::Display>::fmt
[INFO] [stdout]    1:     0x5f2d3075e89a - core[a373ad73a504971]::fmt::write
[INFO] [stdout]    2:     0x5f2d3074ca4c - <alloc[2e1b2a31b91974c5]::vec::Vec<u8> as core[a373ad73a504971]::io::write::Write>::write_fmt
[INFO] [stdout]    3:     0x5f2d30723186 - std[617be2ca0a6fd877]::panicking::default_hook::{closure#0}
[INFO] [stdout]    4:     0x5f2d30740029 - std[617be2ca0a6fd877]::panicking::default_hook
[INFO] [stdout]    5:     0x5f2d3047f310 - test[aada8e7e76ba119b]::test_main_inner::{closure#0}
[INFO] [stdout]    6:     0x5f2d30740352 - std[617be2ca0a6fd877]::panicking::panic_with_hook
[INFO] [stdout]    7:     0x5f2d30723232 - std[617be2ca0a6fd877]::panicking::panic_handler::{closure#0}
[INFO] [stdout]    8:     0x5f2d3071bc29 - std[617be2ca0a6fd877]::sys::backtrace::__rust_end_short_backtrace::<std[617be2ca0a6fd877]::panicking::panic_handler::{closure#0}, !>
[INFO] [stdout]    9:     0x5f2d307240cd - __rustc[ea4f61d10b84890b]::rust_begin_unwind
[INFO] [stdout]   10:     0x5f2d3075effc - core[a373ad73a504971]::panicking::panic_fmt
[INFO] [stdout]   11:     0x5f2d3075edd2 - core[a373ad73a504971]::result::unwrap_failed
[INFO] [stdout]   12:     0x5f2d3045f6c0 - api_key_test[77428a946eae6b0c]::common::create_test_client_with_api_key
[INFO] [stdout]   13:     0x5f2d3044b55d - api_key_test[77428a946eae6b0c]::test_delete_api_key::{closure#0}
[INFO] [stdout]   14:     0x5f2d30462ff3 - <tokio[4508f40078b59b08]::runtime::scheduler::current_thread::Context>::enter::<core[a373ad73a504971]::task::poll::Poll<()>, <tokio[4508f40078b59b08]::runtime::scheduler::current_thread::CoreGuard>::block_on<core[a373ad73a504971]::pin::Pin<&mut core[a373ad73a504971]::pin::Pin<&mut dyn core[a373ad73a504971]::future::future::Future<Output = ()>>>>::{closure#0}::{closure#0}>
[INFO] [stdout]   15:     0x5f2d304656e9 - <std[617be2ca0a6fd877]::thread::local::LocalKey<tokio[4508f40078b59b08]::runtime::context::Context>>::with::<tokio[4508f40078b59b08]::runtime::context::set_scheduler<(alloc[2e1b2a31b91974c5]::boxed::Box<tokio[4508f40078b59b08]::runtime::scheduler::current_thread::Core>, core[a373ad73a504971]::option::Option<()>), <tokio[4508f40078b59b08]::runtime::scheduler::current_thread::CoreGuard>::enter<<tokio[4508f40078b59b08]::runtime::scheduler::current_thread::CoreGuard>::block_on<core[a373ad73a504971]::pin::Pin<&mut core[a373ad73a504971]::pin::Pin<&mut dyn core[a373ad73a504971]::future::future::Future<Output = ()>>>>::{closure#0}, core[a373ad73a504971]::option::Option<()>>::{closure#0}>::{closure#0}, (alloc[2e1b2a31b91974c5]::boxed::Box<tokio[4508f40078b59b08]::runtime::scheduler::current_thread::Core>, core[a373ad73a504971]::option::Option<()>)>
[INFO] [stdout]   16:     0x5f2d30463327 - <tokio[4508f40078b59b08]::runtime::scheduler::current_thread::CoreGuard>::block_on::<core[a373ad73a504971]::pin::Pin<&mut core[a373ad73a504971]::pin::Pin<&mut dyn core[a373ad73a504971]::future::future::Future<Output = ()>>>>
[INFO] [stdout]   17:     0x5f2d30461ea0 - tokio[4508f40078b59b08]::runtime::context::runtime::enter_runtime::<<tokio[4508f40078b59b08]::runtime::scheduler::current_thread::CurrentThread>::block_on<core[a373ad73a504971]::pin::Pin<&mut dyn core[a373ad73a504971]::future::future::Future<Output = ()>>>::{closure#0}, ()>
[INFO] [stdout]   18:     0x5f2d304607aa - <tokio[4508f40078b59b08]::runtime::runtime::Runtime>::block_on::<core[a373ad73a504971]::pin::Pin<&mut dyn core[a373ad73a504971]::future::future::Future<Output = ()>>>
[INFO] [stdout]   19:     0x5f2d30455d0e - <api_key_test[77428a946eae6b0c]::test_delete_api_key::{closure#0} as core[a373ad73a504971]::ops::function::FnOnce<()>>::call_once
[INFO] [stdout]   20:     0x5f2d3047275b - test[aada8e7e76ba119b]::__rust_begin_short_backtrace::<core[a373ad73a504971]::result::Result<(), alloc[2e1b2a31b91974c5]::string::String>, fn() -> core[a373ad73a504971]::result::Result<(), alloc[2e1b2a31b91974c5]::string::String>>
[INFO] [stdout]   21:     0x5f2d3047f935 - test[aada8e7e76ba119b]::run_test::{closure#0}
[INFO] [stdout]   22:     0x5f2d30479224 - std[617be2ca0a6fd877]::sys::backtrace::__rust_begin_short_backtrace::<test[aada8e7e76ba119b]::run_test::{closure#1}, ()>
[INFO] [stdout]   23:     0x5f2d304829c2 - <std[617be2ca0a6fd877]::thread::lifecycle::spawn_unchecked<test[aada8e7e76ba119b]::run_test::{closure#1}, ()>::{closure#1} as core[a373ad73a504971]::ops::function::FnOnce<()>>::call_once::{shim:vtable#0}
[INFO] [stdout]   24:     0x5f2d307475ef - <std[617be2ca0a6fd877]::sys::thread::unix::Thread>::new::thread_start
[INFO] [stdout]   25:     0x7c9fbfe9edfa - <unknown>
[INFO] [stdout]   26:     0x7c9fbff323d4 - clone
[INFO] [stdout]   27:                0x0 - <unknown>
[INFO] [stdout] 
[INFO] [stdout] 
[INFO] [stdout] failures:
[INFO] [stdout]     test_create_api_key
[INFO] [stdout]     test_create_or_derive_api_key
[INFO] [stdout]     test_delete_api_key
[INFO] [stdout]     test_derive_api_key
[INFO] [stdout]     test_get_api_keys
[INFO] [stdout]     test_get_closed_only_mode
[INFO] [stdout] 
[INFO] [stdout] test result: FAILED. 0 passed; 6 failed; 0 ignored; 0 measured; 0 filtered out; finished in 0.01s
[INFO] [stdout] 
[INFO] [stderr] error: test failed, to rerun pass `--test api_key_test`
[INFO] running `Command { std: "docker" "inspect" "88a3a23eca65c3c6225ac62e34890213251572c69a6a26b9d1c2eaae27eba16b", kill_on_drop: false }`
[INFO] running `Command { std: "docker" "rm" "-f" "88a3a23eca65c3c6225ac62e34890213251572c69a6a26b9d1c2eaae27eba16b", kill_on_drop: false }`
[INFO] [stdout] 88a3a23eca65c3c6225ac62e34890213251572c69a6a26b9d1c2eaae27eba16b
