[INFO] fetching crate rrdpit 0.1.2...
[INFO] testing rrdpit-0.1.2 against 1.99.0-beta.8+cargoflags=--release for beta-release-1.100-2
[INFO] extracting crate rrdpit 0.1.2 into /workspace/builds/worker-5-tc1/source
[INFO] started tweaking crates.io crate rrdpit 0.1.2
[INFO] finished tweaking crates.io crate rrdpit 0.1.2
[INFO] tweaked toml for crates.io crate rrdpit 0.1.2 written to /workspace/builds/worker-5-tc1/source/Cargo.toml
[INFO] validating manifest of crates.io crate rrdpit 0.1.2 on toolchain 1.99.0-beta.8
[INFO] running `Command { std: CARGO_HOME="/workspace/cargo-home" RUSTUP_HOME="/workspace/rustup-home" "/workspace/cargo-home/bin/cargo" "+1.99.0-beta.8" "metadata" "--manifest-path" "Cargo.toml" "--no-deps", kill_on_drop: false }`
[INFO] crate crates.io crate rrdpit 0.1.2 already has a lockfile, it will not be regenerated
[INFO] running `Command { std: CARGO_HOME="/workspace/cargo-home" RUSTUP_HOME="/workspace/rustup-home" "/workspace/cargo-home/bin/cargo" "+1.99.0-beta.8" "fetch" "--manifest-path" "Cargo.toml", kill_on_drop: false }`
[INFO] [stderr]     Blocking waiting for file lock on package cache
[INFO] [stderr]     Updating crates.io index
[INFO] [stderr]     Blocking waiting for file lock on package cache
[INFO] [stderr]  Downloading crates ...
[INFO] [stderr]   Downloaded xml-rs v1.0.0
[INFO] [stderr]   Downloaded wasm-bindgen v0.2.106
[INFO] [stderr]   Downloaded xml v1.2.1
[INFO] [stderr]   Downloaded wasm-bindgen-shared v0.2.106
[INFO] [stderr]   Downloaded wasm-bindgen-macro v0.2.106
[INFO] [stderr]   Downloaded is_terminal_polyfill v1.70.2
[INFO] [stderr]   Downloaded anstyle-wincon v3.0.11
[INFO] [stderr]   Downloaded colorchoice v1.0.4
[INFO] [stderr]   Downloaded once_cell_polyfill v1.70.2
[INFO] [stderr]   Downloaded clap_lex v0.7.6
[INFO] [stderr]   Downloaded utf8parse v0.2.2
[INFO] [stderr]   Downloaded anstyle-query v1.1.5
[INFO] [stderr]   Downloaded wasi v0.11.0+wasi-snapshot-preview1
[INFO] [stderr]   Downloaded anstyle v1.0.13
[INFO] [stderr]   Downloaded anstream v0.6.21
[INFO] [stderr]   Downloaded convert_case v0.10.0
[INFO] [stderr]   Downloaded anstyle-parse v0.2.7
[INFO] [stderr]   Downloaded quote v1.0.43
[INFO] [stderr]   Downloaded once_cell v1.21.3
[INFO] [stderr]   Downloaded getrandom v0.2.16
[INFO] [stderr]   Downloaded tempfile v3.24.0
[INFO] [stderr]   Downloaded uuid v1.20.0
[INFO] [stderr]   Downloaded wasm-bindgen-macro-support v0.2.106
[INFO] [stderr]   Downloaded bitflags v2.10.0
[INFO] [stderr]   Downloaded unicode-ident v1.0.22
[INFO] [stderr]   Downloaded wit-bindgen v0.46.0
[INFO] [stderr]   Downloaded proc-macro2 v1.0.105
[INFO] [stderr]   Downloaded clap v4.5.55
[INFO] [stderr]   Downloaded bytes v1.11.0
[INFO] [stderr]   Downloaded js-sys v0.3.83
[INFO] [stderr]   Downloaded derive_more v2.1.1
[INFO] [stderr]   Downloaded derive_more-impl v2.1.1
[INFO] [stderr]   Downloaded bumpalo v3.19.1
[INFO] [stderr]   Downloaded cc v1.2.25
[INFO] [stderr]   Downloaded wasip2 v1.0.1+wasi-0.2.4
[INFO] [stderr]   Downloaded clap_builder v4.5.55
[INFO] [stderr]   Downloaded syn v2.0.114
[INFO] [stderr]   Downloaded rustix v1.1.3
[INFO] [stderr]   Downloaded libc v0.2.180
[INFO] [stderr]   Downloaded linux-raw-sys v0.11.0
[INFO] running `Command { std: "docker" "create" "-v" "/var/lib/crater-agent-workspace/builds/worker-5-tc1/source:/opt/rustwide/workdir:ro,Z" "-v" "/var/lib/crater-agent-workspace/builds/worker-5-tc1/target:/opt/rustwide/target:rw,Z" "-v" "/var/lib/crater-agent-workspace/cargo-home:/opt/rustwide/cargo-home:ro,Z" "-v" "/var/lib/crater-agent-workspace/rustup-home:/opt/rustwide/rustup-home:ro,Z" "-m" "1610612736" "--network" "none" "ghcr.io/rust-lang/crates-build-env/linux@sha256:77db811e55d90add9212f6832c23229e3de5f1c1f9905e8cb07319ea15df73ac" "sleep" "infinity", kill_on_drop: false }`
[INFO] [stdout] b672df998180e156d426e4f39d6704f516293bba536df3359d39e21a060f6aec
[INFO] running `Command { std: "docker" "start" "b672df998180e156d426e4f39d6704f516293bba536df3359d39e21a060f6aec", kill_on_drop: false }`
[INFO] running `Command { std: "docker" "inspect" "b672df998180e156d426e4f39d6704f516293bba536df3359d39e21a060f6aec", kill_on_drop: false }`
[INFO] running `Command { std: "docker" "exec" "-e" "SOURCE_DIR=/opt/rustwide/workdir" "-e" "CARGO_HOME=/opt/rustwide/cargo-home" "-e" "RUSTUP_HOME=/opt/rustwide/rustup-home" "-e" "CARGO_TARGET_DIR=/opt/rustwide/target" "-w" "/opt/rustwide/workdir" "--user" "0:0" "b672df998180e156d426e4f39d6704f516293bba536df3359d39e21a060f6aec" "/opt/rustwide/cargo-home/bin/cargo" "+1.99.0-beta.8" "metadata" "--no-deps" "--format-version=1", kill_on_drop: false }`
[INFO] running `Command { std: "docker" "inspect" "b672df998180e156d426e4f39d6704f516293bba536df3359d39e21a060f6aec", kill_on_drop: false }`
[INFO] running `Command { std: "docker" "exec" "-e" "SOURCE_DIR=/opt/rustwide/workdir" "-e" "CARGO_HOME=/opt/rustwide/cargo-home" "-e" "RUSTUP_HOME=/opt/rustwide/rustup-home" "-e" "CARGO_TARGET_DIR=/opt/rustwide/target" "-e" "CARGO_INCREMENTAL=0" "-e" "RUST_BACKTRACE=full" "-e" "RUSTFLAGS=--cap-lints=warn" "-e" "RUSTDOCFLAGS=--cap-lints=warn" "-w" "/opt/rustwide/workdir" "--user" "0:0" "b672df998180e156d426e4f39d6704f516293bba536df3359d39e21a060f6aec" "/opt/rustwide/cargo-home/bin/cargo" "+1.99.0-beta.8" "build" "--frozen" "--message-format=json" "--release", kill_on_drop: false }`
[INFO] [stderr]    Compiling libc v0.2.180
[INFO] [stderr]    Compiling proc-macro2 v1.0.105
[INFO] [stderr]    Compiling quote v1.0.43
[INFO] [stderr]    Compiling unicode-ident v1.0.22
[INFO] [stderr]    Compiling utf8parse v0.2.2
[INFO] [stderr]    Compiling cfg-if v1.0.4
[INFO] [stderr]    Compiling shlex v1.3.0
[INFO] [stderr]    Compiling is_terminal_polyfill v1.70.2
[INFO] [stderr]    Compiling colorchoice v1.0.4
[INFO] [stderr]    Compiling getrandom v0.3.4
[INFO] [stderr]    Compiling anstyle-query v1.1.5
[INFO] [stderr]    Compiling unicode-segmentation v1.12.0
[INFO] [stderr]    Compiling anstyle v1.0.13
[INFO] [stderr]    Compiling clap_lex v0.7.6
[INFO] [stderr]    Compiling unicode-xid v0.2.6
[INFO] [stderr]    Compiling strsim v0.11.1
[INFO] [stderr]    Compiling anstyle-parse v0.2.7
[INFO] [stderr]    Compiling untrusted v0.9.0
[INFO] [stderr]    Compiling xml v1.2.1
[INFO] [stderr]    Compiling base64 v0.22.1
[INFO] [stderr]    Compiling hex v0.4.3
[INFO] [stderr]    Compiling bytes v1.11.0
[INFO] [stderr]    Compiling cc v1.2.25
[INFO] [stderr]    Compiling anstream v0.6.21
[INFO] [stderr]    Compiling clap_builder v4.5.55
[INFO] [stderr]    Compiling convert_case v0.10.0
[INFO] [stderr]    Compiling syn v2.0.114
[INFO] [stderr]    Compiling xml-rs v1.0.0
[INFO] [stderr]    Compiling ring v0.17.14
[INFO] [stderr]    Compiling getrandom v0.2.16
[INFO] [stderr]    Compiling uuid v1.20.0
[INFO] [stderr]    Compiling clap v4.5.55
[INFO] [stderr]    Compiling derive_more-impl v2.1.1
[INFO] [stderr]    Compiling derive_more v2.1.1
[INFO] [stderr]    Compiling rrdpit v0.1.2 (/opt/rustwide/workdir)
[INFO] [stderr]     Finished `release` profile [optimized] target(s) in 24.86s
[INFO] running `Command { std: "docker" "inspect" "b672df998180e156d426e4f39d6704f516293bba536df3359d39e21a060f6aec", kill_on_drop: false }`
[INFO] running `Command { std: "docker" "exec" "-e" "SOURCE_DIR=/opt/rustwide/workdir" "-e" "CARGO_HOME=/opt/rustwide/cargo-home" "-e" "RUSTUP_HOME=/opt/rustwide/rustup-home" "-e" "CARGO_TARGET_DIR=/opt/rustwide/target" "-e" "CARGO_INCREMENTAL=0" "-e" "RUST_BACKTRACE=full" "-e" "RUSTFLAGS=--cap-lints=warn" "-e" "RUSTDOCFLAGS=--cap-lints=warn" "-w" "/opt/rustwide/workdir" "--user" "0:0" "b672df998180e156d426e4f39d6704f516293bba536df3359d39e21a060f6aec" "/opt/rustwide/cargo-home/bin/cargo" "+1.99.0-beta.8" "test" "--frozen" "--no-run" "--message-format=json" "--release", kill_on_drop: false }`
[INFO] [stderr]    Compiling rustix v1.1.3
[INFO] [stderr]    Compiling bitflags v2.10.0
[INFO] [stderr]    Compiling linux-raw-sys v0.11.0
[INFO] [stderr]    Compiling once_cell v1.21.3
[INFO] [stderr]    Compiling fastrand v2.3.0
[INFO] [stderr]    Compiling tempfile v3.24.0
[INFO] [stderr]    Compiling rrdpit v0.1.2 (/opt/rustwide/workdir)
[INFO] [stderr]     Finished `release` profile [optimized] target(s) in 8.08s
[INFO] running `Command { std: "docker" "inspect" "b672df998180e156d426e4f39d6704f516293bba536df3359d39e21a060f6aec", kill_on_drop: false }`
[INFO] running `Command { std: "docker" "exec" "-e" "SOURCE_DIR=/opt/rustwide/workdir" "-e" "CARGO_HOME=/opt/rustwide/cargo-home" "-e" "RUSTUP_HOME=/opt/rustwide/rustup-home" "-e" "CARGO_TARGET_DIR=/opt/rustwide/target" "-e" "CARGO_INCREMENTAL=0" "-e" "RUST_BACKTRACE=full" "-e" "RUSTFLAGS=--cap-lints=warn" "-e" "RUSTDOCFLAGS=--cap-lints=warn" "-w" "/opt/rustwide/workdir" "--user" "0:0" "b672df998180e156d426e4f39d6704f516293bba536df3359d39e21a060f6aec" "/opt/rustwide/cargo-home/bin/cargo" "+1.99.0-beta.8" "test" "--frozen" "--release", kill_on_drop: false }`
[INFO] [stderr]     Finished `release` profile [optimized] target(s) in 0.07s
[INFO] [stderr]      Running unittests src/lib.rs (/opt/rustwide/target/release/deps/rrdpit-28692b51dd204fcd)
[INFO] [stdout] 
[INFO] [stdout] running 6 tests
[INFO] [stdout] test rrdp::tests::save_and_reload_current_state ... FAILED
[INFO] [stdout] test options::tests::parse_arguments ... ok
[INFO] [stdout] test sync::tests::should_scan_disk ... ok
[INFO] [stdout] test xml::tests::should_write_xml ... ok
[INFO] [stdout] test rrdp::tests::diff_snapshot ... ok
[INFO] [stdout] test rrdp::tests::save_and_reload_snapshot ... FAILED
[INFO] [stdout] 
[INFO] [stdout] failures:
[INFO] [stderr] error: test failed, to rerun pass `--lib`
[INFO] [stdout] 
[INFO] [stdout] ---- rrdp::tests::save_and_reload_current_state stdout ----
[INFO] [stdout] 
[INFO] [stdout] thread 'rrdp::tests::save_and_reload_current_state' (1053) panicked at src/rrdp.rs:876:38:
[INFO] [stdout] called `Result::unwrap()` on an `Err` value: Os { code: 30, kind: ReadOnlyFilesystem, message: "Read-only file system" }
[INFO] [stdout] stack backtrace:
[INFO] [stdout]    0:     0x599e53ae31b1 - <<std[70759c8f55707aa4]::sys::backtrace::BacktraceLock>::print::DisplayBacktrace as core[df12db4294e9bfd3]::fmt::Display>::fmt
[INFO] [stdout]    1:     0x599e53af781a - core[df12db4294e9bfd3]::fmt::write
[INFO] [stdout]    2:     0x599e53ae791c - <alloc[2182bb758b4b3781]::vec::Vec<u8> as core[df12db4294e9bfd3]::io::write::Write>::write_fmt
[INFO] [stdout]    3:     0x599e53abe206 - std[70759c8f55707aa4]::panicking::default_hook::{closure#0}
[INFO] [stdout]    4:     0x599e53adb039 - std[70759c8f55707aa4]::panicking::default_hook
[INFO] [stdout]    5:     0x599e53a5ae10 - test[9d35eded1c95d3be]::test_main_inner::<test[9d35eded1c95d3be]::test_main_static::{closure#0}>::{closure#0}
[INFO] [stdout]    6:     0x599e53adb1f2 - std[70759c8f55707aa4]::panicking::panic_with_hook
[INFO] [stdout]    7:     0x599e53abe2b2 - std[70759c8f55707aa4]::panicking::panic_handler::{closure#0}
[INFO] [stdout]    8:     0x599e53ab6e79 - std[70759c8f55707aa4]::sys::backtrace::__rust_end_short_backtrace::<std[70759c8f55707aa4]::panicking::panic_handler::{closure#0}, !>
[INFO] [stdout]    9:     0x599e53abeead - __rustc[8fa7c3cbc660c2b3]::rust_begin_unwind
[INFO] [stdout]   10:     0x599e53af7f4c - core[df12db4294e9bfd3]::panicking::panic_fmt
[INFO] [stdout]   11:     0x599e53af7d22 - core[df12db4294e9bfd3]::result::unwrap_failed
[INFO] [stdout]   12:     0x599e53a438af - <rrdpit[ab752a249ec66189]::rrdp::tests::save_and_reload_current_state::{closure#0} as core[df12db4294e9bfd3]::ops::function::FnOnce<()>>::call_once
[INFO] [stdout]   13:     0x599e53a4e0fb - test[9d35eded1c95d3be]::__rust_begin_short_backtrace::<core[df12db4294e9bfd3]::result::Result<(), alloc[2182bb758b4b3781]::string::String>, fn() -> core[df12db4294e9bfd3]::result::Result<(), alloc[2182bb758b4b3781]::string::String>>
[INFO] [stdout]   14:     0x599e53a5b765 - test[9d35eded1c95d3be]::run_test::{closure#0}
[INFO] [stdout]   15:     0x599e53a55024 - std[70759c8f55707aa4]::sys::backtrace::__rust_begin_short_backtrace::<test[9d35eded1c95d3be]::run_test::{closure#1}, ()>
[INFO] [stdout]   16:     0x599e53a5e8c2 - <std[70759c8f55707aa4]::thread::lifecycle::spawn_unchecked<test[9d35eded1c95d3be]::run_test::{closure#1}, ()>::{closure#1} as core[df12db4294e9bfd3]::ops::function::FnOnce<()>>::call_once::{shim:vtable#0}
[INFO] [stdout]   17:     0x599e53ae2a89 - <std[70759c8f55707aa4]::sys::thread::unix::Thread>::new::thread_start
[INFO] [stdout]   18:     0x79aad7958dfa - <unknown>
[INFO] [stdout]   19:     0x79aad79ec3d4 - clone
[INFO] [stdout]   20:                0x0 - <unknown>
[INFO] [stdout] 
[INFO] [stdout] ---- rrdp::tests::save_and_reload_snapshot stdout ----
[INFO] [stdout] 
[INFO] [stdout] thread 'rrdp::tests::save_and_reload_snapshot' (1054) panicked at src/rrdp.rs:828:43:
[INFO] [stdout] called `Result::unwrap()` on an `Err` value: Os { code: 30, kind: ReadOnlyFilesystem, message: "Read-only file system" }
[INFO] [stdout] stack backtrace:
[INFO] [stdout]    0:     0x599e53ae31b1 - <<std[70759c8f55707aa4]::sys::backtrace::BacktraceLock>::print::DisplayBacktrace as core[df12db4294e9bfd3]::fmt::Display>::fmt
[INFO] [stdout]    1:     0x599e53af781a - core[df12db4294e9bfd3]::fmt::write
[INFO] [stdout]    2:     0x599e53ae791c - <alloc[2182bb758b4b3781]::vec::Vec<u8> as core[df12db4294e9bfd3]::io::write::Write>::write_fmt
[INFO] [stdout]    3:     0x599e53abe206 - std[70759c8f55707aa4]::panicking::default_hook::{closure#0}
[INFO] [stdout]    4:     0x599e53adb039 - std[70759c8f55707aa4]::panicking::default_hook
[INFO] [stdout]    5:     0x599e53a5ae10 - test[9d35eded1c95d3be]::test_main_inner::<test[9d35eded1c95d3be]::test_main_static::{closure#0}>::{closure#0}
[INFO] [stdout]    6:     0x599e53adb1f2 - std[70759c8f55707aa4]::panicking::panic_with_hook
[INFO] [stdout]    7:     0x599e53abe2b2 - std[70759c8f55707aa4]::panicking::panic_handler::{closure#0}
[INFO] [stdout]    8:     0x599e53ab6e79 - std[70759c8f55707aa4]::sys::backtrace::__rust_end_short_backtrace::<std[70759c8f55707aa4]::panicking::panic_handler::{closure#0}, !>
[INFO] [stdout]    9:     0x599e53abeead - __rustc[8fa7c3cbc660c2b3]::rust_begin_unwind
[INFO] [stdout]   10:     0x599e53af7f4c - core[df12db4294e9bfd3]::panicking::panic_fmt
[INFO] [stdout]   11:     0x599e53af7d22 - core[df12db4294e9bfd3]::result::unwrap_failed
[INFO] [stdout]   12:     0x599e53a42488 - <rrdpit[ab752a249ec66189]::rrdp::tests::save_and_reload_snapshot::{closure#0} as core[df12db4294e9bfd3]::ops::function::FnOnce<()>>::call_once
[INFO] [stdout]   13:     0x599e53a4e0fb - test[9d35eded1c95d3be]::__rust_begin_short_backtrace::<core[df12db4294e9bfd3]::result::Result<(), alloc[2182bb758b4b3781]::string::String>, fn() -> core[df12db4294e9bfd3]::result::Result<(), alloc[2182bb758b4b3781]::string::String>>
[INFO] [stdout]   14:     0x599e53a5b765 - test[9d35eded1c95d3be]::run_test::{closure#0}
[INFO] [stdout]   15:     0x599e53a55024 - std[70759c8f55707aa4]::sys::backtrace::__rust_begin_short_backtrace::<test[9d35eded1c95d3be]::run_test::{closure#1}, ()>
[INFO] [stdout]   16:     0x599e53a5e8c2 - <std[70759c8f55707aa4]::thread::lifecycle::spawn_unchecked<test[9d35eded1c95d3be]::run_test::{closure#1}, ()>::{closure#1} as core[df12db4294e9bfd3]::ops::function::FnOnce<()>>::call_once::{shim:vtable#0}
[INFO] [stdout]   17:     0x599e53ae2a89 - <std[70759c8f55707aa4]::sys::thread::unix::Thread>::new::thread_start
[INFO] [stdout]   18:     0x79aad7958dfa - <unknown>
[INFO] [stdout]   19:     0x79aad79ec3d4 - clone
[INFO] [stdout]   20:                0x0 - <unknown>
[INFO] [stdout] 
[INFO] [stdout] 
[INFO] [stdout] failures:
[INFO] [stdout]     rrdp::tests::save_and_reload_current_state
[INFO] [stdout]     rrdp::tests::save_and_reload_snapshot
[INFO] [stdout] 
[INFO] [stdout] test result: FAILED. 4 passed; 2 failed; 0 ignored; 0 measured; 0 filtered out; finished in 0.01s
[INFO] [stdout] 
[INFO] running `Command { std: "docker" "inspect" "b672df998180e156d426e4f39d6704f516293bba536df3359d39e21a060f6aec", kill_on_drop: false }`
[INFO] running `Command { std: "docker" "rm" "-f" "b672df998180e156d426e4f39d6704f516293bba536df3359d39e21a060f6aec", kill_on_drop: false }`
[INFO] [stdout] b672df998180e156d426e4f39d6704f516293bba536df3359d39e21a060f6aec
