[INFO] fetching crate rqtk-macros 0.2.0...
[INFO] testing rqtk-macros-0.2.0 against 1.100.0-beta.1+cargoflags=--release for beta-release-1.100-2
[INFO] extracting crate rqtk-macros 0.2.0 into /workspace/builds/worker-5-tc2/source
[INFO] started tweaking crates.io crate rqtk-macros 0.2.0
[INFO] removed 0 missing tests
[INFO] finished tweaking crates.io crate rqtk-macros 0.2.0
[INFO] tweaked toml for crates.io crate rqtk-macros 0.2.0 written to /workspace/builds/worker-5-tc2/source/Cargo.toml
[INFO] validating manifest of crates.io crate rqtk-macros 0.2.0 on toolchain 1.100.0-beta.1
[INFO] running `Command { std: CARGO_HOME="/workspace/cargo-home" RUSTUP_HOME="/workspace/rustup-home" "/workspace/cargo-home/bin/cargo" "+1.100.0-beta.1" "metadata" "--manifest-path" "Cargo.toml" "--no-deps", kill_on_drop: false }`
[INFO] crate crates.io crate rqtk-macros 0.2.0 already has a lockfile, it will not be regenerated
[INFO] running `Command { std: CARGO_HOME="/workspace/cargo-home" RUSTUP_HOME="/workspace/rustup-home" "/workspace/cargo-home/bin/cargo" "+1.100.0-beta.1" "fetch" "--manifest-path" "Cargo.toml", kill_on_drop: false }`
[INFO] [stderr] warning: `package.homepage` is redundant with `package.repository`
[INFO] [stderr]   --> Cargo.toml:40:12
[INFO] [stderr]    |
[INFO] [stderr] 40 | homepage = "https://github.com/wdoppenberg/rqtk"
[INFO] [stderr]    |            ^^^^^^^^^^^^^^^^^^^^^^^^^^^^^^^^^^^^^
[INFO] [stderr] ...
[INFO] [stderr] 45 | repository = "https://github.com/wdoppenberg/rqtk"
[INFO] [stderr]    |              -------------------------------------
[INFO] [stderr]    |
[INFO] [stderr]    = note: `cargo::redundant_homepage` is set to `warn` by default
[INFO] [stderr] help: consider removing `package.homepage`
[INFO] [stderr] warning: `rqtk-macros` (manifest) generated 1 warning
[INFO] running `Command { std: "docker" "create" "-v" "/var/lib/crater-agent-workspace/builds/worker-5-tc2/source:/opt/rustwide/workdir:ro,Z" "-v" "/var/lib/crater-agent-workspace/builds/worker-5-tc2/target:/opt/rustwide/target:rw,Z" "-v" "/var/lib/crater-agent-workspace/cargo-home:/opt/rustwide/cargo-home:ro,Z" "-v" "/var/lib/crater-agent-workspace/rustup-home:/opt/rustwide/rustup-home:ro,Z" "-m" "1610612736" "--network" "none" "ghcr.io/rust-lang/crates-build-env/linux@sha256:77db811e55d90add9212f6832c23229e3de5f1c1f9905e8cb07319ea15df73ac" "sleep" "infinity", kill_on_drop: false }`
[INFO] [stdout] 73e13d2cdba9dcd7a2c589bb218ac4e979f7b3f12f442683760e7142bbf7a52f
[INFO] running `Command { std: "docker" "start" "73e13d2cdba9dcd7a2c589bb218ac4e979f7b3f12f442683760e7142bbf7a52f", kill_on_drop: false }`
[INFO] running `Command { std: "docker" "inspect" "73e13d2cdba9dcd7a2c589bb218ac4e979f7b3f12f442683760e7142bbf7a52f", kill_on_drop: false }`
[INFO] running `Command { std: "docker" "exec" "-e" "SOURCE_DIR=/opt/rustwide/workdir" "-e" "CARGO_HOME=/opt/rustwide/cargo-home" "-e" "RUSTUP_HOME=/opt/rustwide/rustup-home" "-e" "CARGO_TARGET_DIR=/opt/rustwide/target" "-w" "/opt/rustwide/workdir" "--user" "0:0" "73e13d2cdba9dcd7a2c589bb218ac4e979f7b3f12f442683760e7142bbf7a52f" "/opt/rustwide/cargo-home/bin/cargo" "+1.100.0-beta.1" "metadata" "--no-deps" "--format-version=1", kill_on_drop: false }`
[INFO] running `Command { std: "docker" "inspect" "73e13d2cdba9dcd7a2c589bb218ac4e979f7b3f12f442683760e7142bbf7a52f", kill_on_drop: false }`
[INFO] running `Command { std: "docker" "exec" "-e" "SOURCE_DIR=/opt/rustwide/workdir" "-e" "CARGO_HOME=/opt/rustwide/cargo-home" "-e" "RUSTUP_HOME=/opt/rustwide/rustup-home" "-e" "CARGO_TARGET_DIR=/opt/rustwide/target" "-e" "CARGO_INCREMENTAL=0" "-e" "RUST_BACKTRACE=full" "-e" "RUSTFLAGS=--cap-lints=warn" "-e" "RUSTDOCFLAGS=--cap-lints=warn" "-w" "/opt/rustwide/workdir" "--user" "0:0" "73e13d2cdba9dcd7a2c589bb218ac4e979f7b3f12f442683760e7142bbf7a52f" "/opt/rustwide/cargo-home/bin/cargo" "+1.100.0-beta.1" "build" "--frozen" "--message-format=json" "--release", kill_on_drop: false }`
[INFO] [stderr] warning: `package.homepage` is redundant with `package.repository`
[INFO] [stderr]   --> Cargo.toml:40:12
[INFO] [stderr]    |
[INFO] [stderr] 40 | homepage = "https://github.com/wdoppenberg/rqtk"
[INFO] [stderr]    |            ^^^^^^^^^^^^^^^^^^^^^^^^^^^^^^^^^^^^^
[INFO] [stderr] ...
[INFO] [stderr] 45 | repository = "https://github.com/wdoppenberg/rqtk"
[INFO] [stderr]    |              -------------------------------------
[INFO] [stderr]    |
[INFO] [stderr]    = note: `cargo::redundant_homepage` is set to `warn` by default
[INFO] [stderr] help: consider removing `package.homepage`
[INFO] [stderr] warning: `rqtk-macros` (manifest) generated 1 warning
[INFO] [stderr]    Compiling serde_core v1.0.228
[INFO] [stderr]    Compiling winnow v1.0.2
[INFO] [stderr]    Compiling toml_writer v1.1.1+spec-1.1.0
[INFO] [stderr]    Compiling toml_parser v1.1.2+spec-1.1.0
[INFO] [stderr]    Compiling serde_spanned v1.1.1
[INFO] [stderr]    Compiling toml_datetime v1.1.1+spec-1.1.0
[INFO] [stderr]    Compiling toml v1.1.2+spec-1.1.0
[INFO] [stderr]    Compiling rqtk-macros v0.2.0 (/opt/rustwide/workdir)
[INFO] [stderr]     Finished `release` profile [optimized] target(s) in 7.83s
[INFO] running `Command { std: "docker" "inspect" "73e13d2cdba9dcd7a2c589bb218ac4e979f7b3f12f442683760e7142bbf7a52f", kill_on_drop: false }`
[INFO] running `Command { std: "docker" "exec" "-e" "SOURCE_DIR=/opt/rustwide/workdir" "-e" "CARGO_HOME=/opt/rustwide/cargo-home" "-e" "RUSTUP_HOME=/opt/rustwide/rustup-home" "-e" "CARGO_TARGET_DIR=/opt/rustwide/target" "-e" "CARGO_INCREMENTAL=0" "-e" "RUST_BACKTRACE=full" "-e" "RUSTFLAGS=--cap-lints=warn" "-e" "RUSTDOCFLAGS=--cap-lints=warn" "-w" "/opt/rustwide/workdir" "--user" "0:0" "73e13d2cdba9dcd7a2c589bb218ac4e979f7b3f12f442683760e7142bbf7a52f" "/opt/rustwide/cargo-home/bin/cargo" "+1.100.0-beta.1" "test" "--frozen" "--no-run" "--message-format=json" "--release", kill_on_drop: false }`
[INFO] [stderr] warning: `package.homepage` is redundant with `package.repository`
[INFO] [stderr]   --> Cargo.toml:40:12
[INFO] [stderr]    |
[INFO] [stderr] 40 | homepage = "https://github.com/wdoppenberg/rqtk"
[INFO] [stderr]    |            ^^^^^^^^^^^^^^^^^^^^^^^^^^^^^^^^^^^^^
[INFO] [stderr] ...
[INFO] [stderr] 45 | repository = "https://github.com/wdoppenberg/rqtk"
[INFO] [stderr]    |              -------------------------------------
[INFO] [stderr]    |
[INFO] [stderr]    = note: `cargo::redundant_homepage` is set to `warn` by default
[INFO] [stderr] help: consider removing `package.homepage`
[INFO] [stderr] warning: `rqtk-macros` (manifest) generated 1 warning
[INFO] [stderr]    Compiling serde_core v1.0.228
[INFO] [stderr]    Compiling winnow v1.0.2
[INFO] [stderr]    Compiling target-triple v1.0.0
[INFO] [stderr]    Compiling serde v1.0.228
[INFO] [stderr]    Compiling serde_json v1.0.149
[INFO] [stderr]    Compiling quote v1.0.45
[INFO] [stderr]    Compiling toml_datetime v1.1.1+spec-1.1.0
[INFO] [stderr]    Compiling serde_spanned v1.1.1
[INFO] [stderr]    Compiling syn v2.0.117
[INFO] [stderr]    Compiling toml_parser v1.1.2+spec-1.1.0
[INFO] [stderr]    Compiling toml v1.1.2+spec-1.1.0
[INFO] [stderr]    Compiling trybuild v1.0.116
[INFO] [stderr]    Compiling rqtk-macros v0.2.0 (/opt/rustwide/workdir)
[INFO] [stderr]     Finished `release` profile [optimized] target(s) in 29.46s
[INFO] running `Command { std: "docker" "inspect" "73e13d2cdba9dcd7a2c589bb218ac4e979f7b3f12f442683760e7142bbf7a52f", kill_on_drop: false }`
[INFO] running `Command { std: "docker" "exec" "-e" "SOURCE_DIR=/opt/rustwide/workdir" "-e" "CARGO_HOME=/opt/rustwide/cargo-home" "-e" "RUSTUP_HOME=/opt/rustwide/rustup-home" "-e" "CARGO_TARGET_DIR=/opt/rustwide/target" "-e" "CARGO_INCREMENTAL=0" "-e" "RUST_BACKTRACE=full" "-e" "RUSTFLAGS=--cap-lints=warn" "-e" "RUSTDOCFLAGS=--cap-lints=warn" "-w" "/opt/rustwide/workdir" "--user" "0:0" "73e13d2cdba9dcd7a2c589bb218ac4e979f7b3f12f442683760e7142bbf7a52f" "/opt/rustwide/cargo-home/bin/cargo" "+1.100.0-beta.1" "test" "--frozen" "--release", kill_on_drop: false }`
[INFO] [stderr] warning: `package.homepage` is redundant with `package.repository`
[INFO] [stderr]   --> Cargo.toml:40:12
[INFO] [stderr]    |
[INFO] [stderr] 40 | homepage = "https://github.com/wdoppenberg/rqtk"
[INFO] [stderr]    |            ^^^^^^^^^^^^^^^^^^^^^^^^^^^^^^^^^^^^^
[INFO] [stderr] ...
[INFO] [stderr] 45 | repository = "https://github.com/wdoppenberg/rqtk"
[INFO] [stderr]    |              -------------------------------------
[INFO] [stderr]    |
[INFO] [stderr]    = note: `cargo::redundant_homepage` is set to `warn` by default
[INFO] [stderr] help: consider removing `package.homepage`
[INFO] [stderr] warning: `rqtk-macros` (manifest) generated 1 warning
[INFO] [stderr]     Finished `release` profile [optimized] target(s) in 0.11s
[INFO] [stderr]      Running unittests src/lib.rs (/opt/rustwide/target/release/build/rqtk-macros/5b4fd97931772813/out/rqtk_macros-5b4fd97931772813)
[INFO] [stdout] 
[INFO] [stderr]      Running tests/ui.rs (/opt/rustwide/target/release/build/rqtk-macros/31dbe0ef67f3e3d7/out/ui-31dbe0ef67f3e3d7)
[INFO] [stdout] running 0 tests
[INFO] [stdout] 
[INFO] [stdout] test result: ok. 0 passed; 0 failed; 0 ignored; 0 measured; 0 filtered out; finished in 0.00s
[INFO] [stdout] 
[INFO] [stdout] 
[INFO] [stdout] running 1 test
[INFO] [stderr] warning: `package.homepage` is redundant with `package.repository`
[INFO] [stderr]   --> /opt/rustwide/workdir/Cargo.toml:40:12
[INFO] [stderr]    |
[INFO] [stderr] 40 | homepage = "https://github.com/wdoppenberg/rqtk"
[INFO] [stderr]    |            ^^^^^^^^^^^^^^^^^^^^^^^^^^^^^^^^^^^^^
[INFO] [stderr] ...
[INFO] [stderr] 45 | repository = "https://github.com/wdoppenberg/rqtk"
[INFO] [stderr]    |              -------------------------------------
[INFO] [stderr]    |
[INFO] [stderr]    = note: `cargo::redundant_homepage` is set to `warn` by default
[INFO] [stderr] help: consider removing `package.homepage`
[INFO] [stderr] warning: `rqtk-macros` (manifest) generated 1 warning
[INFO] [stderr]    Compiling serde_core v1.0.228
[INFO] [stderr]    Compiling proc-macro2 v1.0.106
[INFO] [stderr]    Compiling quote v1.0.45
[INFO] [stderr]    Compiling unicode-ident v1.0.24
[INFO] [stderr]    Compiling winnow v1.0.2
[INFO] [stderr]    Compiling toml_writer v1.1.1+spec-1.1.0
[INFO] [stderr]     Checking toml_parser v1.1.2+spec-1.1.0
[INFO] [stderr]     Checking syn v2.0.117
[INFO] [stderr]     Checking toml_datetime v1.1.1+spec-1.1.0
[INFO] [stderr]     Checking serde_spanned v1.1.1
[INFO] [stderr]     Checking toml v1.1.2+spec-1.1.0
[INFO] [stderr]    Compiling rqtk-macros v0.2.0 (/opt/rustwide/workdir)
[INFO] [stderr]     Checking rqtk-macros-tests v0.0.0 (/opt/rustwide/target/tests/trybuild/rqtk-macros)
[INFO] [stderr]     Finished `dev` profile [unoptimized + debuginfo] target(s) in 10.89s
[INFO] [stderr] 
[INFO] [stderr] 
[INFO] [stderr] test tests/compile_fail/unknown_activity.rs ... mismatch
[INFO] [stdout] test compile_fail ... FAILED
[INFO] [stderr] 
[INFO] [stdout] 
[INFO] [stderr] EXPECTED:
[INFO] [stdout] failures:
[INFO] [stderr] ┈┈┈┈┈┈┈┈┈┈┈┈┈┈┈┈┈┈┈┈┈┈┈┈┈┈┈┈┈┈┈┈┈┈┈┈┈┈┈┈┈┈┈┈┈┈┈┈┈┈┈┈┈┈┈┈┈┈┈┈
[INFO] [stdout] 
[INFO] [stderr] error: verification activity `VA-DOES-NOT-EXIST` not found in any requirement file under the configured requirements directory
[INFO] [stdout] ---- compile_fail stdout ----
[INFO] [stderr]  --> tests/compile_fail/unknown_activity.rs:3:1
[INFO] [stdout] 
[INFO] [stderr]   |
[INFO] [stdout] thread 'compile_fail' (590) panicked at /opt/rustwide/cargo-home/registry/src/index.crates.io-1949cf8c6b5b557f/trybuild-1.0.116/src/run.rs:102:13:
[INFO] [stderr] 3 | #[verifies("VA-DOES-NOT-EXIST")]
[INFO] [stdout] 1 of 2 tests failed
[INFO] [stderr]   | ^^^^^^^^^^^^^^^^^^^^^^^^^^^^^^^^
[INFO] [stdout] stack backtrace:
[INFO] [stderr]   |
[INFO] [stdout]    0:     0x5895397e7a51 - <<std[617be2ca0a6fd877]::sys::backtrace::BacktraceLock>::print::DisplayBacktrace as core[a373ad73a504971]::fmt::Display>::fmt
[INFO] [stderr]   = note: this error originates in the attribute macro `verifies` (in Nightly builds, run with -Z macro-backtrace for more info)
[INFO] [stdout]    1:     0x5895397fdd3a - core[a373ad73a504971]::fmt::write
[INFO] [stderr] 
[INFO] [stdout]    2:     0x5895397ec29c - <alloc[2e1b2a31b91974c5]::vec::Vec<u8> as core[a373ad73a504971]::io::write::Write>::write_fmt
[INFO] [stderr] error[E0601]: `main` function not found in crate `$CRATE`
[INFO] [stdout]    3:     0x5895397c0eb6 - std[617be2ca0a6fd877]::panicking::default_hook::{closure#0}
[INFO] [stderr]  --> tests/compile_fail/unknown_activity.rs:5:32
[INFO] [stdout]    4:     0x5895397deff9 - std[617be2ca0a6fd877]::panicking::default_hook
[INFO] [stderr]   |
[INFO] [stdout]    5:     0x589539778600 - test[aada8e7e76ba119b]::test_main_inner::{closure#0}
[INFO] [stderr] 5 | fn this_should_not_compile() {}
[INFO] [stdout]    6:     0x5895397df1b2 - std[617be2ca0a6fd877]::panicking::panic_with_hook
[INFO] [stderr]   |                                ^ consider adding a `main` function to `$DIR/tests/compile_fail/unknown_activity.rs`
[INFO] [stdout]    7:     0x5895397c0f62 - std[617be2ca0a6fd877]::panicking::panic_handler::{closure#0}
[INFO] [stderr] ┈┈┈┈┈┈┈┈┈┈┈┈┈┈┈┈┈┈┈┈┈┈┈┈┈┈┈┈┈┈┈┈┈┈┈┈┈┈┈┈┈┈┈┈┈┈┈┈┈┈┈┈┈┈┈┈┈┈┈┈
[INFO] [stdout]    8:     0x5895397b97b9 - std[617be2ca0a6fd877]::sys::backtrace::__rust_end_short_backtrace::<std[617be2ca0a6fd877]::panicking::panic_handler::{closure#0}, !>
[INFO] [stderr] 
[INFO] [stdout]    9:     0x5895397c1b6d - __rustc[ea4f61d10b84890b]::rust_begin_unwind
[INFO] [stderr] ACTUAL OUTPUT:
[INFO] [stdout]   10:     0x5895397fe4ac - core[a373ad73a504971]::panicking::panic_fmt
[INFO] [stderr] ┈┈┈┈┈┈┈┈┈┈┈┈┈┈┈┈┈┈┈┈┈┈┈┈┈┈┈┈┈┈┈┈┈┈┈┈┈┈┈┈┈┈┈┈┈┈┈┈┈┈┈┈┈┈┈┈┈┈┈┈
[INFO] [stdout]   11:     0x5895396caadb - <trybuild[6a5115458eedc5e5]::Runner>::run
[INFO] [stderr] error: rqtk-macros: could not search requirements for `VA-DOES-NOT-EXIST`: no `.rqtk/config.toml` found by walking up from CARGO_MANIFEST_DIR
[INFO] [stdout]   12:     0x5895396cdbf0 - <trybuild[6a5115458eedc5e5]::TestCases as core[a373ad73a504971]::ops::drop::Drop>::drop
[INFO] [stderr]  --> tests/compile_fail/unknown_activity.rs:3:1
[INFO] [stdout]   13:     0x5895396c3e48 - ui[eadafeca1cfee052]::compile_fail
[INFO] [stderr]   |
[INFO] [stdout]   14:     0x5895396c4049 - <ui[eadafeca1cfee052]::compile_fail::{closure#0} as core[a373ad73a504971]::ops::function::FnOnce<()>>::call_once
[INFO] [stderr] 3 | #[verifies("VA-DOES-NOT-EXIST")]
[INFO] [stdout]   15:     0x58953976ba4b - test[aada8e7e76ba119b]::__rust_begin_short_backtrace::<core[a373ad73a504971]::result::Result<(), alloc[2e1b2a31b91974c5]::string::String>, fn() -> core[a373ad73a504971]::result::Result<(), alloc[2e1b2a31b91974c5]::string::String>>
[INFO] [stderr]   | ^^^^^^^^^^^^^^^^^^^^^^^^^^^^^^^^
[INFO] [stdout]   16:     0x589539778c25 - test[aada8e7e76ba119b]::run_test::{closure#0}
[INFO] [stderr]   |
[INFO] [stdout]   17:     0x589539772514 - std[617be2ca0a6fd877]::sys::backtrace::__rust_begin_short_backtrace::<test[aada8e7e76ba119b]::run_test::{closure#1}, ()>
[INFO] [stderr]   = note: this error originates in the attribute macro `verifies` (in Nightly builds, run with -Z macro-backtrace for more info)
[INFO] [stdout]   18:     0x58953977bcb2 - <std[617be2ca0a6fd877]::thread::lifecycle::spawn_unchecked<test[aada8e7e76ba119b]::run_test::{closure#1}, ()>::{closure#1} as core[a373ad73a504971]::ops::function::FnOnce<()>>::call_once::{shim:vtable#0}
[INFO] [stderr] 
[INFO] [stdout]   19:     0x5895397e6caf - <std[617be2ca0a6fd877]::sys::thread::unix::Thread>::new::thread_start
[INFO] [stderr] error[E0601]: `main` function not found in crate `$CRATE`
[INFO] [stdout]   20:     0x7d8a08e32dfa - <unknown>
[INFO] [stderr]  --> tests/compile_fail/unknown_activity.rs:5:32
[INFO] [stdout]   21:     0x7d8a08ec63d4 - clone
[INFO] [stderr]   |
[INFO] [stdout]   22:                0x0 - <unknown>
[INFO] [stderr] 5 | fn this_should_not_compile() {}
[INFO] [stdout] 
[INFO] [stderr]   |                                ^ consider adding a `main` function to `$DIR/tests/compile_fail/unknown_activity.rs`
[INFO] [stdout] 
[INFO] [stderr] ┈┈┈┈┈┈┈┈┈┈┈┈┈┈┈┈┈┈┈┈┈┈┈┈┈┈┈┈┈┈┈┈┈┈┈┈┈┈┈┈┈┈┈┈┈┈┈┈┈┈┈┈┈┈┈┈┈┈┈┈
[INFO] [stdout] failures:
[INFO] [stderr] note: If the actual output is the correct output you can bless it by rerunning
[INFO] [stdout]     compile_fail
[INFO] [stderr]       your test with the environment variable TRYBUILD=overwrite
[INFO] [stdout] 
[INFO] [stderr] 
[INFO] [stdout] test result: FAILED. 0 passed; 1 failed; 0 ignored; 0 measured; 0 filtered out; finished in 15.34s
[INFO] [stderr] test tests/compile_fail/unknown_argument.rs ... ok
[INFO] [stdout] 
[INFO] [stderr] 
[INFO] [stderr] 
[INFO] [stderr] error: test failed, to rerun pass `--test ui`
[INFO] running `Command { std: "docker" "inspect" "73e13d2cdba9dcd7a2c589bb218ac4e979f7b3f12f442683760e7142bbf7a52f", kill_on_drop: false }`
[INFO] running `Command { std: "docker" "rm" "-f" "73e13d2cdba9dcd7a2c589bb218ac4e979f7b3f12f442683760e7142bbf7a52f", kill_on_drop: false }`
[INFO] [stdout] 73e13d2cdba9dcd7a2c589bb218ac4e979f7b3f12f442683760e7142bbf7a52f
