[INFO] fetching crate rqlite-rs 0.6.2...
[INFO] testing rqlite-rs-0.6.2 against 1.99.0-beta.8+cargoflags=--release for beta-release-1.100-2
[INFO] extracting crate rqlite-rs 0.6.2 into /workspace/builds/worker-6-tc1/source
[INFO] started tweaking crates.io crate rqlite-rs 0.6.2
[INFO] removed 0 missing tests
[INFO] finished tweaking crates.io crate rqlite-rs 0.6.2
[INFO] tweaked toml for crates.io crate rqlite-rs 0.6.2 written to /workspace/builds/worker-6-tc1/source/Cargo.toml
[INFO] validating manifest of crates.io crate rqlite-rs 0.6.2 on toolchain 1.99.0-beta.8
[INFO] running `Command { std: CARGO_HOME="/workspace/cargo-home" RUSTUP_HOME="/workspace/rustup-home" "/workspace/cargo-home/bin/cargo" "+1.99.0-beta.8" "metadata" "--manifest-path" "Cargo.toml" "--no-deps", kill_on_drop: false }`
[INFO] crate crates.io crate rqlite-rs 0.6.2 already has a lockfile, it will not be regenerated
[INFO] running `Command { std: CARGO_HOME="/workspace/cargo-home" RUSTUP_HOME="/workspace/rustup-home" "/workspace/cargo-home/bin/cargo" "+1.99.0-beta.8" "fetch" "--manifest-path" "Cargo.toml", kill_on_drop: false }`
[INFO] [stderr]     Updating crates.io index
[INFO] [stderr]  Downloading crates ...
[INFO] [stderr]   Downloaded rqlite-rs-macros v0.3.3
[INFO] [stderr]   Downloaded rqlite-rs-core v0.3.3
[INFO] [stderr]   Downloaded native-tls v0.2.16
[INFO] [stderr]   Downloaded security-framework-sys v2.16.0
[INFO] [stderr]   Downloaded rust-multipart-rfc7578_2 v0.8.0
[INFO] [stderr]   Downloaded reserve-port v2.3.0
[INFO] [stderr]   Downloaded typetag-impl v0.2.21
[INFO] [stderr]   Downloaded expect-json-macros v1.9.0
[INFO] [stderr]   Downloaded typetag v0.2.21
[INFO] [stderr]   Downloaded inventory v0.3.21
[INFO] [stderr]   Downloaded nanorand v0.8.0
[INFO] [stderr]   Downloaded erased-serde v0.4.9
[INFO] [stderr]   Downloaded bytesize v2.3.1
[INFO] [stderr]   Downloaded expect-json v1.9.0
[INFO] [stderr]   Downloaded axum-macros v0.5.0
[INFO] [stderr]   Downloaded security-framework v3.6.0
[INFO] [stderr]   Downloaded axum-test v18.7.0
[INFO] [stderr]   Downloaded aws-lc-sys v0.37.1
[INFO] running `Command { std: "docker" "create" "-v" "/var/lib/crater-agent-workspace/builds/worker-6-tc1/source:/opt/rustwide/workdir:ro,Z" "-v" "/var/lib/crater-agent-workspace/builds/worker-6-tc1/target:/opt/rustwide/target:rw,Z" "-v" "/var/lib/crater-agent-workspace/cargo-home:/opt/rustwide/cargo-home:ro,Z" "-v" "/var/lib/crater-agent-workspace/rustup-home:/opt/rustwide/rustup-home:ro,Z" "-m" "1610612736" "--network" "none" "ghcr.io/rust-lang/crates-build-env/linux@sha256:77db811e55d90add9212f6832c23229e3de5f1c1f9905e8cb07319ea15df73ac" "sleep" "infinity", kill_on_drop: false }`
[INFO] [stdout] 594ec42b020a2f15dd32af500eb64ba9ebcc112ab906c99327b29bb21ea662e6
[INFO] running `Command { std: "docker" "start" "594ec42b020a2f15dd32af500eb64ba9ebcc112ab906c99327b29bb21ea662e6", kill_on_drop: false }`
[INFO] running `Command { std: "docker" "inspect" "594ec42b020a2f15dd32af500eb64ba9ebcc112ab906c99327b29bb21ea662e6", kill_on_drop: false }`
[INFO] running `Command { std: "docker" "exec" "-e" "SOURCE_DIR=/opt/rustwide/workdir" "-e" "CARGO_HOME=/opt/rustwide/cargo-home" "-e" "RUSTUP_HOME=/opt/rustwide/rustup-home" "-e" "CARGO_TARGET_DIR=/opt/rustwide/target" "-w" "/opt/rustwide/workdir" "--user" "0:0" "594ec42b020a2f15dd32af500eb64ba9ebcc112ab906c99327b29bb21ea662e6" "/opt/rustwide/cargo-home/bin/cargo" "+1.99.0-beta.8" "metadata" "--no-deps" "--format-version=1", kill_on_drop: false }`
[INFO] running `Command { std: "docker" "inspect" "594ec42b020a2f15dd32af500eb64ba9ebcc112ab906c99327b29bb21ea662e6", kill_on_drop: false }`
[INFO] running `Command { std: "docker" "exec" "-e" "SOURCE_DIR=/opt/rustwide/workdir" "-e" "CARGO_HOME=/opt/rustwide/cargo-home" "-e" "RUSTUP_HOME=/opt/rustwide/rustup-home" "-e" "CARGO_TARGET_DIR=/opt/rustwide/target" "-e" "CARGO_INCREMENTAL=0" "-e" "RUST_BACKTRACE=full" "-e" "RUSTFLAGS=--cap-lints=warn" "-e" "RUSTDOCFLAGS=--cap-lints=warn" "-w" "/opt/rustwide/workdir" "--user" "0:0" "594ec42b020a2f15dd32af500eb64ba9ebcc112ab906c99327b29bb21ea662e6" "/opt/rustwide/cargo-home/bin/cargo" "+1.99.0-beta.8" "build" "--frozen" "--message-format=json" "--release", kill_on_drop: false }`
[INFO] [stderr]    Compiling proc-macro2 v1.0.106
[INFO] [stderr]    Compiling libc v0.2.182
[INFO] [stderr]    Compiling pin-project-lite v0.2.16
[INFO] [stderr]    Compiling pkg-config v0.3.32
[INFO] [stderr]    Compiling futures-core v0.3.31
[INFO] [stderr]    Compiling litemap v0.8.1
[INFO] [stderr]    Compiling cc v1.2.56
[INFO] [stderr]    Compiling writeable v0.6.2
[INFO] [stderr]    Compiling http v1.4.0
[INFO] [stderr]    Compiling icu_normalizer_data v2.1.1
[INFO] [stderr]    Compiling icu_properties_data v2.1.2
[INFO] [stderr]    Compiling bitflags v2.11.0
[INFO] [stderr]    Compiling openssl v0.10.75
[INFO] [stderr]    Compiling futures-task v0.3.31
[INFO] [stderr]    Compiling serde_core v1.0.228
[INFO] [stderr]    Compiling native-tls v0.2.16
[INFO] [stderr]    Compiling futures-channel v0.3.31
[INFO] [stderr]    Compiling tracing-core v0.1.36
[INFO] [stderr]    Compiling zmij v1.0.21
[INFO] [stderr]    Compiling sync_wrapper v1.0.2
[INFO] [stderr]    Compiling thiserror v2.0.18
[INFO] [stderr]    Compiling serde_json v1.0.149
[INFO] [stderr]    Compiling futures-util v0.3.31
[INFO] [stderr]    Compiling serde v1.0.228
[INFO] [stderr]    Compiling memchr v2.8.0
[INFO] [stderr]    Compiling ipnet v2.11.0
[INFO] [stderr]    Compiling itoa v1.0.17
[INFO] [stderr]    Compiling iri-string v0.7.10
[INFO] [stderr]    Compiling zeroize v1.8.2
[INFO] [stderr]    Compiling rustls-pki-types v1.14.0
[INFO] [stderr]    Compiling quote v1.0.44
[INFO] [stderr]    Compiling syn v2.0.115
[INFO] [stderr]    Compiling socket2 v0.6.2
[INFO] [stderr]    Compiling mio v1.1.1
[INFO] [stderr]    Compiling http-body v1.0.1
[INFO] [stderr]    Compiling openssl-sys v0.9.111
[INFO] [stderr]    Compiling http-body-util v0.1.3
[INFO] [stderr]    Compiling tokio v1.49.0
[INFO] [stderr]    Compiling synstructure v0.13.2
[INFO] [stderr]    Compiling hyper v1.8.1
[INFO] [stderr]    Compiling tower v0.5.3
[INFO] [stderr]    Compiling zerofrom-derive v0.1.6
[INFO] [stderr]    Compiling yoke-derive v0.8.1
[INFO] [stderr]    Compiling zerovec-derive v0.11.2
[INFO] [stderr]    Compiling displaydoc v0.2.5
[INFO] [stderr]    Compiling serde_derive v1.0.228
[INFO] [stderr]    Compiling thiserror-impl v2.0.18
[INFO] [stderr]    Compiling openssl-macros v0.1.1
[INFO] [stderr]    Compiling tracing-attributes v0.1.31
[INFO] [stderr]    Compiling tower-http v0.6.8
[INFO] [stderr]    Compiling zerofrom v0.1.6
[INFO] [stderr]    Compiling yoke v0.8.1
[INFO] [stderr]    Compiling tracing v0.1.44
[INFO] [stderr]    Compiling zerovec v0.11.5
[INFO] [stderr]    Compiling zerotrie v0.2.3
[INFO] [stderr]    Compiling hyper-util v0.1.20
[INFO] [stderr]    Compiling tinystr v0.8.2
[INFO] [stderr]    Compiling potential_utf v0.1.4
[INFO] [stderr]    Compiling icu_collections v2.1.1
[INFO] [stderr]    Compiling icu_locale_core v2.1.1
[INFO] [stderr]    Compiling icu_provider v2.1.1
[INFO] [stderr]    Compiling serde_urlencoded v0.7.1
[INFO] [stderr]    Compiling rqlite-rs-core v0.3.3
[INFO] [stderr]    Compiling rqlite-rs-macros v0.3.3
[INFO] [stderr]    Compiling icu_normalizer v2.1.1
[INFO] [stderr]    Compiling icu_properties v2.1.2
[INFO] [stderr]    Compiling tokio-native-tls v0.3.1
[INFO] [stderr]    Compiling hyper-tls v0.6.0
[INFO] [stderr]    Compiling idna_adapter v1.2.1
[INFO] [stderr]    Compiling idna v1.1.0
[INFO] [stderr]    Compiling url v2.5.8
[INFO] [stderr]    Compiling reqwest v0.13.2
[INFO] [stderr]    Compiling rqlite-rs v0.6.2 (/opt/rustwide/workdir)
[INFO] [stderr]     Finished `release` profile [optimized] target(s) in 49.57s
[INFO] running `Command { std: "docker" "inspect" "594ec42b020a2f15dd32af500eb64ba9ebcc112ab906c99327b29bb21ea662e6", kill_on_drop: false }`
[INFO] running `Command { std: "docker" "exec" "-e" "SOURCE_DIR=/opt/rustwide/workdir" "-e" "CARGO_HOME=/opt/rustwide/cargo-home" "-e" "RUSTUP_HOME=/opt/rustwide/rustup-home" "-e" "CARGO_TARGET_DIR=/opt/rustwide/target" "-e" "CARGO_INCREMENTAL=0" "-e" "RUST_BACKTRACE=full" "-e" "RUSTFLAGS=--cap-lints=warn" "-e" "RUSTDOCFLAGS=--cap-lints=warn" "-w" "/opt/rustwide/workdir" "--user" "0:0" "594ec42b020a2f15dd32af500eb64ba9ebcc112ab906c99327b29bb21ea662e6" "/opt/rustwide/cargo-home/bin/cargo" "+1.99.0-beta.8" "test" "--frozen" "--no-run" "--message-format=json" "--release", kill_on_drop: false }`
[INFO] [stderr]    Compiling tokio-macros v2.6.0
[INFO] [stderr]    Compiling num-traits v0.2.19
[INFO] [stderr]    Compiling futures-task v0.3.31
[INFO] [stderr]    Compiling futures-io v0.3.31
[INFO] [stderr]    Compiling tracing v0.1.44
[INFO] [stderr]    Compiling serde v1.0.228
[INFO] [stderr]    Compiling zerocopy v0.8.39
[INFO] [stderr]    Compiling serde_json v1.0.149
[INFO] [stderr]    Compiling getrandom v0.3.4
[INFO] [stderr]    Compiling erased-serde v0.4.9
[INFO] [stderr]    Compiling typetag v0.2.21
[INFO] [stderr]    Compiling num-conv v0.2.0
[INFO] [stderr]    Compiling time-core v0.1.8
[INFO] [stderr]    Compiling regex-automata v0.4.14
[INFO] [stderr]    Compiling deranged v0.5.6
[INFO] [stderr]    Compiling cookie v0.18.1
[INFO] [stderr]    Compiling typetag-impl v0.2.21
[INFO] [stderr]    Compiling inventory v0.3.21
[INFO] [stderr]    Compiling time-macros v0.2.27
[INFO] [stderr]    Compiling serde_path_to_error v0.1.20
[INFO] [stderr]    Compiling rand_core v0.9.5
[INFO] [stderr]    Compiling axum-core v0.5.6
[INFO] [stderr]    Compiling axum-macros v0.5.0
[INFO] [stderr]    Compiling futures-util v0.3.31
[INFO] [stderr]    Compiling expect-json-macros v1.9.0
[INFO] [stderr]    Compiling yansi v1.0.1
[INFO] [stderr]    Compiling tokio v1.49.0
[INFO] [stderr]    Compiling diff v0.1.13
[INFO] [stderr]    Compiling matchit v0.8.4
[INFO] [stderr]    Compiling uuid v1.21.0
[INFO] [stderr]    Compiling serde_urlencoded v0.7.1
[INFO] [stderr]    Compiling email_address v0.2.9
[INFO] [stderr]    Compiling pretty_assertions v1.4.1
[INFO] [stderr]    Compiling reserve-port v2.3.0
[INFO] [stderr]    Compiling bytesize v2.3.1
[INFO] [stderr]    Compiling num-integer v0.1.46
[INFO] [stderr]    Compiling num-complex v0.4.6
[INFO] [stderr]    Compiling chrono v0.4.43
[INFO] [stderr]    Compiling num-bigint v0.4.6
[INFO] [stderr]    Compiling num-iter v0.1.45
[INFO] [stderr]    Compiling rqlite-rs-core v0.3.3
[INFO] [stderr]    Compiling time v0.3.47
[INFO] [stderr]    Compiling num-rational v0.4.2
[INFO] [stderr]    Compiling regex v1.12.3
[INFO] [stderr]    Compiling num v0.4.3
[INFO] [stderr]    Compiling expect-json v1.9.0
[INFO] [stderr]    Compiling ppv-lite86 v0.2.21
[INFO] [stderr]    Compiling rand_chacha v0.9.0
[INFO] [stderr]    Compiling rand v0.9.2
[INFO] [stderr]    Compiling hyper v1.8.1
[INFO] [stderr]    Compiling tower v0.5.3
[INFO] [stderr]    Compiling tokio-native-tls v0.3.1
[INFO] [stderr]    Compiling tower-http v0.6.8
[INFO] [stderr]    Compiling rust-multipart-rfc7578_2 v0.8.0
[INFO] [stderr]    Compiling hyper-util v0.1.20
[INFO] [stderr]    Compiling hyper-tls v0.6.0
[INFO] [stderr]    Compiling axum v0.8.8
[INFO] [stderr]    Compiling reqwest v0.13.2
[INFO] [stderr]    Compiling rqlite-rs v0.6.2 (/opt/rustwide/workdir)
[INFO] [stderr]    Compiling axum-test v18.7.0
[INFO] [stderr]     Finished `release` profile [optimized] target(s) in 1m 17s
[INFO] running `Command { std: "docker" "inspect" "594ec42b020a2f15dd32af500eb64ba9ebcc112ab906c99327b29bb21ea662e6", kill_on_drop: false }`
[INFO] running `Command { std: "docker" "exec" "-e" "SOURCE_DIR=/opt/rustwide/workdir" "-e" "CARGO_HOME=/opt/rustwide/cargo-home" "-e" "RUSTUP_HOME=/opt/rustwide/rustup-home" "-e" "CARGO_TARGET_DIR=/opt/rustwide/target" "-e" "CARGO_INCREMENTAL=0" "-e" "RUST_BACKTRACE=full" "-e" "RUSTFLAGS=--cap-lints=warn" "-e" "RUSTDOCFLAGS=--cap-lints=warn" "-w" "/opt/rustwide/workdir" "--user" "0:0" "594ec42b020a2f15dd32af500eb64ba9ebcc112ab906c99327b29bb21ea662e6" "/opt/rustwide/cargo-home/bin/cargo" "+1.99.0-beta.8" "test" "--frozen" "--release", kill_on_drop: false }`
[INFO] [stderr]     Finished `release` profile [optimized] target(s) in 0.22s
[INFO] [stderr]      Running unittests src/lib.rs (/opt/rustwide/target/release/deps/rqlite_rs-a233bc18049bf263)
[INFO] [stdout] 
[INFO] [stdout] running 41 tests
[INFO] [stdout] test config::tests::unit_scheme ... ok
[INFO] [stdout] test config::tests::unit_rqlite_client_config_builder ... ok
[INFO] [stdout] test config::tests::unit_config_fallback_persistence ... ok
[INFO] [stdout] test config::tests::unit_rqlite_client_config ... ok
[INFO] [stdout] test config::tests::unit_config_fallback_count ... ok
[INFO] [stdout] test fallback::strategy::priority::tests::unit_fallback_non_existing_host ... ok
[INFO] [stdout] test fallback::tests::unit_fallback_count ... ok
[INFO] [stdout] test fallback::strategy::priority::tests::unit_fallback_priority ... ok
[INFO] [stdout] test query::arguments::tests::unit_rqlite_argument ... ok
[INFO] [stdout] test fallback::strategy::priority::tests::unit_fallback_priority_without_hosts ... ok
[INFO] [stdout] test fallback::strategy::round_robin::tests::unit_fallback_round_robin ... ok
[INFO] [stdout] test client::tests::unit_rqlite_client_builder_no_hosts ... ok
[INFO] [stdout] test config::tests::unit_config_fallback_strategy ... ok
[INFO] [stdout] test query::tests::unit_query_macro_correct_query_types ... ok
[INFO] [stdout] test query::tests::unit_query_macro_query_args_from_query_vec ... ok
[INFO] [stdout] test query::tests::unit_query_macro_query_endpoint ... ok
[INFO] [stdout] test query::tests::unit_query_macro_incorrect_query_types ... ok
[INFO] [stdout] test query::tests::unit_query_macro_query_to_json ... ok
[INFO] [stdout] test query::tests::unit_query_macro_query_args ... ok
[INFO] [stdout] test query::tests::unit_query_macro_query_args_from_query ... ok
[INFO] [stdout] test query::tests::unit_query_macro_try_into_from_string_slice ... ok
[INFO] [stdout] test request::tests::unit_request_merge ... ok
[INFO] [stdout] test query::tests::unit_query_macro_try_into_from_result_err ... ok
[INFO] [stdout] test query_result::tests::unit_query_result ... ok
[INFO] [stdout] test query::tests::unit_query_macro_try_into_from_string ... ok
[INFO] [stdout] test request::tests::unit_request_options_default ... ok
[INFO] [stdout] test request::tests::unit_freshness_level_to_string ... ok
[INFO] [stdout] test request::tests::unit_request_options_merge_default_query_params ... FAILED
[INFO] [stdout] test request::tests::unit_request_query_params ... FAILED
[INFO] [stdout] test request::tests::unit_request_query_params_into_reqwest_query ... FAILED
[INFO] [stdout] test select::tests::unit_rqlite_select_results ... ok
[INFO] [stdout] test client::tests::unit_rqlite_client_builder_default_query_params ... ok
[INFO] [stdout] test client::tests::unit_rqlite_client_builder_default_scheme ... ok
[INFO] [stdout] test request::tests::unit_request_options_to_reqwest_request ... ok
[INFO] [stdout] test client::tests::unit_rqlite_client_builder_duplicate_host ... ok
[INFO] [stdout] test client::tests::unit_rqlite_client_builder_https ... ok
[INFO] [stdout] test client::tests::unit_rqllite_client_builder_fallback_persistence ... ok
[INFO] [stdout] test client::tests::unit_rqlite_client_builder_auth ... ok
[INFO] [stdout] test client::tests::unit_rqlite_client_builder_fallback_strategy ... ok
[INFO] [stdout] test client::tests::unit_rqlite_client_builder_success ... ok
[INFO] [stdout] test client::tests::unit_rqllite_client_builder_fallback_count ... ok
[INFO] [stdout] 
[INFO] [stdout] failures:
[INFO] [stdout] 
[INFO] [stdout] ---- request::tests::unit_request_options_merge_default_query_params stdout ----
[INFO] [stdout] 
[INFO] [stdout] thread 'request::tests::unit_request_options_merge_default_query_params' (2800) panicked at src/request.rs:360:9:
[INFO] [stdout] assertion `left == right` failed
[INFO] [stdout]   left: 11
[INFO] [stdout]  right: 12
[INFO] [stdout] stack backtrace:
[INFO] [stdout]    0:     0x5a48afec6261 - <<std[70759c8f55707aa4]::sys::backtrace::BacktraceLock>::print::DisplayBacktrace as core[df12db4294e9bfd3]::fmt::Display>::fmt
[INFO] [stdout]    1:     0x5a48afedd3ea - core[df12db4294e9bfd3]::fmt::write
[INFO] [stdout]    2:     0x5a48afecad6c - <alloc[2182bb758b4b3781]::vec::Vec<u8> as core[df12db4294e9bfd3]::io::write::Write>::write_fmt
[INFO] [stdout]    3:     0x5a48afea1616 - std[70759c8f55707aa4]::panicking::default_hook::{closure#0}
[INFO] [stdout]    4:     0x5a48afebe169 - std[70759c8f55707aa4]::panicking::default_hook
[INFO] [stdout]    5:     0x5a48afde1260 - test[9d35eded1c95d3be]::test_main_inner::<test[9d35eded1c95d3be]::test_main_static::{closure#0}>::{closure#0}
[INFO] [stdout]    6:     0x5a48afebe492 - std[70759c8f55707aa4]::panicking::panic_with_hook
[INFO] [stdout]    7:     0x5a48afea16c2 - std[70759c8f55707aa4]::panicking::panic_handler::{closure#0}
[INFO] [stdout]    8:     0x5a48afe9a369 - std[70759c8f55707aa4]::sys::backtrace::__rust_end_short_backtrace::<std[70759c8f55707aa4]::panicking::panic_handler::{closure#0}, !>
[INFO] [stdout]    9:     0x5a48afea24ad - __rustc[8fa7c3cbc660c2b3]::rust_begin_unwind
[INFO] [stdout]   10:     0x5a48afeddb4c - core[df12db4294e9bfd3]::panicking::panic_fmt
[INFO] [stdout]   11:     0x5a48afedda63 - core[df12db4294e9bfd3]::panicking::assert_failed_inner
[INFO] [stdout]   12:     0x5a48afed8858 - core[df12db4294e9bfd3]::panicking::assert_failed::<usize, usize>
[INFO] [stdout]   13:     0x5a48afdd3a47 - rqlite_rs[3a79f777d695aece]::request::tests::unit_request_options_merge_default_query_params
[INFO] [stdout]   14:     0x5a48afdc7c79 - <rqlite_rs[3a79f777d695aece]::request::tests::unit_request_options_merge_default_query_params::{closure#0} as core[df12db4294e9bfd3]::ops::function::FnOnce<()>>::call_once
[INFO] [stdout]   15:     0x5a48afdd454b - test[9d35eded1c95d3be]::__rust_begin_short_backtrace::<core[df12db4294e9bfd3]::result::Result<(), alloc[2182bb758b4b3781]::string::String>, fn() -> core[df12db4294e9bfd3]::result::Result<(), alloc[2182bb758b4b3781]::string::String>>
[INFO] [stdout]   16:     0x5a48afde1bb5 - test[9d35eded1c95d3be]::run_test::{closure#0}
[INFO] [stdout]   17:     0x5a48afddb474 - std[70759c8f55707aa4]::sys::backtrace::__rust_begin_short_backtrace::<test[9d35eded1c95d3be]::run_test::{closure#1}, ()>
[INFO] [stdout]   18:     0x5a48afde4d12 - <std[70759c8f55707aa4]::thread::lifecycle::spawn_unchecked<test[9d35eded1c95d3be]::run_test::{closure#1}, ()>::{closure#1} as core[df12db4294e9bfd3]::ops::function::FnOnce<()>>::call_once::{shim:vtable#0}
[INFO] [stdout]   19:     0x5a48afec5789 - <std[70759c8f55707aa4]::sys::thread::unix::Thread>::new::thread_start
[INFO] [stdout]   20:     0x7c0dab9d4dfa - <unknown>
[INFO] [stdout]   21:     0x7c0daba683d4 - clone
[INFO] [stdout]   22:                0x0 - <unknown>
[INFO] [stdout] 
[INFO] [stdout] ---- request::tests::unit_request_query_params stdout ----
[INFO] [stdout] 
[INFO] [stdout] thread 'request::tests::unit_request_query_params' (2802) panicked at src/request.rs:284:9:
[INFO] [stdout] assertion `left == right` failed
[INFO] [stdout]   left: 11
[INFO] [stdout]  right: 12
[INFO] [stdout] stack backtrace:
[INFO] [stdout]    0:     0x5a48afec6261 - <<std[70759c8f55707aa4]::sys::backtrace::BacktraceLock>::print::DisplayBacktrace as core[df12db4294e9bfd3]::fmt::Display>::fmt
[INFO] [stdout]    1:     0x5a48afedd3ea - core[df12db4294e9bfd3]::fmt::write
[INFO] [stdout]    2:     0x5a48afecad6c - <alloc[2182bb758b4b3781]::vec::Vec<u8> as core[df12db4294e9bfd3]::io::write::Write>::write_fmt
[INFO] [stdout]    3:     0x5a48afea1616 - std[70759c8f55707aa4]::panicking::default_hook::{closure#0}
[INFO] [stdout]    4:     0x5a48afebe169 - std[70759c8f55707aa4]::panicking::default_hook
[INFO] [stdout]    5:     0x5a48afde1260 - test[9d35eded1c95d3be]::test_main_inner::<test[9d35eded1c95d3be]::test_main_static::{closure#0}>::{closure#0}
[INFO] [stdout]    6:     0x5a48afebe492 - std[70759c8f55707aa4]::panicking::panic_with_hook
[INFO] [stdout]    7:     0x5a48afea16c2 - std[70759c8f55707aa4]::panicking::panic_handler::{closure#0}
[INFO] [stdout]    8:     0x5a48afe9a369 - std[70759c8f55707aa4]::sys::backtrace::__rust_end_short_backtrace::<std[70759c8f55707aa4]::panicking::panic_handler::{closure#0}, !>
[INFO] [stdout]    9:     0x5a48afea24ad - __rustc[8fa7c3cbc660c2b3]::rust_begin_unwind
[INFO] [stdout]   10:     0x5a48afeddb4c - core[df12db4294e9bfd3]::panicking::panic_fmt
[INFO] [stdout]   11:     0x5a48afedda63 - core[df12db4294e9bfd3]::panicking::assert_failed_inner
[INFO] [stdout]   12:     0x5a48afed8858 - core[df12db4294e9bfd3]::panicking::assert_failed::<usize, usize>
[INFO] [stdout]   13:     0x5a48afdd259f - rqlite_rs[3a79f777d695aece]::request::tests::unit_request_query_params
[INFO] [stdout]   14:     0x5a48afdc7bd9 - <rqlite_rs[3a79f777d695aece]::request::tests::unit_request_query_params::{closure#0} as core[df12db4294e9bfd3]::ops::function::FnOnce<()>>::call_once
[INFO] [stdout]   15:     0x5a48afdd454b - test[9d35eded1c95d3be]::__rust_begin_short_backtrace::<core[df12db4294e9bfd3]::result::Result<(), alloc[2182bb758b4b3781]::string::String>, fn() -> core[df12db4294e9bfd3]::result::Result<(), alloc[2182bb758b4b3781]::string::String>>
[INFO] [stdout]   16:     0x5a48afde1bb5 - test[9d35eded1c95d3be]::run_test::{closure#0}
[INFO] [stdout]   17:     0x5a48afddb474 - std[70759c8f55707aa4]::sys::backtrace::__rust_begin_short_backtrace::<test[9d35eded1c95d3be]::run_test::{closure#1}, ()>
[INFO] [stdout]   18:     0x5a48afde4d12 - <std[70759c8f55707aa4]::thread::lifecycle::spawn_unchecked<test[9d35eded1c95d3be]::run_test::{closure#1}, ()>::{closure#1} as core[df12db4294e9bfd3]::ops::function::FnOnce<()>>::call_once::{shim:vtable#0}
[INFO] [stdout]   19:     0x5a48afec5789 - <std[70759c8f55707aa4]::sys::thread::unix::Thread>::new::thread_start
[INFO] [stdout]   20:     0x7c0dab9d4dfa - <unknown>
[INFO] [stdout]   21:     0x7c0daba683d4 - clone
[INFO] [stdout]   22:                0x0 - <unknown>
[INFO] [stdout] 
[INFO] [stdout] ---- request::tests::unit_request_query_params_into_reqwest_query stdout ----
[INFO] [stdout] 
[INFO] [stdout] thread 'request::tests::unit_request_query_params_into_reqwest_query' (2803) panicked at src/request.rs:297:9:
[INFO] [stdout] assertion `left == right` failed
[INFO] [stdout]   left: 11
[INFO] [stdout]  right: 12
[INFO] [stdout] stack backtrace:
[INFO] [stdout]    0:     0x5a48afec6261 - <<std[70759c8f55707aa4]::sys::backtrace::BacktraceLock>::print::DisplayBacktrace as core[df12db4294e9bfd3]::fmt::Display>::fmt
[INFO] [stdout]    1:     0x5a48afedd3ea - core[df12db4294e9bfd3]::fmt::write
[INFO] [stdout]    2:     0x5a48afecad6c - <alloc[2182bb758b4b3781]::vec::Vec<u8> as core[df12db4294e9bfd3]::io::write::Write>::write_fmt
[INFO] [stdout]    3:     0x5a48afea1616 - std[70759c8f55707aa4]::panicking::default_hook::{closure#0}
[INFO] [stdout]    4:     0x5a48afebe169 - std[70759c8f55707aa4]::panicking::default_hook
[INFO] [stdout]    5:     0x5a48afde1260 - test[9d35eded1c95d3be]::test_main_inner::<test[9d35eded1c95d3be]::test_main_static::{closure#0}>::{closure#0}
[INFO] [stdout]    6:     0x5a48afebe492 - std[70759c8f55707aa4]::panicking::panic_with_hook
[INFO] [stdout]    7:     0x5a48afea16c2 - std[70759c8f55707aa4]::panicking::panic_handler::{closure#0}
[INFO] [stdout]    8:     0x5a48afe9a369 - std[70759c8f55707aa4]::sys::backtrace::__rust_end_short_backtrace::<std[70759c8f55707aa4]::panicking::panic_handler::{closure#0}, !>
[INFO] [stdout]    9:     0x5a48afea24ad - __rustc[8fa7c3cbc660c2b3]::rust_begin_unwind
[INFO] [stdout]   10:     0x5a48afeddb4c - core[df12db4294e9bfd3]::panicking::panic_fmt
[INFO] [stdout]   11:     0x5a48afedda63 - core[df12db4294e9bfd3]::panicking::assert_failed_inner
[INFO] [stdout]   12:     0x5a48afed8858 - core[df12db4294e9bfd3]::panicking::assert_failed::<usize, usize>
[INFO] [stdout]   13:     0x5a48afdd32b6 - rqlite_rs[3a79f777d695aece]::request::tests::unit_request_query_params_into_reqwest_query
[INFO] [stdout]   14:     0x5a48afdc7c59 - <rqlite_rs[3a79f777d695aece]::request::tests::unit_request_query_params_into_reqwest_query::{closure#0} as core[df12db4294e9bfd3]::ops::function::FnOnce<()>>::call_once
[INFO] [stdout]   15:     0x5a48afdd454b - test[9d35eded1c95d3be]::__rust_begin_short_backtrace::<core[df12db4294e9bfd3]::result::Result<(), alloc[2182bb758b4b3781]::string::String>, fn() -> core[df12db4294e9bfd3]::result::Result<(), alloc[2182bb758b4b3781]::string::String>>
[INFO] [stdout]   16:     0x5a48afde1bb5 - test[9d35eded1c95d3be]::run_test::{closure#0}
[INFO] [stdout]   17:     0x5a48afddb474 - std[70759c8f55707aa4]::sys::backtrace::__rust_begin_short_backtrace::<test[9d35eded1c95d3be]::run_test::{closure#1}, ()>
[INFO] [stdout]   18:     0x5a48afde4d12 - <std[70759c8f55707aa4]::thread::lifecycle::spawn_unchecked<test[9d35eded1c95d3be]::run_test::{closure#1}, ()>::{closure#1} as core[df12db4294e9bfd3]::ops::function::FnOnce<()>>::call_once::{shim:vtable#0}
[INFO] [stdout]   19:     0x5a48afec5789 - <std[70759c8f55707aa4]::sys::thread::unix::Thread>::new::thread_start
[INFO] [stdout]   20:     0x7c0dab9d4dfa - <unknown>
[INFO] [stdout]   21:     0x7c0daba683d4 - clone
[INFO] [stdout]   22:                0x0 - <unknown>
[INFO] [stdout] 
[INFO] [stdout] 
[INFO] [stdout] failures:
[INFO] [stdout]     request::tests::unit_request_options_merge_default_query_params
[INFO] [stdout]     request::tests::unit_request_query_params
[INFO] [stdout]     request::tests::unit_request_query_params_into_reqwest_query
[INFO] [stdout] 
[INFO] [stdout] test result: FAILED. 38 passed; 3 failed; 0 ignored; 0 measured; 0 filtered out; finished in 0.17s
[INFO] [stdout] 
[INFO] [stderr] error: test failed, to rerun pass `--lib`
[INFO] running `Command { std: "docker" "inspect" "594ec42b020a2f15dd32af500eb64ba9ebcc112ab906c99327b29bb21ea662e6", kill_on_drop: false }`
[INFO] running `Command { std: "docker" "rm" "-f" "594ec42b020a2f15dd32af500eb64ba9ebcc112ab906c99327b29bb21ea662e6", kill_on_drop: false }`
[INFO] [stdout] 594ec42b020a2f15dd32af500eb64ba9ebcc112ab906c99327b29bb21ea662e6
