[INFO] fetching crate rpscan 0.2.0...
[INFO] testing rpscan-0.2.0 against 1.99.0-beta.8+cargoflags=--release for beta-release-1.100-2
[INFO] extracting crate rpscan 0.2.0 into /workspace/builds/worker-2-tc1/source
[INFO] started tweaking crates.io crate rpscan 0.2.0
[INFO] removed 0 missing tests
[INFO] finished tweaking crates.io crate rpscan 0.2.0
[INFO] tweaked toml for crates.io crate rpscan 0.2.0 written to /workspace/builds/worker-2-tc1/source/Cargo.toml
[INFO] validating manifest of crates.io crate rpscan 0.2.0 on toolchain 1.99.0-beta.8
[INFO] running `Command { std: CARGO_HOME="/workspace/cargo-home" RUSTUP_HOME="/workspace/rustup-home" "/workspace/cargo-home/bin/cargo" "+1.99.0-beta.8" "metadata" "--manifest-path" "Cargo.toml" "--no-deps", kill_on_drop: false }`
[INFO] crate crates.io crate rpscan 0.2.0 already has a lockfile, it will not be regenerated
[INFO] running `Command { std: CARGO_HOME="/workspace/cargo-home" RUSTUP_HOME="/workspace/rustup-home" "/workspace/cargo-home/bin/cargo" "+1.99.0-beta.8" "fetch" "--manifest-path" "Cargo.toml", kill_on_drop: false }`
[INFO] [stderr]     Updating crates.io index
[INFO] [stderr]  Downloading crates ...
[INFO] [stderr]   Downloaded pinger v2.1.1
[INFO] [stderr]   Downloaded lazy-regex v3.4.1
[INFO] [stderr]   Downloaded winping v0.10.1
[INFO] [stderr]   Downloaded lazy-regex-proc_macros v3.4.1
[INFO] [stderr]   Downloaded clap v4.5.47
[INFO] [stderr]   Downloaded clap_builder v4.5.47
[INFO] [stderr]   Downloaded winapi_forked_icmpapi v0.3.7
[INFO] running `Command { std: "docker" "create" "-v" "/var/lib/crater-agent-workspace/builds/worker-2-tc1/source:/opt/rustwide/workdir:ro,Z" "-v" "/var/lib/crater-agent-workspace/builds/worker-2-tc1/target:/opt/rustwide/target:rw,Z" "-v" "/var/lib/crater-agent-workspace/cargo-home:/opt/rustwide/cargo-home:ro,Z" "-v" "/var/lib/crater-agent-workspace/rustup-home:/opt/rustwide/rustup-home:ro,Z" "-m" "1610612736" "--network" "none" "ghcr.io/rust-lang/crates-build-env/linux@sha256:77db811e55d90add9212f6832c23229e3de5f1c1f9905e8cb07319ea15df73ac" "sleep" "infinity", kill_on_drop: false }`
[INFO] [stdout] 0819fdf042db7cf6d077a59d36b64c9e77a7d634a26e3268e68290a0665f79b8
[INFO] running `Command { std: "docker" "start" "0819fdf042db7cf6d077a59d36b64c9e77a7d634a26e3268e68290a0665f79b8", kill_on_drop: false }`
[INFO] running `Command { std: "docker" "inspect" "0819fdf042db7cf6d077a59d36b64c9e77a7d634a26e3268e68290a0665f79b8", kill_on_drop: false }`
[INFO] running `Command { std: "docker" "exec" "-e" "SOURCE_DIR=/opt/rustwide/workdir" "-e" "CARGO_HOME=/opt/rustwide/cargo-home" "-e" "RUSTUP_HOME=/opt/rustwide/rustup-home" "-e" "CARGO_TARGET_DIR=/opt/rustwide/target" "-w" "/opt/rustwide/workdir" "--user" "0:0" "0819fdf042db7cf6d077a59d36b64c9e77a7d634a26e3268e68290a0665f79b8" "/opt/rustwide/cargo-home/bin/cargo" "+1.99.0-beta.8" "metadata" "--no-deps" "--format-version=1", kill_on_drop: false }`
[INFO] running `Command { std: "docker" "inspect" "0819fdf042db7cf6d077a59d36b64c9e77a7d634a26e3268e68290a0665f79b8", kill_on_drop: false }`
[INFO] running `Command { std: "docker" "exec" "-e" "SOURCE_DIR=/opt/rustwide/workdir" "-e" "CARGO_HOME=/opt/rustwide/cargo-home" "-e" "RUSTUP_HOME=/opt/rustwide/rustup-home" "-e" "CARGO_TARGET_DIR=/opt/rustwide/target" "-e" "CARGO_INCREMENTAL=0" "-e" "RUST_BACKTRACE=full" "-e" "RUSTFLAGS=--cap-lints=warn" "-e" "RUSTDOCFLAGS=--cap-lints=warn" "-w" "/opt/rustwide/workdir" "--user" "0:0" "0819fdf042db7cf6d077a59d36b64c9e77a7d634a26e3268e68290a0665f79b8" "/opt/rustwide/cargo-home/bin/cargo" "+1.99.0-beta.8" "build" "--frozen" "--message-format=json" "--release", kill_on_drop: false }`
[INFO] [stderr]    Compiling quote v1.0.40
[INFO] [stderr]    Compiling memchr v2.7.5
[INFO] [stderr]    Compiling serde_core v1.0.225
[INFO] [stderr]    Compiling regex-syntax v0.8.6
[INFO] [stderr]    Compiling siphasher v1.0.1
[INFO] [stderr]    Compiling parking_lot_core v0.9.11
[INFO] [stderr]    Compiling fastrand v2.3.0
[INFO] [stderr]    Compiling anstyle-query v1.1.4
[INFO] [stderr]    Compiling lock_api v0.4.13
[INFO] [stderr]    Compiling serde v1.0.225
[INFO] [stderr]    Compiling thiserror v2.0.16
[INFO] [stderr]    Compiling phf_shared v0.13.1
[INFO] [stderr]    Compiling csv-core v0.1.12
[INFO] [stderr]    Compiling anstream v0.6.20
[INFO] [stderr]    Compiling syn v2.0.106
[INFO] [stderr]    Compiling phf_generator v0.13.1
[INFO] [stderr]    Compiling parking_lot v0.12.4
[INFO] [stderr]    Compiling clap_builder v4.5.47
[INFO] [stderr]    Compiling aho-corasick v1.1.3
[INFO] [stderr]    Compiling regex-automata v0.4.10
[INFO] [stderr]    Compiling serde_json v1.0.145
[INFO] [stderr]    Compiling thiserror-impl v2.0.16
[INFO] [stderr]    Compiling serde_derive v1.0.225
[INFO] [stderr]    Compiling phf_macros v0.13.1
[INFO] [stderr]    Compiling clap_derive v4.5.47
[INFO] [stderr]    Compiling tokio-macros v2.5.0
[INFO] [stderr]    Compiling tokio v1.47.1
[INFO] [stderr]    Compiling phf v0.13.1
[INFO] [stderr]    Compiling regex v1.11.2
[INFO] [stderr]    Compiling lazy-regex-proc_macros v3.4.1
[INFO] [stderr]    Compiling clap v4.5.47
[INFO] [stderr]    Compiling lazy-regex v3.4.1
[INFO] [stderr]    Compiling pinger v2.1.1
[INFO] [stderr]    Compiling csv v1.3.1
[INFO] [stderr]    Compiling rpscan v0.2.0 (/opt/rustwide/workdir)
[INFO] [stderr]     Finished `release` profile [optimized] target(s) in 42.35s
[INFO] running `Command { std: "docker" "inspect" "0819fdf042db7cf6d077a59d36b64c9e77a7d634a26e3268e68290a0665f79b8", kill_on_drop: false }`
[INFO] running `Command { std: "docker" "exec" "-e" "SOURCE_DIR=/opt/rustwide/workdir" "-e" "CARGO_HOME=/opt/rustwide/cargo-home" "-e" "RUSTUP_HOME=/opt/rustwide/rustup-home" "-e" "CARGO_TARGET_DIR=/opt/rustwide/target" "-e" "CARGO_INCREMENTAL=0" "-e" "RUST_BACKTRACE=full" "-e" "RUSTFLAGS=--cap-lints=warn" "-e" "RUSTDOCFLAGS=--cap-lints=warn" "-w" "/opt/rustwide/workdir" "--user" "0:0" "0819fdf042db7cf6d077a59d36b64c9e77a7d634a26e3268e68290a0665f79b8" "/opt/rustwide/cargo-home/bin/cargo" "+1.99.0-beta.8" "test" "--frozen" "--no-run" "--message-format=json" "--release", kill_on_drop: false }`
[INFO] [stderr]    Compiling rpscan v0.2.0 (/opt/rustwide/workdir)
[INFO] [stderr]     Finished `release` profile [optimized] target(s) in 1.63s
[INFO] running `Command { std: "docker" "inspect" "0819fdf042db7cf6d077a59d36b64c9e77a7d634a26e3268e68290a0665f79b8", kill_on_drop: false }`
[INFO] running `Command { std: "docker" "exec" "-e" "SOURCE_DIR=/opt/rustwide/workdir" "-e" "CARGO_HOME=/opt/rustwide/cargo-home" "-e" "RUSTUP_HOME=/opt/rustwide/rustup-home" "-e" "CARGO_TARGET_DIR=/opt/rustwide/target" "-e" "CARGO_INCREMENTAL=0" "-e" "RUST_BACKTRACE=full" "-e" "RUSTFLAGS=--cap-lints=warn" "-e" "RUSTDOCFLAGS=--cap-lints=warn" "-w" "/opt/rustwide/workdir" "--user" "0:0" "0819fdf042db7cf6d077a59d36b64c9e77a7d634a26e3268e68290a0665f79b8" "/opt/rustwide/cargo-home/bin/cargo" "+1.99.0-beta.8" "test" "--frozen" "--release", kill_on_drop: false }`
[INFO] [stderr]     Finished `release` profile [optimized] target(s) in 0.10s
[INFO] [stderr]      Running unittests src/main.rs (/opt/rustwide/target/release/deps/rpscan-5411ae7aa3257071)
[INFO] [stdout] 
[INFO] [stdout] running 2 tests
[INFO] [stdout] test cli::tests::test_single_port ... ok
[INFO] [stdout] test cli::tests::test_range_ports ... ok
[INFO] [stdout] 
[INFO] [stdout] test result: ok. 2 passed; 0 failed; 0 ignored; 0 measured; 0 filtered out; finished in 0.01s
[INFO] [stdout] 
[INFO] [stderr]      Running tests/basic.rs (/opt/rustwide/target/release/deps/basic-455f6f2ea995ae46)
[INFO] [stdout] 
[INFO] [stdout] running 4 tests
[INFO] [stdout] test test_scan_invalid_ip ... ok
[INFO] [stdout] test test_single_scan_google ... FAILED
[INFO] [stdout] test test_display_invalid_format ... ok
[INFO] [stdout] test test_scan_localhost ... ok
[INFO] [stdout] 
[INFO] [stdout] failures:
[INFO] [stdout] 
[INFO] [stdout] ---- test_single_scan_google stdout ----
[INFO] [stdout] 
[INFO] [stdout] thread 'test_single_scan_google' (1101) panicked at tests/basic.rs:7:5:
[INFO] [stdout] assertion failed: output.status.success()
[INFO] [stdout] stack backtrace:
[INFO] [stdout]    0:     0x649db690b481 - <<std[70759c8f55707aa4]::sys::backtrace::BacktraceLock>::print::DisplayBacktrace as core[df12db4294e9bfd3]::fmt::Display>::fmt
[INFO] [stdout]    1:     0x649db691f65a - core[df12db4294e9bfd3]::fmt::write
[INFO] [stdout]    2:     0x649db690f91c - <alloc[2182bb758b4b3781]::vec::Vec<u8> as core[df12db4294e9bfd3]::io::write::Write>::write_fmt
[INFO] [stdout]    3:     0x649db68e7976 - std[70759c8f55707aa4]::panicking::default_hook::{closure#0}
[INFO] [stdout]    4:     0x649db6903be9 - std[70759c8f55707aa4]::panicking::default_hook
[INFO] [stdout]    5:     0x649db689ff70 - test[9d35eded1c95d3be]::test_main_inner::<test[9d35eded1c95d3be]::test_main_static::{closure#0}>::{closure#0}
[INFO] [stdout]    6:     0x649db6903da2 - std[70759c8f55707aa4]::panicking::panic_with_hook
[INFO] [stdout]    7:     0x649db68e7a54 - std[70759c8f55707aa4]::panicking::panic_handler::{closure#0}
[INFO] [stdout]    8:     0x649db68e07a9 - std[70759c8f55707aa4]::sys::backtrace::__rust_end_short_backtrace::<std[70759c8f55707aa4]::panicking::panic_handler::{closure#0}, !>
[INFO] [stdout]    9:     0x649db68e861d - __rustc[8fa7c3cbc660c2b3]::rust_begin_unwind
[INFO] [stdout]   10:     0x649db691fd8c - core[df12db4294e9bfd3]::panicking::panic_fmt
[INFO] [stdout]   11:     0x649db691fd52 - core[df12db4294e9bfd3]::panicking::panic
[INFO] [stdout]   12:     0x649db6892fc2 - <basic[71e4e87157318c2]::test_single_scan_google::{closure#0} as core[df12db4294e9bfd3]::ops::function::FnOnce<()>>::call_once
[INFO] [stdout]   13:     0x649db689325b - test[9d35eded1c95d3be]::__rust_begin_short_backtrace::<core[df12db4294e9bfd3]::result::Result<(), alloc[2182bb758b4b3781]::string::String>, fn() -> core[df12db4294e9bfd3]::result::Result<(), alloc[2182bb758b4b3781]::string::String>>
[INFO] [stdout]   14:     0x649db68a08c5 - test[9d35eded1c95d3be]::run_test::{closure#0}
[INFO] [stdout]   15:     0x649db689a184 - std[70759c8f55707aa4]::sys::backtrace::__rust_begin_short_backtrace::<test[9d35eded1c95d3be]::run_test::{closure#1}, ()>
[INFO] [stdout]   16:     0x649db68a3a22 - <std[70759c8f55707aa4]::thread::lifecycle::spawn_unchecked<test[9d35eded1c95d3be]::run_test::{closure#1}, ()>::{closure#1} as core[df12db4294e9bfd3]::ops::function::FnOnce<()>>::call_once::{shim:vtable#0}
[INFO] [stdout]   17:     0x649db690ad59 - <std[70759c8f55707aa4]::sys::thread::unix::Thread>::new::thread_start
[INFO] [stdout]   18:     0x798a5f8cadfa - <unknown>
[INFO] [stdout]   19:     0x798a5f95e3d4 - clone
[INFO] [stdout]   20:                0x0 - <unknown>
[INFO] [stdout] 
[INFO] [stdout] 
[INFO] [stdout] failures:
[INFO] [stdout]     test_single_scan_google
[INFO] [stdout] 
[INFO] [stdout] test result: FAILED. 3 passed; 1 failed; 0 ignored; 0 measured; 0 filtered out; finished in 30.89s
[INFO] [stdout] 
[INFO] [stderr] error: test failed, to rerun pass `--test basic`
[INFO] running `Command { std: "docker" "inspect" "0819fdf042db7cf6d077a59d36b64c9e77a7d634a26e3268e68290a0665f79b8", kill_on_drop: false }`
[INFO] running `Command { std: "docker" "rm" "-f" "0819fdf042db7cf6d077a59d36b64c9e77a7d634a26e3268e68290a0665f79b8", kill_on_drop: false }`
[INFO] [stdout] 0819fdf042db7cf6d077a59d36b64c9e77a7d634a26e3268e68290a0665f79b8
