[INFO] fetching crate rpm-spec-tool 0.1.1...
[INFO] testing rpm-spec-tool-0.1.1 against 1.99.0-beta.8+cargoflags=--release for beta-release-1.100-2
[INFO] extracting crate rpm-spec-tool 0.1.1 into /workspace/builds/worker-4-tc1/source
[INFO] started tweaking crates.io crate rpm-spec-tool 0.1.1
[INFO] removed 0 missing tests
[INFO] finished tweaking crates.io crate rpm-spec-tool 0.1.1
[INFO] tweaked toml for crates.io crate rpm-spec-tool 0.1.1 written to /workspace/builds/worker-4-tc1/source/Cargo.toml
[INFO] validating manifest of crates.io crate rpm-spec-tool 0.1.1 on toolchain 1.99.0-beta.8
[INFO] running `Command { std: CARGO_HOME="/workspace/cargo-home" RUSTUP_HOME="/workspace/rustup-home" "/workspace/cargo-home/bin/cargo" "+1.99.0-beta.8" "metadata" "--manifest-path" "Cargo.toml" "--no-deps", kill_on_drop: false }`
[INFO] crate crates.io crate rpm-spec-tool 0.1.1 already has a lockfile, it will not be regenerated
[INFO] running `Command { std: CARGO_HOME="/workspace/cargo-home" RUSTUP_HOME="/workspace/rustup-home" "/workspace/cargo-home/bin/cargo" "+1.99.0-beta.8" "fetch" "--manifest-path" "Cargo.toml", kill_on_drop: false }`
[INFO] [stderr]     Updating crates.io index
[INFO] [stderr]  Downloading crates ...
[INFO] [stderr]   Downloaded unsafe-libyaml-norway v0.2.15
[INFO] [stderr]   Downloaded nom_locate v5.0.0
[INFO] [stderr]   Downloaded granit-parser v0.0.1
[INFO] [stderr]   Downloaded rpm-spec v0.3.4
[INFO] [stderr]   Downloaded rpm-spec-profile v0.1.1
[INFO] [stderr]   Downloaded serde_yaml_bw v2.5.6
[INFO] [stderr]   Downloaded rpm-spec-analyzer v0.1.1
[INFO] running `Command { std: "docker" "create" "-v" "/var/lib/crater-agent-workspace/builds/worker-4-tc1/source:/opt/rustwide/workdir:ro,Z" "-v" "/var/lib/crater-agent-workspace/builds/worker-4-tc1/target:/opt/rustwide/target:rw,Z" "-v" "/var/lib/crater-agent-workspace/cargo-home:/opt/rustwide/cargo-home:ro,Z" "-v" "/var/lib/crater-agent-workspace/rustup-home:/opt/rustwide/rustup-home:ro,Z" "-m" "1610612736" "--network" "none" "ghcr.io/rust-lang/crates-build-env/linux@sha256:77db811e55d90add9212f6832c23229e3de5f1c1f9905e8cb07319ea15df73ac" "sleep" "infinity", kill_on_drop: false }`
[INFO] [stdout] f40b8af462e1e6cec54388ad5672581503ac550136ab04c473d340505752d5be
[INFO] running `Command { std: "docker" "start" "f40b8af462e1e6cec54388ad5672581503ac550136ab04c473d340505752d5be", kill_on_drop: false }`
[INFO] running `Command { std: "docker" "inspect" "f40b8af462e1e6cec54388ad5672581503ac550136ab04c473d340505752d5be", kill_on_drop: false }`
[INFO] running `Command { std: "docker" "exec" "-e" "SOURCE_DIR=/opt/rustwide/workdir" "-e" "CARGO_HOME=/opt/rustwide/cargo-home" "-e" "RUSTUP_HOME=/opt/rustwide/rustup-home" "-e" "CARGO_TARGET_DIR=/opt/rustwide/target" "-w" "/opt/rustwide/workdir" "--user" "0:0" "f40b8af462e1e6cec54388ad5672581503ac550136ab04c473d340505752d5be" "/opt/rustwide/cargo-home/bin/cargo" "+1.99.0-beta.8" "metadata" "--no-deps" "--format-version=1", kill_on_drop: false }`
[INFO] running `Command { std: "docker" "inspect" "f40b8af462e1e6cec54388ad5672581503ac550136ab04c473d340505752d5be", kill_on_drop: false }`
[INFO] running `Command { std: "docker" "exec" "-e" "SOURCE_DIR=/opt/rustwide/workdir" "-e" "CARGO_HOME=/opt/rustwide/cargo-home" "-e" "RUSTUP_HOME=/opt/rustwide/rustup-home" "-e" "CARGO_TARGET_DIR=/opt/rustwide/target" "-e" "CARGO_INCREMENTAL=0" "-e" "RUST_BACKTRACE=full" "-e" "RUSTFLAGS=--cap-lints=warn" "-e" "RUSTDOCFLAGS=--cap-lints=warn" "-w" "/opt/rustwide/workdir" "--user" "0:0" "f40b8af462e1e6cec54388ad5672581503ac550136ab04c473d340505752d5be" "/opt/rustwide/cargo-home/bin/cargo" "+1.99.0-beta.8" "build" "--frozen" "--message-format=json" "--release", kill_on_drop: false }`
[INFO] [stderr]    Compiling memchr v2.8.0
[INFO] [stderr]    Compiling libc v0.2.186
[INFO] [stderr]    Compiling tracing-core v0.1.36
[INFO] [stderr]    Compiling syn v2.0.117
[INFO] [stderr]    Compiling bytecount v0.6.9
[INFO] [stderr]    Compiling clap_builder v4.6.0
[INFO] [stderr]    Compiling log v0.4.29
[INFO] [stderr]    Compiling arraydeque v0.5.1
[INFO] [stderr]    Compiling bitflags v2.11.1
[INFO] [stderr]    Compiling num-conv v0.2.1
[INFO] [stderr]    Compiling thread_local v1.1.9
[INFO] [stderr]    Compiling sharded-slab v0.1.7
[INFO] [stderr]    Compiling unsafe-libyaml-norway v0.2.15
[INFO] [stderr]    Compiling nu-ansi-term v0.50.3
[INFO] [stderr]    Compiling codespan-reporting v0.12.0
[INFO] [stderr]    Compiling similar v2.7.0
[INFO] [stderr]    Compiling rustix v1.1.4
[INFO] [stderr]    Compiling time v0.3.47
[INFO] [stderr]    Compiling granit-parser v0.0.1
[INFO] [stderr]    Compiling aho-corasick v1.1.4
[INFO] [stderr]    Compiling nom v8.0.0
[INFO] [stderr]    Compiling serde_json v1.0.149
[INFO] [stderr]    Compiling tracing-log v0.2.0
[INFO] [stderr]    Compiling getrandom v0.4.2
[INFO] [stderr]    Compiling regex-automata v0.4.14
[INFO] [stderr]    Compiling tempfile v3.27.0
[INFO] [stderr]    Compiling nom_locate v5.0.0
[INFO] [stderr]    Compiling serde_derive v1.0.228
[INFO] [stderr]    Compiling tracing-attributes v0.1.31
[INFO] [stderr]    Compiling thiserror-impl v2.0.18
[INFO] [stderr]    Compiling clap_derive v4.6.1
[INFO] [stderr]    Compiling tracing v0.1.44
[INFO] [stderr]    Compiling thiserror v2.0.18
[INFO] [stderr]    Compiling clap v4.6.1
[INFO] [stderr]    Compiling clap_complete v4.6.5
[INFO] [stderr]    Compiling regex v1.12.3
[INFO] [stderr]    Compiling matchers v0.2.0
[INFO] [stderr]    Compiling tracing-subscriber v0.3.23
[INFO] [stderr]    Compiling serde v1.0.228
[INFO] [stderr]    Compiling toml_datetime v0.6.11
[INFO] [stderr]    Compiling serde_spanned v0.6.9
[INFO] [stderr]    Compiling rpm-spec v0.3.4
[INFO] [stderr]    Compiling serde_yaml_bw v2.5.6
[INFO] [stderr]    Compiling toml_edit v0.22.27
[INFO] [stderr]    Compiling toml v0.8.23
[INFO] [stderr]    Compiling rpm-spec-profile v0.1.1
[INFO] [stderr]    Compiling rpm-spec-analyzer v0.1.1
[INFO] [stderr]    Compiling rpm-spec-tool v0.1.1 (/opt/rustwide/workdir)
[INFO] [stderr]     Finished `release` profile [optimized] target(s) in 2m 01s
[INFO] running `Command { std: "docker" "inspect" "f40b8af462e1e6cec54388ad5672581503ac550136ab04c473d340505752d5be", kill_on_drop: false }`
[INFO] running `Command { std: "docker" "exec" "-e" "SOURCE_DIR=/opt/rustwide/workdir" "-e" "CARGO_HOME=/opt/rustwide/cargo-home" "-e" "RUSTUP_HOME=/opt/rustwide/rustup-home" "-e" "CARGO_TARGET_DIR=/opt/rustwide/target" "-e" "CARGO_INCREMENTAL=0" "-e" "RUST_BACKTRACE=full" "-e" "RUSTFLAGS=--cap-lints=warn" "-e" "RUSTDOCFLAGS=--cap-lints=warn" "-w" "/opt/rustwide/workdir" "--user" "0:0" "f40b8af462e1e6cec54388ad5672581503ac550136ab04c473d340505752d5be" "/opt/rustwide/cargo-home/bin/cargo" "+1.99.0-beta.8" "test" "--frozen" "--no-run" "--message-format=json" "--release", kill_on_drop: false }`
[INFO] [stderr]    Compiling rpm-spec-tool v0.1.1 (/opt/rustwide/workdir)
[INFO] [stderr]     Finished `release` profile [optimized] target(s) in 5.66s
[INFO] running `Command { std: "docker" "inspect" "f40b8af462e1e6cec54388ad5672581503ac550136ab04c473d340505752d5be", kill_on_drop: false }`
[INFO] running `Command { std: "docker" "exec" "-e" "SOURCE_DIR=/opt/rustwide/workdir" "-e" "CARGO_HOME=/opt/rustwide/cargo-home" "-e" "RUSTUP_HOME=/opt/rustwide/rustup-home" "-e" "CARGO_TARGET_DIR=/opt/rustwide/target" "-e" "CARGO_INCREMENTAL=0" "-e" "RUST_BACKTRACE=full" "-e" "RUSTFLAGS=--cap-lints=warn" "-e" "RUSTDOCFLAGS=--cap-lints=warn" "-w" "/opt/rustwide/workdir" "--user" "0:0" "f40b8af462e1e6cec54388ad5672581503ac550136ab04c473d340505752d5be" "/opt/rustwide/cargo-home/bin/cargo" "+1.99.0-beta.8" "test" "--frozen" "--release", kill_on_drop: false }`
[INFO] [stderr]     Finished `release` profile [optimized] target(s) in 0.10s
[INFO] [stderr]      Running unittests src/main.rs (/opt/rustwide/target/release/deps/rpm_spec_tool-3b48bba8e7ec8950)
[INFO] [stdout] 
[INFO] [stdout] running 51 tests
[INFO] [stdout] test commands::lints::tests::compare_ids_sorts_parse_prefix_after_rpm_numerically ... (no rules matched the given filters)
[INFO] [stdout] ok
[INFO] [stdout] test commands::profile::common::tests::intersect_predicate_misses_when_name_absent_in_any_profile ... ok
[INFO] [stdout] test commands::lints::tests::render_text_empty_groups_emits_no_match_message ... ok
[INFO] [stdout] test commands::lints::tests::empty_filters_pass_everything ... ok
[INFO] [stdout] test commands::profile::common::tests::render_common_panics_on_single_profile ... ok
[INFO] [stdout] test commands::profile::fmt::tests::compact_value_truncates_long_values ... ok
[INFO] [stdout] test commands::profile::fmt::tests::format_macro_value_raw_single_and_multiline ... ok
[INFO] [stdout] test commands::profile::fmt::tests::format_provenance_all_variants ... ok
[INFO] [stdout] test commands::profile::common::tests::render_common_empty_intersection_prints_marker ... ok
[INFO] [stdout] test commands::profile::fmt::tests::format_macro_value_builtin ... ok
[INFO] [stdout] test commands::lints::tests::filter_by_severity_or_logic ... ok
[INFO] [stdout] test commands::lints::tests::category_severity_and_logic ... ok
[INFO] [stdout] test commands::lints::tests::filter_by_category_or_logic ... ok
[INFO] [stdout] test commands::lints::tests::single_line_collapses_whitespace ... ok
[INFO] [stdout] test commands::profile::macro_lookup::tests::render_macro_with_shadowed_entry_prints_second_line ... ok
[INFO] [stdout] test commands::lints::tests::group_omits_empty_categories ... ok
[INFO] [stdout] test commands::profile::fmt::tests::format_macro_value_literal ... ok
[INFO] [stdout] test commands::lints::tests::markdown_escapes_pipe_and_backslash ... ok
[INFO] [stdout] test commands::profile::style::tests::always_emits_escapes ... ok
[INFO] [stdout] test commands::lints::tests::group_puts_correctness_first_then_packaging_style_perf ... ok
[INFO] [stdout] test commands::lints::tests::group_sorts_numerically_inside_category ... ok
[INFO] [stdout] test fixer::tests::apply_edits_skips_non_char_boundary ... ok
[INFO] [stdout] test commands::profile::style::tests::plain_is_identity ... ok
[INFO] [stdout] test fixer::tests::apply_edits_skips_out_of_bounds ... ok
[INFO] [stdout] test commands::profile::common::tests::intersect_predicate_existence_mode_ignores_value_difference ... ok
[INFO] [stdout] test commands::profile::macro_lookup::tests::render_macro_returns_found_and_writes_for_known ... ok
[INFO] [stdout] test commands::lints::tests::markdown_escapes_mixed_pipe_and_backslash_round_trip ... ok
[INFO] [stdout] test commands::profile::style::tests::never_disables_even_on_tty ... ok
[INFO] [stdout] test config::tests::explicit_config_is_loaded_once ... ok
[INFO] [stdout] test config::tests::discovery_hits_cache_for_same_directory ... ok
[INFO] [stdout] test config::tests::missing_config_returns_default ... ok
[INFO] [stdout] test fixer::tests::apply_edits_replaces_in_descending_order ... ok
[INFO] [stdout] test fixer::tests::collect_edits_drops_middle_overlap_keeps_outer_pair ... ok
[INFO] [stdout] test commands::profile::macros::tests::source_filter_matches_correct_variant ... ok
[INFO] [stdout] test commands::profile::macro_lookup::tests::render_macro_returns_undefined_for_unknown ... ok
[INFO] [stdout] test fixer::tests::collect_edits_tiebreaks_by_applicability ... ok
[INFO] [stdout] test commands::lints::tests::real_registry_has_all_categories_represented ... ok
[INFO] [stdout] test commands::profile::tests::all_profile_names_builtin_first_then_user_alpha ... ok
[INFO] [stdout] test output::pretty::tests::coloured_kind_wraps_text_in_ansi_escapes ... ok
[INFO] [stdout] test output::pretty::tests::empty_text_emits_nothing ... ok
[INFO] [stdout] test output::pretty::tests::multiple_tokens_isolate_color_state ... ok
[INFO] [stdout] test io::tests::write_atomic_refuses_symlink ... ok
[INFO] [stdout] test output::pretty::tests::no_color_sink_passes_through_verbatim ... ok
[INFO] [stdout] test io::tests::display_name_escapes_control_chars ... ok
[INFO] [stdout] test output::pretty::tests::plain_kind_emits_no_ansi_escape ... ok
[INFO] [stdout] test fixer::tests::collect_edits_keeps_adjacent_no_overlap ... ok
[INFO] [stdout] test fixer::tests::collect_edits_filters_by_level ... ok
[INFO] [stdout] test io::tests::write_atomic_creates_new_file ... ok
[INFO] [stdout] test io::tests::write_atomic_preserves_mode ... ok
[INFO] [stdout] test io::tests::write_atomic_replaces_existing_file ... ok
[INFO] [stderr]      Running tests/cli.rs (/opt/rustwide/target/release/deps/cli-bfb6856a3687e6be)
[INFO] [stdout] test commands::profile::common::tests::default_intersection_set_skips_empty_profiles ... ok
[INFO] [stdout] 
[INFO] [stdout] test result: ok. 51 passed; 0 failed; 0 ignored; 0 measured; 0 filtered out; finished in 0.03s
[INFO] [stdout] 
[INFO] [stdout] 
[INFO] [stdout] running 88 tests
[INFO] [stdout] test constant_condition_warns ... ok
[INFO] [stdout] test always_true_branch_warns_on_implied_inner ... ok
[INFO] [stdout] test conditional_buildarch_warns_when_enabled ... ok
[INFO] [stdout] test check_on_clean_spec_exits_zero ... ok
[INFO] [stdout] test dead_elif_warns_when_repeating_prior_branch ... ok
[INFO] [stdout] test define_shows_shadowed_value_in_profile_macro_output ... ok
[INFO] [stdout] test define_visible_in_profile_show_layer_trail ... ok
[INFO] [stdout] test define_extends_hardcoded_paths_table_at_lint_time ... ok
[INFO] [stdout] test define_short_and_long_forms_equivalent ... ok
[INFO] [stdout] test define_visible_via_profile_macro_lookup ... ok
[INFO] [stdout] test define_multiple_accumulate_into_one_layer ... ok
[INFO] [stdout] test deep_conditional_nesting_warns ... ok
[INFO] [stdout] test double_negation_warns ... ok
[INFO] [stdout] test define_with_identical_value_suppresses_shadow_line ... ok
[INFO] [stdout] test duplicate_buildscript_exits_one ... ok
[INFO] [stdout] test deprecated_clean_section_autofix_drops_section ... ok
[INFO] [stdout] test define_malformed_exits_with_clear_error ... ok
[INFO] [stdout] test format_default_keeps_conditionals_flush_left ... ok
[INFO] [stdout] test json_output_is_parseable ... ok
[INFO] [stdout] test hardcoded_paths_flags_install_script ... ok
[INFO] [stdout] test define_adding_new_macro_has_no_shadow ... ok
[INFO] [stdout] test format_check_with_indent_exits_one ... ok
[INFO] [stdout] test exhaustive_chain_warns_when_else_is_implicit ... ok
[INFO] [stdout] test egrep_autofix_replaces_with_grep_e ... ok
[INFO] [stdout] test inequality_contradiction_warns ... ok
[INFO] [stdout] test format_indent_zero_no_warning ... ok
[INFO] [stdout] test format_indent_warning_from_config_file ... ok
[INFO] [stdout] test format_indent_rejects_huge_value ... ok
[INFO] [stdout] test empty_conditional_branch_warns ... ok
[INFO] [stdout] test lint_deny_override_exits_one ... ok
[INFO] [stdout] test hoist_common_suffix_fires_on_multi_dep ... ok
[INFO] [stdout] test lint_deny_warnings_meta_fails_on_any_warning ... ok
[INFO] [stdout] test lint_nonexistent_file_exits_two ... ok
[INFO] [stdout] test lints_filter_by_category_packaging_only ... ok
[INFO] [stdout] test lints_filter_by_severity_returns_only_deny_rules ... ok
[INFO] [stdout] test lint_with_valid_profile_passes ... ok
[INFO] [stdout] test lints_invalid_severity_value_exits_nonzero_with_clap_diag ... ok
[INFO] [stdout] test lint_stdin_pipes_through ... ok
[INFO] [stdout] test format_indent_warns_and_indents ... ok
[INFO] [stdout] test lints_text_lists_known_rule_with_description ... ok
[INFO] [stdout] test macro_makes_if_trivial_warns_when_enabled ... ok
[INFO] [stdout] test lint_unknown_profile_reports_error ... ok
[INFO] [stdout] test lint_allow_override_silences_diagnostic ... ok
[INFO] [stdout] test lint_default_warn_exits_zero ... ok
[INFO] [stdout] test lint_deny_warnings_respects_per_lint_allow ... ok
[INFO] [stdout] test leaf_hoist_fires_on_multi_dep_atom_across_nested_arms ... ok
[INFO] [stdout] test multiple_changelog_sections_exits_one ... ok
[INFO] [stdout] test define_overrides_config_macro ... ok
[INFO] [stdout] test macro_in_hash_comment_autofix_escapes ... ok
[INFO] [stdout] test missing_prep_section_warns ... ok
[INFO] [stdout] test pretty_emits_ansi_when_color_always ... ok
[INFO] [stdout] test pretty_default_indent_is_two_when_config_zero ... ok
[INFO] [stdout] test pretty_renders_fixture_without_error ... FAILED
[INFO] [stdout] test missing_name_tag_exits_one ... ok
[INFO] [stdout] test parser_bridge_surfaces_warnings ... ok
[INFO] [stdout] test pretty_round_trips_through_ansi_strip ... ok
[INFO] [stdout] test patch_not_applied_warns ... ok
[INFO] [stdout] test profile_common_by_value_mode_prints_values ... ok
[INFO] [stdout] test lints_markdown_renders_table_header_and_rows ... ok
[INFO] [stdout] test profile_common_existence_mode_lists_shared_names ... ok
[INFO] [stdout] test profile_macro_known_prints_value_and_exits_zero ... ok
[INFO] [stdout] test pretty_indent_override_applies ... FAILED
[INFO] [stdout] test profile_macro_multi_profile_renders_table ... ok
[INFO] [stdout] test profile_show_default_is_generic ... ok
[INFO] [stdout] test profile_common_single_profile_rejected ... ok
[INFO] [stdout] test profile_macros_filter_narrows_output ... ok
[INFO] [stdout] test profile_macro_unknown_exits_two ... ok
[INFO] [stdout] test shellcheck_fixture_emits_rpm200_or_rpm201 ... FAILED
[INFO] [stdout] test profile_macro_default_shows_all_profiles ... ok
[INFO] [stdout] test pretty_preamble_align_column_override_applies ... ok
[INFO] [stdout] test parser_bridge_silenced_by_cli_allow ... ok
[INFO] [stdout] test cross_profile_lint_counts_differ_by_family ... ok
[INFO] [stdout] test nested_and_collapse_warns ... ok
[INFO] [stdout] test define_composes_with_family_gating ... ok
[INFO] [stdout] test version_flag_exits_zero ... ok
[INFO] [stdout] test unreachable_branch_warns_on_nested_negation ... ok
[INFO] [stdout] test pretty_omits_ansi_when_piped_under_color_auto ... ok
[INFO] [stdout] test summary_ends_with_dot_autofix ... ok
[INFO] [stdout] test setup_without_q_warns ... ok
[INFO] [stdout] test subpackage_self_obsoletion_detected ... ok
[INFO] [stdout] test unreachable_elif_warns ... ok
[INFO] [stdout] test rpm_buildroot_shell_var_warns ... ok
[INFO] [stdout] test profile_common_filter_narrows_output ... ok
[INFO] [stdout] test self_obsoletion_exits_one ... ok
[INFO] [stdout] test obsolete_tag_autofix_drops_packager ... ok
[INFO] [stdout] test profile_show_with_inline_overrides ... ok
[INFO] [stdout] test useless_provides_autofix_drops_line ... ok
[INFO] [stdout] test unused_global_warns_when_enabled ... ok
[INFO] [stdout] 
[INFO] [stdout] failures:
[INFO] [stdout] 
[INFO] [stdout] ---- pretty_renders_fixture_without_error stdout ----
[INFO] [stdout] 
[INFO] [stdout] thread 'pretty_renders_fixture_without_error' (1407) panicked at tests/cli.rs:871:51:
[INFO] [stdout] read fixture: Os { code: 2, kind: NotFound, message: "No such file or directory" }
[INFO] [stdout] stack backtrace:
[INFO] [stdout]    0:     0x5be7c82dd791 - <<std[70759c8f55707aa4]::sys::backtrace::BacktraceLock>::print::DisplayBacktrace as core[df12db4294e9bfd3]::fmt::Display>::fmt
[INFO] [stdout]    1:     0x5be7c82f361a - core[df12db4294e9bfd3]::fmt::write
[INFO] [stdout]    2:     0x5be7c82e1fac - <alloc[2182bb758b4b3781]::vec::Vec<u8> as core[df12db4294e9bfd3]::io::write::Write>::write_fmt
[INFO] [stdout]    3:     0x5be7c82b7f16 - std[70759c8f55707aa4]::panicking::default_hook::{closure#0}
[INFO] [stdout]    4:     0x5be7c82d51a9 - std[70759c8f55707aa4]::panicking::default_hook
[INFO] [stdout]    5:     0x5be7c826fd20 - test[9d35eded1c95d3be]::test_main_inner::<test[9d35eded1c95d3be]::test_main_static::{closure#0}>::{closure#0}
[INFO] [stdout]    6:     0x5be7c82d5362 - std[70759c8f55707aa4]::panicking::panic_with_hook
[INFO] [stdout]    7:     0x5be7c82b7fc2 - std[70759c8f55707aa4]::panicking::panic_handler::{closure#0}
[INFO] [stdout]    8:     0x5be7c82b0a69 - std[70759c8f55707aa4]::sys::backtrace::__rust_end_short_backtrace::<std[70759c8f55707aa4]::panicking::panic_handler::{closure#0}, !>
[INFO] [stdout]    9:     0x5be7c82b8bbd - __rustc[8fa7c3cbc660c2b3]::rust_begin_unwind
[INFO] [stdout]   10:     0x5be7c82f3d7c - core[df12db4294e9bfd3]::panicking::panic_fmt
[INFO] [stdout]   11:     0x5be7c82f3b52 - core[df12db4294e9bfd3]::result::unwrap_failed
[INFO] [stdout]   12:     0x5be7c81fbe5a - <cli[f52561053e16e29b]::pretty_renders_fixture_without_error::{closure#0} as core[df12db4294e9bfd3]::ops::function::FnOnce<()>>::call_once
[INFO] [stdout]   13:     0x5be7c826300b - test[9d35eded1c95d3be]::__rust_begin_short_backtrace::<core[df12db4294e9bfd3]::result::Result<(), alloc[2182bb758b4b3781]::string::String>, fn() -> core[df12db4294e9bfd3]::result::Result<(), alloc[2182bb758b4b3781]::string::String>>
[INFO] [stdout]   14:     0x5be7c8270675 - test[9d35eded1c95d3be]::run_test::{closure#0}
[INFO] [stdout]   15:     0x5be7c8269f34 - std[70759c8f55707aa4]::sys::backtrace::__rust_begin_short_backtrace::<test[9d35eded1c95d3be]::run_test::{closure#1}, ()>
[INFO] [stdout]   16:     0x5be7c82737d2 - <std[70759c8f55707aa4]::thread::lifecycle::spawn_unchecked<test[9d35eded1c95d3be]::run_test::{closure#1}, ()>::{closure#1} as core[df12db4294e9bfd3]::ops::function::FnOnce<()>>::call_once::{shim:vtable#0}
[INFO] [stdout]   17:     0x5be7c82dcb09 - <std[70759c8f55707aa4]::sys::thread::unix::Thread>::new::thread_start
[INFO] [stdout]   18:     0x7c0feb05bdfa - <unknown>
[INFO] [stdout]   19:     0x7c0feb0ef3d4 - clone
[INFO] [stdout]   20:                0x0 - <unknown>
[INFO] [stdout] 
[INFO] [stdout] ---- pretty_indent_override_applies stdout ----
[INFO] [stdout] 
[INFO] [stdout] thread 'pretty_indent_override_applies' (1404) panicked at tests/cli.rs:897:5:
[INFO] [stdout] assertion `left == right` failed: pretty --indent 4 must succeed; stderr=error: failed to read /opt/rustwide/workdir/../../tests/fixtures/bad_unreachable_nested.spec: No such file or directory (os error 2)
[INFO] [stdout] 
[INFO] [stdout]   left: 2
[INFO] [stdout]  right: 0
[INFO] [stdout] stack backtrace:
[INFO] [stdout]    0:     0x5be7c82dd791 - <<std[70759c8f55707aa4]::sys::backtrace::BacktraceLock>::print::DisplayBacktrace as core[df12db4294e9bfd3]::fmt::Display>::fmt
[INFO] [stdout]    1:     0x5be7c82f361a - core[df12db4294e9bfd3]::fmt::write
[INFO] [stdout]    2:     0x5be7c82e1fac - <alloc[2182bb758b4b3781]::vec::Vec<u8> as core[df12db4294e9bfd3]::io::write::Write>::write_fmt
[INFO] [stdout]    3:     0x5be7c82b7f16 - std[70759c8f55707aa4]::panicking::default_hook::{closure#0}
[INFO] [stdout]    4:     0x5be7c82d51a9 - std[70759c8f55707aa4]::panicking::default_hook
[INFO] [stdout]    5:     0x5be7c826fd20 - test[9d35eded1c95d3be]::test_main_inner::<test[9d35eded1c95d3be]::test_main_static::{closure#0}>::{closure#0}
[INFO] [stdout]    6:     0x5be7c82d5362 - std[70759c8f55707aa4]::panicking::panic_with_hook
[INFO] [stdout]    7:     0x5be7c82b7fc2 - std[70759c8f55707aa4]::panicking::panic_handler::{closure#0}
[INFO] [stdout]    8:     0x5be7c82b0a69 - std[70759c8f55707aa4]::sys::backtrace::__rust_end_short_backtrace::<std[70759c8f55707aa4]::panicking::panic_handler::{closure#0}, !>
[INFO] [stdout]    9:     0x5be7c82b8bbd - __rustc[8fa7c3cbc660c2b3]::rust_begin_unwind
[INFO] [stdout]   10:     0x5be7c82f3d7c - core[df12db4294e9bfd3]::panicking::panic_fmt
[INFO] [stdout]   11:     0x5be7c82f3cf3 - core[df12db4294e9bfd3]::panicking::assert_failed_inner
[INFO] [stdout]   12:     0x5be7c82b0235 - core[df12db4294e9bfd3]::panicking::assert_failed::<i32, i32>
[INFO] [stdout]   13:     0x5be7c81f73d4 - <cli[f52561053e16e29b]::pretty_indent_override_applies::{closure#0} as core[df12db4294e9bfd3]::ops::function::FnOnce<()>>::call_once
[INFO] [stdout]   14:     0x5be7c826300b - test[9d35eded1c95d3be]::__rust_begin_short_backtrace::<core[df12db4294e9bfd3]::result::Result<(), alloc[2182bb758b4b3781]::string::String>, fn() -> core[df12db4294e9bfd3]::result::Result<(), alloc[2182bb758b4b3781]::string::String>>
[INFO] [stdout]   15:     0x5be7c8270675 - test[9d35eded1c95d3be]::run_test::{closure#0}
[INFO] [stdout]   16:     0x5be7c8269f34 - std[70759c8f55707aa4]::sys::backtrace::__rust_begin_short_backtrace::<test[9d35eded1c95d3be]::run_test::{closure#1}, ()>
[INFO] [stdout]   17:     0x5be7c82737d2 - <std[70759c8f55707aa4]::thread::lifecycle::spawn_unchecked<test[9d35eded1c95d3be]::run_test::{closure#1}, ()>::{closure#1} as core[df12db4294e9bfd3]::ops::function::FnOnce<()>>::call_once::{shim:vtable#0}
[INFO] [stdout]   18:     0x5be7c82dcb09 - <std[70759c8f55707aa4]::sys::thread::unix::Thread>::new::thread_start
[INFO] [stdout]   19:     0x7c0feb05bdfa - <unknown>
[INFO] [stdout]   20:     0x7c0feb0ef3d4 - clone
[INFO] [stdout]   21:                0x0 - <unknown>
[INFO] [stdout] 
[INFO] [stdout] ---- shellcheck_fixture_emits_rpm200_or_rpm201 stdout ----
[INFO] [stdout] 
[INFO] [stdout] thread 'shellcheck_fixture_emits_rpm200_or_rpm201' (1438) panicked at tests/cli.rs:1193:5:
[INFO] [stdout] assertion `left == right` failed: shellcheck is default-warn, must not fail run
[INFO] [stdout]   left: 2
[INFO] [stdout]  right: 0
[INFO] [stdout] stack backtrace:
[INFO] [stdout]    0:     0x5be7c82dd791 - <<std[70759c8f55707aa4]::sys::backtrace::BacktraceLock>::print::DisplayBacktrace as core[df12db4294e9bfd3]::fmt::Display>::fmt
[INFO] [stdout]    1:     0x5be7c82f361a - core[df12db4294e9bfd3]::fmt::write
[INFO] [stdout]    2:     0x5be7c82e1fac - <alloc[2182bb758b4b3781]::vec::Vec<u8> as core[df12db4294e9bfd3]::io::write::Write>::write_fmt
[INFO] [stdout]    3:     0x5be7c82b7f16 - std[70759c8f55707aa4]::panicking::default_hook::{closure#0}
[INFO] [stdout]    4:     0x5be7c82d51a9 - std[70759c8f55707aa4]::panicking::default_hook
[INFO] [stdout]    5:     0x5be7c826fd20 - test[9d35eded1c95d3be]::test_main_inner::<test[9d35eded1c95d3be]::test_main_static::{closure#0}>::{closure#0}
[INFO] [stdout]    6:     0x5be7c82d5362 - std[70759c8f55707aa4]::panicking::panic_with_hook
[INFO] [stdout]    7:     0x5be7c82b7fc2 - std[70759c8f55707aa4]::panicking::panic_handler::{closure#0}
[INFO] [stdout]    8:     0x5be7c82b0a69 - std[70759c8f55707aa4]::sys::backtrace::__rust_end_short_backtrace::<std[70759c8f55707aa4]::panicking::panic_handler::{closure#0}, !>
[INFO] [stdout]    9:     0x5be7c82b8bbd - __rustc[8fa7c3cbc660c2b3]::rust_begin_unwind
[INFO] [stdout]   10:     0x5be7c82f3d7c - core[df12db4294e9bfd3]::panicking::panic_fmt
[INFO] [stdout]   11:     0x5be7c82f3cf3 - core[df12db4294e9bfd3]::panicking::assert_failed_inner
[INFO] [stdout]   12:     0x5be7c82b0235 - core[df12db4294e9bfd3]::panicking::assert_failed::<i32, i32>
[INFO] [stdout]   13:     0x5be7c82001a4 - <cli[f52561053e16e29b]::shellcheck_fixture_emits_rpm200_or_rpm201::{closure#0} as core[df12db4294e9bfd3]::ops::function::FnOnce<()>>::call_once
[INFO] [stdout]   14:     0x5be7c826300b - test[9d35eded1c95d3be]::__rust_begin_short_backtrace::<core[df12db4294e9bfd3]::result::Result<(), alloc[2182bb758b4b3781]::string::String>, fn() -> core[df12db4294e9bfd3]::result::Result<(), alloc[2182bb758b4b3781]::string::String>>
[INFO] [stdout]   15:     0x5be7c8270675 - test[9d35eded1c95d3be]::run_test::{closure#0}
[INFO] [stdout]   16:     0x5be7c8269f34 - std[70759c8f55707aa4]::sys::backtrace::__rust_begin_short_backtrace::<test[9d35eded1c95d3be]::run_test::{closure#1}, ()>
[INFO] [stdout]   17:     0x5be7c82737d2 - <std[70759c8f55707aa4]::thread::lifecycle::spawn_unchecked<test[9d35eded1c95d3be]::run_test::{closure#1}, ()>::{closure#1} as core[df12db4294e9bfd3]::ops::function::FnOnce<()>>::call_once::{shim:vtable#0}
[INFO] [stdout]   18:     0x5be7c82dcb09 - <std[70759c8f55707aa4]::sys::thread::unix::Thread>::new::thread_start
[INFO] [stdout]   19:     0x7c0feb05bdfa - <unknown>
[INFO] [stdout]   20:     0x7c0feb0ef3d4 - clone
[INFO] [stdout]   21:                0x0 - <unknown>
[INFO] [stdout] 
[INFO] [stdout] 
[INFO] [stdout] failures:
[INFO] [stdout]     pretty_indent_override_applies
[INFO] [stdout]     pretty_renders_fixture_without_error
[INFO] [stdout]     shellcheck_fixture_emits_rpm200_or_rpm201
[INFO] [stdout] 
[INFO] [stdout] test result: FAILED. 85 passed; 3 failed; 0 ignored; 0 measured; 0 filtered out; finished in 0.24s
[INFO] [stdout] 
[INFO] [stderr] error: test failed, to rerun pass `--test cli`
[INFO] running `Command { std: "docker" "inspect" "f40b8af462e1e6cec54388ad5672581503ac550136ab04c473d340505752d5be", kill_on_drop: false }`
[INFO] running `Command { std: "docker" "rm" "-f" "f40b8af462e1e6cec54388ad5672581503ac550136ab04c473d340505752d5be", kill_on_drop: false }`
[INFO] [stdout] f40b8af462e1e6cec54388ad5672581503ac550136ab04c473d340505752d5be
