[INFO] fetching crate rpm-infra 0.12.2...
[INFO] testing rpm-infra-0.12.2 against 1.100.0-beta.1+cargoflags=--release for beta-release-1.100-2
[INFO] extracting crate rpm-infra 0.12.2 into /workspace/builds/worker-1-tc2/source
[INFO] started tweaking crates.io crate rpm-infra 0.12.2
[INFO] removed 0 missing tests
[INFO] finished tweaking crates.io crate rpm-infra 0.12.2
[INFO] tweaked toml for crates.io crate rpm-infra 0.12.2 written to /workspace/builds/worker-1-tc2/source/Cargo.toml
[INFO] validating manifest of crates.io crate rpm-infra 0.12.2 on toolchain 1.100.0-beta.1
[INFO] running `Command { std: CARGO_HOME="/workspace/cargo-home" RUSTUP_HOME="/workspace/rustup-home" "/workspace/cargo-home/bin/cargo" "+1.100.0-beta.1" "metadata" "--manifest-path" "Cargo.toml" "--no-deps", kill_on_drop: false }`
[INFO] running `Command { std: CARGO_HOME="/workspace/cargo-home" RUSTUP_HOME="/workspace/rustup-home" "/workspace/cargo-home/bin/cargo" "+1.100.0-beta.1" "generate-lockfile" "--manifest-path" "Cargo.toml", kill_on_drop: false }`
[INFO] [stderr]     Blocking waiting for file lock on package cache
[INFO] [stderr]     Updating crates.io index
[INFO] [stderr]      Locking 215 packages to highest compatible versions
[INFO] [stderr]       Adding cpio v0.2.2 (available: v0.4.1)
[INFO] [stderr]       Adding digest v0.10.7 (available: v0.11.3)
[INFO] [stderr]       Adding enum-primitive-derive v0.2.2 (available: v0.3.0)
[INFO] [stderr]       Adding env_logger v0.10.2 (available: v0.11.11)
[INFO] [stderr]       Adding generic-array v0.14.7 (available: v0.14.9)
[INFO] [stderr]       Adding gethostname v0.4.3 (available: v1.1.0)
[INFO] [stderr]       Adding hex-literal v0.4.1 (available: v1.1.0)
[INFO] [stderr]       Adding itertools v0.11.0 (available: v0.15.0)
[INFO] [stderr]       Adding md-5 v0.10.6 (available: v0.11.0)
[INFO] [stderr]       Adding nom v7.1.3 (available: v8.0.0)
[INFO] [stderr]       Adding num-derive v0.4.2 (available: v0.5.1)
[INFO] [stderr]       Adding pgp v0.10.2 (available: v0.21.0)
[INFO] [stderr]       Adding rsa v0.8.2 (available: v0.9.10)
[INFO] [stderr]       Adding serial_test v2.0.0 (available: v4.0.1)
[INFO] [stderr]       Adding sha1 v0.10.7 (available: v0.11.0)
[INFO] [stderr]       Adding sha2 v0.10.9 (available: v0.11.1)
[INFO] [stderr]       Adding thiserror v1.0.69 (available: v2.0.21)
[INFO] [stderr]       Adding zstd v0.12.4 (available: v0.14.3)
[INFO] running `Command { std: CARGO_HOME="/workspace/cargo-home" RUSTUP_HOME="/workspace/rustup-home" "/workspace/cargo-home/bin/cargo" "+1.100.0-beta.1" "fetch" "--manifest-path" "Cargo.toml", kill_on_drop: false }`
[INFO] running `Command { std: "docker" "create" "-v" "/var/lib/crater-agent-workspace/builds/worker-1-tc2/source:/opt/rustwide/workdir:ro,Z" "-v" "/var/lib/crater-agent-workspace/builds/worker-1-tc2/target:/opt/rustwide/target:rw,Z" "-v" "/var/lib/crater-agent-workspace/cargo-home:/opt/rustwide/cargo-home:ro,Z" "-v" "/var/lib/crater-agent-workspace/rustup-home:/opt/rustwide/rustup-home:ro,Z" "-m" "1610612736" "--network" "none" "ghcr.io/rust-lang/crates-build-env/linux@sha256:77db811e55d90add9212f6832c23229e3de5f1c1f9905e8cb07319ea15df73ac" "sleep" "infinity", kill_on_drop: false }`
[INFO] [stdout] a0cede01db0b2833ea4f52cfe72d79546df3d5f4ee9852d8ac007258bcf4b81d
[INFO] running `Command { std: "docker" "start" "a0cede01db0b2833ea4f52cfe72d79546df3d5f4ee9852d8ac007258bcf4b81d", kill_on_drop: false }`
[INFO] running `Command { std: "docker" "inspect" "a0cede01db0b2833ea4f52cfe72d79546df3d5f4ee9852d8ac007258bcf4b81d", kill_on_drop: false }`
[INFO] running `Command { std: "docker" "exec" "-e" "SOURCE_DIR=/opt/rustwide/workdir" "-e" "CARGO_HOME=/opt/rustwide/cargo-home" "-e" "RUSTUP_HOME=/opt/rustwide/rustup-home" "-e" "CARGO_TARGET_DIR=/opt/rustwide/target" "-w" "/opt/rustwide/workdir" "--user" "0:0" "a0cede01db0b2833ea4f52cfe72d79546df3d5f4ee9852d8ac007258bcf4b81d" "/opt/rustwide/cargo-home/bin/cargo" "+1.100.0-beta.1" "metadata" "--no-deps" "--format-version=1", kill_on_drop: false }`
[INFO] running `Command { std: "docker" "inspect" "a0cede01db0b2833ea4f52cfe72d79546df3d5f4ee9852d8ac007258bcf4b81d", kill_on_drop: false }`
[INFO] running `Command { std: "docker" "exec" "-e" "SOURCE_DIR=/opt/rustwide/workdir" "-e" "CARGO_HOME=/opt/rustwide/cargo-home" "-e" "RUSTUP_HOME=/opt/rustwide/rustup-home" "-e" "CARGO_TARGET_DIR=/opt/rustwide/target" "-e" "CARGO_INCREMENTAL=0" "-e" "RUST_BACKTRACE=full" "-e" "RUSTFLAGS=--cap-lints=warn" "-e" "RUSTDOCFLAGS=--cap-lints=warn" "-w" "/opt/rustwide/workdir" "--user" "0:0" "a0cede01db0b2833ea4f52cfe72d79546df3d5f4ee9852d8ac007258bcf4b81d" "/opt/rustwide/cargo-home/bin/cargo" "+1.100.0-beta.1" "build" "--frozen" "--message-format=json" "--release", kill_on_drop: false }`
[INFO] [stderr]    Compiling unicode-ident v1.0.27
[INFO] [stderr]    Compiling libc v0.2.191
[INFO] [stderr]    Compiling const-oid v0.9.6
[INFO] [stderr]    Compiling generic-array v0.14.7
[INFO] [stderr]    Compiling subtle v2.6.1
[INFO] [stderr]    Compiling base64ct v1.8.3
[INFO] [stderr]    Compiling libm v0.2.16
[INFO] [stderr]    Compiling num-traits v0.2.19
[INFO] [stderr]    Compiling proc-macro2 v1.0.107
[INFO] [stderr]    Compiling pkg-config v0.3.34
[INFO] [stderr]    Compiling zerocopy v0.8.63
[INFO] [stderr]    Compiling semver v1.0.28
[INFO] [stderr]    Compiling strsim v0.10.0
[INFO] [stderr]    Compiling rustc_version v0.4.1
[INFO] [stderr]    Compiling pem-rfc7468 v0.7.0
[INFO] [stderr]    Compiling quote v1.0.47
[INFO] [stderr]    Compiling curve25519-dalek v4.1.3
[INFO] [stderr]    Compiling serde v1.0.229
[INFO] [stderr]    Compiling syn v2.0.119
[INFO] [stderr]    Compiling syn v1.0.109
[INFO] [stderr]    Compiling num-bigint-dig v0.8.6
[INFO] [stderr]    Compiling spin v0.9.9
[INFO] [stderr]    Compiling lazy_static v1.5.1
[INFO] [stderr]    Compiling zstd-safe v6.0.6
[INFO] [stderr]    Compiling crc24 v0.1.6
[INFO] [stderr]    Compiling smallvec v1.16.3
[INFO] [stderr]    Compiling getrandom v0.2.17
[INFO] [stderr]    Compiling rand_core v0.6.4
[INFO] [stderr]    Compiling jobserver v0.1.35
[INFO] [stderr]    Compiling ff v0.13.1
[INFO] [stderr]    Compiling group v0.13.0
[INFO] [stderr]    Compiling cc v1.8.0
[INFO] [stderr]    Compiling keccak v0.1.6
[INFO] [stderr]    Compiling nom v7.1.3
[INFO] [stderr]    Compiling num-integer v0.1.47
[INFO] [stderr]    Compiling chrono v0.4.45
[INFO] [stderr]    Compiling num-iter v0.1.46
[INFO] [stderr]    Compiling num-bigint v0.4.8
[INFO] [stderr]    Compiling num-complex v0.4.6
[INFO] [stderr]    Compiling buffer-redux v1.1.0
[INFO] [stderr]    Compiling zstd-sys v2.1.2+zstd.1.5.7
[INFO] [stderr]    Compiling darling_core v0.14.4
[INFO] [stderr]    Compiling lzma-sys v0.1.20
[INFO] [stderr]    Compiling bstr v1.13.1
[INFO] [stderr]    Compiling zeroize_derive v1.5.0
[INFO] [stderr]    Compiling ppv-lite86 v0.2.21
[INFO] [stderr]    Compiling curve25519-dalek-derive v0.1.1
[INFO] [stderr]    Compiling thiserror-impl v1.0.69
[INFO] [stderr]    Compiling zeroize v1.9.1
[INFO] [stderr]    Compiling der v0.7.10
[INFO] [stderr]    Compiling rand_chacha v0.3.1
[INFO] [stderr]    Compiling darling_macro v0.14.4
[INFO] [stderr]    Compiling darling v0.14.4
[INFO] [stderr]    Compiling derive_builder_core v0.12.0
[INFO] [stderr]    Compiling crypto-common v0.1.7
[INFO] [stderr]    Compiling block-buffer v0.10.4
[INFO] [stderr]    Compiling inout v0.1.4
[INFO] [stderr]    Compiling digest v0.10.7
[INFO] [stderr]    Compiling cipher v0.4.4
[INFO] [stderr]    Compiling crypto-bigint v0.5.5
[INFO] [stderr]    Compiling rand v0.8.8
[INFO] [stderr]    Compiling hmac v0.12.1
[INFO] [stderr]    Compiling signature v2.2.0
[INFO] [stderr]    Compiling spki v0.7.3
[INFO] [stderr]    Compiling hkdf v0.12.4
[INFO] [stderr]    Compiling rfc6979 v0.4.0
[INFO] [stderr]    Compiling sha2 v0.10.9
[INFO] [stderr]    Compiling pkcs8 v0.10.2
[INFO] [stderr]    Compiling sec1 v0.7.3
[INFO] [stderr]    Compiling pkcs1 v0.7.5
[INFO] [stderr]    Compiling elliptic-curve v0.13.8
[INFO] [stderr]    Compiling ecdsa v0.16.9
[INFO] [stderr]    Compiling primeorder v0.13.6
[INFO] [stderr]    Compiling derive_builder_macro v0.12.0
[INFO] [stderr]    Compiling ed25519 v2.2.3
[INFO] [stderr]    Compiling derive_builder v0.12.0
[INFO] [stderr]    Compiling ed25519-dalek v2.2.0
[INFO] [stderr]    Compiling p256 v0.13.2
[INFO] [stderr]    Compiling p384 v0.13.1
[INFO] [stderr]    Compiling rsa v0.9.10
[INFO] [stderr]    Compiling x25519-dalek v2.0.1
[INFO] [stderr]    Compiling md-5 v0.10.6
[INFO] [stderr]    Compiling sha3 v0.10.9
[INFO] [stderr]    Compiling ripemd v0.1.3
[INFO] [stderr]    Compiling sha1 v0.10.7
[INFO] [stderr]    Compiling camellia v0.1.0
[INFO] [stderr]    Compiling aes v0.8.4
[INFO] [stderr]    Compiling des v0.8.1
[INFO] [stderr]    Compiling cfb-mode v0.8.2
[INFO] [stderr]    Compiling twofish v0.7.1
[INFO] [stderr]    Compiling blowfish v0.9.1
[INFO] [stderr]    Compiling idea v0.5.1
[INFO] [stderr]    Compiling cast5 v0.11.1
[INFO] [stderr]    Compiling thiserror v1.0.69
[INFO] [stderr]    Compiling block-padding v0.3.3
[INFO] [stderr]    Compiling num-derive v0.4.2
[INFO] [stderr]    Compiling num-rational v0.4.2
[INFO] [stderr]    Compiling either v1.19.0
[INFO] [stderr]    Compiling bitfield v0.14.0
[INFO] [stderr]    Compiling itertools v0.11.0
[INFO] [stderr]    Compiling enum-display-derive v0.1.1
[INFO] [stderr]    Compiling num v0.4.3
[INFO] [stderr]    Compiling enum-primitive-derive v0.2.2
[INFO] [stderr]    Compiling pgp v0.10.2
[INFO] [stderr]    Compiling xz2 v0.1.7
[INFO] [stderr]    Compiling cpio v0.2.2
[INFO] [stderr]    Compiling bitflags v2.13.2
[INFO] [stderr]    Compiling zstd v0.12.4
[INFO] [stderr]    Compiling rpm-infra v0.12.2 (/opt/rustwide/workdir)
[INFO] [stderr]     Finished `release` profile [optimized] target(s) in 3m 06s
[INFO] running `Command { std: "docker" "inspect" "a0cede01db0b2833ea4f52cfe72d79546df3d5f4ee9852d8ac007258bcf4b81d", kill_on_drop: false }`
[INFO] running `Command { std: "docker" "exec" "-e" "SOURCE_DIR=/opt/rustwide/workdir" "-e" "CARGO_HOME=/opt/rustwide/cargo-home" "-e" "RUSTUP_HOME=/opt/rustwide/rustup-home" "-e" "CARGO_TARGET_DIR=/opt/rustwide/target" "-e" "CARGO_INCREMENTAL=0" "-e" "RUST_BACKTRACE=full" "-e" "RUSTFLAGS=--cap-lints=warn" "-e" "RUSTDOCFLAGS=--cap-lints=warn" "-w" "/opt/rustwide/workdir" "--user" "0:0" "a0cede01db0b2833ea4f52cfe72d79546df3d5f4ee9852d8ac007258bcf4b81d" "/opt/rustwide/cargo-home/bin/cargo" "+1.100.0-beta.1" "test" "--frozen" "--no-run" "--message-format=json" "--release", kill_on_drop: false }`
[INFO] [stderr]    Compiling pem-rfc7468 v0.6.0
[INFO] [stderr]    Compiling futures-core v0.3.34
[INFO] [stderr]    Compiling futures-sink v0.3.34
[INFO] [stderr]    Compiling syn v3.0.9
[INFO] [stderr]    Compiling thiserror v2.0.21
[INFO] [stderr]    Compiling parking_lot_core v0.9.12
[INFO] [stderr]    Compiling powerfmt v0.2.1
[INFO] [stderr]    Compiling deranged v0.5.9
[INFO] [stderr]    Compiling regex-automata v0.4.18
[INFO] [stderr]    Compiling futures-channel v0.3.34
[INFO] [stderr]    Compiling der v0.6.1
[INFO] [stderr]    Compiling hashbrown v0.14.5
[INFO] [stderr]    Compiling futures-util v0.3.34
[INFO] [stderr]    Compiling pgp v0.10.2
[INFO] [stderr]    Compiling parking_lot v0.12.5
[INFO] [stderr]    Compiling dashmap v5.5.3
[INFO] [stderr]    Compiling spki v0.6.0
[INFO] [stderr]    Compiling time v0.3.55
[INFO] [stderr]    Compiling pkcs8 v0.9.0
[INFO] [stderr]    Compiling pkcs1 v0.4.1
[INFO] [stderr]    Compiling serial_test_derive v2.0.0
[INFO] [stderr]    Compiling is-terminal v0.4.17
[INFO] [stderr]    Compiling thiserror-impl v2.0.21
[INFO] [stderr]    Compiling yansi v1.0.1
[INFO] [stderr]    Compiling rsa v0.8.2
[INFO] [stderr]    Compiling pretty_assertions v1.4.1
[INFO] [stderr]    Compiling futures-executor v0.3.34
[INFO] [stderr]    Compiling regex v1.13.1
[INFO] [stderr]    Compiling futures v0.3.34
[INFO] [stderr]    Compiling serial_test v2.0.0
[INFO] [stderr]    Compiling gethostname v0.4.3
[INFO] [stderr]    Compiling hex-literal v0.4.1
[INFO] [stderr]    Compiling env_logger v0.10.2
[INFO] [stderr]    Compiling simple_asn1 v0.6.4
[INFO] [stderr]    Compiling rsa-der v0.3.0
[INFO] [stderr]    Compiling rpm-infra v0.12.2 (/opt/rustwide/workdir)
[INFO] [stderr]     Finished `release` profile [optimized] target(s) in 1m 40s
[INFO] running `Command { std: "docker" "inspect" "a0cede01db0b2833ea4f52cfe72d79546df3d5f4ee9852d8ac007258bcf4b81d", kill_on_drop: false }`
[INFO] running `Command { std: "docker" "exec" "-e" "SOURCE_DIR=/opt/rustwide/workdir" "-e" "CARGO_HOME=/opt/rustwide/cargo-home" "-e" "RUSTUP_HOME=/opt/rustwide/rustup-home" "-e" "CARGO_TARGET_DIR=/opt/rustwide/target" "-e" "CARGO_INCREMENTAL=0" "-e" "RUST_BACKTRACE=full" "-e" "RUSTFLAGS=--cap-lints=warn" "-e" "RUSTDOCFLAGS=--cap-lints=warn" "-w" "/opt/rustwide/workdir" "--user" "0:0" "a0cede01db0b2833ea4f52cfe72d79546df3d5f4ee9852d8ac007258bcf4b81d" "/opt/rustwide/cargo-home/bin/cargo" "+1.100.0-beta.1" "test" "--frozen" "--release", kill_on_drop: false }`
[INFO] [stderr]     Finished `release` profile [optimized] target(s) in 0.29s
[INFO] [stderr]      Running unittests src/lib.rs (/opt/rustwide/target/release/build/rpm-infra/70f056cb1a60bbb4/out/rpm-70f056cb1a60bbb4)
[INFO] [stdout] 
[INFO] [stdout] running 14 tests
[INFO] [stdout] test rpm::headers::signature_builder::test::signature_builder_w_digest_and_eddsa_signature ... ok
[INFO] [stdout] test rpm::headers::signature_builder::test::signature_builder_w_digest_and_rsa_signature ... ok
[INFO] [stdout] test rpm::headers::signature_builder::test::signature_header_build ... ok
[INFO] [stdout] test rpm::headers::types::test::test_file_mode ... ok
[INFO] [stdout] test rpm::signature::pgp::test::parse_asc ... ok
[INFO] [stdout] test rpm::headers::signature_builder::test::signature_builder_digest_only ... ok
[INFO] [stdout] test rpm::headers::header::test::test_region_tag ... ok
[INFO] [stdout] test rpm::signature::pgp::test::static_parse_rpm_sign_signature ... FAILED
[INFO] [stdout] test tests::test_rpm_builder ... ok
[INFO] [stdout] test rpm::signature::pgp::test::verify_subkeys_match ... ok
[INFO] [stdout] test rpm::signature::pgp::test::verify_pgp_crate2 ... ok
[INFO] [stdout] test rpm::signature::pgp::test::sign_verify_roundtrip ... ok
[INFO] [stdout] test rpm::signature::pgp::test::verify_pgp_crate ... ok
[INFO] [stdout] test tests::test_rpm_header ... ok
[INFO] [stdout] 
[INFO] [stdout] failures:
[INFO] [stdout] 
[INFO] [stdout] ---- rpm::signature::pgp::test::static_parse_rpm_sign_signature stdout ----
[INFO] [stdout] /opt/rustwide/workdir/target/some.sig
[INFO] [stdout] 
[INFO] [stdout] thread 'rpm::signature::pgp::test::static_parse_rpm_sign_signature' (2541) panicked at src/rpm/signature/pgp.rs:469:10:
[INFO] [stdout] Should be able to dump extracted signature: Os { code: 2, kind: NotFound, message: "No such file or directory" }
[INFO] [stdout] stack backtrace:
[INFO] [stdout]    0:     0x653b88f85621 - <<std[617be2ca0a6fd877]::sys::backtrace::BacktraceLock>::print::DisplayBacktrace as core[a373ad73a504971]::fmt::Display>::fmt
[INFO] [stdout]    1:     0x653b88f9b19a - core[a373ad73a504971]::fmt::write
[INFO] [stdout]    2:     0x653b88f89c4c - <alloc[2e1b2a31b91974c5]::vec::Vec<u8> as core[a373ad73a504971]::io::write::Write>::write_fmt
[INFO] [stdout]    3:     0x653b88f61416 - std[617be2ca0a6fd877]::panicking::default_hook::{closure#0}
[INFO] [stdout]    4:     0x653b88f7da59 - std[617be2ca0a6fd877]::panicking::default_hook
[INFO] [stdout]    5:     0x653b88e5dae0 - test[aada8e7e76ba119b]::test_main_inner::{closure#0}
[INFO] [stdout]    6:     0x653b88f7dc12 - std[617be2ca0a6fd877]::panicking::panic_with_hook
[INFO] [stdout]    7:     0x653b88f614c2 - std[617be2ca0a6fd877]::panicking::panic_handler::{closure#0}
[INFO] [stdout]    8:     0x653b88f5a1a9 - std[617be2ca0a6fd877]::sys::backtrace::__rust_end_short_backtrace::<std[617be2ca0a6fd877]::panicking::panic_handler::{closure#0}, !>
[INFO] [stdout]    9:     0x653b88f620cd - __rustc[ea4f61d10b84890b]::rust_begin_unwind
[INFO] [stdout]   10:     0x653b88f9b97c - core[a373ad73a504971]::panicking::panic_fmt
[INFO] [stdout]   11:     0x653b88f9b752 - core[a373ad73a504971]::result::unwrap_failed
[INFO] [stdout]   12:     0x653b88cfecc7 - <rpm[e2bb46b00d7820eb]::rpm::signature::pgp::test::static_parse_rpm_sign_signature::{closure#0} as core[a373ad73a504971]::ops::function::FnOnce<()>>::call_once
[INFO] [stdout]   13:     0x653b88e50f2b - test[aada8e7e76ba119b]::__rust_begin_short_backtrace::<core[a373ad73a504971]::result::Result<(), alloc[2e1b2a31b91974c5]::string::String>, fn() -> core[a373ad73a504971]::result::Result<(), alloc[2e1b2a31b91974c5]::string::String>>
[INFO] [stdout]   14:     0x653b88e5e105 - test[aada8e7e76ba119b]::run_test::{closure#0}
[INFO] [stdout]   15:     0x653b88e579f4 - std[617be2ca0a6fd877]::sys::backtrace::__rust_begin_short_backtrace::<test[aada8e7e76ba119b]::run_test::{closure#1}, ()>
[INFO] [stdout]   16:     0x653b88e61192 - <std[617be2ca0a6fd877]::thread::lifecycle::spawn_unchecked<test[aada8e7e76ba119b]::run_test::{closure#1}, ()>::{closure#1} as core[a373ad73a504971]::ops::function::FnOnce<()>>::call_once::{shim:vtable#0}
[INFO] [stdout]   17:     0x653b88f84c9f - <std[617be2ca0a6fd877]::sys::thread::unix::Thread>::new::thread_start
[INFO] [stdout]   18:     0x7ad33e31cdfa - <unknown>
[INFO] [stdout]   19:     0x7ad33e3b03d4 - clone
[INFO] [stdout]   20:                0x0 - <unknown>
[INFO] [stdout] 
[INFO] [stdout] 
[INFO] [stdout] failures:
[INFO] [stdout]     rpm::signature::pgp::test::static_parse_rpm_sign_signature
[INFO] [stdout] 
[INFO] [stdout] test result: FAILED. 13 passed; 1 failed; 0 ignored; 0 measured; 0 filtered out; finished in 0.02s
[INFO] [stdout] 
[INFO] [stderr] error: test failed, to rerun pass `--lib`
[INFO] running `Command { std: "docker" "inspect" "a0cede01db0b2833ea4f52cfe72d79546df3d5f4ee9852d8ac007258bcf4b81d", kill_on_drop: false }`
[INFO] running `Command { std: "docker" "rm" "-f" "a0cede01db0b2833ea4f52cfe72d79546df3d5f4ee9852d8ac007258bcf4b81d", kill_on_drop: false }`
[INFO] [stdout] a0cede01db0b2833ea4f52cfe72d79546df3d5f4ee9852d8ac007258bcf4b81d
