[INFO] fetching crate rplaid 0.4.0...
[INFO] testing rplaid-0.4.0 against 1.100.0-beta.1+cargoflags=--release for beta-release-1.100-2
[INFO] extracting crate rplaid 0.4.0 into /workspace/builds/worker-2-tc2/source
[INFO] started tweaking crates.io crate rplaid 0.4.0
[INFO] finished tweaking crates.io crate rplaid 0.4.0
[INFO] tweaked toml for crates.io crate rplaid 0.4.0 written to /workspace/builds/worker-2-tc2/source/Cargo.toml
[INFO] validating manifest of crates.io crate rplaid 0.4.0 on toolchain 1.100.0-beta.1
[INFO] running `Command { std: CARGO_HOME="/workspace/cargo-home" RUSTUP_HOME="/workspace/rustup-home" "/workspace/cargo-home/bin/cargo" "+1.100.0-beta.1" "metadata" "--manifest-path" "Cargo.toml" "--no-deps", kill_on_drop: false }`
[INFO] crate crates.io crate rplaid 0.4.0 already has a lockfile, it will not be regenerated
[INFO] running `Command { std: CARGO_HOME="/workspace/cargo-home" RUSTUP_HOME="/workspace/rustup-home" "/workspace/cargo-home/bin/cargo" "+1.100.0-beta.1" "fetch" "--manifest-path" "Cargo.toml", kill_on_drop: false }`
[INFO] [stderr] warning: `package.homepage` is redundant with `package.repository`
[INFO] [stderr]   --> Cargo.toml:66:12
[INFO] [stderr]    |
[INFO] [stderr] 66 | homepage = "https://github.com/allancalix/rplaid"
[INFO] [stderr]    |            ^^^^^^^^^^^^^^^^^^^^^^^^^^^^^^^^^^^^^^
[INFO] [stderr] ...
[INFO] [stderr] 71 | repository = "https://github.com/allancalix/rplaid"
[INFO] [stderr]    |              --------------------------------------
[INFO] [stderr]    |
[INFO] [stderr]    = note: `cargo::redundant_homepage` is set to `warn` by default
[INFO] [stderr] help: consider removing `package.homepage`
[INFO] [stderr] warning: `rplaid` (manifest) generated 1 warning
[INFO] running `Command { std: "docker" "create" "-v" "/var/lib/crater-agent-workspace/builds/worker-2-tc2/source:/opt/rustwide/workdir:ro,Z" "-v" "/var/lib/crater-agent-workspace/builds/worker-2-tc2/target:/opt/rustwide/target:rw,Z" "-v" "/var/lib/crater-agent-workspace/cargo-home:/opt/rustwide/cargo-home:ro,Z" "-v" "/var/lib/crater-agent-workspace/rustup-home:/opt/rustwide/rustup-home:ro,Z" "-m" "1610612736" "--network" "none" "ghcr.io/rust-lang/crates-build-env/linux@sha256:77db811e55d90add9212f6832c23229e3de5f1c1f9905e8cb07319ea15df73ac" "sleep" "infinity", kill_on_drop: false }`
[INFO] [stdout] b35e3ca575550e22148259d1eabcd057758e37d24a8d77f672a06e4f251a4d4a
[INFO] running `Command { std: "docker" "start" "b35e3ca575550e22148259d1eabcd057758e37d24a8d77f672a06e4f251a4d4a", kill_on_drop: false }`
[INFO] running `Command { std: "docker" "inspect" "b35e3ca575550e22148259d1eabcd057758e37d24a8d77f672a06e4f251a4d4a", kill_on_drop: false }`
[INFO] running `Command { std: "docker" "exec" "-e" "SOURCE_DIR=/opt/rustwide/workdir" "-e" "CARGO_HOME=/opt/rustwide/cargo-home" "-e" "RUSTUP_HOME=/opt/rustwide/rustup-home" "-e" "CARGO_TARGET_DIR=/opt/rustwide/target" "-w" "/opt/rustwide/workdir" "--user" "0:0" "b35e3ca575550e22148259d1eabcd057758e37d24a8d77f672a06e4f251a4d4a" "/opt/rustwide/cargo-home/bin/cargo" "+1.100.0-beta.1" "metadata" "--no-deps" "--format-version=1", kill_on_drop: false }`
[INFO] running `Command { std: "docker" "inspect" "b35e3ca575550e22148259d1eabcd057758e37d24a8d77f672a06e4f251a4d4a", kill_on_drop: false }`
[INFO] running `Command { std: "docker" "exec" "-e" "SOURCE_DIR=/opt/rustwide/workdir" "-e" "CARGO_HOME=/opt/rustwide/cargo-home" "-e" "RUSTUP_HOME=/opt/rustwide/rustup-home" "-e" "CARGO_TARGET_DIR=/opt/rustwide/target" "-e" "CARGO_INCREMENTAL=0" "-e" "RUST_BACKTRACE=full" "-e" "RUSTFLAGS=--cap-lints=warn" "-e" "RUSTDOCFLAGS=--cap-lints=warn" "-w" "/opt/rustwide/workdir" "--user" "0:0" "b35e3ca575550e22148259d1eabcd057758e37d24a8d77f672a06e4f251a4d4a" "/opt/rustwide/cargo-home/bin/cargo" "+1.100.0-beta.1" "build" "--frozen" "--message-format=json" "--release", kill_on_drop: false }`
[INFO] [stderr] warning: `package.homepage` is redundant with `package.repository`
[INFO] [stderr]   --> Cargo.toml:66:12
[INFO] [stderr]    |
[INFO] [stderr] 66 | homepage = "https://github.com/allancalix/rplaid"
[INFO] [stderr]    |            ^^^^^^^^^^^^^^^^^^^^^^^^^^^^^^^^^^^^^^
[INFO] [stderr] ...
[INFO] [stderr] 71 | repository = "https://github.com/allancalix/rplaid"
[INFO] [stderr]    |              --------------------------------------
[INFO] [stderr]    |
[INFO] [stderr]    = note: `cargo::redundant_homepage` is set to `warn` by default
[INFO] [stderr] help: consider removing `package.homepage`
[INFO] [stderr] warning: `rplaid` (manifest) generated 1 warning
[INFO] [stderr]    Compiling proc-macro2 v1.0.43
[INFO] [stderr]    Compiling unicode-ident v1.0.3
[INFO] [stderr]    Compiling quote v1.0.21
[INFO] [stderr]    Compiling syn v1.0.99
[INFO] [stderr]    Compiling libc v0.2.132
[INFO] [stderr]    Compiling generic-array v0.14.6
[INFO] [stderr]    Compiling futures-core v0.3.24
[INFO] [stderr]    Compiling once_cell v1.13.1
[INFO] [stderr]    Compiling futures-io v0.3.24
[INFO] [stderr]    Compiling value-bag v1.0.0-alpha.9
[INFO] [stderr]    Compiling serde_derive v1.0.144
[INFO] [stderr]    Compiling log v0.4.17
[INFO] [stderr]    Compiling serde v1.0.144
[INFO] [stderr]    Compiling cache-padded v1.2.0
[INFO] [stderr]    Compiling waker-fn v1.1.0
[INFO] [stderr]    Compiling parking v2.0.0
[INFO] [stderr]    Compiling concurrent-queue v1.2.4
[INFO] [stderr]    Compiling polling v2.3.0
[INFO] [stderr]    Compiling standback v0.2.17
[INFO] [stderr]    Compiling crossbeam-utils v0.8.11
[INFO] [stderr]    Compiling proc-macro-hack v0.5.19
[INFO] [stderr]    Compiling ryu v1.0.11
[INFO] [stderr]    Compiling async-io v1.8.0
[INFO] [stderr]    Compiling getrandom v0.1.16
[INFO] [stderr]    Compiling async-task v4.3.0
[INFO] [stderr]    Compiling const_fn v0.4.9
[INFO] [stderr]    Compiling atomic-waker v1.0.0
[INFO] [stderr]    Compiling futures-lite v1.12.0
[INFO] [stderr]    Compiling cpuid-bool v0.2.0
[INFO] [stderr]    Compiling async-channel v1.7.1
[INFO] [stderr]    Compiling async-lock v2.5.0
[INFO] [stderr]    Compiling time v0.2.27
[INFO] [stderr]    Compiling futures-channel v0.3.24
[INFO] [stderr]    Compiling futures-task v0.3.24
[INFO] [stderr]    Compiling cookie v0.14.4
[INFO] [stderr]    Compiling serde_json v1.0.85
[INFO] [stderr]    Compiling futures-sink v0.3.24
[INFO] [stderr]    Compiling futures-util v0.3.24
[INFO] [stderr]    Compiling cpufeatures v0.2.4
[INFO] [stderr]    Compiling anyhow v1.0.63
[INFO] [stderr]    Compiling itoa v1.0.3
[INFO] [stderr]    Compiling lexical-core v0.7.6
[INFO] [stderr]    Compiling lock_api v0.4.8
[INFO] [stderr]    Compiling tokio v1.20.1
[INFO] [stderr]    Compiling http-types v2.12.0
[INFO] [stderr]    Compiling httparse v1.8.0
[INFO] [stderr]    Compiling async-trait v0.1.57
[INFO] [stderr]    Compiling crossbeam-queue v0.3.6
[INFO] [stderr]    Compiling simple-mutex v1.1.5
[INFO] [stderr]    Compiling infer v0.2.3
[INFO] [stderr]    Compiling async-dup v1.2.2
[INFO] [stderr]    Compiling hashbrown v0.12.3
[INFO] [stderr]    Compiling similar v2.2.0
[INFO] [stderr]    Compiling cipher v0.2.5
[INFO] [stderr]    Compiling digest v0.9.0
[INFO] [stderr]    Compiling universal-hash v0.4.1
[INFO] [stderr]    Compiling crypto-mac v0.10.1
[INFO] [stderr]    Compiling polyval v0.4.5
[INFO] [stderr]    Compiling getrandom v0.2.7
[INFO] [stderr]    Compiling socket2 v0.4.7
[INFO] [stderr]    Compiling aes-soft v0.6.4
[INFO] [stderr]    Compiling ctr v0.6.0
[INFO] [stderr]    Compiling ghash v0.3.1
[INFO] [stderr]    Compiling rand_core v0.6.3
[INFO] [stderr]    Compiling rand_core v0.5.1
[INFO] [stderr]    Compiling hmac v0.10.1
[INFO] [stderr]    Compiling aead v0.3.2
[INFO] [stderr]    Compiling block-buffer v0.9.0
[INFO] [stderr]    Compiling aes v0.6.0
[INFO] [stderr]    Compiling rand_chacha v0.3.1
[INFO] [stderr]    Compiling hkdf v0.10.0
[INFO] [stderr]    Compiling aes-gcm v0.8.0
[INFO] [stderr]    Compiling sha2 v0.9.9
[INFO] [stderr]    Compiling openssl-sys v0.9.75
[INFO] [stderr]    Compiling rand_chacha v0.2.2
[INFO] [stderr]    Compiling num_cpus v1.13.1
[INFO] [stderr]    Compiling async-executor v1.4.1
[INFO] [stderr]    Compiling blocking v1.2.0
[INFO] [stderr]    Compiling rand v0.8.5
[INFO] [stderr]    Compiling terminal_size v0.1.17
[INFO] [stderr]    Compiling parking_lot_core v0.9.3
[INFO] [stderr]    Compiling console v0.15.1
[INFO] [stderr]    Compiling rand v0.7.3
[INFO] [stderr]    Compiling insta v1.19.1
[INFO] [stderr]    Compiling dashmap v5.4.0
[INFO] [stderr]    Compiling nom v5.1.2
[INFO] [stderr]    Compiling ctor v0.1.23
[INFO] [stderr]    Compiling thiserror-impl v1.0.33
[INFO] [stderr]    Compiling time-macros-impl v0.1.2
[INFO] [stderr]    Compiling futures-macro v0.3.24
[INFO] [stderr]    Compiling openssl-macros v0.1.0
[INFO] [stderr]    Compiling tokio-macros v1.8.0
[INFO] [stderr]    Compiling pin-project-internal v1.0.12
[INFO] [stderr]    Compiling async-stream-impl v0.3.3
[INFO] [stderr]    Compiling openssl v0.10.41
[INFO] [stderr]    Compiling async-stream v0.3.3
[INFO] [stderr]    Compiling pin-project v1.0.12
[INFO] [stderr]    Compiling time-macros v0.1.1
[INFO] [stderr]    Compiling thiserror v1.0.33
[INFO] [stderr]    Compiling kv-log-macro v1.0.7
[INFO] [stderr]    Compiling async-global-executor v2.3.0
[INFO] [stderr]    Compiling async-std v1.12.0
[INFO] [stderr]    Compiling native-tls v0.2.10
[INFO] [stderr]    Compiling futures-executor v0.3.24
[INFO] [stderr]    Compiling futures v0.3.24
[INFO] [stderr]    Compiling url v2.2.2
[INFO] [stderr]    Compiling serde_qs v0.8.5
[INFO] [stderr]    Compiling serde_urlencoded v0.7.1
[INFO] [stderr]    Compiling config v0.10.1
[INFO] [stderr]    Compiling async-native-tls v0.3.3
[INFO] [stderr]    Compiling deadpool v0.7.0
[INFO] [stderr]    Compiling async-h1 v2.3.3
[INFO] [stderr]    Compiling http-client v6.5.3
[INFO] [stderr]    Compiling rplaid v0.4.0 (/opt/rustwide/workdir)
[INFO] [stderr] warning: unused dependency `insta`
[INFO] [stderr]   --> Cargo.toml:19:15
[INFO] [stderr]    |
[INFO] [stderr] 19 | [dependencies.insta]
[INFO] [stderr]    |               ^^^^^^
[INFO] [stderr]    |
[INFO] [stderr]    = note: `cargo::unused_dependencies` is set to `warn` by default
[INFO] [stderr] help: consider removing the dependency on `insta`
[INFO] [stderr] warning: `rplaid` (manifest) generated 1 warning
[INFO] [stderr]     Finished `release` profile [optimized] target(s) in 48.77s
[INFO] [stderr] warning: the following packages contain code that will be rejected by a future version of Rust: nom v5.1.2, openssl v0.10.41
[INFO] [stderr] note: to see what the problems were, use the option `--future-incompat-report`, or run `cargo report future-incompatibilities --id 5`
[INFO] running `Command { std: "docker" "inspect" "b35e3ca575550e22148259d1eabcd057758e37d24a8d77f672a06e4f251a4d4a", kill_on_drop: false }`
[INFO] running `Command { std: "docker" "exec" "-e" "SOURCE_DIR=/opt/rustwide/workdir" "-e" "CARGO_HOME=/opt/rustwide/cargo-home" "-e" "RUSTUP_HOME=/opt/rustwide/rustup-home" "-e" "CARGO_TARGET_DIR=/opt/rustwide/target" "-e" "CARGO_INCREMENTAL=0" "-e" "RUST_BACKTRACE=full" "-e" "RUSTFLAGS=--cap-lints=warn" "-e" "RUSTDOCFLAGS=--cap-lints=warn" "-w" "/opt/rustwide/workdir" "--user" "0:0" "b35e3ca575550e22148259d1eabcd057758e37d24a8d77f672a06e4f251a4d4a" "/opt/rustwide/cargo-home/bin/cargo" "+1.100.0-beta.1" "test" "--frozen" "--no-run" "--message-format=json" "--release", kill_on_drop: false }`
[INFO] [stderr] warning: `package.homepage` is redundant with `package.repository`
[INFO] [stderr]   --> Cargo.toml:66:12
[INFO] [stderr]    |
[INFO] [stderr] 66 | homepage = "https://github.com/allancalix/rplaid"
[INFO] [stderr]    |            ^^^^^^^^^^^^^^^^^^^^^^^^^^^^^^^^^^^^^^
[INFO] [stderr] ...
[INFO] [stderr] 71 | repository = "https://github.com/allancalix/rplaid"
[INFO] [stderr]    |              --------------------------------------
[INFO] [stderr]    |
[INFO] [stderr]    = note: `cargo::redundant_homepage` is set to `warn` by default
[INFO] [stderr] help: consider removing `package.homepage`
[INFO] [stderr] warning: `rplaid` (manifest) generated 1 warning
[INFO] [stderr]    Compiling syn v1.0.99
[INFO] [stderr]    Compiling libnghttp2-sys v0.1.7+1.45.0
[INFO] [stderr]    Compiling libz-sys v1.1.8
[INFO] [stderr]    Compiling ring v0.16.20
[INFO] [stderr]    Compiling curl-sys v0.4.56+curl-7.83.1
[INFO] [stderr]    Compiling ucd-trie v0.1.4
[INFO] [stderr]    Compiling tokio v1.20.1
[INFO] [stderr]    Compiling tracing-core v0.1.29
[INFO] [stderr]    Compiling curl v0.4.44
[INFO] [stderr]    Compiling once_cell v1.13.1
[INFO] [stderr]    Compiling spinning_top v0.2.4
[INFO] [stderr]    Compiling isahc v0.9.14
[INFO] [stderr]    Compiling bytes v1.2.1
[INFO] [stderr]    Compiling sluice v0.5.5
[INFO] [stderr]    Compiling bytes v0.5.6
[INFO] [stderr]    Compiling flume v0.9.2
[INFO] [stderr]    Compiling http v0.2.8
[INFO] [stderr]    Compiling ctor v0.1.23
[INFO] [stderr]    Compiling thiserror-impl v1.0.33
[INFO] [stderr]    Compiling serde_derive v1.0.144
[INFO] [stderr]    Compiling time-macros-impl v0.1.2
[INFO] [stderr]    Compiling pin-project-internal v1.0.12
[INFO] [stderr]    Compiling tracing-attributes v0.1.22
[INFO] [stderr]    Compiling openssl-macros v0.1.0
[INFO] [stderr]    Compiling futures-macro v0.3.24
[INFO] [stderr]    Compiling tokio-macros v1.8.0
[INFO] [stderr]    Compiling async-trait v0.1.57
[INFO] [stderr]    Compiling async-stream-impl v0.3.3
[INFO] [stderr]    Compiling value-bag v1.0.0-alpha.9
[INFO] [stderr]    Compiling openssl v0.10.41
[INFO] [stderr]    Compiling time-macros v0.1.1
[INFO] [stderr]    Compiling time v0.2.27
[INFO] [stderr]    Compiling async-stream v0.3.3
[INFO] [stderr]    Compiling log v0.4.17
[INFO] [stderr]    Compiling futures-util v0.3.24
[INFO] [stderr]    Compiling pin-project v1.0.12
[INFO] [stderr]    Compiling polling v2.3.0
[INFO] [stderr]    Compiling kv-log-macro v1.0.7
[INFO] [stderr]    Compiling tracing v0.1.36
[INFO] [stderr]    Compiling thiserror v1.0.33
[INFO] [stderr]    Compiling pest v2.3.0
[INFO] [stderr]    Compiling async-io v1.8.0
[INFO] [stderr]    Compiling tracing-futures v0.2.5
[INFO] [stderr]    Compiling async-global-executor v2.3.0
[INFO] [stderr]    Compiling cookie v0.14.4
[INFO] [stderr]    Compiling async-std v1.12.0
[INFO] [stderr]    Compiling pest_meta v2.3.0
[INFO] [stderr]    Compiling webpki v0.21.4
[INFO] [stderr]    Compiling sct v0.6.1
[INFO] [stderr]    Compiling webpki-roots v0.20.0
[INFO] [stderr]    Compiling rustls v0.18.1
[INFO] [stderr]    Compiling pest_generator v2.3.0
[INFO] [stderr]    Compiling serde v1.0.144
[INFO] [stderr]    Compiling pest_derive v2.3.0
[INFO] [stderr]    Compiling native-tls v0.2.10
[INFO] [stderr]    Compiling futures-executor v0.3.24
[INFO] [stderr]    Compiling async-tls v0.10.0
[INFO] [stderr]    Compiling futures v0.3.24
[INFO] [stderr]    Compiling url v2.2.2
[INFO] [stderr]    Compiling serde_qs v0.8.5
[INFO] [stderr]    Compiling serde_urlencoded v0.7.1
[INFO] [stderr]    Compiling serde_json v1.0.85
[INFO] [stderr]    Compiling config v0.10.1
[INFO] [stderr]    Compiling insta v1.19.1
[INFO] [stderr]    Compiling deadpool v0.7.0
[INFO] [stderr]    Compiling async-native-tls v0.3.3
[INFO] [stderr]    Compiling http-types v2.12.0
[INFO] [stderr]    Compiling async-h1 v2.3.3
[INFO] [stderr]    Compiling http-client v6.5.3
[INFO] [stderr]    Compiling rplaid v0.4.0 (/opt/rustwide/workdir)
[INFO] [stderr] warning: unused dependency `insta`
[INFO] [stderr]   --> Cargo.toml:19:15
[INFO] [stderr]    |
[INFO] [stderr] 19 | [dependencies.insta]
[INFO] [stderr]    |               ^^^^^^
[INFO] [stderr]    |
[INFO] [stderr]    = note: `cargo::unused_dependencies` is set to `warn` by default
[INFO] [stderr] help: consider removing the dependency on `insta`
[INFO] [stderr] help: to still use for development builds, move to `dev-dependencies`
[INFO] [stderr] warning: unused dependency `insta`
[INFO] [stderr]   --> Cargo.toml:44:19
[INFO] [stderr]    |
[INFO] [stderr] 44 | [dev-dependencies.insta]
[INFO] [stderr]    |                   ^^^^^^
[INFO] [stderr]    |
[INFO] [stderr] help: consider removing the dependency on `insta`
[INFO] [stderr] help: to still use for development builds, move to `dev-dependencies`
[INFO] [stderr] warning: `rplaid` (manifest) generated 2 warnings
[INFO] [stderr]     Finished `release` profile [optimized] target(s) in 1m 14s
[INFO] [stderr] warning: the following packages contain code that will be rejected by a future version of Rust: nom v5.1.2, openssl v0.10.41
[INFO] [stderr] note: to see what the problems were, use the option `--future-incompat-report`, or run `cargo report future-incompatibilities --id 5`
[INFO] running `Command { std: "docker" "inspect" "b35e3ca575550e22148259d1eabcd057758e37d24a8d77f672a06e4f251a4d4a", kill_on_drop: false }`
[INFO] running `Command { std: "docker" "exec" "-e" "SOURCE_DIR=/opt/rustwide/workdir" "-e" "CARGO_HOME=/opt/rustwide/cargo-home" "-e" "RUSTUP_HOME=/opt/rustwide/rustup-home" "-e" "CARGO_TARGET_DIR=/opt/rustwide/target" "-e" "CARGO_INCREMENTAL=0" "-e" "RUST_BACKTRACE=full" "-e" "RUSTFLAGS=--cap-lints=warn" "-e" "RUSTDOCFLAGS=--cap-lints=warn" "-w" "/opt/rustwide/workdir" "--user" "0:0" "b35e3ca575550e22148259d1eabcd057758e37d24a8d77f672a06e4f251a4d4a" "/opt/rustwide/cargo-home/bin/cargo" "+1.100.0-beta.1" "test" "--frozen" "--release", kill_on_drop: false }`
[INFO] [stderr] warning: `package.homepage` is redundant with `package.repository`
[INFO] [stderr]   --> Cargo.toml:66:12
[INFO] [stderr]    |
[INFO] [stderr] 66 | homepage = "https://github.com/allancalix/rplaid"
[INFO] [stderr]    |            ^^^^^^^^^^^^^^^^^^^^^^^^^^^^^^^^^^^^^^
[INFO] [stderr] ...
[INFO] [stderr] 71 | repository = "https://github.com/allancalix/rplaid"
[INFO] [stderr]    |              --------------------------------------
[INFO] [stderr]    |
[INFO] [stderr]    = note: `cargo::redundant_homepage` is set to `warn` by default
[INFO] [stderr] help: consider removing `package.homepage`
[INFO] [stderr] warning: `rplaid` (manifest) generated 1 warning
[INFO] [stderr] warning: unused dependency `insta`
[INFO] [stderr]   --> Cargo.toml:19:15
[INFO] [stderr]    |
[INFO] [stderr] 19 | [dependencies.insta]
[INFO] [stderr]    |               ^^^^^^
[INFO] [stderr]    |
[INFO] [stderr]    = note: `cargo::unused_dependencies` is set to `warn` by default
[INFO] [stderr] help: consider removing the dependency on `insta`
[INFO] [stderr] help: to still use for development builds, move to `dev-dependencies`
[INFO] [stderr] warning: unused dependency `insta`
[INFO] [stderr]   --> Cargo.toml:44:19
[INFO] [stderr]    |
[INFO] [stderr] 44 | [dev-dependencies.insta]
[INFO] [stderr]    |                   ^^^^^^
[INFO] [stderr]    |
[INFO] [stderr] help: consider removing the dependency on `insta`
[INFO] [stderr] help: to still use for development builds, move to `dev-dependencies`
[INFO] [stderr] warning: `rplaid` (manifest) generated 2 warnings
[INFO] [stderr]     Finished `release` profile [optimized] target(s) in 0.31s
[INFO] [stderr] warning: the following packages contain code that will be rejected by a future version of Rust: nom v5.1.2, openssl v0.10.41
[INFO] [stderr] note: to see what the problems were, use the option `--future-incompat-report`, or run `cargo report future-incompatibilities --id 5`
[INFO] [stderr]      Running unittests src/lib.rs (/opt/rustwide/target/release/build/rplaid/390068c27f4c8aab/out/rplaid-390068c27f4c8aab)
[INFO] [stdout] 
[INFO] [stdout] running 16 tests
[INFO] [stdout] test client::tests::can_create_sandbox_pub_token ... FAILED
[INFO] [stdout] test client::tests::can_modify_items ... FAILED
[INFO] [stdout] test client::tests::can_read_categories ... FAILED
[INFO] [stdout] test client::tests::can_fetch_accounts_with_token ... FAILED
[INFO] [stdout] test client::tests::can_invalidate_access_token ... FAILED
[INFO] [stdout] test client::tests::can_read_transactions ... FAILED
[INFO] [stdout] test client::tests::can_create_link_token ... FAILED
[INFO] [stdout] test client::tests::can_fetch_single_institution ... FAILED
[INFO] [stdout] test client::tests::unauthorized_calls_return_parsable_error ... FAILED
[INFO] [stdout] test client::tests::can_read_auth ... FAILED
[INFO] [stdout] test client::tests::can_get_multiple_institutions ... FAILED
[INFO] [stdout] test client::tests::can_search_institutions ... FAILED
[INFO] [stdout] test client::tests::can_read_identity ... FAILED
[INFO] [stdout] test client::tests::can_refresh_transactions ... FAILED
[INFO] [stdout] test client::tests::can_fire_webhook ... FAILED
[INFO] [stdout] test client::tests::can_drain_transaction_stream ... FAILED
[INFO] [stdout] 
[INFO] [stdout] failures:
[INFO] [stdout] 
[INFO] [stdout] ---- client::tests::can_create_sandbox_pub_token stdout ----
[INFO] [stdout] 
[INFO] [stdout] thread 'client::tests::can_create_sandbox_pub_token' (4466) panicked at src/client.rs:550:18:
[INFO] [stdout] Variable PLAID_CLIENT_ID must be defined.: NotPresent
[INFO] [stdout] stack backtrace:
[INFO] [stdout]    0:     0x5f3812665101 - <<std[617be2ca0a6fd877]::sys::backtrace::BacktraceLock>::print::DisplayBacktrace as core[a373ad73a504971]::fmt::Display>::fmt
[INFO] [stdout]    1:     0x5f381267d36a - core[a373ad73a504971]::fmt::write
[INFO] [stdout]    2:     0x5f381266983c - <alloc[2e1b2a31b91974c5]::vec::Vec<u8> as core[a373ad73a504971]::io::write::Write>::write_fmt
[INFO] [stdout]    3:     0x5f381263f226 - std[617be2ca0a6fd877]::panicking::default_hook::{closure#0}
[INFO] [stdout]    4:     0x5f381265cf99 - std[617be2ca0a6fd877]::panicking::default_hook
[INFO] [stdout]    5:     0x5f38124f35a0 - test[aada8e7e76ba119b]::test_main_inner::{closure#0}
[INFO] [stdout]    6:     0x5f381265d2c2 - std[617be2ca0a6fd877]::panicking::panic_with_hook
[INFO] [stdout]    7:     0x5f381263f2d2 - std[617be2ca0a6fd877]::panicking::panic_handler::{closure#0}
[INFO] [stdout]    8:     0x5f3812637de9 - std[617be2ca0a6fd877]::sys::backtrace::__rust_end_short_backtrace::<std[617be2ca0a6fd877]::panicking::panic_handler::{closure#0}, !>
[INFO] [stdout]    9:     0x5f38126400cd - __rustc[ea4f61d10b84890b]::rust_begin_unwind
[INFO] [stdout]   10:     0x5f381267dacc - core[a373ad73a504971]::panicking::panic_fmt
[INFO] [stdout]   11:     0x5f381267d8a2 - core[a373ad73a504971]::result::unwrap_failed
[INFO] [stdout]   12:     0x5f38124437ac - rplaid[10fd1d59f58cd3ec]::client::tests::credentials
[INFO] [stdout]   13:     0x5f381242a6a0 - <core[a373ad73a504971]::pin::Pin<&mut rplaid[10fd1d59f58cd3ec]::client::tests::can_create_sandbox_pub_token::{closure#0}> as core[a373ad73a504971]::future::future::Future>::poll
[INFO] [stdout]   14:     0x5f3812435710 - <tokio[507a168b1703f6d9]::runtime::basic_scheduler::Context>::enter::<core[a373ad73a504971]::task::poll::Poll<()>, <tokio[507a168b1703f6d9]::runtime::basic_scheduler::CoreGuard>::block_on<core[a373ad73a504971]::pin::Pin<&mut rplaid[10fd1d59f58cd3ec]::client::tests::can_create_sandbox_pub_token::{closure#0}>>::{closure#0}::{closure#0}>
[INFO] [stdout]   15:     0x5f3812446ed5 - <tokio[507a168b1703f6d9]::macros::scoped_tls::ScopedKey<tokio[507a168b1703f6d9]::runtime::basic_scheduler::Context>>::set::<<tokio[507a168b1703f6d9]::runtime::basic_scheduler::CoreGuard>::enter<<tokio[507a168b1703f6d9]::runtime::basic_scheduler::CoreGuard>::block_on<core[a373ad73a504971]::pin::Pin<&mut rplaid[10fd1d59f58cd3ec]::client::tests::can_create_sandbox_pub_token::{closure#0}>>::{closure#0}, core[a373ad73a504971]::option::Option<()>>::{closure#0}, (alloc[2e1b2a31b91974c5]::boxed::Box<tokio[507a168b1703f6d9]::runtime::basic_scheduler::Core>, core[a373ad73a504971]::option::Option<()>)>
[INFO] [stdout]   16:     0x5f3812433aa3 - <tokio[507a168b1703f6d9]::runtime::basic_scheduler::BasicScheduler>::block_on::<rplaid[10fd1d59f58cd3ec]::client::tests::can_create_sandbox_pub_token::{closure#0}>
[INFO] [stdout]   17:     0x5f3812455236 - <tokio[507a168b1703f6d9]::runtime::Runtime>::block_on::<rplaid[10fd1d59f58cd3ec]::client::tests::can_create_sandbox_pub_token::{closure#0}>
[INFO] [stdout]   18:     0x5f3812444863 - <rplaid[10fd1d59f58cd3ec]::client::tests::can_create_sandbox_pub_token::{closure#0} as core[a373ad73a504971]::ops::function::FnOnce<()>>::call_once
[INFO] [stdout]   19:     0x5f38124e69eb - test[aada8e7e76ba119b]::__rust_begin_short_backtrace::<core[a373ad73a504971]::result::Result<(), alloc[2e1b2a31b91974c5]::string::String>, fn() -> core[a373ad73a504971]::result::Result<(), alloc[2e1b2a31b91974c5]::string::String>>
[INFO] [stdout]   20:     0x5f38124f3bc5 - test[aada8e7e76ba119b]::run_test::{closure#0}
[INFO] [stdout]   21:     0x5f38124ed4b4 - std[617be2ca0a6fd877]::sys::backtrace::__rust_begin_short_backtrace::<test[aada8e7e76ba119b]::run_test::{closure#1}, ()>
[INFO] [stdout]   22:     0x5f38124f6c52 - <std[617be2ca0a6fd877]::thread::lifecycle::spawn_unchecked<test[aada8e7e76ba119b]::run_test::{closure#1}, ()>::{closure#1} as core[a373ad73a504971]::ops::function::FnOnce<()>>::call_once::{shim:vtable#0}
[INFO] [stdout]   23:     0x5f38126645af - <std[617be2ca0a6fd877]::sys::thread::unix::Thread>::new::thread_start
[INFO] [stdout]   24:     0x7b8b9e678dfa - <unknown>
[INFO] [stdout]   25:     0x7b8b9e70c3d4 - clone
[INFO] [stdout]   26:                0x0 - <unknown>
[INFO] [stdout] 
[INFO] [stdout] ---- client::tests::can_modify_items stdout ----
[INFO] [stdout] 
[INFO] [stdout] thread 'client::tests::can_modify_items' (4473) panicked at src/client.rs:550:18:
[INFO] [stdout] Variable PLAID_CLIENT_ID must be defined.: NotPresent
[INFO] [stdout] stack backtrace:
[INFO] [stdout]    0:     0x5f3812665101 - <<std[617be2ca0a6fd877]::sys::backtrace::BacktraceLock>::print::DisplayBacktrace as core[a373ad73a504971]::fmt::Display>::fmt
[INFO] [stdout]    1:     0x5f381267d36a - core[a373ad73a504971]::fmt::write
[INFO] [stdout]    2:     0x5f381266983c - <alloc[2e1b2a31b91974c5]::vec::Vec<u8> as core[a373ad73a504971]::io::write::Write>::write_fmt
[INFO] [stdout]    3:     0x5f381263f226 - std[617be2ca0a6fd877]::panicking::default_hook::{closure#0}
[INFO] [stdout]    4:     0x5f381265cf99 - std[617be2ca0a6fd877]::panicking::default_hook
[INFO] [stdout]    5:     0x5f38124f35a0 - test[aada8e7e76ba119b]::test_main_inner::{closure#0}
[INFO] [stdout]    6:     0x5f381265d2c2 - std[617be2ca0a6fd877]::panicking::panic_with_hook
[INFO] [stdout]    7:     0x5f381263f2d2 - std[617be2ca0a6fd877]::panicking::panic_handler::{closure#0}
[INFO] [stdout]    8:     0x5f3812637de9 - std[617be2ca0a6fd877]::sys::backtrace::__rust_end_short_backtrace::<std[617be2ca0a6fd877]::panicking::panic_handler::{closure#0}, !>
[INFO] [stdout]    9:     0x5f38126400cd - __rustc[ea4f61d10b84890b]::rust_begin_unwind
[INFO] [stdout]   10:     0x5f381267dacc - core[a373ad73a504971]::panicking::panic_fmt
[INFO] [stdout]   11:     0x5f381267d8a2 - core[a373ad73a504971]::result::unwrap_failed
[INFO] [stdout]   12:     0x5f38124437ac - rplaid[10fd1d59f58cd3ec]::client::tests::credentials
[INFO] [stdout]   13:     0x5f381241c689 - <core[a373ad73a504971]::pin::Pin<&mut rplaid[10fd1d59f58cd3ec]::client::tests::can_modify_items::{closure#0}> as core[a373ad73a504971]::future::future::Future>::poll
[INFO] [stdout]   14:     0x5f3812434d90 - <tokio[507a168b1703f6d9]::runtime::basic_scheduler::Context>::enter::<core[a373ad73a504971]::task::poll::Poll<()>, <tokio[507a168b1703f6d9]::runtime::basic_scheduler::CoreGuard>::block_on<core[a373ad73a504971]::pin::Pin<&mut rplaid[10fd1d59f58cd3ec]::client::tests::can_modify_items::{closure#0}>>::{closure#0}::{closure#0}>
[INFO] [stdout]   15:     0x5f3812445755 - <tokio[507a168b1703f6d9]::macros::scoped_tls::ScopedKey<tokio[507a168b1703f6d9]::runtime::basic_scheduler::Context>>::set::<<tokio[507a168b1703f6d9]::runtime::basic_scheduler::CoreGuard>::enter<<tokio[507a168b1703f6d9]::runtime::basic_scheduler::CoreGuard>::block_on<core[a373ad73a504971]::pin::Pin<&mut rplaid[10fd1d59f58cd3ec]::client::tests::can_modify_items::{closure#0}>>::{closure#0}, core[a373ad73a504971]::option::Option<()>>::{closure#0}, (alloc[2e1b2a31b91974c5]::boxed::Box<tokio[507a168b1703f6d9]::runtime::basic_scheduler::Core>, core[a373ad73a504971]::option::Option<()>)>
[INFO] [stdout]   16:     0x5f3812432323 - <tokio[507a168b1703f6d9]::runtime::basic_scheduler::BasicScheduler>::block_on::<rplaid[10fd1d59f58cd3ec]::client::tests::can_modify_items::{closure#0}>
[INFO] [stdout]   17:     0x5f3812454a66 - <tokio[507a168b1703f6d9]::runtime::Runtime>::block_on::<rplaid[10fd1d59f58cd3ec]::client::tests::can_modify_items::{closure#0}>
[INFO] [stdout]   18:     0x5f3812443c63 - <rplaid[10fd1d59f58cd3ec]::client::tests::can_modify_items::{closure#0} as core[a373ad73a504971]::ops::function::FnOnce<()>>::call_once
[INFO] [stdout]   19:     0x5f38124e69eb - test[aada8e7e76ba119b]::__rust_begin_short_backtrace::<core[a373ad73a504971]::result::Result<(), alloc[2e1b2a31b91974c5]::string::String>, fn() -> core[a373ad73a504971]::result::Result<(), alloc[2e1b2a31b91974c5]::string::String>>
[INFO] [stdout]   20:     0x5f38124f3bc5 - test[aada8e7e76ba119b]::run_test::{closure#0}
[INFO] [stdout]   21:     0x5f38124ed4b4 - std[617be2ca0a6fd877]::sys::backtrace::__rust_begin_short_backtrace::<test[aada8e7e76ba119b]::run_test::{closure#1}, ()>
[INFO] [stdout]   22:     0x5f38124f6c52 - <std[617be2ca0a6fd877]::thread::lifecycle::spawn_unchecked<test[aada8e7e76ba119b]::run_test::{closure#1}, ()>::{closure#1} as core[a373ad73a504971]::ops::function::FnOnce<()>>::call_once::{shim:vtable#0}
[INFO] [stdout]   23:     0x5f38126645af - <std[617be2ca0a6fd877]::sys::thread::unix::Thread>::new::thread_start
[INFO] [stdout]   24:     0x7b8b9e678dfa - <unknown>
[INFO] [stdout]   25:     0x7b8b9e70c3d4 - clone
[INFO] [stdout]   26:                0x0 - <unknown>
[INFO] [stdout] 
[INFO] [stdout] ---- client::tests::can_read_categories stdout ----
[INFO] [stdout] 
[INFO] [stdout] thread 'client::tests::can_read_categories' (4475) panicked at src/client.rs:550:18:
[INFO] [stdout] Variable PLAID_CLIENT_ID must be defined.: NotPresent
[INFO] [stdout] stack backtrace:
[INFO] [stdout]    0:     0x5f3812665101 - <<std[617be2ca0a6fd877]::sys::backtrace::BacktraceLock>::print::DisplayBacktrace as core[a373ad73a504971]::fmt::Display>::fmt
[INFO] [stdout]    1:     0x5f381267d36a - core[a373ad73a504971]::fmt::write
[INFO] [stdout]    2:     0x5f381266983c - <alloc[2e1b2a31b91974c5]::vec::Vec<u8> as core[a373ad73a504971]::io::write::Write>::write_fmt
[INFO] [stdout]    3:     0x5f381263f226 - std[617be2ca0a6fd877]::panicking::default_hook::{closure#0}
[INFO] [stdout]    4:     0x5f381265cf99 - std[617be2ca0a6fd877]::panicking::default_hook
[INFO] [stdout]    5:     0x5f38124f35a0 - test[aada8e7e76ba119b]::test_main_inner::{closure#0}
[INFO] [stdout]    6:     0x5f381265d2c2 - std[617be2ca0a6fd877]::panicking::panic_with_hook
[INFO] [stdout]    7:     0x5f381263f2d2 - std[617be2ca0a6fd877]::panicking::panic_handler::{closure#0}
[INFO] [stdout]    8:     0x5f3812637de9 - std[617be2ca0a6fd877]::sys::backtrace::__rust_end_short_backtrace::<std[617be2ca0a6fd877]::panicking::panic_handler::{closure#0}, !>
[INFO] [stdout]    9:     0x5f38126400cd - __rustc[ea4f61d10b84890b]::rust_begin_unwind
[INFO] [stdout]   10:     0x5f381267dacc - core[a373ad73a504971]::panicking::panic_fmt
[INFO] [stdout]   11:     0x5f381267d8a2 - core[a373ad73a504971]::result::unwrap_failed
[INFO] [stdout]   12:     0x5f38124437ac - rplaid[10fd1d59f58cd3ec]::client::tests::credentials
[INFO] [stdout]   13:     0x5f3812421983 - <core[a373ad73a504971]::pin::Pin<&mut rplaid[10fd1d59f58cd3ec]::client::tests::can_read_categories::{closure#0}> as core[a373ad73a504971]::future::future::Future>::poll
[INFO] [stdout]   14:     0x5f3812434ff0 - <tokio[507a168b1703f6d9]::runtime::basic_scheduler::Context>::enter::<core[a373ad73a504971]::task::poll::Poll<()>, <tokio[507a168b1703f6d9]::runtime::basic_scheduler::CoreGuard>::block_on<core[a373ad73a504971]::pin::Pin<&mut rplaid[10fd1d59f58cd3ec]::client::tests::can_read_categories::{closure#0}>>::{closure#0}::{closure#0}>
[INFO] [stdout]   15:     0x5f3812445d35 - <tokio[507a168b1703f6d9]::macros::scoped_tls::ScopedKey<tokio[507a168b1703f6d9]::runtime::basic_scheduler::Context>>::set::<<tokio[507a168b1703f6d9]::runtime::basic_scheduler::CoreGuard>::enter<<tokio[507a168b1703f6d9]::runtime::basic_scheduler::CoreGuard>::block_on<core[a373ad73a504971]::pin::Pin<&mut rplaid[10fd1d59f58cd3ec]::client::tests::can_read_categories::{closure#0}>>::{closure#0}, core[a373ad73a504971]::option::Option<()>>::{closure#0}, (alloc[2e1b2a31b91974c5]::boxed::Box<tokio[507a168b1703f6d9]::runtime::basic_scheduler::Core>, core[a373ad73a504971]::option::Option<()>)>
[INFO] [stdout]   16:     0x5f3812432903 - <tokio[507a168b1703f6d9]::runtime::basic_scheduler::BasicScheduler>::block_on::<rplaid[10fd1d59f58cd3ec]::client::tests::can_read_categories::{closure#0}>
[INFO] [stdout]   17:     0x5f3812454c65 - <tokio[507a168b1703f6d9]::runtime::Runtime>::block_on::<rplaid[10fd1d59f58cd3ec]::client::tests::can_read_categories::{closure#0}>
[INFO] [stdout]   18:     0x5f3812443f63 - <rplaid[10fd1d59f58cd3ec]::client::tests::can_read_categories::{closure#0} as core[a373ad73a504971]::ops::function::FnOnce<()>>::call_once
[INFO] [stdout]   19:     0x5f38124e69eb - test[aada8e7e76ba119b]::__rust_begin_short_backtrace::<core[a373ad73a504971]::result::Result<(), alloc[2e1b2a31b91974c5]::string::String>, fn() -> core[a373ad73a504971]::result::Result<(), alloc[2e1b2a31b91974c5]::string::String>>
[INFO] [stdout]   20:     0x5f38124f3bc5 - test[aada8e7e76ba119b]::run_test::{closure#0}
[INFO] [stdout]   21:     0x5f38124ed4b4 - std[617be2ca0a6fd877]::sys::backtrace::__rust_begin_short_backtrace::<test[aada8e7e76ba119b]::run_test::{closure#1}, ()>
[INFO] [stdout]   22:     0x5f38124f6c52 - <std[617be2ca0a6fd877]::thread::lifecycle::spawn_unchecked<test[aada8e7e76ba119b]::run_test::{closure#1}, ()>::{closure#1} as core[a373ad73a504971]::ops::function::FnOnce<()>>::call_once::{shim:vtable#0}
[INFO] [stdout]   23:     0x5f38126645af - <std[617be2ca0a6fd877]::sys::thread::unix::Thread>::new::thread_start
[INFO] [stdout]   24:     0x7b8b9e678dfa - <unknown>
[INFO] [stdout]   25:     0x7b8b9e70c3d4 - clone
[INFO] [stdout]   26:                0x0 - <unknown>
[INFO] [stdout] 
[INFO] [stdout] ---- client::tests::can_fetch_accounts_with_token stdout ----
[INFO] [stdout] 
[INFO] [stdout] thread 'client::tests::can_fetch_accounts_with_token' (4468) panicked at src/client.rs:550:18:
[INFO] [stdout] Variable PLAID_CLIENT_ID must be defined.: NotPresent
[INFO] [stdout] stack backtrace:
[INFO] [stdout]    0:     0x5f3812665101 - <<std[617be2ca0a6fd877]::sys::backtrace::BacktraceLock>::print::DisplayBacktrace as core[a373ad73a504971]::fmt::Display>::fmt
[INFO] [stdout]    1:     0x5f381267d36a - core[a373ad73a504971]::fmt::write
[INFO] [stdout]    2:     0x5f381266983c - <alloc[2e1b2a31b91974c5]::vec::Vec<u8> as core[a373ad73a504971]::io::write::Write>::write_fmt
[INFO] [stdout]    3:     0x5f381263f226 - std[617be2ca0a6fd877]::panicking::default_hook::{closure#0}
[INFO] [stdout]    4:     0x5f381265cf99 - std[617be2ca0a6fd877]::panicking::default_hook
[INFO] [stdout]    5:     0x5f38124f35a0 - test[aada8e7e76ba119b]::test_main_inner::{closure#0}
[INFO] [stdout]    6:     0x5f381265d2c2 - std[617be2ca0a6fd877]::panicking::panic_with_hook
[INFO] [stdout]    7:     0x5f381263f2d2 - std[617be2ca0a6fd877]::panicking::panic_handler::{closure#0}
[INFO] [stdout]    8:     0x5f3812637de9 - std[617be2ca0a6fd877]::sys::backtrace::__rust_end_short_backtrace::<std[617be2ca0a6fd877]::panicking::panic_handler::{closure#0}, !>
[INFO] [stdout]    9:     0x5f38126400cd - __rustc[ea4f61d10b84890b]::rust_begin_unwind
[INFO] [stdout]   10:     0x5f381267dacc - core[a373ad73a504971]::panicking::panic_fmt
[INFO] [stdout]   11:     0x5f381267d8a2 - core[a373ad73a504971]::result::unwrap_failed
[INFO] [stdout]   12:     0x5f38124437ac - rplaid[10fd1d59f58cd3ec]::client::tests::credentials
[INFO] [stdout]   13:     0x5f381242dfcd - <core[a373ad73a504971]::pin::Pin<&mut rplaid[10fd1d59f58cd3ec]::client::tests::can_fetch_accounts_with_token::{closure#0}> as core[a373ad73a504971]::future::future::Future>::poll
[INFO] [stdout]   14:     0x5f3812435aa0 - <tokio[507a168b1703f6d9]::runtime::basic_scheduler::Context>::enter::<core[a373ad73a504971]::task::poll::Poll<()>, <tokio[507a168b1703f6d9]::runtime::basic_scheduler::CoreGuard>::block_on<core[a373ad73a504971]::pin::Pin<&mut rplaid[10fd1d59f58cd3ec]::client::tests::can_fetch_accounts_with_token::{closure#0}>>::{closure#0}::{closure#0}>
[INFO] [stdout]   15:     0x5f38124477a5 - <tokio[507a168b1703f6d9]::macros::scoped_tls::ScopedKey<tokio[507a168b1703f6d9]::runtime::basic_scheduler::Context>>::set::<<tokio[507a168b1703f6d9]::runtime::basic_scheduler::CoreGuard>::enter<<tokio[507a168b1703f6d9]::runtime::basic_scheduler::CoreGuard>::block_on<core[a373ad73a504971]::pin::Pin<&mut rplaid[10fd1d59f58cd3ec]::client::tests::can_fetch_accounts_with_token::{closure#0}>>::{closure#0}, core[a373ad73a504971]::option::Option<()>>::{closure#0}, (alloc[2e1b2a31b91974c5]::boxed::Box<tokio[507a168b1703f6d9]::runtime::basic_scheduler::Core>, core[a373ad73a504971]::option::Option<()>)>
[INFO] [stdout]   16:     0x5f3812434373 - <tokio[507a168b1703f6d9]::runtime::basic_scheduler::BasicScheduler>::block_on::<rplaid[10fd1d59f58cd3ec]::client::tests::can_fetch_accounts_with_token::{closure#0}>
[INFO] [stdout]   17:     0x5f3812455516 - <tokio[507a168b1703f6d9]::runtime::Runtime>::block_on::<rplaid[10fd1d59f58cd3ec]::client::tests::can_fetch_accounts_with_token::{closure#0}>
[INFO] [stdout]   18:     0x5f3812444ce3 - <rplaid[10fd1d59f58cd3ec]::client::tests::can_fetch_accounts_with_token::{closure#0} as core[a373ad73a504971]::ops::function::FnOnce<()>>::call_once
[INFO] [stdout]   19:     0x5f38124e69eb - test[aada8e7e76ba119b]::__rust_begin_short_backtrace::<core[a373ad73a504971]::result::Result<(), alloc[2e1b2a31b91974c5]::string::String>, fn() -> core[a373ad73a504971]::result::Result<(), alloc[2e1b2a31b91974c5]::string::String>>
[INFO] [stdout]   20:     0x5f38124f3bc5 - test[aada8e7e76ba119b]::run_test::{closure#0}
[INFO] [stdout]   21:     0x5f38124ed4b4 - std[617be2ca0a6fd877]::sys::backtrace::__rust_begin_short_backtrace::<test[aada8e7e76ba119b]::run_test::{closure#1}, ()>
[INFO] [stdout]   22:     0x5f38124f6c52 - <std[617be2ca0a6fd877]::thread::lifecycle::spawn_unchecked<test[aada8e7e76ba119b]::run_test::{closure#1}, ()>::{closure#1} as core[a373ad73a504971]::ops::function::FnOnce<()>>::call_once::{shim:vtable#0}
[INFO] [stdout]   23:     0x5f38126645af - <std[617be2ca0a6fd877]::sys::thread::unix::Thread>::new::thread_start
[INFO] [stdout]   24:     0x7b8b9e678dfa - <unknown>
[INFO] [stdout]   25:     0x7b8b9e70c3d4 - clone
[INFO] [stdout]   26:                0x0 - <unknown>
[INFO] [stdout] 
[INFO] [stdout] ---- client::tests::can_invalidate_access_token stdout ----
[INFO] [stdout] 
[INFO] [stdout] thread 'client::tests::can_invalidate_access_token' (4472) panicked at src/client.rs:550:18:
[INFO] [stdout] Variable PLAID_CLIENT_ID must be defined.: NotPresent
[INFO] [stdout] stack backtrace:
[INFO] [stdout]    0:     0x5f3812665101 - <<std[617be2ca0a6fd877]::sys::backtrace::BacktraceLock>::print::DisplayBacktrace as core[a373ad73a504971]::fmt::Display>::fmt
[INFO] [stdout]    1:     0x5f381267d36a - core[a373ad73a504971]::fmt::write
[INFO] [stdout]    2:     0x5f381266983c - <alloc[2e1b2a31b91974c5]::vec::Vec<u8> as core[a373ad73a504971]::io::write::Write>::write_fmt
[INFO] [stdout]    3:     0x5f381263f226 - std[617be2ca0a6fd877]::panicking::default_hook::{closure#0}
[INFO] [stdout]    4:     0x5f381265cf99 - std[617be2ca0a6fd877]::panicking::default_hook
[INFO] [stdout]    5:     0x5f38124f35a0 - test[aada8e7e76ba119b]::test_main_inner::{closure#0}
[INFO] [stdout]    6:     0x5f381265d2c2 - std[617be2ca0a6fd877]::panicking::panic_with_hook
[INFO] [stdout]    7:     0x5f381263f2d2 - std[617be2ca0a6fd877]::panicking::panic_handler::{closure#0}
[INFO] [stdout]    8:     0x5f3812637de9 - std[617be2ca0a6fd877]::sys::backtrace::__rust_end_short_backtrace::<std[617be2ca0a6fd877]::panicking::panic_handler::{closure#0}, !>
[INFO] [stdout]    9:     0x5f38126400cd - __rustc[ea4f61d10b84890b]::rust_begin_unwind
[INFO] [stdout]   10:     0x5f381267dacc - core[a373ad73a504971]::panicking::panic_fmt
[INFO] [stdout]   11:     0x5f381267d8a2 - core[a373ad73a504971]::result::unwrap_failed
[INFO] [stdout]   12:     0x5f38124437ac - rplaid[10fd1d59f58cd3ec]::client::tests::credentials
[INFO] [stdout]   13:     0x5f3812429169 - <core[a373ad73a504971]::pin::Pin<&mut rplaid[10fd1d59f58cd3ec]::client::tests::can_invalidate_access_token::{closure#0}> as core[a373ad73a504971]::future::future::Future>::poll
[INFO] [stdout]   14:     0x5f38124355e0 - <tokio[507a168b1703f6d9]::runtime::basic_scheduler::Context>::enter::<core[a373ad73a504971]::task::poll::Poll<()>, <tokio[507a168b1703f6d9]::runtime::basic_scheduler::CoreGuard>::block_on<core[a373ad73a504971]::pin::Pin<&mut rplaid[10fd1d59f58cd3ec]::client::tests::can_invalidate_access_token::{closure#0}>>::{closure#0}::{closure#0}>
[INFO] [stdout]   15:     0x5f3812446be5 - <tokio[507a168b1703f6d9]::macros::scoped_tls::ScopedKey<tokio[507a168b1703f6d9]::runtime::basic_scheduler::Context>>::set::<<tokio[507a168b1703f6d9]::runtime::basic_scheduler::CoreGuard>::enter<<tokio[507a168b1703f6d9]::runtime::basic_scheduler::CoreGuard>::block_on<core[a373ad73a504971]::pin::Pin<&mut rplaid[10fd1d59f58cd3ec]::client::tests::can_invalidate_access_token::{closure#0}>>::{closure#0}, core[a373ad73a504971]::option::Option<()>>::{closure#0}, (alloc[2e1b2a31b91974c5]::boxed::Box<tokio[507a168b1703f6d9]::runtime::basic_scheduler::Core>, core[a373ad73a504971]::option::Option<()>)>
[INFO] [stdout]   16:     0x5f38124337b3 - <tokio[507a168b1703f6d9]::runtime::basic_scheduler::BasicScheduler>::block_on::<rplaid[10fd1d59f58cd3ec]::client::tests::can_invalidate_access_token::{closure#0}>
[INFO] [stdout]   17:     0x5f3812455136 - <tokio[507a168b1703f6d9]::runtime::Runtime>::block_on::<rplaid[10fd1d59f58cd3ec]::client::tests::can_invalidate_access_token::{closure#0}>
[INFO] [stdout]   18:     0x5f38124446e3 - <rplaid[10fd1d59f58cd3ec]::client::tests::can_invalidate_access_token::{closure#0} as core[a373ad73a504971]::ops::function::FnOnce<()>>::call_once
[INFO] [stdout]   19:     0x5f38124e69eb - test[aada8e7e76ba119b]::__rust_begin_short_backtrace::<core[a373ad73a504971]::result::Result<(), alloc[2e1b2a31b91974c5]::string::String>, fn() -> core[a373ad73a504971]::result::Result<(), alloc[2e1b2a31b91974c5]::string::String>>
[INFO] [stdout]   20:     0x5f38124f3bc5 - test[aada8e7e76ba119b]::run_test::{closure#0}
[INFO] [stdout]   21:     0x5f38124ed4b4 - std[617be2ca0a6fd877]::sys::backtrace::__rust_begin_short_backtrace::<test[aada8e7e76ba119b]::run_test::{closure#1}, ()>
[INFO] [stdout]   22:     0x5f38124f6c52 - <std[617be2ca0a6fd877]::thread::lifecycle::spawn_unchecked<test[aada8e7e76ba119b]::run_test::{closure#1}, ()>::{closure#1} as core[a373ad73a504971]::ops::function::FnOnce<()>>::call_once::{shim:vtable#0}
[INFO] [stdout]   23:     0x5f38126645af - <std[617be2ca0a6fd877]::sys::thread::unix::Thread>::new::thread_start
[INFO] [stdout]   24:     0x7b8b9e678dfa - <unknown>
[INFO] [stdout]   25:     0x7b8b9e70c3d4 - clone
[INFO] [stdout]   26:                0x0 - <unknown>
[INFO] [stdout] 
[INFO] [stdout] ---- client::tests::can_read_transactions stdout ----
[INFO] [stdout] 
[INFO] [stdout] thread 'client::tests::can_read_transactions' (4477) panicked at src/client.rs:550:18:
[INFO] [stdout] Variable PLAID_CLIENT_ID must be defined.: NotPresent
[INFO] [stdout] stack backtrace:
[INFO] [stdout]    0:     0x5f3812665101 - <<std[617be2ca0a6fd877]::sys::backtrace::BacktraceLock>::print::DisplayBacktrace as core[a373ad73a504971]::fmt::Display>::fmt
[INFO] [stdout]    1:     0x5f381267d36a - core[a373ad73a504971]::fmt::write
[INFO] [stdout]    2:     0x5f381266983c - <alloc[2e1b2a31b91974c5]::vec::Vec<u8> as core[a373ad73a504971]::io::write::Write>::write_fmt
[INFO] [stdout]    3:     0x5f381263f226 - std[617be2ca0a6fd877]::panicking::default_hook::{closure#0}
[INFO] [stdout]    4:     0x5f381265cf99 - std[617be2ca0a6fd877]::panicking::default_hook
[INFO] [stdout]    5:     0x5f38124f35a0 - test[aada8e7e76ba119b]::test_main_inner::{closure#0}
[INFO] [stdout]    6:     0x5f381265d2c2 - std[617be2ca0a6fd877]::panicking::panic_with_hook
[INFO] [stdout]    7:     0x5f381263f2d2 - std[617be2ca0a6fd877]::panicking::panic_handler::{closure#0}
[INFO] [stdout]    8:     0x5f3812637de9 - std[617be2ca0a6fd877]::sys::backtrace::__rust_end_short_backtrace::<std[617be2ca0a6fd877]::panicking::panic_handler::{closure#0}, !>
[INFO] [stdout]    9:     0x5f38126400cd - __rustc[ea4f61d10b84890b]::rust_begin_unwind
[INFO] [stdout]   10:     0x5f381267dacc - core[a373ad73a504971]::panicking::panic_fmt
[INFO] [stdout]   11:     0x5f381267d8a2 - core[a373ad73a504971]::result::unwrap_failed
[INFO] [stdout]   12:     0x5f38124437ac - rplaid[10fd1d59f58cd3ec]::client::tests::credentials
[INFO] [stdout]   13:     0x5f3812424d2b - <core[a373ad73a504971]::pin::Pin<&mut rplaid[10fd1d59f58cd3ec]::client::tests::can_read_transactions::{closure#0}> as core[a373ad73a504971]::future::future::Future>::poll
[INFO] [stdout]   14:     0x5f3812435250 - <tokio[507a168b1703f6d9]::runtime::basic_scheduler::Context>::enter::<core[a373ad73a504971]::task::poll::Poll<()>, <tokio[507a168b1703f6d9]::runtime::basic_scheduler::CoreGuard>::block_on<core[a373ad73a504971]::pin::Pin<&mut rplaid[10fd1d59f58cd3ec]::client::tests::can_read_transactions::{closure#0}>>::{closure#0}::{closure#0}>
[INFO] [stdout]   15:     0x5f3812446315 - <tokio[507a168b1703f6d9]::macros::scoped_tls::ScopedKey<tokio[507a168b1703f6d9]::runtime::basic_scheduler::Context>>::set::<<tokio[507a168b1703f6d9]::runtime::basic_scheduler::CoreGuard>::enter<<tokio[507a168b1703f6d9]::runtime::basic_scheduler::CoreGuard>::block_on<core[a373ad73a504971]::pin::Pin<&mut rplaid[10fd1d59f58cd3ec]::client::tests::can_read_transactions::{closure#0}>>::{closure#0}, core[a373ad73a504971]::option::Option<()>>::{closure#0}, (alloc[2e1b2a31b91974c5]::boxed::Box<tokio[507a168b1703f6d9]::runtime::basic_scheduler::Core>, core[a373ad73a504971]::option::Option<()>)>
[INFO] [stdout]   16:     0x5f3812432ee3 - <tokio[507a168b1703f6d9]::runtime::basic_scheduler::BasicScheduler>::block_on::<rplaid[10fd1d59f58cd3ec]::client::tests::can_read_transactions::{closure#0}>
[INFO] [stdout]   17:     0x5f3812454e55 - <tokio[507a168b1703f6d9]::runtime::Runtime>::block_on::<rplaid[10fd1d59f58cd3ec]::client::tests::can_read_transactions::{closure#0}>
[INFO] [stdout]   18:     0x5f3812444263 - <rplaid[10fd1d59f58cd3ec]::client::tests::can_read_transactions::{closure#0} as core[a373ad73a504971]::ops::function::FnOnce<()>>::call_once
[INFO] [stdout]   19:     0x5f38124e69eb - test[aada8e7e76ba119b]::__rust_begin_short_backtrace::<core[a373ad73a504971]::result::Result<(), alloc[2e1b2a31b91974c5]::string::String>, fn() -> core[a373ad73a504971]::result::Result<(), alloc[2e1b2a31b91974c5]::string::String>>
[INFO] [stdout]   20:     0x5f38124f3bc5 - test[aada8e7e76ba119b]::run_test::{closure#0}
[INFO] [stdout]   21:     0x5f38124ed4b4 - std[617be2ca0a6fd877]::sys::backtrace::__rust_begin_short_backtrace::<test[aada8e7e76ba119b]::run_test::{closure#1}, ()>
[INFO] [stdout]   22:     0x5f38124f6c52 - <std[617be2ca0a6fd877]::thread::lifecycle::spawn_unchecked<test[aada8e7e76ba119b]::run_test::{closure#1}, ()>::{closure#1} as core[a373ad73a504971]::ops::function::FnOnce<()>>::call_once::{shim:vtable#0}
[INFO] [stdout]   23:     0x5f38126645af - <std[617be2ca0a6fd877]::sys::thread::unix::Thread>::new::thread_start
[INFO] [stdout]   24:     0x7b8b9e678dfa - <unknown>
[INFO] [stdout]   25:     0x7b8b9e70c3d4 - clone
[INFO] [stdout]   26:                0x0 - <unknown>
[INFO] [stdout] 
[INFO] [stdout] ---- client::tests::can_create_link_token stdout ----
[INFO] [stdout] 
[INFO] [stdout] thread 'client::tests::can_create_link_token' (4465) panicked at src/client.rs:550:18:
[INFO] [stdout] Variable PLAID_CLIENT_ID must be defined.: NotPresent
[INFO] [stdout] stack backtrace:
[INFO] [stdout]    0:     0x5f3812665101 - <<std[617be2ca0a6fd877]::sys::backtrace::BacktraceLock>::print::DisplayBacktrace as core[a373ad73a504971]::fmt::Display>::fmt
[INFO] [stdout]    1:     0x5f381267d36a - core[a373ad73a504971]::fmt::write
[INFO] [stdout]    2:     0x5f381266983c - <alloc[2e1b2a31b91974c5]::vec::Vec<u8> as core[a373ad73a504971]::io::write::Write>::write_fmt
[INFO] [stdout]    3:     0x5f381263f226 - std[617be2ca0a6fd877]::panicking::default_hook::{closure#0}
[INFO] [stdout]    4:     0x5f381265cf99 - std[617be2ca0a6fd877]::panicking::default_hook
[INFO] [stdout]    5:     0x5f38124f35a0 - test[aada8e7e76ba119b]::test_main_inner::{closure#0}
[INFO] [stdout]    6:     0x5f381265d2c2 - std[617be2ca0a6fd877]::panicking::panic_with_hook
[INFO] [stdout]    7:     0x5f381263f2d2 - std[617be2ca0a6fd877]::panicking::panic_handler::{closure#0}
[INFO] [stdout]    8:     0x5f3812637de9 - std[617be2ca0a6fd877]::sys::backtrace::__rust_end_short_backtrace::<std[617be2ca0a6fd877]::panicking::panic_handler::{closure#0}, !>
[INFO] [stdout]    9:     0x5f38126400cd - __rustc[ea4f61d10b84890b]::rust_begin_unwind
[INFO] [stdout]   10:     0x5f381267dacc - core[a373ad73a504971]::panicking::panic_fmt
[INFO] [stdout]   11:     0x5f381267d8a2 - core[a373ad73a504971]::result::unwrap_failed
[INFO] [stdout]   12:     0x5f38124437ac - rplaid[10fd1d59f58cd3ec]::client::tests::credentials
[INFO] [stdout]   13:     0x5f3812422b4e - <core[a373ad73a504971]::pin::Pin<&mut rplaid[10fd1d59f58cd3ec]::client::tests::can_create_link_token::{closure#0}> as core[a373ad73a504971]::future::future::Future>::poll
[INFO] [stdout]   14:     0x5f3812435120 - <tokio[507a168b1703f6d9]::runtime::basic_scheduler::Context>::enter::<core[a373ad73a504971]::task::poll::Poll<()>, <tokio[507a168b1703f6d9]::runtime::basic_scheduler::CoreGuard>::block_on<core[a373ad73a504971]::pin::Pin<&mut rplaid[10fd1d59f58cd3ec]::client::tests::can_create_link_token::{closure#0}>>::{closure#0}::{closure#0}>
[INFO] [stdout]   15:     0x5f3812446025 - <tokio[507a168b1703f6d9]::macros::scoped_tls::ScopedKey<tokio[507a168b1703f6d9]::runtime::basic_scheduler::Context>>::set::<<tokio[507a168b1703f6d9]::runtime::basic_scheduler::CoreGuard>::enter<<tokio[507a168b1703f6d9]::runtime::basic_scheduler::CoreGuard>::block_on<core[a373ad73a504971]::pin::Pin<&mut rplaid[10fd1d59f58cd3ec]::client::tests::can_create_link_token::{closure#0}>>::{closure#0}, core[a373ad73a504971]::option::Option<()>>::{closure#0}, (alloc[2e1b2a31b91974c5]::boxed::Box<tokio[507a168b1703f6d9]::runtime::basic_scheduler::Core>, core[a373ad73a504971]::option::Option<()>)>
[INFO] [stdout]   16:     0x5f3812432bf3 - <tokio[507a168b1703f6d9]::runtime::basic_scheduler::BasicScheduler>::block_on::<rplaid[10fd1d59f58cd3ec]::client::tests::can_create_link_token::{closure#0}>
[INFO] [stdout]   17:     0x5f3812454d56 - <tokio[507a168b1703f6d9]::runtime::Runtime>::block_on::<rplaid[10fd1d59f58cd3ec]::client::tests::can_create_link_token::{closure#0}>
[INFO] [stdout]   18:     0x5f38124440e3 - <rplaid[10fd1d59f58cd3ec]::client::tests::can_create_link_token::{closure#0} as core[a373ad73a504971]::ops::function::FnOnce<()>>::call_once
[INFO] [stdout]   19:     0x5f38124e69eb - test[aada8e7e76ba119b]::__rust_begin_short_backtrace::<core[a373ad73a504971]::result::Result<(), alloc[2e1b2a31b91974c5]::string::String>, fn() -> core[a373ad73a504971]::result::Result<(), alloc[2e1b2a31b91974c5]::string::String>>
[INFO] [stdout]   20:     0x5f38124f3bc5 - test[aada8e7e76ba119b]::run_test::{closure#0}
[INFO] [stdout]   21:     0x5f38124ed4b4 - std[617be2ca0a6fd877]::sys::backtrace::__rust_begin_short_backtrace::<test[aada8e7e76ba119b]::run_test::{closure#1}, ()>
[INFO] [stdout]   22:     0x5f38124f6c52 - <std[617be2ca0a6fd877]::thread::lifecycle::spawn_unchecked<test[aada8e7e76ba119b]::run_test::{closure#1}, ()>::{closure#1} as core[a373ad73a504971]::ops::function::FnOnce<()>>::call_once::{shim:vtable#0}
[INFO] [stdout]   23:     0x5f38126645af - <std[617be2ca0a6fd877]::sys::thread::unix::Thread>::new::thread_start
[INFO] [stdout]   24:     0x7b8b9e678dfa - <unknown>
[INFO] [stdout]   25:     0x7b8b9e70c3d4 - clone
[INFO] [stdout]   26:                0x0 - <unknown>
[INFO] [stdout] 
[INFO] [stdout] ---- client::tests::can_fetch_single_institution stdout ----
[INFO] [stdout] 
[INFO] [stdout] thread 'client::tests::can_fetch_single_institution' (4469) panicked at src/client.rs:550:18:
[INFO] [stdout] Variable PLAID_CLIENT_ID must be defined.: NotPresent
[INFO] [stdout] stack backtrace:
[INFO] [stdout]    0:     0x5f3812665101 - <<std[617be2ca0a6fd877]::sys::backtrace::BacktraceLock>::print::DisplayBacktrace as core[a373ad73a504971]::fmt::Display>::fmt
[INFO] [stdout]    1:     0x5f381267d36a - core[a373ad73a504971]::fmt::write
[INFO] [stdout]    2:     0x5f381266983c - <alloc[2e1b2a31b91974c5]::vec::Vec<u8> as core[a373ad73a504971]::io::write::Write>::write_fmt
[INFO] [stdout]    3:     0x5f381263f226 - std[617be2ca0a6fd877]::panicking::default_hook::{closure#0}
[INFO] [stdout]    4:     0x5f381265cf99 - std[617be2ca0a6fd877]::panicking::default_hook
[INFO] [stdout]    5:     0x5f38124f35a0 - test[aada8e7e76ba119b]::test_main_inner::{closure#0}
[INFO] [stdout]    6:     0x5f381265d2c2 - std[617be2ca0a6fd877]::panicking::panic_with_hook
[INFO] [stdout]    7:     0x5f381263f2d2 - std[617be2ca0a6fd877]::panicking::panic_handler::{closure#0}
[INFO] [stdout]    8:     0x5f3812637de9 - std[617be2ca0a6fd877]::sys::backtrace::__rust_end_short_backtrace::<std[617be2ca0a6fd877]::panicking::panic_handler::{closure#0}, !>
[INFO] [stdout]    9:     0x5f38126400cd - __rustc[ea4f61d10b84890b]::rust_begin_unwind
[INFO] [stdout]   10:     0x5f381267dacc - core[a373ad73a504971]::panicking::panic_fmt
[INFO] [stdout]   11:     0x5f381267d8a2 - core[a373ad73a504971]::result::unwrap_failed
[INFO] [stdout]   12:     0x5f38124437ac - rplaid[10fd1d59f58cd3ec]::client::tests::credentials
[INFO] [stdout]   13:     0x5f381242ca25 - <core[a373ad73a504971]::pin::Pin<&mut rplaid[10fd1d59f58cd3ec]::client::tests::can_fetch_single_institution::{closure#0}> as core[a373ad73a504971]::future::future::Future>::poll
[INFO] [stdout]   14:     0x5f3812435970 - <tokio[507a168b1703f6d9]::runtime::basic_scheduler::Context>::enter::<core[a373ad73a504971]::task::poll::Poll<()>, <tokio[507a168b1703f6d9]::runtime::basic_scheduler::CoreGuard>::block_on<core[a373ad73a504971]::pin::Pin<&mut rplaid[10fd1d59f58cd3ec]::client::tests::can_fetch_single_institution::{closure#0}>>::{closure#0}::{closure#0}>
[INFO] [stdout]   15:     0x5f38124474b5 - <tokio[507a168b1703f6d9]::macros::scoped_tls::ScopedKey<tokio[507a168b1703f6d9]::runtime::basic_scheduler::Context>>::set::<<tokio[507a168b1703f6d9]::runtime::basic_scheduler::CoreGuard>::enter<<tokio[507a168b1703f6d9]::runtime::basic_scheduler::CoreGuard>::block_on<core[a373ad73a504971]::pin::Pin<&mut rplaid[10fd1d59f58cd3ec]::client::tests::can_fetch_single_institution::{closure#0}>>::{closure#0}, core[a373ad73a504971]::option::Option<()>>::{closure#0}, (alloc[2e1b2a31b91974c5]::boxed::Box<tokio[507a168b1703f6d9]::runtime::basic_scheduler::Core>, core[a373ad73a504971]::option::Option<()>)>
[INFO] [stdout]   16:     0x5f3812434083 - <tokio[507a168b1703f6d9]::runtime::basic_scheduler::BasicScheduler>::block_on::<rplaid[10fd1d59f58cd3ec]::client::tests::can_fetch_single_institution::{closure#0}>
[INFO] [stdout]   17:     0x5f3812455425 - <tokio[507a168b1703f6d9]::runtime::Runtime>::block_on::<rplaid[10fd1d59f58cd3ec]::client::tests::can_fetch_single_institution::{closure#0}>
[INFO] [stdout]   18:     0x5f3812444b63 - <rplaid[10fd1d59f58cd3ec]::client::tests::can_fetch_single_institution::{closure#0} as core[a373ad73a504971]::ops::function::FnOnce<()>>::call_once
[INFO] [stdout]   19:     0x5f38124e69eb - test[aada8e7e76ba119b]::__rust_begin_short_backtrace::<core[a373ad73a504971]::result::Result<(), alloc[2e1b2a31b91974c5]::string::String>, fn() -> core[a373ad73a504971]::result::Result<(), alloc[2e1b2a31b91974c5]::string::String>>
[INFO] [stdout]   20:     0x5f38124f3bc5 - test[aada8e7e76ba119b]::run_test::{closure#0}
[INFO] [stdout]   21:     0x5f38124ed4b4 - std[617be2ca0a6fd877]::sys::backtrace::__rust_begin_short_backtrace::<test[aada8e7e76ba119b]::run_test::{closure#1}, ()>
[INFO] [stdout]   22:     0x5f38124f6c52 - <std[617be2ca0a6fd877]::thread::lifecycle::spawn_unchecked<test[aada8e7e76ba119b]::run_test::{closure#1}, ()>::{closure#1} as core[a373ad73a504971]::ops::function::FnOnce<()>>::call_once::{shim:vtable#0}
[INFO] [stdout]   23:     0x5f38126645af - <std[617be2ca0a6fd877]::sys::thread::unix::Thread>::new::thread_start
[INFO] [stdout]   24:     0x7b8b9e678dfa - <unknown>
[INFO] [stdout]   25:     0x7b8b9e70c3d4 - clone
[INFO] [stdout]   26:                0x0 - <unknown>
[INFO] [stdout] 
[INFO] [stdout] ---- client::tests::unauthorized_calls_return_parsable_error stdout ----
[INFO] [stdout] 
[INFO] [stdout] thread 'client::tests::unauthorized_calls_return_parsable_error' (4480) panicked at src/client.rs:550:18:
[INFO] [stdout] Variable PLAID_CLIENT_ID must be defined.: NotPresent
[INFO] [stdout] stack backtrace:
[INFO] [stdout]    0:     0x5f3812665101 - <<std[617be2ca0a6fd877]::sys::backtrace::BacktraceLock>::print::DisplayBacktrace as core[a373ad73a504971]::fmt::Display>::fmt
[INFO] [stdout]    1:     0x5f381267d36a - core[a373ad73a504971]::fmt::write
[INFO] [stdout]    2:     0x5f381266983c - <alloc[2e1b2a31b91974c5]::vec::Vec<u8> as core[a373ad73a504971]::io::write::Write>::write_fmt
[INFO] [stdout]    3:     0x5f381263f226 - std[617be2ca0a6fd877]::panicking::default_hook::{closure#0}
[INFO] [stdout]    4:     0x5f381265cf99 - std[617be2ca0a6fd877]::panicking::default_hook
[INFO] [stdout]    5:     0x5f38124f35a0 - test[aada8e7e76ba119b]::test_main_inner::{closure#0}
[INFO] [stdout]    6:     0x5f381265d2c2 - std[617be2ca0a6fd877]::panicking::panic_with_hook
[INFO] [stdout]    7:     0x5f381263f2d2 - std[617be2ca0a6fd877]::panicking::panic_handler::{closure#0}
[INFO] [stdout]    8:     0x5f3812637de9 - std[617be2ca0a6fd877]::sys::backtrace::__rust_end_short_backtrace::<std[617be2ca0a6fd877]::panicking::panic_handler::{closure#0}, !>
[INFO] [stdout]    9:     0x5f38126400cd - __rustc[ea4f61d10b84890b]::rust_begin_unwind
[INFO] [stdout]   10:     0x5f381267dacc - core[a373ad73a504971]::panicking::panic_fmt
[INFO] [stdout]   11:     0x5f381267d8a2 - core[a373ad73a504971]::result::unwrap_failed
[INFO] [stdout]   12:     0x5f38124437ac - rplaid[10fd1d59f58cd3ec]::client::tests::credentials
[INFO] [stdout]   13:     0x5f3812430c21 - <core[a373ad73a504971]::pin::Pin<&mut rplaid[10fd1d59f58cd3ec]::client::tests::unauthorized_calls_return_parsable_error::{closure#0}> as core[a373ad73a504971]::future::future::Future>::poll
[INFO] [stdout]   14:     0x5f3812435d00 - <tokio[507a168b1703f6d9]::runtime::basic_scheduler::Context>::enter::<core[a373ad73a504971]::task::poll::Poll<()>, <tokio[507a168b1703f6d9]::runtime::basic_scheduler::CoreGuard>::block_on<core[a373ad73a504971]::pin::Pin<&mut rplaid[10fd1d59f58cd3ec]::client::tests::unauthorized_calls_return_parsable_error::{closure#0}>>::{closure#0}::{closure#0}>
[INFO] [stdout]   15:     0x5f3812447d85 - <tokio[507a168b1703f6d9]::macros::scoped_tls::ScopedKey<tokio[507a168b1703f6d9]::runtime::basic_scheduler::Context>>::set::<<tokio[507a168b1703f6d9]::runtime::basic_scheduler::CoreGuard>::enter<<tokio[507a168b1703f6d9]::runtime::basic_scheduler::CoreGuard>::block_on<core[a373ad73a504971]::pin::Pin<&mut rplaid[10fd1d59f58cd3ec]::client::tests::unauthorized_calls_return_parsable_error::{closure#0}>>::{closure#0}, core[a373ad73a504971]::option::Option<()>>::{closure#0}, (alloc[2e1b2a31b91974c5]::boxed::Box<tokio[507a168b1703f6d9]::runtime::basic_scheduler::Core>, core[a373ad73a504971]::option::Option<()>)>
[INFO] [stdout]   16:     0x5f3812434953 - <tokio[507a168b1703f6d9]::runtime::basic_scheduler::BasicScheduler>::block_on::<rplaid[10fd1d59f58cd3ec]::client::tests::unauthorized_calls_return_parsable_error::{closure#0}>
[INFO] [stdout]   17:     0x5f3812455706 - <tokio[507a168b1703f6d9]::runtime::Runtime>::block_on::<rplaid[10fd1d59f58cd3ec]::client::tests::unauthorized_calls_return_parsable_error::{closure#0}>
[INFO] [stdout]   18:     0x5f3812444fe3 - <rplaid[10fd1d59f58cd3ec]::client::tests::unauthorized_calls_return_parsable_error::{closure#0} as core[a373ad73a504971]::ops::function::FnOnce<()>>::call_once
[INFO] [stdout]   19:     0x5f38124e69eb - test[aada8e7e76ba119b]::__rust_begin_short_backtrace::<core[a373ad73a504971]::result::Result<(), alloc[2e1b2a31b91974c5]::string::String>, fn() -> core[a373ad73a504971]::result::Result<(), alloc[2e1b2a31b91974c5]::string::String>>
[INFO] [stdout]   20:     0x5f38124f3bc5 - test[aada8e7e76ba119b]::run_test::{closure#0}
[INFO] [stdout]   21:     0x5f38124ed4b4 - std[617be2ca0a6fd877]::sys::backtrace::__rust_begin_short_backtrace::<test[aada8e7e76ba119b]::run_test::{closure#1}, ()>
[INFO] [stdout]   22:     0x5f38124f6c52 - <std[617be2ca0a6fd877]::thread::lifecycle::spawn_unchecked<test[aada8e7e76ba119b]::run_test::{closure#1}, ()>::{closure#1} as core[a373ad73a504971]::ops::function::FnOnce<()>>::call_once::{shim:vtable#0}
[INFO] [stdout]   23:     0x5f38126645af - <std[617be2ca0a6fd877]::sys::thread::unix::Thread>::new::thread_start
[INFO] [stdout]   24:     0x7b8b9e678dfa - <unknown>
[INFO] [stdout]   25:     0x7b8b9e70c3d4 - clone
[INFO] [stdout]   26:                0x0 - <unknown>
[INFO] [stdout] 
[INFO] [stdout] ---- client::tests::can_read_auth stdout ----
[INFO] [stdout] 
[INFO] [stdout] thread 'client::tests::can_read_auth' (4474) panicked at src/client.rs:550:18:
[INFO] [stdout] Variable PLAID_CLIENT_ID must be defined.: NotPresent
[INFO] [stdout] stack backtrace:
[INFO] [stdout]    0:     0x5f3812665101 - <<std[617be2ca0a6fd877]::sys::backtrace::BacktraceLock>::print::DisplayBacktrace as core[a373ad73a504971]::fmt::Display>::fmt
[INFO] [stdout]    1:     0x5f381267d36a - core[a373ad73a504971]::fmt::write
[INFO] [stdout]    2:     0x5f381266983c - <alloc[2e1b2a31b91974c5]::vec::Vec<u8> as core[a373ad73a504971]::io::write::Write>::write_fmt
[INFO] [stdout]    3:     0x5f381263f226 - std[617be2ca0a6fd877]::panicking::default_hook::{closure#0}
[INFO] [stdout]    4:     0x5f381265cf99 - std[617be2ca0a6fd877]::panicking::default_hook
[INFO] [stdout]    5:     0x5f38124f35a0 - test[aada8e7e76ba119b]::test_main_inner::{closure#0}
[INFO] [stdout]    6:     0x5f381265d2c2 - std[617be2ca0a6fd877]::panicking::panic_with_hook
[INFO] [stdout]    7:     0x5f381263f2d2 - std[617be2ca0a6fd877]::panicking::panic_handler::{closure#0}
[INFO] [stdout]    8:     0x5f3812637de9 - std[617be2ca0a6fd877]::sys::backtrace::__rust_end_short_backtrace::<std[617be2ca0a6fd877]::panicking::panic_handler::{closure#0}, !>
[INFO] [stdout]    9:     0x5f38126400cd - __rustc[ea4f61d10b84890b]::rust_begin_unwind
[INFO] [stdout]   10:     0x5f381267dacc - core[a373ad73a504971]::panicking::panic_fmt
[INFO] [stdout]   11:     0x5f381267d8a2 - core[a373ad73a504971]::result::unwrap_failed
[INFO] [stdout]   12:     0x5f38124437ac - rplaid[10fd1d59f58cd3ec]::client::tests::credentials
[INFO] [stdout]   13:     0x5f3812418da4 - <core[a373ad73a504971]::pin::Pin<&mut rplaid[10fd1d59f58cd3ec]::client::tests::can_read_auth::{closure#0}> as core[a373ad73a504971]::future::future::Future>::poll
[INFO] [stdout]   14:     0x5f3812434b30 - <tokio[507a168b1703f6d9]::runtime::basic_scheduler::Context>::enter::<core[a373ad73a504971]::task::poll::Poll<()>, <tokio[507a168b1703f6d9]::runtime::basic_scheduler::CoreGuard>::block_on<core[a373ad73a504971]::pin::Pin<&mut rplaid[10fd1d59f58cd3ec]::client::tests::can_read_auth::{closure#0}>>::{closure#0}::{closure#0}>
[INFO] [stdout]   15:     0x5f3812445175 - <tokio[507a168b1703f6d9]::macros::scoped_tls::ScopedKey<tokio[507a168b1703f6d9]::runtime::basic_scheduler::Context>>::set::<<tokio[507a168b1703f6d9]::runtime::basic_scheduler::CoreGuard>::enter<<tokio[507a168b1703f6d9]::runtime::basic_scheduler::CoreGuard>::block_on<core[a373ad73a504971]::pin::Pin<&mut rplaid[10fd1d59f58cd3ec]::client::tests::can_read_auth::{closure#0}>>::{closure#0}, core[a373ad73a504971]::option::Option<()>>::{closure#0}, (alloc[2e1b2a31b91974c5]::boxed::Box<tokio[507a168b1703f6d9]::runtime::basic_scheduler::Core>, core[a373ad73a504971]::option::Option<()>)>
[INFO] [stdout]   16:     0x5f3812431d43 - <tokio[507a168b1703f6d9]::runtime::basic_scheduler::BasicScheduler>::block_on::<rplaid[10fd1d59f58cd3ec]::client::tests::can_read_auth::{closure#0}>
[INFO] [stdout]   17:     0x5f3812454866 - <tokio[507a168b1703f6d9]::runtime::Runtime>::block_on::<rplaid[10fd1d59f58cd3ec]::client::tests::can_read_auth::{closure#0}>
[INFO] [stdout]   18:     0x5f3812443963 - <rplaid[10fd1d59f58cd3ec]::client::tests::can_read_auth::{closure#0} as core[a373ad73a504971]::ops::function::FnOnce<()>>::call_once
[INFO] [stdout]   19:     0x5f38124e69eb - test[aada8e7e76ba119b]::__rust_begin_short_backtrace::<core[a373ad73a504971]::result::Result<(), alloc[2e1b2a31b91974c5]::string::String>, fn() -> core[a373ad73a504971]::result::Result<(), alloc[2e1b2a31b91974c5]::string::String>>
[INFO] [stdout]   20:     0x5f38124f3bc5 - test[aada8e7e76ba119b]::run_test::{closure#0}
[INFO] [stdout]   21:     0x5f38124ed4b4 - std[617be2ca0a6fd877]::sys::backtrace::__rust_begin_short_backtrace::<test[aada8e7e76ba119b]::run_test::{closure#1}, ()>
[INFO] [stdout]   22:     0x5f38124f6c52 - <std[617be2ca0a6fd877]::thread::lifecycle::spawn_unchecked<test[aada8e7e76ba119b]::run_test::{closure#1}, ()>::{closure#1} as core[a373ad73a504971]::ops::function::FnOnce<()>>::call_once::{shim:vtable#0}
[INFO] [stdout]   23:     0x5f38126645af - <std[617be2ca0a6fd877]::sys::thread::unix::Thread>::new::thread_start
[INFO] [stdout]   24:     0x7b8b9e678dfa - <unknown>
[INFO] [stdout]   25:     0x7b8b9e70c3d4 - clone
[INFO] [stdout]   26:                0x0 - <unknown>
[INFO] [stdout] 
[INFO] [stdout] ---- client::tests::can_get_multiple_institutions stdout ----
[INFO] [stdout] 
[INFO] [stdout] thread 'client::tests::can_get_multiple_institutions' (4471) panicked at src/client.rs:550:18:
[INFO] [stdout] Variable PLAID_CLIENT_ID must be defined.: NotPresent
[INFO] [stdout] stack backtrace:
[INFO] [stdout]    0:     0x5f3812665101 - <<std[617be2ca0a6fd877]::sys::backtrace::BacktraceLock>::print::DisplayBacktrace as core[a373ad73a504971]::fmt::Display>::fmt
[INFO] [stdout]    1:     0x5f381267d36a - core[a373ad73a504971]::fmt::write
[INFO] [stdout]    2:     0x5f381266983c - <alloc[2e1b2a31b91974c5]::vec::Vec<u8> as core[a373ad73a504971]::io::write::Write>::write_fmt
[INFO] [stdout]    3:     0x5f381263f226 - std[617be2ca0a6fd877]::panicking::default_hook::{closure#0}
[INFO] [stdout]    4:     0x5f381265cf99 - std[617be2ca0a6fd877]::panicking::default_hook
[INFO] [stdout]    5:     0x5f38124f35a0 - test[aada8e7e76ba119b]::test_main_inner::{closure#0}
[INFO] [stdout]    6:     0x5f381265d2c2 - std[617be2ca0a6fd877]::panicking::panic_with_hook
[INFO] [stdout]    7:     0x5f381263f2d2 - std[617be2ca0a6fd877]::panicking::panic_handler::{closure#0}
[INFO] [stdout]    8:     0x5f3812637de9 - std[617be2ca0a6fd877]::sys::backtrace::__rust_end_short_backtrace::<std[617be2ca0a6fd877]::panicking::panic_handler::{closure#0}, !>
[INFO] [stdout]    9:     0x5f38126400cd - __rustc[ea4f61d10b84890b]::rust_begin_unwind
[INFO] [stdout]   10:     0x5f381267dacc - core[a373ad73a504971]::panicking::panic_fmt
[INFO] [stdout]   11:     0x5f381267d8a2 - core[a373ad73a504971]::result::unwrap_failed
[INFO] [stdout]   12:     0x5f38124437ac - rplaid[10fd1d59f58cd3ec]::client::tests::credentials
[INFO] [stdout]   13:     0x5f381242f986 - <core[a373ad73a504971]::pin::Pin<&mut rplaid[10fd1d59f58cd3ec]::client::tests::can_get_multiple_institutions::{closure#0}> as core[a373ad73a504971]::future::future::Future>::poll
[INFO] [stdout]   14:     0x5f3812435bd0 - <tokio[507a168b1703f6d9]::runtime::basic_scheduler::Context>::enter::<core[a373ad73a504971]::task::poll::Poll<()>, <tokio[507a168b1703f6d9]::runtime::basic_scheduler::CoreGuard>::block_on<core[a373ad73a504971]::pin::Pin<&mut rplaid[10fd1d59f58cd3ec]::client::tests::can_get_multiple_institutions::{closure#0}>>::{closure#0}::{closure#0}>
[INFO] [stdout]   15:     0x5f3812447a95 - <tokio[507a168b1703f6d9]::macros::scoped_tls::ScopedKey<tokio[507a168b1703f6d9]::runtime::basic_scheduler::Context>>::set::<<tokio[507a168b1703f6d9]::runtime::basic_scheduler::CoreGuard>::enter<<tokio[507a168b1703f6d9]::runtime::basic_scheduler::CoreGuard>::block_on<core[a373ad73a504971]::pin::Pin<&mut rplaid[10fd1d59f58cd3ec]::client::tests::can_get_multiple_institutions::{closure#0}>>::{closure#0}, core[a373ad73a504971]::option::Option<()>>::{closure#0}, (alloc[2e1b2a31b91974c5]::boxed::Box<tokio[507a168b1703f6d9]::runtime::basic_scheduler::Core>, core[a373ad73a504971]::option::Option<()>)>
[INFO] [stdout]   16:     0x5f3812434663 - <tokio[507a168b1703f6d9]::runtime::basic_scheduler::BasicScheduler>::block_on::<rplaid[10fd1d59f58cd3ec]::client::tests::can_get_multiple_institutions::{closure#0}>
[INFO] [stdout]   17:     0x5f3812455615 - <tokio[507a168b1703f6d9]::runtime::Runtime>::block_on::<rplaid[10fd1d59f58cd3ec]::client::tests::can_get_multiple_institutions::{closure#0}>
[INFO] [stdout]   18:     0x5f3812444e63 - <rplaid[10fd1d59f58cd3ec]::client::tests::can_get_multiple_institutions::{closure#0} as core[a373ad73a504971]::ops::function::FnOnce<()>>::call_once
[INFO] [stdout]   19:     0x5f38124e69eb - test[aada8e7e76ba119b]::__rust_begin_short_backtrace::<core[a373ad73a504971]::result::Result<(), alloc[2e1b2a31b91974c5]::string::String>, fn() -> core[a373ad73a504971]::result::Result<(), alloc[2e1b2a31b91974c5]::string::String>>
[INFO] [stdout]   20:     0x5f38124f3bc5 - test[aada8e7e76ba119b]::run_test::{closure#0}
[INFO] [stdout]   21:     0x5f38124ed4b4 - std[617be2ca0a6fd877]::sys::backtrace::__rust_begin_short_backtrace::<test[aada8e7e76ba119b]::run_test::{closure#1}, ()>
[INFO] [stdout]   22:     0x5f38124f6c52 - <std[617be2ca0a6fd877]::thread::lifecycle::spawn_unchecked<test[aada8e7e76ba119b]::run_test::{closure#1}, ()>::{closure#1} as core[a373ad73a504971]::ops::function::FnOnce<()>>::call_once::{shim:vtable#0}
[INFO] [stdout]   23:     0x5f38126645af - <std[617be2ca0a6fd877]::sys::thread::unix::Thread>::new::thread_start
[INFO] [stdout]   24:     0x7b8b9e678dfa - <unknown>
[INFO] [stdout]   25:     0x7b8b9e70c3d4 - clone
[INFO] [stdout]   26:                0x0 - <unknown>
[INFO] [stdout] 
[INFO] [stdout] ---- client::tests::can_search_institutions stdout ----
[INFO] [stdout] 
[INFO] [stdout] thread 'client::tests::can_search_institutions' (4479) panicked at src/client.rs:550:18:
[INFO] [stdout] Variable PLAID_CLIENT_ID must be defined.: NotPresent
[INFO] [stdout] stack backtrace:
[INFO] [stdout]    0:     0x5f3812665101 - <<std[617be2ca0a6fd877]::sys::backtrace::BacktraceLock>::print::DisplayBacktrace as core[a373ad73a504971]::fmt::Display>::fmt
[INFO] [stdout]    1:     0x5f381267d36a - core[a373ad73a504971]::fmt::write
[INFO] [stdout]    2:     0x5f381266983c - <alloc[2e1b2a31b91974c5]::vec::Vec<u8> as core[a373ad73a504971]::io::write::Write>::write_fmt
[INFO] [stdout]    3:     0x5f381263f226 - std[617be2ca0a6fd877]::panicking::default_hook::{closure#0}
[INFO] [stdout]    4:     0x5f381265cf99 - std[617be2ca0a6fd877]::panicking::default_hook
[INFO] [stdout]    5:     0x5f38124f35a0 - test[aada8e7e76ba119b]::test_main_inner::{closure#0}
[INFO] [stdout]    6:     0x5f381265d2c2 - std[617be2ca0a6fd877]::panicking::panic_with_hook
[INFO] [stdout]    7:     0x5f381263f2d2 - std[617be2ca0a6fd877]::panicking::panic_handler::{closure#0}
[INFO] [stdout]    8:     0x5f3812637de9 - std[617be2ca0a6fd877]::sys::backtrace::__rust_end_short_backtrace::<std[617be2ca0a6fd877]::panicking::panic_handler::{closure#0}, !>
[INFO] [stdout]    9:     0x5f38126400cd - __rustc[ea4f61d10b84890b]::rust_begin_unwind
[INFO] [stdout]   10:     0x5f381267dacc - core[a373ad73a504971]::panicking::panic_fmt
[INFO] [stdout]   11:     0x5f381267d8a2 - core[a373ad73a504971]::result::unwrap_failed
[INFO] [stdout]   12:     0x5f38124437ac - rplaid[10fd1d59f58cd3ec]::client::tests::credentials
[INFO] [stdout]   13:     0x5f3812426cd6 - <core[a373ad73a504971]::pin::Pin<&mut rplaid[10fd1d59f58cd3ec]::client::tests::can_search_institutions::{closure#0}> as core[a373ad73a504971]::future::future::Future>::poll
[INFO] [stdout]   14:     0x5f3812435380 - <tokio[507a168b1703f6d9]::runtime::basic_scheduler::Context>::enter::<core[a373ad73a504971]::task::poll::Poll<()>, <tokio[507a168b1703f6d9]::runtime::basic_scheduler::CoreGuard>::block_on<core[a373ad73a504971]::pin::Pin<&mut rplaid[10fd1d59f58cd3ec]::client::tests::can_search_institutions::{closure#0}>>::{closure#0}::{closure#0}>
[INFO] [stdout]   15:     0x5f3812446605 - <tokio[507a168b1703f6d9]::macros::scoped_tls::ScopedKey<tokio[507a168b1703f6d9]::runtime::basic_scheduler::Context>>::set::<<tokio[507a168b1703f6d9]::runtime::basic_scheduler::CoreGuard>::enter<<tokio[507a168b1703f6d9]::runtime::basic_scheduler::CoreGuard>::block_on<core[a373ad73a504971]::pin::Pin<&mut rplaid[10fd1d59f58cd3ec]::client::tests::can_search_institutions::{closure#0}>>::{closure#0}, core[a373ad73a504971]::option::Option<()>>::{closure#0}, (alloc[2e1b2a31b91974c5]::boxed::Box<tokio[507a168b1703f6d9]::runtime::basic_scheduler::Core>, core[a373ad73a504971]::option::Option<()>)>
[INFO] [stdout]   16:     0x5f38124331d3 - <tokio[507a168b1703f6d9]::runtime::basic_scheduler::BasicScheduler>::block_on::<rplaid[10fd1d59f58cd3ec]::client::tests::can_search_institutions::{closure#0}>
[INFO] [stdout]   17:     0x5f3812454f45 - <tokio[507a168b1703f6d9]::runtime::Runtime>::block_on::<rplaid[10fd1d59f58cd3ec]::client::tests::can_search_institutions::{closure#0}>
[INFO] [stdout]   18:     0x5f38124443e3 - <rplaid[10fd1d59f58cd3ec]::client::tests::can_search_institutions::{closure#0} as core[a373ad73a504971]::ops::function::FnOnce<()>>::call_once
[INFO] [stdout]   19:     0x5f38124e69eb - test[aada8e7e76ba119b]::__rust_begin_short_backtrace::<core[a373ad73a504971]::result::Result<(), alloc[2e1b2a31b91974c5]::string::String>, fn() -> core[a373ad73a504971]::result::Result<(), alloc[2e1b2a31b91974c5]::string::String>>
[INFO] [stdout]   20:     0x5f38124f3bc5 - test[aada8e7e76ba119b]::run_test::{closure#0}
[INFO] [stdout]   21:     0x5f38124ed4b4 - std[617be2ca0a6fd877]::sys::backtrace::__rust_begin_short_backtrace::<test[aada8e7e76ba119b]::run_test::{closure#1}, ()>
[INFO] [stdout]   22:     0x5f38124f6c52 - <std[617be2ca0a6fd877]::thread::lifecycle::spawn_unchecked<test[aada8e7e76ba119b]::run_test::{closure#1}, ()>::{closure#1} as core[a373ad73a504971]::ops::function::FnOnce<()>>::call_once::{shim:vtable#0}
[INFO] [stdout]   23:     0x5f38126645af - <std[617be2ca0a6fd877]::sys::thread::unix::Thread>::new::thread_start
[INFO] [stdout]   24:     0x7b8b9e678dfa - <unknown>
[INFO] [stdout]   25:     0x7b8b9e70c3d4 - clone
[INFO] [stdout]   26:                0x0 - <unknown>
[INFO] [stdout] 
[INFO] [stdout] ---- client::tests::can_read_identity stdout ----
[INFO] [stdout] 
[INFO] [stdout] thread 'client::tests::can_read_identity' (4476) panicked at src/client.rs:550:18:
[INFO] [stdout] Variable PLAID_CLIENT_ID must be defined.: NotPresent
[INFO] [stdout] stack backtrace:
[INFO] [stdout]    0:     0x5f3812665101 - <<std[617be2ca0a6fd877]::sys::backtrace::BacktraceLock>::print::DisplayBacktrace as core[a373ad73a504971]::fmt::Display>::fmt
[INFO] [stdout]    1:     0x5f381267d36a - core[a373ad73a504971]::fmt::write
[INFO] [stdout]    2:     0x5f381266983c - <alloc[2e1b2a31b91974c5]::vec::Vec<u8> as core[a373ad73a504971]::io::write::Write>::write_fmt
[INFO] [stdout]    3:     0x5f381263f226 - std[617be2ca0a6fd877]::panicking::default_hook::{closure#0}
[INFO] [stdout]    4:     0x5f381265cf99 - std[617be2ca0a6fd877]::panicking::default_hook
[INFO] [stdout]    5:     0x5f38124f35a0 - test[aada8e7e76ba119b]::test_main_inner::{closure#0}
[INFO] [stdout]    6:     0x5f381265d2c2 - std[617be2ca0a6fd877]::panicking::panic_with_hook
[INFO] [stdout]    7:     0x5f381263f2d2 - std[617be2ca0a6fd877]::panicking::panic_handler::{closure#0}
[INFO] [stdout]    8:     0x5f3812637de9 - std[617be2ca0a6fd877]::sys::backtrace::__rust_end_short_backtrace::<std[617be2ca0a6fd877]::panicking::panic_handler::{closure#0}, !>
[INFO] [stdout]    9:     0x5f38126400cd - __rustc[ea4f61d10b84890b]::rust_begin_unwind
[INFO] [stdout]   10:     0x5f381267dacc - core[a373ad73a504971]::panicking::panic_fmt
[INFO] [stdout]   11:     0x5f381267d8a2 - core[a373ad73a504971]::result::unwrap_failed
[INFO] [stdout]   12:     0x5f38124437ac - rplaid[10fd1d59f58cd3ec]::client::tests::credentials
[INFO] [stdout]   13:     0x5f381241f874 - <core[a373ad73a504971]::pin::Pin<&mut rplaid[10fd1d59f58cd3ec]::client::tests::can_read_identity::{closure#0}> as core[a373ad73a504971]::future::future::Future>::poll
[INFO] [stdout]   14:     0x5f3812434ec0 - <tokio[507a168b1703f6d9]::runtime::basic_scheduler::Context>::enter::<core[a373ad73a504971]::task::poll::Poll<()>, <tokio[507a168b1703f6d9]::runtime::basic_scheduler::CoreGuard>::block_on<core[a373ad73a504971]::pin::Pin<&mut rplaid[10fd1d59f58cd3ec]::client::tests::can_read_identity::{closure#0}>>::{closure#0}::{closure#0}>
[INFO] [stdout]   15:     0x5f3812445a45 - <tokio[507a168b1703f6d9]::macros::scoped_tls::ScopedKey<tokio[507a168b1703f6d9]::runtime::basic_scheduler::Context>>::set::<<tokio[507a168b1703f6d9]::runtime::basic_scheduler::CoreGuard>::enter<<tokio[507a168b1703f6d9]::runtime::basic_scheduler::CoreGuard>::block_on<core[a373ad73a504971]::pin::Pin<&mut rplaid[10fd1d59f58cd3ec]::client::tests::can_read_identity::{closure#0}>>::{closure#0}, core[a373ad73a504971]::option::Option<()>>::{closure#0}, (alloc[2e1b2a31b91974c5]::boxed::Box<tokio[507a168b1703f6d9]::runtime::basic_scheduler::Core>, core[a373ad73a504971]::option::Option<()>)>
[INFO] [stdout]   16:     0x5f3812432613 - <tokio[507a168b1703f6d9]::runtime::basic_scheduler::BasicScheduler>::block_on::<rplaid[10fd1d59f58cd3ec]::client::tests::can_read_identity::{closure#0}>
[INFO] [stdout]   17:     0x5f3812454b66 - <tokio[507a168b1703f6d9]::runtime::Runtime>::block_on::<rplaid[10fd1d59f58cd3ec]::client::tests::can_read_identity::{closure#0}>
[INFO] [stdout]   18:     0x5f3812443de3 - <rplaid[10fd1d59f58cd3ec]::client::tests::can_read_identity::{closure#0} as core[a373ad73a504971]::ops::function::FnOnce<()>>::call_once
[INFO] [stdout]   19:     0x5f38124e69eb - test[aada8e7e76ba119b]::__rust_begin_short_backtrace::<core[a373ad73a504971]::result::Result<(), alloc[2e1b2a31b91974c5]::string::String>, fn() -> core[a373ad73a504971]::result::Result<(), alloc[2e1b2a31b91974c5]::string::String>>
[INFO] [stdout]   20:     0x5f38124f3bc5 - test[aada8e7e76ba119b]::run_test::{closure#0}
[INFO] [stdout]   21:     0x5f38124ed4b4 - std[617be2ca0a6fd877]::sys::backtrace::__rust_begin_short_backtrace::<test[aada8e7e76ba119b]::run_test::{closure#1}, ()>
[INFO] [stdout]   22:     0x5f38124f6c52 - <std[617be2ca0a6fd877]::thread::lifecycle::spawn_unchecked<test[aada8e7e76ba119b]::run_test::{closure#1}, ()>::{closure#1} as core[a373ad73a504971]::ops::function::FnOnce<()>>::call_once::{shim:vtable#0}
[INFO] [stdout]   23:     0x5f38126645af - <std[617be2ca0a6fd877]::sys::thread::unix::Thread>::new::thread_start
[INFO] [stdout]   24:     0x7b8b9e678dfa - <unknown>
[INFO] [stdout]   25:     0x7b8b9e70c3d4 - clone
[INFO] [stdout]   26:                0x0 - <unknown>
[INFO] [stdout] 
[INFO] [stdout] ---- client::tests::can_refresh_transactions stdout ----
[INFO] [stdout] 
[INFO] [stdout] thread 'client::tests::can_refresh_transactions' (4478) panicked at src/client.rs:550:18:
[INFO] [stdout] Variable PLAID_CLIENT_ID must be defined.: NotPresent
[INFO] [stdout] stack backtrace:
[INFO] [stdout]    0:     0x5f3812665101 - <<std[617be2ca0a6fd877]::sys::backtrace::BacktraceLock>::print::DisplayBacktrace as core[a373ad73a504971]::fmt::Display>::fmt
[INFO] [stdout]    1:     0x5f381267d36a - core[a373ad73a504971]::fmt::write
[INFO] [stdout]    2:     0x5f381266983c - <alloc[2e1b2a31b91974c5]::vec::Vec<u8> as core[a373ad73a504971]::io::write::Write>::write_fmt
[INFO] [stdout]    3:     0x5f381263f226 - std[617be2ca0a6fd877]::panicking::default_hook::{closure#0}
[INFO] [stdout]    4:     0x5f381265cf99 - std[617be2ca0a6fd877]::panicking::default_hook
[INFO] [stdout]    5:     0x5f38124f35a0 - test[aada8e7e76ba119b]::test_main_inner::{closure#0}
[INFO] [stdout]    6:     0x5f381265d2c2 - std[617be2ca0a6fd877]::panicking::panic_with_hook
[INFO] [stdout]    7:     0x5f381263f2d2 - std[617be2ca0a6fd877]::panicking::panic_handler::{closure#0}
[INFO] [stdout]    8:     0x5f3812637de9 - std[617be2ca0a6fd877]::sys::backtrace::__rust_end_short_backtrace::<std[617be2ca0a6fd877]::panicking::panic_handler::{closure#0}, !>
[INFO] [stdout]    9:     0x5f38126400cd - __rustc[ea4f61d10b84890b]::rust_begin_unwind
[INFO] [stdout]   10:     0x5f381267dacc - core[a373ad73a504971]::panicking::panic_fmt
[INFO] [stdout]   11:     0x5f381267d8a2 - core[a373ad73a504971]::result::unwrap_failed
[INFO] [stdout]   12:     0x5f38124437ac - rplaid[10fd1d59f58cd3ec]::client::tests::credentials
[INFO] [stdout]   13:     0x5f3812427f6d - <core[a373ad73a504971]::pin::Pin<&mut rplaid[10fd1d59f58cd3ec]::client::tests::can_refresh_transactions::{closure#0}> as core[a373ad73a504971]::future::future::Future>::poll
[INFO] [stdout]   14:     0x5f38124354b0 - <tokio[507a168b1703f6d9]::runtime::basic_scheduler::Context>::enter::<core[a373ad73a504971]::task::poll::Poll<()>, <tokio[507a168b1703f6d9]::runtime::basic_scheduler::CoreGuard>::block_on<core[a373ad73a504971]::pin::Pin<&mut rplaid[10fd1d59f58cd3ec]::client::tests::can_refresh_transactions::{closure#0}>>::{closure#0}::{closure#0}>
[INFO] [stdout]   15:     0x5f38124468f5 - <tokio[507a168b1703f6d9]::macros::scoped_tls::ScopedKey<tokio[507a168b1703f6d9]::runtime::basic_scheduler::Context>>::set::<<tokio[507a168b1703f6d9]::runtime::basic_scheduler::CoreGuard>::enter<<tokio[507a168b1703f6d9]::runtime::basic_scheduler::CoreGuard>::block_on<core[a373ad73a504971]::pin::Pin<&mut rplaid[10fd1d59f58cd3ec]::client::tests::can_refresh_transactions::{closure#0}>>::{closure#0}, core[a373ad73a504971]::option::Option<()>>::{closure#0}, (alloc[2e1b2a31b91974c5]::boxed::Box<tokio[507a168b1703f6d9]::runtime::basic_scheduler::Core>, core[a373ad73a504971]::option::Option<()>)>
[INFO] [stdout]   16:     0x5f38124334c3 - <tokio[507a168b1703f6d9]::runtime::basic_scheduler::BasicScheduler>::block_on::<rplaid[10fd1d59f58cd3ec]::client::tests::can_refresh_transactions::{closure#0}>
[INFO] [stdout]   17:     0x5f3812455036 - <tokio[507a168b1703f6d9]::runtime::Runtime>::block_on::<rplaid[10fd1d59f58cd3ec]::client::tests::can_refresh_transactions::{closure#0}>
[INFO] [stdout]   18:     0x5f3812444563 - <rplaid[10fd1d59f58cd3ec]::client::tests::can_refresh_transactions::{closure#0} as core[a373ad73a504971]::ops::function::FnOnce<()>>::call_once
[INFO] [stdout]   19:     0x5f38124e69eb - test[aada8e7e76ba119b]::__rust_begin_short_backtrace::<core[a373ad73a504971]::result::Result<(), alloc[2e1b2a31b91974c5]::string::String>, fn() -> core[a373ad73a504971]::result::Result<(), alloc[2e1b2a31b91974c5]::string::String>>
[INFO] [stdout]   20:     0x5f38124f3bc5 - test[aada8e7e76ba119b]::run_test::{closure#0}
[INFO] [stdout]   21:     0x5f38124ed4b4 - std[617be2ca0a6fd877]::sys::backtrace::__rust_begin_short_backtrace::<test[aada8e7e76ba119b]::run_test::{closure#1}, ()>
[INFO] [stdout]   22:     0x5f38124f6c52 - <std[617be2ca0a6fd877]::thread::lifecycle::spawn_unchecked<test[aada8e7e76ba119b]::run_test::{closure#1}, ()>::{closure#1} as core[a373ad73a504971]::ops::function::FnOnce<()>>::call_once::{shim:vtable#0}
[INFO] [stdout]   23:     0x5f38126645af - <std[617be2ca0a6fd877]::sys::thread::unix::Thread>::new::thread_start
[INFO] [stdout]   24:     0x7b8b9e678dfa - <unknown>
[INFO] [stdout]   25:     0x7b8b9e70c3d4 - clone
[INFO] [stdout]   26:                0x0 - <unknown>
[INFO] [stdout] 
[INFO] [stdout] ---- client::tests::can_fire_webhook stdout ----
[INFO] [stdout] 
[INFO] [stdout] thread 'client::tests::can_fire_webhook' (4470) panicked at src/client.rs:550:18:
[INFO] [stdout] Variable PLAID_CLIENT_ID must be defined.: NotPresent
[INFO] [stdout] stack backtrace:
[INFO] [stdout]    0:     0x5f3812665101 - <<std[617be2ca0a6fd877]::sys::backtrace::BacktraceLock>::print::DisplayBacktrace as core[a373ad73a504971]::fmt::Display>::fmt
[INFO] [stdout]    1:     0x5f381267d36a - core[a373ad73a504971]::fmt::write
[INFO] [stdout]    2:     0x5f381266983c - <alloc[2e1b2a31b91974c5]::vec::Vec<u8> as core[a373ad73a504971]::io::write::Write>::write_fmt
[INFO] [stdout]    3:     0x5f381263f226 - std[617be2ca0a6fd877]::panicking::default_hook::{closure#0}
[INFO] [stdout]    4:     0x5f381265cf99 - std[617be2ca0a6fd877]::panicking::default_hook
[INFO] [stdout]    5:     0x5f38124f35a0 - test[aada8e7e76ba119b]::test_main_inner::{closure#0}
[INFO] [stdout]    6:     0x5f381265d2c2 - std[617be2ca0a6fd877]::panicking::panic_with_hook
[INFO] [stdout]    7:     0x5f381263f2d2 - std[617be2ca0a6fd877]::panicking::panic_handler::{closure#0}
[INFO] [stdout]    8:     0x5f3812637de9 - std[617be2ca0a6fd877]::sys::backtrace::__rust_end_short_backtrace::<std[617be2ca0a6fd877]::panicking::panic_handler::{closure#0}, !>
[INFO] [stdout]    9:     0x5f38126400cd - __rustc[ea4f61d10b84890b]::rust_begin_unwind
[INFO] [stdout]   10:     0x5f381267dacc - core[a373ad73a504971]::panicking::panic_fmt
[INFO] [stdout]   11:     0x5f381267d8a2 - core[a373ad73a504971]::result::unwrap_failed
[INFO] [stdout]   12:     0x5f38124437ac - rplaid[10fd1d59f58cd3ec]::client::tests::credentials
[INFO] [stdout]   13:     0x5f381241b079 - <core[a373ad73a504971]::pin::Pin<&mut rplaid[10fd1d59f58cd3ec]::client::tests::can_fire_webhook::{closure#0}> as core[a373ad73a504971]::future::future::Future>::poll
[INFO] [stdout]   14:     0x5f3812434c60 - <tokio[507a168b1703f6d9]::runtime::basic_scheduler::Context>::enter::<core[a373ad73a504971]::task::poll::Poll<()>, <tokio[507a168b1703f6d9]::runtime::basic_scheduler::CoreGuard>::block_on<core[a373ad73a504971]::pin::Pin<&mut rplaid[10fd1d59f58cd3ec]::client::tests::can_fire_webhook::{closure#0}>>::{closure#0}::{closure#0}>
[INFO] [stderr] error: test failed, to rerun pass `--lib`
[INFO] [stdout]   15:     0x5f3812445465 - <tokio[507a168b1703f6d9]::macros::scoped_tls::ScopedKey<tokio[507a168b1703f6d9]::runtime::basic_scheduler::Context>>::set::<<tokio[507a168b1703f6d9]::runtime::basic_scheduler::CoreGuard>::enter<<tokio[507a168b1703f6d9]::runtime::basic_scheduler::CoreGuard>::block_on<core[a373ad73a504971]::pin::Pin<&mut rplaid[10fd1d59f58cd3ec]::client::tests::can_fire_webhook::{closure#0}>>::{closure#0}, core[a373ad73a504971]::option::Option<()>>::{closure#0}, (alloc[2e1b2a31b91974c5]::boxed::Box<tokio[507a168b1703f6d9]::runtime::basic_scheduler::Core>, core[a373ad73a504971]::option::Option<()>)>
[INFO] [stdout]   16:     0x5f3812432033 - <tokio[507a168b1703f6d9]::runtime::basic_scheduler::BasicScheduler>::block_on::<rplaid[10fd1d59f58cd3ec]::client::tests::can_fire_webhook::{closure#0}>
[INFO] [stdout]   17:     0x5f3812454966 - <tokio[507a168b1703f6d9]::runtime::Runtime>::block_on::<rplaid[10fd1d59f58cd3ec]::client::tests::can_fire_webhook::{closure#0}>
[INFO] [stdout]   18:     0x5f3812443ae3 - <rplaid[10fd1d59f58cd3ec]::client::tests::can_fire_webhook::{closure#0} as core[a373ad73a504971]::ops::function::FnOnce<()>>::call_once
[INFO] [stdout]   19:     0x5f38124e69eb - test[aada8e7e76ba119b]::__rust_begin_short_backtrace::<core[a373ad73a504971]::result::Result<(), alloc[2e1b2a31b91974c5]::string::String>, fn() -> core[a373ad73a504971]::result::Result<(), alloc[2e1b2a31b91974c5]::string::String>>
[INFO] [stdout]   20:     0x5f38124f3bc5 - test[aada8e7e76ba119b]::run_test::{closure#0}
[INFO] [stdout]   21:     0x5f38124ed4b4 - std[617be2ca0a6fd877]::sys::backtrace::__rust_begin_short_backtrace::<test[aada8e7e76ba119b]::run_test::{closure#1}, ()>
[INFO] [stdout]   22:     0x5f38124f6c52 - <std[617be2ca0a6fd877]::thread::lifecycle::spawn_unchecked<test[aada8e7e76ba119b]::run_test::{closure#1}, ()>::{closure#1} as core[a373ad73a504971]::ops::function::FnOnce<()>>::call_once::{shim:vtable#0}
[INFO] [stdout]   23:     0x5f38126645af - <std[617be2ca0a6fd877]::sys::thread::unix::Thread>::new::thread_start
[INFO] [stdout]   24:     0x7b8b9e678dfa - <unknown>
[INFO] [stdout]   25:     0x7b8b9e70c3d4 - clone
[INFO] [stdout]   26:                0x0 - <unknown>
[INFO] [stdout] 
[INFO] [stdout] ---- client::tests::can_drain_transaction_stream stdout ----
[INFO] [stdout] 
[INFO] [stdout] thread 'client::tests::can_drain_transaction_stream' (4467) panicked at src/client.rs:550:18:
[INFO] [stdout] Variable PLAID_CLIENT_ID must be defined.: NotPresent
[INFO] [stdout] stack backtrace:
[INFO] [stdout]    0:     0x5f3812665101 - <<std[617be2ca0a6fd877]::sys::backtrace::BacktraceLock>::print::DisplayBacktrace as core[a373ad73a504971]::fmt::Display>::fmt
[INFO] [stdout]    1:     0x5f381267d36a - core[a373ad73a504971]::fmt::write
[INFO] [stdout]    2:     0x5f381266983c - <alloc[2e1b2a31b91974c5]::vec::Vec<u8> as core[a373ad73a504971]::io::write::Write>::write_fmt
[INFO] [stdout]    3:     0x5f381263f226 - std[617be2ca0a6fd877]::panicking::default_hook::{closure#0}
[INFO] [stdout]    4:     0x5f381265cf99 - std[617be2ca0a6fd877]::panicking::default_hook
[INFO] [stdout]    5:     0x5f38124f35a0 - test[aada8e7e76ba119b]::test_main_inner::{closure#0}
[INFO] [stdout]    6:     0x5f381265d2c2 - std[617be2ca0a6fd877]::panicking::panic_with_hook
[INFO] [stdout]    7:     0x5f381263f2d2 - std[617be2ca0a6fd877]::panicking::panic_handler::{closure#0}
[INFO] [stdout]    8:     0x5f3812637de9 - std[617be2ca0a6fd877]::sys::backtrace::__rust_end_short_backtrace::<std[617be2ca0a6fd877]::panicking::panic_handler::{closure#0}, !>
[INFO] [stdout]    9:     0x5f38126400cd - __rustc[ea4f61d10b84890b]::rust_begin_unwind
[INFO] [stdout]   10:     0x5f381267dacc - core[a373ad73a504971]::panicking::panic_fmt
[INFO] [stdout]   11:     0x5f381267d8a2 - core[a373ad73a504971]::result::unwrap_failed
[INFO] [stdout]   12:     0x5f38124437ac - rplaid[10fd1d59f58cd3ec]::client::tests::credentials
[INFO] [stdout]   13:     0x5f381242bfb5 - <core[a373ad73a504971]::pin::Pin<&mut rplaid[10fd1d59f58cd3ec]::client::tests::can_drain_transaction_stream::{closure#0}> as core[a373ad73a504971]::future::future::Future>::poll
[INFO] [stdout]   14:     0x5f3812435840 - <tokio[507a168b1703f6d9]::runtime::basic_scheduler::Context>::enter::<core[a373ad73a504971]::task::poll::Poll<()>, <tokio[507a168b1703f6d9]::runtime::basic_scheduler::CoreGuard>::block_on<core[a373ad73a504971]::pin::Pin<&mut rplaid[10fd1d59f58cd3ec]::client::tests::can_drain_transaction_stream::{closure#0}>>::{closure#0}::{closure#0}>
[INFO] [stdout]   15:     0x5f38124471c5 - <tokio[507a168b1703f6d9]::macros::scoped_tls::ScopedKey<tokio[507a168b1703f6d9]::runtime::basic_scheduler::Context>>::set::<<tokio[507a168b1703f6d9]::runtime::basic_scheduler::CoreGuard>::enter<<tokio[507a168b1703f6d9]::runtime::basic_scheduler::CoreGuard>::block_on<core[a373ad73a504971]::pin::Pin<&mut rplaid[10fd1d59f58cd3ec]::client::tests::can_drain_transaction_stream::{closure#0}>>::{closure#0}, core[a373ad73a504971]::option::Option<()>>::{closure#0}, (alloc[2e1b2a31b91974c5]::boxed::Box<tokio[507a168b1703f6d9]::runtime::basic_scheduler::Core>, core[a373ad73a504971]::option::Option<()>)>
[INFO] [stdout]   16:     0x5f3812433d93 - <tokio[507a168b1703f6d9]::runtime::basic_scheduler::BasicScheduler>::block_on::<rplaid[10fd1d59f58cd3ec]::client::tests::can_drain_transaction_stream::{closure#0}>
[INFO] [stdout]   17:     0x5f3812455335 - <tokio[507a168b1703f6d9]::runtime::Runtime>::block_on::<rplaid[10fd1d59f58cd3ec]::client::tests::can_drain_transaction_stream::{closure#0}>
[INFO] [stdout]   18:     0x5f38124449e3 - <rplaid[10fd1d59f58cd3ec]::client::tests::can_drain_transaction_stream::{closure#0} as core[a373ad73a504971]::ops::function::FnOnce<()>>::call_once
[INFO] [stdout]   19:     0x5f38124e69eb - test[aada8e7e76ba119b]::__rust_begin_short_backtrace::<core[a373ad73a504971]::result::Result<(), alloc[2e1b2a31b91974c5]::string::String>, fn() -> core[a373ad73a504971]::result::Result<(), alloc[2e1b2a31b91974c5]::string::String>>
[INFO] [stdout]   20:     0x5f38124f3bc5 - test[aada8e7e76ba119b]::run_test::{closure#0}
[INFO] [stdout]   21:     0x5f38124ed4b4 - std[617be2ca0a6fd877]::sys::backtrace::__rust_begin_short_backtrace::<test[aada8e7e76ba119b]::run_test::{closure#1}, ()>
[INFO] [stdout]   22:     0x5f38124f6c52 - <std[617be2ca0a6fd877]::thread::lifecycle::spawn_unchecked<test[aada8e7e76ba119b]::run_test::{closure#1}, ()>::{closure#1} as core[a373ad73a504971]::ops::function::FnOnce<()>>::call_once::{shim:vtable#0}
[INFO] [stdout]   23:     0x5f38126645af - <std[617be2ca0a6fd877]::sys::thread::unix::Thread>::new::thread_start
[INFO] [stdout]   24:     0x7b8b9e678dfa - <unknown>
[INFO] [stdout]   25:     0x7b8b9e70c3d4 - clone
[INFO] [stdout]   26:                0x0 - <unknown>
[INFO] [stdout] 
[INFO] [stdout] 
[INFO] [stdout] failures:
[INFO] [stdout]     client::tests::can_create_link_token
[INFO] [stdout]     client::tests::can_create_sandbox_pub_token
[INFO] [stdout]     client::tests::can_drain_transaction_stream
[INFO] [stdout]     client::tests::can_fetch_accounts_with_token
[INFO] [stdout]     client::tests::can_fetch_single_institution
[INFO] [stdout]     client::tests::can_fire_webhook
[INFO] [stdout]     client::tests::can_get_multiple_institutions
[INFO] [stdout]     client::tests::can_invalidate_access_token
[INFO] [stdout]     client::tests::can_modify_items
[INFO] [stdout]     client::tests::can_read_auth
[INFO] [stdout]     client::tests::can_read_categories
[INFO] [stdout]     client::tests::can_read_identity
[INFO] [stdout]     client::tests::can_read_transactions
[INFO] [stdout]     client::tests::can_refresh_transactions
[INFO] [stdout]     client::tests::can_search_institutions
[INFO] [stdout]     client::tests::unauthorized_calls_return_parsable_error
[INFO] [stdout] 
[INFO] [stdout] test result: FAILED. 0 passed; 16 failed; 0 ignored; 0 measured; 0 filtered out; finished in 0.01s
[INFO] [stdout] 
[INFO] running `Command { std: "docker" "inspect" "b35e3ca575550e22148259d1eabcd057758e37d24a8d77f672a06e4f251a4d4a", kill_on_drop: false }`
[INFO] running `Command { std: "docker" "rm" "-f" "b35e3ca575550e22148259d1eabcd057758e37d24a8d77f672a06e4f251a4d4a", kill_on_drop: false }`
[INFO] [stdout] b35e3ca575550e22148259d1eabcd057758e37d24a8d77f672a06e4f251a4d4a
