[INFO] fetching crate rpkl 0.8.0...
[INFO] testing rpkl-0.8.0 against 1.99.0-beta.8+cargoflags=--release for beta-release-1.100-2
[INFO] extracting crate rpkl 0.8.0 into /workspace/builds/worker-5-tc1/source
[INFO] started tweaking crates.io crate rpkl 0.8.0
[INFO] removed 0 missing examples
[INFO] removed 0 missing tests
[INFO] finished tweaking crates.io crate rpkl 0.8.0
[INFO] tweaked toml for crates.io crate rpkl 0.8.0 written to /workspace/builds/worker-5-tc1/source/Cargo.toml
[INFO] validating manifest of crates.io crate rpkl 0.8.0 on toolchain 1.99.0-beta.8
[INFO] running `Command { std: CARGO_HOME="/workspace/cargo-home" RUSTUP_HOME="/workspace/rustup-home" "/workspace/cargo-home/bin/cargo" "+1.99.0-beta.8" "metadata" "--manifest-path" "Cargo.toml" "--no-deps", kill_on_drop: false }`
[INFO] crate crates.io crate rpkl 0.8.0 already has a lockfile, it will not be regenerated
[INFO] running `Command { std: CARGO_HOME="/workspace/cargo-home" RUSTUP_HOME="/workspace/rustup-home" "/workspace/cargo-home/bin/cargo" "+1.99.0-beta.8" "fetch" "--manifest-path" "Cargo.toml", kill_on_drop: false }`
[INFO] [stderr]     Updating crates.io index
[INFO] [stderr]  Downloading crates ...
[INFO] [stderr]   Downloaded rmp v0.8.14
[INFO] [stderr]   Downloaded rmpv v1.3.1
[INFO] running `Command { std: "docker" "create" "-v" "/var/lib/crater-agent-workspace/builds/worker-5-tc1/source:/opt/rustwide/workdir:ro,Z" "-v" "/var/lib/crater-agent-workspace/builds/worker-5-tc1/target:/opt/rustwide/target:rw,Z" "-v" "/var/lib/crater-agent-workspace/cargo-home:/opt/rustwide/cargo-home:ro,Z" "-v" "/var/lib/crater-agent-workspace/rustup-home:/opt/rustwide/rustup-home:ro,Z" "-m" "1610612736" "--network" "none" "ghcr.io/rust-lang/crates-build-env/linux@sha256:77db811e55d90add9212f6832c23229e3de5f1c1f9905e8cb07319ea15df73ac" "sleep" "infinity", kill_on_drop: false }`
[INFO] [stdout] 9d783e80965d598eeed5a72b0cec8cf108064cb9a682afc78dca67015ee25f4c
[INFO] running `Command { std: "docker" "start" "9d783e80965d598eeed5a72b0cec8cf108064cb9a682afc78dca67015ee25f4c", kill_on_drop: false }`
[INFO] running `Command { std: "docker" "inspect" "9d783e80965d598eeed5a72b0cec8cf108064cb9a682afc78dca67015ee25f4c", kill_on_drop: false }`
[INFO] running `Command { std: "docker" "exec" "-e" "SOURCE_DIR=/opt/rustwide/workdir" "-e" "CARGO_HOME=/opt/rustwide/cargo-home" "-e" "RUSTUP_HOME=/opt/rustwide/rustup-home" "-e" "CARGO_TARGET_DIR=/opt/rustwide/target" "-w" "/opt/rustwide/workdir" "--user" "0:0" "9d783e80965d598eeed5a72b0cec8cf108064cb9a682afc78dca67015ee25f4c" "/opt/rustwide/cargo-home/bin/cargo" "+1.99.0-beta.8" "metadata" "--no-deps" "--format-version=1", kill_on_drop: false }`
[INFO] running `Command { std: "docker" "inspect" "9d783e80965d598eeed5a72b0cec8cf108064cb9a682afc78dca67015ee25f4c", kill_on_drop: false }`
[INFO] running `Command { std: "docker" "exec" "-e" "SOURCE_DIR=/opt/rustwide/workdir" "-e" "CARGO_HOME=/opt/rustwide/cargo-home" "-e" "RUSTUP_HOME=/opt/rustwide/rustup-home" "-e" "CARGO_TARGET_DIR=/opt/rustwide/target" "-e" "CARGO_INCREMENTAL=0" "-e" "RUST_BACKTRACE=full" "-e" "RUSTFLAGS=--cap-lints=warn" "-e" "RUSTDOCFLAGS=--cap-lints=warn" "-w" "/opt/rustwide/workdir" "--user" "0:0" "9d783e80965d598eeed5a72b0cec8cf108064cb9a682afc78dca67015ee25f4c" "/opt/rustwide/cargo-home/bin/cargo" "+1.99.0-beta.8" "build" "--frozen" "--message-format=json" "--release", kill_on_drop: false }`
[INFO] [stderr]    Compiling proc-macro2 v1.0.95
[INFO] [stderr]    Compiling num-traits v0.2.19
[INFO] [stderr]    Compiling quote v1.0.40
[INFO] [stderr]    Compiling syn v2.0.101
[INFO] [stderr]    Compiling rmp v0.8.14
[INFO] [stderr]    Compiling rmpv v1.3.1
[INFO] [stderr]    Compiling serde_derive v1.0.228
[INFO] [stderr]    Compiling serde v1.0.228
[INFO] [stderr]    Compiling rmp-serde v1.3.1
[INFO] [stderr]    Compiling rpkl v0.8.0 (/opt/rustwide/workdir)
[INFO] [stderr]     Finished `release` profile [optimized] target(s) in 11.58s
[INFO] running `Command { std: "docker" "inspect" "9d783e80965d598eeed5a72b0cec8cf108064cb9a682afc78dca67015ee25f4c", kill_on_drop: false }`
[INFO] running `Command { std: "docker" "exec" "-e" "SOURCE_DIR=/opt/rustwide/workdir" "-e" "CARGO_HOME=/opt/rustwide/cargo-home" "-e" "RUSTUP_HOME=/opt/rustwide/rustup-home" "-e" "CARGO_TARGET_DIR=/opt/rustwide/target" "-e" "CARGO_INCREMENTAL=0" "-e" "RUST_BACKTRACE=full" "-e" "RUSTFLAGS=--cap-lints=warn" "-e" "RUSTDOCFLAGS=--cap-lints=warn" "-w" "/opt/rustwide/workdir" "--user" "0:0" "9d783e80965d598eeed5a72b0cec8cf108064cb9a682afc78dca67015ee25f4c" "/opt/rustwide/cargo-home/bin/cargo" "+1.99.0-beta.8" "test" "--frozen" "--no-run" "--message-format=json" "--release", kill_on_drop: false }`
[INFO] [stderr]    Compiling serde_json v1.0.140
[INFO] [stderr]    Compiling regex-automata v0.4.9
[INFO] [stderr]    Compiling regex v1.11.1
[INFO] [stderr]    Compiling rpkl v0.8.0 (/opt/rustwide/workdir)
[INFO] [stderr]     Finished `release` profile [optimized] target(s) in 25.96s
[INFO] running `Command { std: "docker" "inspect" "9d783e80965d598eeed5a72b0cec8cf108064cb9a682afc78dca67015ee25f4c", kill_on_drop: false }`
[INFO] running `Command { std: "docker" "exec" "-e" "SOURCE_DIR=/opt/rustwide/workdir" "-e" "CARGO_HOME=/opt/rustwide/cargo-home" "-e" "RUSTUP_HOME=/opt/rustwide/rustup-home" "-e" "CARGO_TARGET_DIR=/opt/rustwide/target" "-e" "CARGO_INCREMENTAL=0" "-e" "RUST_BACKTRACE=full" "-e" "RUSTFLAGS=--cap-lints=warn" "-e" "RUSTDOCFLAGS=--cap-lints=warn" "-w" "/opt/rustwide/workdir" "--user" "0:0" "9d783e80965d598eeed5a72b0cec8cf108064cb9a682afc78dca67015ee25f4c" "/opt/rustwide/cargo-home/bin/cargo" "+1.99.0-beta.8" "test" "--frozen" "--release", kill_on_drop: false }`
[INFO] [stdout] 
[INFO] [stdout] running 11 tests
[INFO] [stdout] test decoder::primitive::tests::decode_int_large_u64_is_pos_variant ... ok
[INFO] [stdout] test decoder::primitive::tests::decode_int_negative_is_neg_variant ... ok
[INFO] [stdout] test decoder::primitive::tests::decode_int_zero_is_pos_variant ... ok
[INFO] [stdout] test pkl::deserializer::tests::deserialize_time ... ok
[INFO] [stdout] test pkl::deserializer::tests::deserialize ... ok
[INFO] [stdout] test pkl::de::visitor::tests::test_visit_unit ... ok
[INFO] [stdout] test internal::types::test::deserialize_map ... ok
[INFO] [stdout] test decoder::primitive::tests::decode_int_positive_is_pos_variant ... ok
[INFO] [stdout] test internal::types::test::deserialize_array ... ok
[INFO] [stdout] test pkl::deserializer::tests::decoded_positive_int_is_u64 ... ok
[INFO] [stderr]     Finished `release` profile [optimized] target(s) in 0.05s
[INFO] [stderr]      Running unittests src/lib.rs (/opt/rustwide/target/release/deps/rpkl-51037691092ac9b1)
[INFO] [stdout] test pkl::de::visitor::tests::test_visit_i64 ... ok
[INFO] [stdout] 
[INFO] [stdout] test result: ok. 11 passed; 0 failed; 0 ignored; 0 measured; 0 filtered out; finished in 0.01s
[INFO] [stdout] 
[INFO] [stdout] 
[INFO] [stdout] running 9 tests
[INFO] [stderr]      Running tests/tests.rs (/opt/rustwide/target/release/deps/tests-b9411d5a19440880)
[INFO] [stdout] test tests::http_options_builder ... ok
[INFO] [stdout] test tests::http_proxy_options_builder ... ok
[INFO] [stdout] test tests::evaluator_options_with_http ... ok
[INFO] [stdout] test non_primitive_values::durations ... FAILED
[INFO] [stdout] test tests::optional_values ... FAILED
[INFO] [stdout] test non_primitive_values::bytes ... FAILED
[INFO] [stdout] test tests::resources ... FAILED
[INFO] [stdout] test non_primitive_values::non_primitive_values ... FAILED
[INFO] [stdout] test non_primitive_values::mappings ... FAILED
[INFO] [stdout] 
[INFO] [stdout] failures:
[INFO] [stdout] 
[INFO] [stdout] ---- non_primitive_values::durations stdout ----
[INFO] [stdout] Error: PklProcessStart
[INFO] [stdout] 
[INFO] [stdout] ---- tests::optional_values stdout ----
[INFO] [stdout] 
[INFO] [stdout] thread 'tests::optional_values' (943) panicked at tests/tests.rs:34:56:
[INFO] [stdout] called `Result::unwrap()` on an `Err` value: PklProcessStart
[INFO] [stdout] stack backtrace:
[INFO] [stdout]    0:     0x6292969507f1 - <<std[70759c8f55707aa4]::sys::backtrace::BacktraceLock>::print::DisplayBacktrace as core[df12db4294e9bfd3]::fmt::Display>::fmt
[INFO] [stdout]    1:     0x6292969660aa - core[df12db4294e9bfd3]::fmt::write
[INFO] [stdout]    2:     0x629296954efc - <alloc[2182bb758b4b3781]::vec::Vec<u8> as core[df12db4294e9bfd3]::io::write::Write>::write_fmt
[INFO] [stdout]    3:     0x62929692c886 - std[70759c8f55707aa4]::panicking::default_hook::{closure#0}
[INFO] [stdout]    4:     0x629296948e39 - std[70759c8f55707aa4]::panicking::default_hook
[INFO] [stdout]    5:     0x6292968cdab0 - test[9d35eded1c95d3be]::test_main_inner::<test[9d35eded1c95d3be]::test_main_static::{closure#0}>::{closure#0}
[INFO] [stdout]    6:     0x629296948ff2 - std[70759c8f55707aa4]::panicking::panic_with_hook
[INFO] [stdout]    7:     0x62929692c932 - std[70759c8f55707aa4]::panicking::panic_handler::{closure#0}
[INFO] [stdout]    8:     0x6292969256b9 - std[70759c8f55707aa4]::sys::backtrace::__rust_end_short_backtrace::<std[70759c8f55707aa4]::panicking::panic_handler::{closure#0}, !>
[INFO] [stdout]    9:     0x62929692d52d - __rustc[8fa7c3cbc660c2b3]::rust_begin_unwind
[INFO] [stdout]   10:     0x6292969667dc - core[df12db4294e9bfd3]::panicking::panic_fmt
[INFO] [stdout]   11:     0x6292969665b2 - core[df12db4294e9bfd3]::result::unwrap_failed
[INFO] [stdout]   12:     0x6292968be8fd - tests[93988502597cd500]::tests::optional_values
[INFO] [stdout]   13:     0x6292968b9149 - <tests[93988502597cd500]::tests::optional_values::{closure#0} as core[df12db4294e9bfd3]::ops::function::FnOnce<()>>::call_once
[INFO] [stdout]   14:     0x6292968c0d9b - test[9d35eded1c95d3be]::__rust_begin_short_backtrace::<core[df12db4294e9bfd3]::result::Result<(), alloc[2182bb758b4b3781]::string::String>, fn() -> core[df12db4294e9bfd3]::result::Result<(), alloc[2182bb758b4b3781]::string::String>>
[INFO] [stdout]   15:     0x6292968ce405 - test[9d35eded1c95d3be]::run_test::{closure#0}
[INFO] [stdout]   16:     0x6292968c7cc4 - std[70759c8f55707aa4]::sys::backtrace::__rust_begin_short_backtrace::<test[9d35eded1c95d3be]::run_test::{closure#1}, ()>
[INFO] [stdout]   17:     0x6292968d1562 - <std[70759c8f55707aa4]::thread::lifecycle::spawn_unchecked<test[9d35eded1c95d3be]::run_test::{closure#1}, ()>::{closure#1} as core[df12db4294e9bfd3]::ops::function::FnOnce<()>>::call_once::{shim:vtable#0}
[INFO] [stdout]   18:     0x6292969500c9 - <std[70759c8f55707aa4]::sys::thread::unix::Thread>::new::thread_start
[INFO] [stdout]   19:     0x7adb06a8edfa - <unknown>
[INFO] [stdout]   20:     0x7adb06b223d4 - clone
[INFO] [stdout]   21:                0x0 - <unknown>
[INFO] [stdout] 
[INFO] [stdout] ---- non_primitive_values::bytes stdout ----
[INFO] [stdout] 
[INFO] [stdout] thread 'non_primitive_values::bytes' (935) panicked at tests/tests.rs:237:14:
[INFO] [stdout] deserialize bytes.pkl: PklProcessStart
[INFO] [stdout] stack backtrace:
[INFO] [stdout]    0:     0x6292969507f1 - <<std[70759c8f55707aa4]::sys::backtrace::BacktraceLock>::print::DisplayBacktrace as core[df12db4294e9bfd3]::fmt::Display>::fmt
[INFO] [stdout]    1:     0x6292969660aa - core[df12db4294e9bfd3]::fmt::write
[INFO] [stdout]    2:     0x629296954efc - <alloc[2182bb758b4b3781]::vec::Vec<u8> as core[df12db4294e9bfd3]::io::write::Write>::write_fmt
[INFO] [stdout]    3:     0x62929692c886 - std[70759c8f55707aa4]::panicking::default_hook::{closure#0}
[INFO] [stdout]    4:     0x629296948e39 - std[70759c8f55707aa4]::panicking::default_hook
[INFO] [stdout]    5:     0x6292968cdab0 - test[9d35eded1c95d3be]::test_main_inner::<test[9d35eded1c95d3be]::test_main_static::{closure#0}>::{closure#0}
[INFO] [stdout]    6:     0x629296948ff2 - std[70759c8f55707aa4]::panicking::panic_with_hook
[INFO] [stdout]    7:     0x62929692c932 - std[70759c8f55707aa4]::panicking::panic_handler::{closure#0}
[INFO] [stdout]    8:     0x6292969256b9 - std[70759c8f55707aa4]::sys::backtrace::__rust_end_short_backtrace::<std[70759c8f55707aa4]::panicking::panic_handler::{closure#0}, !>
[INFO] [stdout]    9:     0x62929692d52d - __rustc[8fa7c3cbc660c2b3]::rust_begin_unwind
[INFO] [stdout]   10:     0x6292969667dc - core[df12db4294e9bfd3]::panicking::panic_fmt
[INFO] [stdout]   11:     0x6292969665b2 - core[df12db4294e9bfd3]::result::unwrap_failed
[INFO] [stdout]   12:     0x6292968b4e9d - tests[93988502597cd500]::non_primitive_values::bytes
[INFO] [stdout]   13:     0x6292968b8fa9 - <tests[93988502597cd500]::non_primitive_values::bytes::{closure#0} as core[df12db4294e9bfd3]::ops::function::FnOnce<()>>::call_once
[INFO] [stdout]   14:     0x6292968c0d9b - test[9d35eded1c95d3be]::__rust_begin_short_backtrace::<core[df12db4294e9bfd3]::result::Result<(), alloc[2182bb758b4b3781]::string::String>, fn() -> core[df12db4294e9bfd3]::result::Result<(), alloc[2182bb758b4b3781]::string::String>>
[INFO] [stdout]   15:     0x6292968ce405 - test[9d35eded1c95d3be]::run_test::{closure#0}
[INFO] [stdout]   16:     0x6292968c7cc4 - std[70759c8f55707aa4]::sys::backtrace::__rust_begin_short_backtrace::<test[9d35eded1c95d3be]::run_test::{closure#1}, ()>
[INFO] [stdout]   17:     0x6292968d1562 - <std[70759c8f55707aa4]::thread::lifecycle::spawn_unchecked<test[9d35eded1c95d3be]::run_test::{closure#1}, ()>::{closure#1} as core[df12db4294e9bfd3]::ops::function::FnOnce<()>>::call_once::{shim:vtable#0}
[INFO] [stdout]   18:     0x6292969500c9 - <std[70759c8f55707aa4]::sys::thread::unix::Thread>::new::thread_start
[INFO] [stdout]   19:     0x7adb06a8edfa - <unknown>
[INFO] [stdout]   20:     0x7adb06b223d4 - clone
[INFO] [stdout]   21:                0x0 - <unknown>
[INFO] [stdout] 
[INFO] [stdout] ---- tests::resources stdout ----
[INFO] [stdout] 
[INFO] [stdout] thread 'tests::resources' (944) panicked at tests/tests.rs:57:78:
[INFO] [stdout] called `Result::unwrap()` on an `Err` value: PklProcessStart
[INFO] [stdout] stack backtrace:
[INFO] [stdout]    0:     0x6292969507f1 - <<std[70759c8f55707aa4]::sys::backtrace::BacktraceLock>::print::DisplayBacktrace as core[df12db4294e9bfd3]::fmt::Display>::fmt
[INFO] [stdout]    1:     0x6292969660aa - core[df12db4294e9bfd3]::fmt::write
[INFO] [stdout]    2:     0x629296954efc - <alloc[2182bb758b4b3781]::vec::Vec<u8> as core[df12db4294e9bfd3]::io::write::Write>::write_fmt
[INFO] [stdout]    3:     0x62929692c886 - std[70759c8f55707aa4]::panicking::default_hook::{closure#0}
[INFO] [stdout]    4:     0x629296948e39 - std[70759c8f55707aa4]::panicking::default_hook
[INFO] [stdout]    5:     0x6292968cdab0 - test[9d35eded1c95d3be]::test_main_inner::<test[9d35eded1c95d3be]::test_main_static::{closure#0}>::{closure#0}
[INFO] [stdout]    6:     0x629296948ff2 - std[70759c8f55707aa4]::panicking::panic_with_hook
[INFO] [stdout]    7:     0x62929692c932 - std[70759c8f55707aa4]::panicking::panic_handler::{closure#0}
[INFO] [stdout]    8:     0x6292969256b9 - std[70759c8f55707aa4]::sys::backtrace::__rust_end_short_backtrace::<std[70759c8f55707aa4]::panicking::panic_handler::{closure#0}, !>
[INFO] [stdout]    9:     0x62929692d52d - __rustc[8fa7c3cbc660c2b3]::rust_begin_unwind
[INFO] [stdout]   10:     0x6292969667dc - core[df12db4294e9bfd3]::panicking::panic_fmt
[INFO] [stdout]   11:     0x6292969665b2 - core[df12db4294e9bfd3]::result::unwrap_failed
[INFO] [stdout]   12:     0x6292968bfa0b - tests[93988502597cd500]::tests::resources
[INFO] [stdout]   13:     0x6292968b91c9 - <tests[93988502597cd500]::tests::resources::{closure#0} as core[df12db4294e9bfd3]::ops::function::FnOnce<()>>::call_once
[INFO] [stdout]   14:     0x6292968c0d9b - test[9d35eded1c95d3be]::__rust_begin_short_backtrace::<core[df12db4294e9bfd3]::result::Result<(), alloc[2182bb758b4b3781]::string::String>, fn() -> core[df12db4294e9bfd3]::result::Result<(), alloc[2182bb758b4b3781]::string::String>>
[INFO] [stdout]   15:     0x6292968ce405 - test[9d35eded1c95d3be]::run_test::{closure#0}
[INFO] [stdout]   16:     0x6292968c7cc4 - std[70759c8f55707aa4]::sys::backtrace::__rust_begin_short_backtrace::<test[9d35eded1c95d3be]::run_test::{closure#1}, ()>
[INFO] [stdout]   17:     0x6292968d1562 - <std[70759c8f55707aa4]::thread::lifecycle::spawn_unchecked<test[9d35eded1c95d3be]::run_test::{closure#1}, ()>::{closure#1} as core[df12db4294e9bfd3]::ops::function::FnOnce<()>>::call_once::{shim:vtable#0}
[INFO] [stdout]   18:     0x6292969500c9 - <std[70759c8f55707aa4]::sys::thread::unix::Thread>::new::thread_start
[INFO] [stdout]   19:     0x7adb06a8edfa - <unknown>
[INFO] [stdout]   20:     0x7adb06b223d4 - clone
[INFO] [stdout]   21:                0x0 - <unknown>
[INFO] [stdout] 
[INFO] [stdout] ---- non_primitive_values::non_primitive_values stdout ----
[INFO] [stdout] Error: PklProcessStart
[INFO] [stdout] 
[INFO] [stdout] ---- non_primitive_values::mappings stdout ----
[INFO] [stdout] Error: PklProcessStart
[INFO] [stdout] 
[INFO] [stdout] 
[INFO] [stdout] failures:
[INFO] [stdout]     non_primitive_values::bytes
[INFO] [stdout]     non_primitive_values::durations
[INFO] [stdout]     non_primitive_values::mappings
[INFO] [stdout]     non_primitive_values::non_primitive_values
[INFO] [stdout]     tests::optional_values
[INFO] [stdout]     tests::resources
[INFO] [stdout] 
[INFO] [stdout] test result: FAILED. 3 passed; 6 failed; 0 ignored; 0 measured; 0 filtered out; finished in 0.01s
[INFO] [stdout] 
[INFO] [stderr] error: test failed, to rerun pass `--test tests`
[INFO] running `Command { std: "docker" "inspect" "9d783e80965d598eeed5a72b0cec8cf108064cb9a682afc78dca67015ee25f4c", kill_on_drop: false }`
[INFO] running `Command { std: "docker" "rm" "-f" "9d783e80965d598eeed5a72b0cec8cf108064cb9a682afc78dca67015ee25f4c", kill_on_drop: false }`
[INFO] [stdout] 9d783e80965d598eeed5a72b0cec8cf108064cb9a682afc78dca67015ee25f4c
