[INFO] fetching crate rpdfium-parser 7676.6.4...
[INFO] testing rpdfium-parser-7676.6.4 against 1.99.0-beta.8+cargoflags=--release for beta-release-1.100-2
[INFO] extracting crate rpdfium-parser 7676.6.4 into /workspace/builds/worker-6-tc1/source
[INFO] started tweaking crates.io crate rpdfium-parser 7676.6.4
[INFO] removed 0 missing tests
[INFO] finished tweaking crates.io crate rpdfium-parser 7676.6.4
[INFO] tweaked toml for crates.io crate rpdfium-parser 7676.6.4 written to /workspace/builds/worker-6-tc1/source/Cargo.toml
[INFO] validating manifest of crates.io crate rpdfium-parser 7676.6.4 on toolchain 1.99.0-beta.8
[INFO] running `Command { std: CARGO_HOME="/workspace/cargo-home" RUSTUP_HOME="/workspace/rustup-home" "/workspace/cargo-home/bin/cargo" "+1.99.0-beta.8" "metadata" "--manifest-path" "Cargo.toml" "--no-deps", kill_on_drop: false }`
[INFO] crate crates.io crate rpdfium-parser 7676.6.4 already has a lockfile, it will not be regenerated
[INFO] running `Command { std: CARGO_HOME="/workspace/cargo-home" RUSTUP_HOME="/workspace/rustup-home" "/workspace/cargo-home/bin/cargo" "+1.99.0-beta.8" "fetch" "--manifest-path" "Cargo.toml", kill_on_drop: false }`
[INFO] [stderr]     Updating crates.io index
[INFO] [stderr]  Downloading crates ...
[INFO] [stderr]   Downloaded rpdfium-core v7676.6.4
[INFO] [stderr]   Downloaded rpdfium-codec v7676.6.4
[INFO] [stderr]   Downloaded zune-jpeg v0.5.12
[INFO] [stderr]   Downloaded hayro-ccitt v0.2.0
[INFO] [stderr]   Downloaded hayro-jbig2 v0.1.0
[INFO] [stderr]   Downloaded hayro-jpeg2000 v0.1.1
[INFO] running `Command { std: "docker" "create" "-v" "/var/lib/crater-agent-workspace/builds/worker-6-tc1/source:/opt/rustwide/workdir:ro,Z" "-v" "/var/lib/crater-agent-workspace/builds/worker-6-tc1/target:/opt/rustwide/target:rw,Z" "-v" "/var/lib/crater-agent-workspace/cargo-home:/opt/rustwide/cargo-home:ro,Z" "-v" "/var/lib/crater-agent-workspace/rustup-home:/opt/rustwide/rustup-home:ro,Z" "-m" "1610612736" "--network" "none" "ghcr.io/rust-lang/crates-build-env/linux@sha256:77db811e55d90add9212f6832c23229e3de5f1c1f9905e8cb07319ea15df73ac" "sleep" "infinity", kill_on_drop: false }`
[INFO] [stdout] 7474c260c5704c4afa5d0b814ac09cfa15f16addc80a8462348c2b846ee597c3
[INFO] running `Command { std: "docker" "start" "7474c260c5704c4afa5d0b814ac09cfa15f16addc80a8462348c2b846ee597c3", kill_on_drop: false }`
[INFO] running `Command { std: "docker" "inspect" "7474c260c5704c4afa5d0b814ac09cfa15f16addc80a8462348c2b846ee597c3", kill_on_drop: false }`
[INFO] running `Command { std: "docker" "exec" "-e" "SOURCE_DIR=/opt/rustwide/workdir" "-e" "CARGO_HOME=/opt/rustwide/cargo-home" "-e" "RUSTUP_HOME=/opt/rustwide/rustup-home" "-e" "CARGO_TARGET_DIR=/opt/rustwide/target" "-w" "/opt/rustwide/workdir" "--user" "0:0" "7474c260c5704c4afa5d0b814ac09cfa15f16addc80a8462348c2b846ee597c3" "/opt/rustwide/cargo-home/bin/cargo" "+1.99.0-beta.8" "metadata" "--no-deps" "--format-version=1", kill_on_drop: false }`
[INFO] running `Command { std: "docker" "inspect" "7474c260c5704c4afa5d0b814ac09cfa15f16addc80a8462348c2b846ee597c3", kill_on_drop: false }`
[INFO] running `Command { std: "docker" "exec" "-e" "SOURCE_DIR=/opt/rustwide/workdir" "-e" "CARGO_HOME=/opt/rustwide/cargo-home" "-e" "RUSTUP_HOME=/opt/rustwide/rustup-home" "-e" "CARGO_TARGET_DIR=/opt/rustwide/target" "-e" "CARGO_INCREMENTAL=0" "-e" "RUST_BACKTRACE=full" "-e" "RUSTFLAGS=--cap-lints=warn" "-e" "RUSTDOCFLAGS=--cap-lints=warn" "-w" "/opt/rustwide/workdir" "--user" "0:0" "7474c260c5704c4afa5d0b814ac09cfa15f16addc80a8462348c2b846ee597c3" "/opt/rustwide/cargo-home/bin/cargo" "+1.99.0-beta.8" "build" "--frozen" "--message-format=json" "--release", kill_on_drop: false }`
[INFO] [stderr]    Compiling typenum v1.19.0
[INFO] [stderr]    Compiling crc32fast v1.5.0
[INFO] [stderr]    Compiling thiserror v2.0.18
[INFO] [stderr]    Compiling simd-adler32 v0.3.8
[INFO] [stderr]    Compiling adler2 v2.0.1
[INFO] [stderr]    Compiling crossbeam-utils v0.8.21
[INFO] [stderr]    Compiling generic-array v0.14.7
[INFO] [stderr]    Compiling cpufeatures v0.2.17
[INFO] [stderr]    Compiling hayro-ccitt v0.2.0
[INFO] [stderr]    Compiling getrandom v0.3.4
[INFO] [stderr]    Compiling zune-core v0.5.1
[INFO] [stderr]    Compiling hayro-jpeg2000 v0.1.1
[INFO] [stderr]    Compiling hashbrown v0.14.5
[INFO] [stderr]    Compiling parking_lot_core v0.9.12
[INFO] [stderr]    Compiling syn v2.0.114
[INFO] [stderr]    Compiling hayro-jbig2 v0.1.0
[INFO] [stderr]    Compiling zune-jpeg v0.5.12
[INFO] [stderr]    Compiling miniz_oxide v0.8.9
[INFO] [stderr]    Compiling dashmap v6.1.0
[INFO] [stderr]    Compiling flate2 v1.1.9
[INFO] [stderr]    Compiling crypto-common v0.1.7
[INFO] [stderr]    Compiling block-buffer v0.10.4
[INFO] [stderr]    Compiling block-padding v0.3.3
[INFO] [stderr]    Compiling inout v0.1.4
[INFO] [stderr]    Compiling digest v0.10.7
[INFO] [stderr]    Compiling cipher v0.4.4
[INFO] [stderr]    Compiling sha1 v0.10.6
[INFO] [stderr]    Compiling sha2 v0.10.9
[INFO] [stderr]    Compiling md-5 v0.10.6
[INFO] [stderr]    Compiling cbc v0.1.2
[INFO] [stderr]    Compiling aes v0.8.4
[INFO] [stderr]    Compiling tracing-attributes v0.1.31
[INFO] [stderr]    Compiling thiserror-impl v2.0.18
[INFO] [stderr]    Compiling tracing v0.1.44
[INFO] [stderr]    Compiling rpdfium-core v7676.6.4
[INFO] [stderr]    Compiling rpdfium-codec v7676.6.4
[INFO] [stderr]    Compiling rpdfium-parser v7676.6.4 (/opt/rustwide/workdir)
[INFO] [stderr]     Finished `release` profile [optimized] target(s) in 23.29s
[INFO] running `Command { std: "docker" "inspect" "7474c260c5704c4afa5d0b814ac09cfa15f16addc80a8462348c2b846ee597c3", kill_on_drop: false }`
[INFO] running `Command { std: "docker" "exec" "-e" "SOURCE_DIR=/opt/rustwide/workdir" "-e" "CARGO_HOME=/opt/rustwide/cargo-home" "-e" "RUSTUP_HOME=/opt/rustwide/rustup-home" "-e" "CARGO_TARGET_DIR=/opt/rustwide/target" "-e" "CARGO_INCREMENTAL=0" "-e" "RUST_BACKTRACE=full" "-e" "RUSTFLAGS=--cap-lints=warn" "-e" "RUSTDOCFLAGS=--cap-lints=warn" "-w" "/opt/rustwide/workdir" "--user" "0:0" "7474c260c5704c4afa5d0b814ac09cfa15f16addc80a8462348c2b846ee597c3" "/opt/rustwide/cargo-home/bin/cargo" "+1.99.0-beta.8" "test" "--frozen" "--no-run" "--message-format=json" "--release", kill_on_drop: false }`
[INFO] [stderr]    Compiling rustix v1.1.3
[INFO] [stderr]    Compiling getrandom v0.3.4
[INFO] [stderr]    Compiling wait-timeout v0.2.1
[INFO] [stderr]    Compiling ppv-lite86 v0.2.21
[INFO] [stderr]    Compiling regex-syntax v0.8.9
[INFO] [stderr]    Compiling rand_core v0.9.5
[INFO] [stderr]    Compiling rpdfium-parser v7676.6.4 (/opt/rustwide/workdir)
[INFO] [stderr]    Compiling rand_xorshift v0.4.0
[INFO] [stderr]    Compiling rand v0.9.2
[INFO] [stderr]    Compiling rand_chacha v0.9.0
[INFO] [stderr]    Compiling tempfile v3.24.0
[INFO] [stderr]    Compiling rusty-fork v0.3.1
[INFO] [stderr]    Compiling proptest v1.10.0
[INFO] [stderr]     Finished `release` profile [optimized] target(s) in 31.69s
[INFO] running `Command { std: "docker" "inspect" "7474c260c5704c4afa5d0b814ac09cfa15f16addc80a8462348c2b846ee597c3", kill_on_drop: false }`
[INFO] running `Command { std: "docker" "exec" "-e" "SOURCE_DIR=/opt/rustwide/workdir" "-e" "CARGO_HOME=/opt/rustwide/cargo-home" "-e" "RUSTUP_HOME=/opt/rustwide/rustup-home" "-e" "CARGO_TARGET_DIR=/opt/rustwide/target" "-e" "CARGO_INCREMENTAL=0" "-e" "RUST_BACKTRACE=full" "-e" "RUSTFLAGS=--cap-lints=warn" "-e" "RUSTDOCFLAGS=--cap-lints=warn" "-w" "/opt/rustwide/workdir" "--user" "0:0" "7474c260c5704c4afa5d0b814ac09cfa15f16addc80a8462348c2b846ee597c3" "/opt/rustwide/cargo-home/bin/cargo" "+1.99.0-beta.8" "test" "--frozen" "--release", kill_on_drop: false }`
[INFO] [stderr]     Finished `release` profile [optimized] target(s) in 0.11s
[INFO] [stderr]      Running unittests src/lib.rs (/opt/rustwide/target/release/deps/rpdfium_parser-98cf2aa088aa8217)
[INFO] [stdout] 
[INFO] [stdout] running 503 tests
[INFO] [stdout] test content_stream::tests::test_d0_in_char_proc_stream ... ok
[INFO] [stdout] test content_stream::tests::test_operand_as_f32 ... ok
[INFO] [stdout] test content_stream::tests::test_tokenize_graphics_state ... ok
[INFO] [stdout] test content_stream::tests::test_inline_image_abbreviation_expansion ... ok
[INFO] [stdout] test content_stream::tests::test_inline_image_tokenizer_resumes_after_ei ... ok
[INFO] [stdout] test content_stream::tests::test_tokenize_color_operators ... ok
[INFO] [stdout] test content_stream::tests::test_inline_image_binary_data_extraction ... ok
[INFO] [stdout] test content_stream::tests::test_tokenize_text_array ... ok
[INFO] [stdout] test content_stream::tests::test_tokenize_unknown_operator ... ok
[INFO] [stdout] test content_stream::tests::test_tokenize_paint_shading ... ok
[INFO] [stdout] test crypto::fx_crypt::tests::test_md5_abc ... ok
[INFO] [stdout] test crypto::fx_crypt::tests::test_md5_empty ... ok
[INFO] [stdout] test crypto::fx_crypt::tests::test_md5_rfc1321_a ... ok
[INFO] [stdout] test crypto::fx_crypt::tests::test_md5_rfc1321_alphabet ... ok
[INFO] [stdout] test content_stream::tests::test_tokenize_simple_text ... ok
[INFO] [stdout] test crypto::fx_crypt::tests::test_md5_rfc1321_alphanumeric ... ok
[INFO] [stdout] test crypto::fx_crypt::tests::test_md5_rfc1321_numeric_repeated ... ok
[INFO] [stdout] test crypto::fx_crypt::tests::test_rc4_empty_key_returns_error ... ok
[INFO] [stdout] test content_stream::tests::test_tokenize_xobject ... ok
[INFO] [stdout] test crypto::fx_crypt::tests::test_rc4_foobar_key ... ok
[INFO] [stdout] test crypto::fx_crypt::tests::test_rc4_known_vector ... ok
[INFO] [stdout] test crypto::fx_crypt::tests::test_rc4_oversized_key_returns_error ... ok
[INFO] [stdout] test content_stream::tests::test_find_value_abbreviation ... ok
[INFO] [stdout] test crypto::fx_crypt::tests::test_md5_rfc1321_message_digest ... ok
[INFO] [stdout] test crypto::fx_crypt::tests::test_sha1_empty ... ok
[INFO] [stdout] test content_stream::tests::test_set_dash_pattern ... ok
[INFO] [stdout] test crypto::fx_crypt::tests::test_sha1_fips_a2_multi_block ... ok
[INFO] [stdout] test crypto::fx_crypt::tests::test_sha1_known_vector_abc ... ok
[INFO] [stdout] test crypto::fx_crypt_aes::tests::test_aes128_cbc_boringssl_vectors ... ok
[INFO] [stdout] test crypto::fx_crypt_aes::tests::test_aes128_cbc_decrypt_bad_key_length ... ok
[INFO] [stdout] test crypto::fx_crypt_aes::tests::test_aes128_cbc_decrypt_data_too_short ... ok
[INFO] [stdout] test content_stream::tests::test_set_font_operator ... ok
[INFO] [stdout] test crypto::fx_crypt_aes::tests::test_aes128_cbc_decrypt_invalid_data_length ... ok
[INFO] [stdout] test crypto::fx_crypt_aes::tests::test_aes128_cbc_decrypt_known_vector ... ok
[INFO] [stdout] test crypto::fx_crypt_aes::tests::test_aes128_cbc_decrypt_only_iv ... ok
[INFO] [stdout] test crypto::fx_crypt_aes::tests::test_aes192_cbc_decrypt_bad_key_length ... ok
[INFO] [stdout] test crypto::fx_crypt_aes::tests::test_aes192_cbc_boringssl_vectors ... ok
[INFO] [stdout] test crypto::fx_crypt_aes::tests::test_aes256_cbc_boringssl_vectors ... ok
[INFO] [stdout] test crypto::fx_crypt::tests::test_rc4_round_trip ... ok
[INFO] [stdout] test crypto::fx_crypt_aes::tests::test_aes256_ecb_decrypt_nist_vector ... ok
[INFO] [stdout] test crypto::fx_crypt_sha::tests::test_sha256_empty ... ok
[INFO] [stdout] test crypto::fx_crypt_sha::tests::test_sha256_fips_b2_multi_block ... ok
[INFO] [stdout] test crypto::fx_crypt_sha::tests::test_sha384_abc ... ok
[INFO] [stdout] test crypto::fx_crypt_sha::tests::test_sha384_empty ... ok
[INFO] [stdout] test crypto::fx_crypt_sha::tests::test_sha384_long_string ... ok
[INFO] [stdout] test crypto::fx_crypt_sha::tests::test_sha384_pad_112_boundary ... ok
[INFO] [stdout] test content_stream::tests::test_tokenize_empty_stream ... ok
[INFO] [stdout] test content_stream::tests::test_tokenize_d1_operator ... ok
[INFO] [stdout] test content_stream::tests::test_inline_image_basic ... ok
[INFO] [stdout] test crypto::fx_crypt_sha::tests::test_sha256_abc ... ok
[INFO] [stdout] test content_stream::tests::test_tokenize_marked_content ... ok
[INFO] [stdout] test content_stream::tests::test_tokenize_path_operators ... ok
[INFO] [stdout] test content_stream::tests::test_find_key_abbreviation ... ok
[INFO] [stdout] test crypto::fx_crypt_sha::tests::test_sha512_empty ... ok
[INFO] [stdout] test content_stream::tests::test_operand_as_i64 ... ok
[INFO] [stdout] test crypto::fx_crypt_sha::tests::test_sha512_long_string ... ok
[INFO] [stdout] test crypto::fx_crypt_aes::tests::test_aes192_cbc_round_trip ... ok
[INFO] [stdout] test crypto::fx_crypt_sha::tests::test_sha512_abc ... ok
[INFO] [stdout] test crypto::fx_crypt_sha::tests::test_sha512_pad_112_boundary ... ok
[INFO] [stdout] test filter::tests::test_decode_parms_array_with_null ... ok
[INFO] [stdout] test filter::tests::test_parser_decode_get_decoder_array_empty_array ... ok
[INFO] [stdout] test filter::tests::test_extract_empty_params ... ok
[INFO] [stdout] test filter::tests::test_full_filter_names ... ok
[INFO] [stdout] test crypto::fx_crypt_aes::tests::test_aes256_cbc_decrypt_known_vector ... ok
[INFO] [stdout] test filter::tests::test_filter_with_no_decode_parms ... ok
[INFO] [stdout] test content_stream::tests::test_tokenize_d0_operator ... ok
[INFO] [stdout] test filter::tests::test_jpx_followed_by_ascii85 ... ok
[INFO] [stdout] test filter::tests::test_parser_decode_get_decoder_array_invalid_two_image ... ok
[INFO] [stdout] test filter::tests::test_parser_decode_get_decoder_array_one_element ... ok
[INFO] [stdout] test filter::tests::test_parser_decode_validate_pipeline_five_decoders ... ok
[INFO] [stdout] test crypto::fx_crypt_aes::tests::test_aes256_cbc_decrypt_bad_key_length ... ok
[INFO] [stdout] test filter::tests::test_parser_decode_validate_pipeline_image_in_middle ... ok
[INFO] [stdout] test filter::tests::test_parser_decode_validate_pipeline_image_not_at_end ... ok
[INFO] [stdout] test filter::tests::test_parser_decode_validate_pipeline_single_known ... ok
[INFO] [stdout] test filter::tests::test_parser_decode_validate_pipeline_two_decoders ... ok
[INFO] [stdout] test filter::tests::test_parser_decode_validate_pipeline_two_image_decoders ... ok
[INFO] [stdout] test filter::tests::test_parser_decode_validate_pipeline_unknown_filter_skipped ... ok
[INFO] [stdout] test filter::tests::test_parser_decode_validate_pipeline_with_indirect_objects ... ok
[INFO] [stdout] test filter::tests::test_parser_decode_validate_pipeline_wrong_type_in_array ... ok
[INFO] [stdout] test filter::tests::test_parser_decode_validate_pipeline_wrong_type_in_middle ... ok
[INFO] [stdout] test filter::tests::test_single_decode_parms_dict ... ok
[INFO] [stdout] test filter::tests::test_single_filter_name ... ok
[INFO] [stdout] test filter::tests::test_triple_filter_chain ... ok
[INFO] [stdout] test filter::tests::test_unknown_filter_name_returns_none ... ok
[INFO] [stdout] test header::tests::test_empty_source ... ok
[INFO] [stdout] test filter::tests::test_abbreviated_filter_names ... ok
[INFO] [stdout] test header::tests::test_invalid_version_char ... ok
[INFO] [stdout] test filter::tests::test_dct_not_at_end_of_chain ... ok
[INFO] [stdout] test header::tests::test_lenient_accepts_garbage_before_header ... ok
[INFO] [stdout] test filter::tests::test_extract_all_filter_params ... ok
[INFO] [stdout] test filter::tests::test_filter_array ... ok
[INFO] [stdout] test filter::tests::test_non_name_filter_value_returns_empty ... ok
[INFO] [stdout] test header::tests::test_parse_header_1_4 ... ok
[INFO] [stdout] test header::tests::test_parse_header_with_cr ... ok
[INFO] [stdout] test header::tests::test_parse_valid_header_1_7 ... ok
[INFO] [stdout] test header::tests::test_parse_valid_header_2_0 ... ok
[INFO] [stdout] test filter::tests::test_parser_decode_get_decoder_array_no_filter ... ok
[INFO] [stdout] test header::tests::test_strict_rejects_garbage_before_header ... ok
[INFO] [stdout] test header::tests::test_too_short ... ok
[INFO] [stdout] test header::tests::test_parse_header_no_newline ... ok
[INFO] [stdout] test header::tests::test_version_display ... ok
[INFO] [stdout] test hint_tables::tests::test_empty_hint_stream_returns_none ... ok
[INFO] [stdout] test filter::tests::test_parser_decode_get_decoder_array_wrong_filter_type ... ok
[INFO] [stdout] test filter::tests::test_parser_decode_get_decoder_array_single_name ... ok
[INFO] [stdout] test filter::tests::test_parser_decode_validate_pipeline_duplicate_decoders ... ok
[INFO] [stdout] test filter::tests::test_parser_decode_get_decoder_array_two_elements ... ok
[INFO] [stdout] test hint_tables::tests::test_truncated_hint_stream_returns_none ... ok
[INFO] [stdout] test filter::tests::test_parser_decode_validate_pipeline_image_at_end ... ok
[INFO] [stdout] test hint_tables::tests::test_zero_page_count_returns_none ... ok
[INFO] [stdout] test linearized_header::tests::test_detect_linearized_missing_keys ... ok
[INFO] [stdout] test linearized_header::tests::test_detect_linearized_pdf ... ok
[INFO] [stdout] test linearized_header::tests::test_detect_linearized_with_h_array_2_values ... ok
[INFO] [stdout] test linearized_header::tests::test_detect_linearized_with_h_array_4_values ... ok
[INFO] [stdout] test linearized_header::tests::test_detect_non_linearized ... ok
[INFO] [stdout] test linearized_header::tests::test_has_hint_table_false_no_hint ... ok
[INFO] [stdout] test linearized_header::tests::test_has_hint_table_false_single_page ... ok
[INFO] [stdout] test hint_tables::tests::test_hint_tables_parse_with_constructed_data ... ok
[INFO] [stdout] test hint_tables::tests::test_page_byte_range_calculation ... ok
[INFO] [stdout] test linearized_header::tests::test_has_hint_table_true ... ok
[INFO] [stdout] test linearized_header::tests::test_non_linearized_has_no_hint_fields ... ok
[INFO] [stdout] test object::tests::test_dict_len_size ... ok
[INFO] [stdout] test object::tests::test_dictionary_iterators ... ok
[INFO] [stdout] test object::tests::test_has_filter_detects_filter_key ... ok
[INFO] [stdout] test object::tests::test_is_integer_distinguishes_integer_from_real ... ok
[INFO] [stdout] test object::tests::test_key_exist_on_dictionary ... ok
[INFO] [stdout] test object::tests::test_keys_and_get_keys_on_dictionary ... ok
[INFO] [stdout] test object::tests::test_number_float_values ... ok
[INFO] [stdout] test object::tests::test_number_integer_values ... ok
[INFO] [stdout] test object::tests::test_object_boolean ... ok
[INFO] [stdout] test object::tests::test_object_dictionary ... ok
[INFO] [stdout] test object::tests::test_object_array ... ok
[INFO] [stdout] test object::tests::test_array_len_size_is_empty ... ok
[INFO] [stdout] test object::tests::test_object_integer ... ok
[INFO] [stdout] test object::tests::test_object_id_display_format ... ok
[INFO] [stdout] test object::tests::test_dict_method_returns_dict_and_stream_dict ... ok
[INFO] [stdout] test object::tests::test_object_real ... ok
[INFO] [stdout] test object::tests::test_object_string ... ok
[INFO] [stdout] test object::tests::test_object_reference ... ok
[INFO] [stdout] test object::tests::test_pdf_array_add_number ... ok
[INFO] [stdout] test object::tests::test_object_stream ... ok
[INFO] [stdout] test object::tests::test_pdf_array_add_string_and_name ... ok
[INFO] [stdout] test object::tests::test_object_unicode_text ... ok
[INFO] [stdout] test object::tests::test_object_get_aliases_delegate_to_as_methods ... ok
[INFO] [stdout] test object::tests::test_pdf_array_get_type_at_float ... ok
[INFO] [stdout] test object::tests::test_object_id_equality ... ok
[INFO] [stdout] test object::tests::test_pdf_array_get_type_at_integer ... ok
[INFO] [stdout] test object::tests::test_pdf_array_add_integer ... ok
[INFO] [stdout] test object::tests::test_object_name ... ok
[INFO] [stdout] test object::tests::test_pdf_array_get_matrix_elements ... ok
[INFO] [stdout] test object::tests::test_pdf_array_contains ... ok
[INFO] [stdout] test object::tests::test_pdf_array_find ... ok
[INFO] [stdout] test object::tests::test_pdf_array_get_boolean_at ... ok
[INFO] [stdout] test object::tests::test_pdf_array_get_rect_elements ... ok
[INFO] [stdout] test object::tests::test_pdf_array_get_type_at_boolean ... ok
[INFO] [stdout] test object::tests::test_pdf_objects_get_integer ... ok
[INFO] [stdout] test object::tests::test_pdf_array_nested_arrays ... ok
[INFO] [stdout] test object::tests::test_pdf_array_of_dicts ... ok
[INFO] [stdout] test object::tests::test_pdf_objects_get_number ... ok
[INFO] [stdout] test object::tests::test_pdf_array_get_type_at_mixed ... ok
[INFO] [stdout] test filter::tests::test_no_filter_returns_empty ... ok
[INFO] [stdout] test object::tests::test_pdf_array_get_type_at_null ... ok
[INFO] [stdout] test object::tests::test_pdf_array_insert_at_beyond ... ok
[INFO] [stdout] test object::tests::test_pdf_array_iterator ... ok
[INFO] [stdout] test object::tests::test_pdf_objects_get_array ... ok
[INFO] [stdout] test object::tests::test_pdf_objects_get_type ... ok
[INFO] [stdout] test object::tests::test_pdf_objects_get_string ... ok
[INFO] [stdout] test object::tests::test_pdf_objects_get_unicode_text ... ok
[INFO] [stdout] test object::tests::test_pdf_objects_is_type_and_as_type ... ok
[INFO] [stdout] test object::tests::test_pdf_array_set_at_beyond ... ok
[INFO] [stdout] test object::tests::test_pdf_array_get_type_at_name ... ok
[INFO] [stdout] test object::tests::test_pdf_objects_dict_name_for ... ok
[INFO] [stdout] test object::tests::test_pdf_array_get_type_at_string ... ok
[INFO] [stdout] test object::tests::test_pdf_objects_get_dict ... ok
[INFO] [stdout] test object_parser::tests::test_duplicate_key_strict ... ok
[INFO] [stdout] test object_parser::tests::test_parse_array_mixed_types ... ok
[INFO] [stdout] test object_parser::tests::test_missing_endobj_lenient ... ok
[INFO] [stdout] test object::tests::test_pdf_objects_reference_deref ... ok
[INFO] [stdout] test object::tests::test_object_null ... ok
[INFO] [stdout] test object_parser::tests::test_parse_array_object ... ok
[INFO] [stdout] test object::tests::test_raw_size_and_alias ... ok
[INFO] [stdout] test object::tests::test_ref_obj_num_and_alias ... ok
[INFO] [stdout] test object_parser::tests::test_duplicate_key_lenient ... ok
[INFO] [stdout] test object_parser::tests::test_missing_endobj_strict ... ok
[INFO] [stdout] test object_parser::tests::test_parse_dict_non_name_key_strict ... ok
[INFO] [stdout] test object_parser::tests::test_parse_dictionary_object ... ok
[INFO] [stdout] test object_parser::tests::test_parse_empty_array ... ok
[INFO] [stdout] test object_parser::tests::test_parse_indirect_object_simple ... ok
[INFO] [stdout] test object_parser::tests::test_parse_boolean_object ... ok
[INFO] [stdout] test object_parser::tests::test_parse_bare_keyword_strict ... ok
[INFO] [stdout] test object_parser::tests::test_parse_deeply_nested_array ... ok
[INFO] [stdout] test object_parser::tests::test_parse_empty_dict ... ok
[INFO] [stdout] test object_parser::tests::test_parse_indirect_object_dict ... ok
[INFO] [stdout] test object_parser::tests::test_parse_nested_array ... ok
[INFO] [stdout] test object_parser::tests::test_parse_name_object ... ok
[INFO] [stdout] test object_parser::tests::test_parse_dict_non_name_key_lenient ... ok
[INFO] [stdout] test object_parser::tests::test_parse_at_offset ... ok
[INFO] [stdout] test object_parser::tests::test_parse_bare_keyword_lenient ... ok
[INFO] [stdout] test object_parser::tests::test_parse_empty_input ... ok
[INFO] [stdout] test object_parser::tests::test_parse_indirect_object_negative_number ... ok
[INFO] [stdout] test object_parser::tests::test_parse_indirect_object_with_generation ... ok
[INFO] [stdout] test object_parser::tests::test_parse_integer_object ... ok
[INFO] [stdout] test object_parser::tests::test_parse_null_object ... ok
[INFO] [stdout] test object_parser::tests::test_parse_stream_with_scan_fallback ... ok
[INFO] [stdout] test object_stream::tests::test_get_object_by_index ... ok
[INFO] [stdout] test object_parser::tests::test_parse_stream_with_exact_length ... ok
[INFO] [stdout] test object_parser::tests::test_parse_string_object ... ok
[INFO] [stdout] test object_parser::tests::test_parse_whitespace_only ... ok
[INFO] [stdout] test object_stream::tests::test_duplicate_object_numbers ... ok
[INFO] [stdout] test object_stream::tests::test_first_equals_data_length ... ok
[INFO] [stdout] test object_stream::tests::test_get_object_index_out_of_bounds ... ok
[INFO] [stdout] test object_parser::tests::test_parse_unterminated_array ... ok
[INFO] [stdout] test object_parser::tests::test_verify_endstream_function ... ok
[INFO] [stdout] test object_stream::tests::test_n_zero_with_data ... ok
[INFO] [stdout] test object_stream::tests::test_object_stream_stream_dict_negative_count ... ok
[INFO] [stdout] test object_stream::tests::test_object_stream_stream_dict_negative_object_offset ... ok
[INFO] [stdout] test object_stream::tests::test_object_stream_stream_dict_no_count ... ok
[INFO] [stdout] test object_stream::tests::test_object_stream_stream_dict_no_offset ... ok
[INFO] [stdout] test object_parser::tests::test_verify_endstream_with_whitespace ... ok
[INFO] [stdout] test object_stream::tests::test_object_stream_stream_dict_count_too_big ... ok
[INFO] [stdout] test object_parser::tests::test_parse_real_object ... ok
[INFO] [stdout] test object_stream::tests::test_empty_object_stream ... ok
[INFO] [stdout] test object_stream::tests::test_object_stream_stream_dict_float_offset ... ok
[INFO] [stdout] test object_parser::tests::test_parse_reference_in_dict ... ok
[INFO] [stdout] test object_stream::tests::test_object_stream_stream_dict_offset_too_big ... ok
[INFO] [stdout] test object_parser::tests::test_parse_stream_object ... ok
[INFO] [stdout] test object_stream::tests::test_object_stream_stream_dict_too_few_count ... ok
[INFO] [stdout] test object_parser::tests::test_parse_unterminated_dict ... ok
[INFO] [stdout] test object_stream::tests::test_object_stream_stream_dict_object_offset_too_big_strict ... ok
[INFO] [stdout] test object_stream::tests::test_object_stream_stream_dict_wrong_type ... ok
[INFO] [stdout] test object_stream::tests::test_missing_n_key ... ok
[INFO] [stdout] test object_stream::tests::test_object_stream_stream_dict_wrong_type_value ... ok
[INFO] [stdout] test object_stream::tests::test_object_stream_stream_dict_float_count ... ok
[INFO] [stdout] test object_stream::tests::test_string_n_is_error ... ok
[INFO] [stdout] test object_stream::tests::test_unordered_offsets ... ok
[INFO] [stdout] test object_walker::tests::test_object_stats_counters ... ok
[INFO] [stdout] test object_stream::tests::test_very_large_n_limited_by_data ... ok
[INFO] [stdout] test object_stream::tests::test_object_stream_stream_dict_negative_offset ... ok
[INFO] [stdout] test object_stream::tests::test_object_stream_stream_dict_unordered_object_numbers ... ok
[INFO] [stdout] test object_stream::tests::test_object_stream_stream_empty_dict ... ok
[INFO] [stdout] test object_stream::tests::test_object_stream_stream_dict_object_offset_too_big_lenient ... ok
[INFO] [stdout] test object_walker::tests::test_stats_collection_from_minimal_pdf ... ok
[INFO] [stdout] test object_stream::tests::test_zero_objects_zero_data ... ok
[INFO] [stdout] test object_stream::tests::test_parse_simple_object_stream ... ok
[INFO] [stdout] test object_walker::tests::test_visit_callbacks_fire_correctly ... ok
[INFO] [stdout] test object_walker::tests::test_walker_dictionary_key_tracking ... ok
[INFO] [stdout] test object_walker::tests::test_walk_minimal_pdf ... ok
[INFO] [stdout] test object_walker::tests::test_walker_simple_dict ... ok
[INFO] [stdout] test object_walker::tests::test_walk_nonexistent_root ... ok
[INFO] [stdout] test object_walker::tests::test_max_objects_safety_limit ... ok
[INFO] [stdout] test object_stream::tests::test_missing_first_key ... ok
[INFO] [stdout] test object_walker::tests::test_walk_with_no_references ... ok
[INFO] [stdout] test object_stream::tests::test_object_stream_stream_dict_no_type ... ok
[INFO] [stdout] test object_stream::tests::test_object_stream_stream_dict_normal ... ok
[INFO] [stdout] test security::tests::test_big_endian_mod3_basic ... ok
[INFO] [stdout] test object_walker::tests::test_walker_combined_object ... ok
[INFO] [stdout] test security::tests::test_encode_password_latin1_ascii ... ok
[INFO] [stdout] test object_stream::tests::test_object_stream_stream_dict_garbage_obj_num ... ok
[INFO] [stdout] test object_walker::tests::test_cycle_detection ... ok
[INFO] [stdout] test security::tests::test_compute_r6_hash_kat_pdfium_user_validation ... ok
[INFO] [stdout] test security::tests::test_crypt_filter_method_none_passthrough ... ok
[INFO] [stdout] test security::tests::test_encode_password_latin1_empty ... ok
[INFO] [stdout] test security::tests::test_decrypt_string_rc4_round_trip ... ok
[INFO] [stdout] test security::tests::test_encode_password_latin1_latin_chars ... ok
[INFO] [stdout] test security::tests::test_encode_password_latin1_0xff ... ok
[INFO] [stdout] test security::tests::test_encode_password_latin1_ascii_alphanumeric ... ok
[INFO] [stdout] test object_walker::tests::test_walker_skip_via_max_objects ... ok
[INFO] [stdout] test security::tests::test_object_key_aesv2_includes_salt ... ok
[INFO] [stdout] test security::tests::test_compute_r6_hash_differs_from_simple_sha256 ... ok
[INFO] [stdout] test security::tests::test_key_derivation_r2_known ... ok
[INFO] [stdout] test security::tests::test_compute_r6_hash_basic ... ok
[INFO] [stdout] test security::tests::test_key_derivation_r3_known ... ok
[INFO] [stdout] test security::tests::test_compute_r6_hash_with_u_value ... ok
[INFO] [stdout] test security::tests::test_encode_password_latin1_non_latin ... ok
[INFO] [stdout] test security::tests::test_object_key_computation ... ok
[INFO] [stdout] test security::tests::test_password_padding_matches_pdf_spec ... ok
[INFO] [stdout] test security::tests::test_encode_password_latin1_mixed ... ok
[INFO] [stdout] test object_walker::tests::test_walker_get_parent_tracking ... ok
[INFO] [stdout] test security::tests::test_big_endian_mod3_differs_from_sum_mod3 ... ok
[INFO] [stdout] test security::tests::test_security_handler_get_permissions_alias_r3 ... ok
[INFO] [stdout] test security::tests::test_owner_password_recovery_r2 ... ok
[INFO] [stdout] test security::tests::test_security_handler_stores_encoded_password_user_path ... ok
[INFO] [stdout] test security::tests::test_password_padding_empty ... ok
[INFO] [stdout] test security::tests::test_derive_key_r6_kat_pdfium_user_password ... ok
[INFO] [stdout] test security::tests::test_password_padding_exact_32 ... ok
[INFO] [stdout] test security::tests::test_encoded_password_stored_and_accessible ... ok
[INFO] [stdout] test security::tests::test_truncate_utf8_password_exact_127 ... ok
[INFO] [stdout] test security::tests::test_truncate_utf8_password_long ... ok
[INFO] [stdout] test security::tests::test_truncate_utf8_password_short ... ok
[INFO] [stdout] test security::tests::test_truncate_utf8_password_over_127 ... ok
[INFO] [stdout] test security::tests::test_user_password_verification_r2_wrong_password ... ok
[INFO] [stdout] test security::tests::test_user_password_verification_r3_round_trip ... ok
[INFO] [stdout] test security::tests::test_password_padding_short ... ok
[INFO] [stdout] test security::tests::test_perms_validation_construct_and_verify ... ok
[INFO] [stdout] test store::tests::test_build_slots_disjoint_sections ... ok
[INFO] [stdout] test security::tests::test_encode_password_latin1_over_range ... ok
[INFO] [stdout] test security::tests::test_password_padding_longer_than_32 ... ok
[INFO] [stdout] test store::tests::test_build_slots_empty ... ok
[INFO] [stdout] test security::tests::test_get_permissions_alias_delegates_to_permissions ... ok
[INFO] [stdout] test store::tests::test_build_slots_free_entries_removed ... ok
[INFO] [stdout] test security::tests::test_separate_strf_stmf_decrypt ... ok
[INFO] [stdout] test store::tests::test_build_slots_in_stream_fields ... ok
[INFO] [stdout] test store::tests::test_build_slots_in_stream ... ok
[INFO] [stdout] test store::tests::test_build_slots_newest_wins ... ok
[INFO] [stdout] test security::tests::test_truncate_utf8_password_empty ... ok
[INFO] [stdout] test security::tests::test_user_password_verification_r2_round_trip ... ok
[INFO] [stdout] test store::tests::test_deep_resolve_concrete_types ... ok
[INFO] [stdout] test security::tests::test_derive_key_r6_kat_pdfium_owner_password ... ok
[INFO] [stdout] test store::tests::test_decode_stream_flate ... ok
[INFO] [stdout] test store::tests::test_build_slots_free_hides_older ... ok
[INFO] [stdout] test store::tests::test_decode_stream_no_filter ... ok
[INFO] [stdout] test store::tests::test_decode_stream_ascii_hex ... ok
[INFO] [stdout] test store::tests::test_decode_stream_not_a_stream ... ok
[INFO] [stdout] test store::tests::test_deep_resolve_follows_reference ... ok
[INFO] [stdout] test store::tests::test_is_xref_stream_false_for_traditional_xref ... ok
[INFO] [stdout] test store::tests::test_deep_resolve_non_reference ... ok
[INFO] [stdout] test store::tests::test_deep_resolve_unknown_reference ... ok
[INFO] [stdout] test store::tests::test_dict_resolve_present ... ok
[INFO] [stdout] test store::tests::test_lenient_mode_returns_null_for_bad_object ... ok
[INFO] [stdout] test store::tests::test_malformed_empty_pdf ... ok
[INFO] [stdout] test store::tests::test_malformed_duplicate_dict_keys ... ok
[INFO] [stdout] test store::tests::test_malformed_circular_reference ... ok
[INFO] [stdout] test store::tests::test_deep_resolve_self_reference ... ok
[INFO] [stdout] test store::tests::test_dict_resolve_absent ... ok
[INFO] [stdout] test store::tests::test_malformed_deeply_nested_arrays ... ok
[INFO] [stdout] test store::tests::test_is_xref_stream_false_when_rebuilt ... ok
[INFO] [stdout] test store::tests::test_malformed_stream_wrong_length ... ok
[INFO] [stdout] test store::tests::test_malformed_wrong_generation ... ok
[INFO] [stdout] test store::tests::test_malformed_wrong_xref_offsets_lenient ... ok
[INFO] [stdout] test store::tests::test_malformed_wrong_xref_offsets_strict ... ok
[INFO] [stdout] test store::tests::test_object_offset_returns_offset_for_direct_object ... ok
[INFO] [stdout] test store::tests::test_malformed_header_only ... ok
[INFO] [stdout] test store::tests::test_malformed_invalid_startxref ... ok
[INFO] [stdout] test security::tests::test_r6_wrong_password_returns_none ... ok
[INFO] [stdout] test store::tests::test_malformed_resolve_object_zero ... ok
[INFO] [stdout] test store::tests::test_malformed_missing_eof_marker ... ok
[INFO] [stdout] test store::tests::test_malformed_missing_root_with_catalog ... ok
[INFO] [stdout] test store::tests::test_malformed_truncated_pdf ... ok
[INFO] [stdout] test store::tests::test_malformed_oversized_trailer_size ... ok
[INFO] [stdout] test store::tests::test_malformed_whitespace_only_after_header ... ok
[INFO] [stdout] test store::tests::test_objstm_same_object_twice ... ok
[INFO] [stdout] test store::tests::test_object_count_and_ids ... ok
[INFO] [stdout] test store::tests::test_malformed_resolve_nonexistent_object ... ok
[INFO] [stdout] test store::tests::test_objstm_cache_size_limit ... ok
[INFO] [stdout] test store::tests::test_open_corrupt_xref_strict_fails ... ok
[INFO] [stdout] test store::tests::test_malformed_missing_root_no_catalog ... ok
[INFO] [stdout] test store::tests::test_objstm_cache_populated_after_first_access ... ok
[INFO] [stdout] test store::tests::test_open_garbage_data ... ok
[INFO] [stdout] test store::tests::test_open_minimal_pdf ... ok
[INFO] [stdout] test store::tests::test_open_header_only ... ok
[INFO] [stdout] test store::tests::test_open_wrong_xref_size_still_resolves ... ok
[INFO] [stdout] test store::tests::test_open_corrupt_xref_lenient_rebuilds ... ok
[INFO] [stdout] test store::tests::test_parsing_mode_accessor ... ok
[INFO] [stdout] test store::tests::test_object_offset_returns_none_for_unknown_object ... ok
[INFO] [stdout] test security::tests::test_r6_user_password_round_trip ... ok
[INFO] [stdout] test store::tests::test_xref_rebuilt_true_for_corrupt_xref ... ok
[INFO] [stdout] test tokenizer::tests::test_empty_input ... ok
[INFO] [stdout] test tokenizer::tests::test_hex_string ... ok
[INFO] [stdout] test tokenizer::tests::test_hex_string_odd_digits ... ok
[INFO] [stdout] test tokenizer::tests::test_boolean_false ... ok
[INFO] [stdout] test store::tests::test_resolve_object_from_minimal_pdf ... ok
[INFO] [stdout] test store::tests::test_open_valid_xref_uses_normal_path ... ok
[INFO] [stdout] test tokenizer::tests::test_boolean_true ... ok
[INFO] [stdout] test tokenizer::tests::test_hex_string_with_whitespace ... ok
[INFO] [stdout] test tokenizer::tests::test_indirect_reference_in_array ... ok
[INFO] [stdout] test tokenizer::tests::test_keyword_stream ... ok
[INFO] [stdout] test tokenizer::tests::test_indirect_reference ... ok
[INFO] [stdout] test store::tests::test_resolve_object_from_objstm ... ok
[INFO] [stdout] test store::tests::test_resolve_unknown_object ... ok
[INFO] [stdout] test tokenizer::tests::test_integer_token ... ok
[INFO] [stdout] test store::tests::test_xref_rebuilt_false_for_valid_pdf ... ok
[INFO] [stdout] test tokenizer::tests::test_keyword_obj ... ok
[INFO] [stdout] test tokenizer::tests::test_array_delimiters ... ok
[INFO] [stdout] test tokenizer::tests::test_literal_string_line_continuation ... ok
[INFO] [stdout] test tokenizer::tests::test_dict_delimiters ... ok
[INFO] [stdout] test tokenizer::tests::test_name_empty ... ok
[INFO] [stdout] test tokenizer::tests::test_name_with_hex_escape ... ok
[INFO] [stdout] test tokenizer::tests::test_negative_integer ... ok
[INFO] [stdout] test tokenizer::tests::test_nul_byte_is_whitespace ... ok
[INFO] [stdout] test tokenizer::tests::test_literal_string_nested_parens ... ok
[INFO] [stdout] test tokenizer::tests::test_literal_string_simple ... ok
[INFO] [stdout] test tokenizer::tests::test_name_all_hex_encoded ... ok
[INFO] [stdout] test tokenizer::tests::test_null_token ... ok
[INFO] [stdout] test tokenizer::tests::test_parser_utility_name_decode_bare_hash ... ok
[INFO] [stdout] test tokenizer::tests::test_parser_utility_name_decode_empty ... ok
[INFO] [stdout] test tokenizer::tests::test_parser_utility_name_decode_hex_41 ... ok
[INFO] [stdout] test tokenizer::tests::test_parser_utility_name_decode_hex_411 ... ok
[INFO] [stdout] test tokenizer::tests::test_peek_token_does_not_advance ... ok
[INFO] [stdout] test tokenizer::tests::test_position_tracking ... ok
[INFO] [stdout] test tokenizer::tests::test_positive_integer ... ok
[INFO] [stdout] test tokenizer::tests::test_large_integer_becomes_real ... ok
[INFO] [stdout] test tokenizer::tests::test_real_leading_dot ... ok
[INFO] [stdout] test tokenizer::tests::test_real_negative ... ok
[INFO] [stdout] test tokenizer::tests::test_literal_string_escape_sequences ... ok
[INFO] [stdout] test tokenizer::tests::test_parser_utility_name_decode_incomplete_hex ... ok
[INFO] [stdout] test tokenizer::tests::test_parser_utility_name_decode_simple ... ok
[INFO] [stdout] test tokenizer::tests::test_set_position_reparse ... ok
[INFO] [stdout] test tokenizer::tests::test_simple_parser_bug358381390 ... ok
[INFO] [stdout] test tokenizer::tests::test_simple_parser_get_word_multiple_comments ... ok
[INFO] [stdout] test tokenizer::tests::test_literal_string_octal_escape ... ok
[INFO] [stdout] test tokenizer::tests::test_simple_parser_get_word_around_delimiters ... ok
[INFO] [stdout] test tokenizer::tests::test_syntax_parser_peek_next_word ... ok
[INFO] [stdout] test tokenizer::tests::test_lone_greater_than_is_error ... ok
[INFO] [stdout] test tokenizer::tests::test_simple_parser_get_word_comment_then_token ... ok
[INFO] [stdout] test tokenizer::tests::test_mixed_tokens ... ok
[INFO] [stdout] test tokenizer::tests::test_simple_parser_get_word_whitespace_separated ... ok
[INFO] [stdout] test tokenizer::tests::test_skip_comments ... ok
[INFO] [stdout] test tokenizer::tests::test_negative_zero ... ok
[INFO] [stdout] test tokenizer::tests::test_syntax_parser_get_invalid_reference ... ok
[INFO] [stdout] test tokenizer::tests::test_real_number ... ok
[INFO] [stdout] test tokenizer::tests::test_syntax_parser_read_hex_string_just_closing_angle ... ok
[INFO] [stdout] test tokenizer::tests::test_syntax_parser_read_hex_string_lowercase ... ok
[INFO] [stdout] test tokenizer::tests::test_name_at_eof ... ok
[INFO] [stdout] test tokenizer::tests::test_syntax_parser_read_hex_string_invalid_hex_digit ... ok
[INFO] [stdout] test tokenizer::tests::test_syntax_parser_read_hex_string_empty ... ok
[INFO] [stdout] test tokenizer::tests::test_syntax_parser_read_hex_string_stops_at_closing_angle ... ok
[INFO] [stdout] test tokenizer::tests::test_zero_integer ... ok
[INFO] [stdout] test trailer::tests::test_extract_id_array_missing ... ok
[INFO] [stdout] test tokenizer::tests::test_name_simple ... ok
[INFO] [stdout] test tokenizer::tests::test_syntax_parser_read_hex_string_uneven_single_digit ... ok
[INFO] [stdout] test tokenizer::tests::test_syntax_parser_read_hex_string_whitespace_varieties ... ok
[INFO] [stdout] test tokenizer::tests::test_syntax_parser_read_string_cr_lf_continuation ... ok
[INFO] [stdout] test tokenizer::tests::test_syntax_parser_read_hex_string_unterminated_is_error ... ok
[INFO] [stdout] test tokenizer::tests::test_syntax_parser_read_string_unterminated ... ok
[INFO] [stdout] test tokenizer::tests::test_whitespace_only ... ok
[INFO] [stdout] test tokenizer::tests::test_position_tracks_through_tokens ... ok
[INFO] [stdout] test tokenizer::tests::test_syntax_parser_read_string_escape_backspace_formfeed ... ok
[INFO] [stdout] test tokenizer::tests::test_syntax_parser_read_string_octal_range ... ok
[INFO] [stdout] test tokenizer::tests::test_syntax_parser_read_string_escaped_parens ... ok
[INFO] [stdout] test trailer::tests::test_extract_id_array_valid ... ok
[INFO] [stdout] test trailer::tests::test_extract_prev_present ... ok
[INFO] [stdout] test trailer::tests::test_extract_trailer_info_missing_size ... ok
[INFO] [stdout] test trailer::tests::test_extract_trailer_info_missing_root ... ok
[INFO] [stdout] test trailer::tests::test_extract_trailer_info_valid ... ok
[INFO] [stdout] test trailer::tests::test_find_startxref_missing ... ok
[INFO] [stdout] test trailer::tests::test_find_startxref_simple ... ok
[INFO] [stdout] test store::tests::test_open_empty_source ... ok
[INFO] [stdout] test trailer::tests::test_find_startxref_with_extra_whitespace ... ok
[INFO] [stdout] test tokenizer::tests::test_syntax_parser_read_string_deeply_nested_parens ... ok
[INFO] [stdout] test trailer::tests::test_extract_prev_absent ... ok
[INFO] [stdout] test tokenizer::tests::test_syntax_parser_read_string_unknown_escape ... ok
[INFO] [stdout] test xref::tests::test_parse_xref_entry_high_generation ... ok
[INFO] [stdout] test xref::tests::test_parse_xref_entry_large_offset ... ok
[INFO] [stdout] test xref::tests::test_parse_xref_entry_free ... ok
[INFO] [stdout] test trailer::tests::test_parse_trailer_dict ... ok
[INFO] [stdout] test xref::tests::test_parse_xref_truncated_entry ... ok
[INFO] [stdout] test trailer::tests::test_parse_trailer_dict_with_prev ... ok
[INFO] [stdout] test xref::tests::test_contains_catalog_marker ... ok
[INFO] [stdout] test xref::tests::test_parse_simple_xref_table ... ok
[INFO] [stdout] test xref::tests::test_parse_xref_at_offset ... ok
[INFO] [stdout] test xref::tests::test_parse_xref_entry_in_use ... ok
[INFO] [stdout] test xref::tests::test_parser_load_cross_ref_v4_non_contiguous ... ok
[INFO] [stdout] test xref::tests::test_parse_xref_entry_invalid_marker ... ok
[INFO] [stdout] test xref::tests::test_parser_bad_start_xref_should_not_build_cross_ref_table ... ok
[INFO] [stdout] test xref::tests::test_parse_xref_single_entry ... ok
[INFO] [stdout] test xref::tests::test_parse_xref_zero_entries ... ok
[INFO] [stdout] test xref::tests::test_parser_load_cross_ref_v4_large_table ... ok
[INFO] [stdout] test xref::tests::test_parse_xref_missing_keyword ... ok
[INFO] [stdout] test xref::tests::test_parse_xref_with_multiple_subsections ... ok
[INFO] [stdout] test xref::tests::test_rebuild_xref_with_trailer ... ok
[INFO] [stdout] test xref::tests::test_reject_object_number_exceeding_limit ... ok
[INFO] [stdout] test xref::tests::test_try_parse_obj_marker_basic ... ok
[INFO] [stdout] test xref::tests::test_parser_rebuild_cross_ref_correctly ... FAILED
[INFO] [stdout] test xref::tests::test_parser_rebuild_cross_ref_failed ... FAILED
[INFO] [stdout] test xref::tests::test_rebuild_xref_catalog_fallback ... ok
[INFO] [stdout] test xref::tests::test_rebuild_xref_ignores_non_obj_keywords ... ok
[INFO] [stdout] test xref::tests::test_rebuild_xref_no_objects ... ok
[INFO] [stdout] test xref::tests::test_parser_parse_start_xref ... FAILED
[INFO] [stdout] test xref::tests::test_parser_parse_start_xref_with_header_offset ... FAILED
[INFO] [stdout] test xref::tests::test_parser_load_cross_ref_v4_free_entry_chain ... ok
[INFO] [stdout] test xref::tests::test_parser_parse_linearized_with_header_offset ... FAILED
[INFO] [stdout] test xref_stream::tests::test_extract_w_array_non_integer ... ok
[INFO] [stdout] test xref_stream::tests::test_parser_xref_first_width_entry_is_zero ... ok
[INFO] [stdout] test xref_stream::tests::test_index_negative_start_is_error ... ok
[INFO] [stdout] test xref_stream::tests::test_parser_xref_has_invalid_width ... ok
[INFO] [stdout] test xref_stream::tests::test_parser_xref_has_zero_size_value ... ok
[INFO] [stdout] test xref_stream::tests::test_parser_xref_index_with_out_of_order_objects ... ok
[INFO] [stdout] test xref_stream::tests::test_parser_xref_index_with_repeated_object ... ok
[INFO] [stdout] test xref_stream::tests::test_parser_xref_object_highest_index ... ok
[INFO] [stdout] test xref::tests::test_try_parse_obj_marker_rejects_object_word ... ok
[INFO] [stdout] test xref::tests::test_xref_table_default ... ok
[INFO] [stdout] test xref_stream::tests::test_parser_xref_with_index_and_wrong_size ... ok
[INFO] [stdout] test xref_stream::tests::test_parser_xref_with_valid_index ... ok
[INFO] [stdout] test xref_stream::tests::test_extract_index_default ... ok
[INFO] [stdout] test xref_stream::tests::test_extract_index_explicit ... ok
[INFO] [stdout] test xref_stream::tests::test_extract_w_array_all_zero ... ok
[INFO] [stdout] test xref_stream::tests::test_extract_w_array_missing ... ok
[INFO] [stdout] test xref_stream::tests::test_extract_w_array_negative_component ... ok
[INFO] [stdout] test xref_stream::tests::test_extract_w_array_valid ... ok
[INFO] [stdout] test xref_stream::tests::test_extract_w_array_wrong_length ... ok
[INFO] [stdout] test xref_stream::tests::test_index_odd_length_is_error ... ok
[INFO] [stdout] test xref_stream::tests::test_parser_xref_has_invalid_archive_object_number ... ok
[INFO] [stdout] test xref_stream::tests::test_parser_xref_has_invalid_object_type ... ok
[INFO] [stdout] test xref_stream::tests::test_parser_xref_has_invalid_prev_value ... ok
[INFO] [stdout] test xref_stream::tests::test_parser_xref_has_invalid_size_value ... ok
[INFO] [stdout] test xref_stream::tests::test_read_field_4_bytes ... ok
[INFO] [stdout] test xref_stream::tests::test_read_field_short_data ... ok
[INFO] [stdout] test xref_stream::tests::test_read_field_1_byte ... ok
[INFO] [stdout] test xref_stream::tests::test_read_field_2_bytes ... ok
[INFO] [stdout] test xref_stream::tests::test_read_field_zero_width ... ok
[INFO] [stdout] test xref_stream::tests::test_size_negative_is_error ... ok
[INFO] [stdout] test xref_stream::tests::test_size_zero_is_error ... ok
[INFO] [stdout] test xref_stream::tests::test_parser_xref_object_indices_too_big ... ok
[INFO] [stdout] test crypto::fx_crypt::tests::test_md5_long_data ... ok
[INFO] [stdout] 
[INFO] [stdout] failures:
[INFO] [stdout] 
[INFO] [stdout] ---- xref::tests::test_parser_rebuild_cross_ref_correctly stdout ----
[INFO] [stdout] 
[INFO] [stdout] thread 'xref::tests::test_parser_rebuild_cross_ref_correctly' (1592) panicked at src/xref.rs:1008:10:
[INFO] [stdout] test PDF file should exist: Os { code: 2, kind: NotFound, message: "No such file or directory" }
[INFO] [stdout] stack backtrace:
[INFO] [stdout]    0:     0x633c88744211 - <<std[70759c8f55707aa4]::sys::backtrace::BacktraceLock>::print::DisplayBacktrace as core[df12db4294e9bfd3]::fmt::Display>::fmt
[INFO] [stdout]    1:     0x633c8875a5ca - core[df12db4294e9bfd3]::fmt::write
[INFO] [stdout]    2:     0x633c887486ac - <alloc[2182bb758b4b3781]::vec::Vec<u8> as core[df12db4294e9bfd3]::io::write::Write>::write_fmt
[INFO] [stdout]    3:     0x633c88720366 - std[70759c8f55707aa4]::panicking::default_hook::{closure#0}
[INFO] [stdout]    4:     0x633c8873c4d9 - std[70759c8f55707aa4]::panicking::default_hook
[INFO] [stdout]    5:     0x633c88641ca0 - test[9d35eded1c95d3be]::test_main_inner::<test[9d35eded1c95d3be]::test_main_static::{closure#0}>::{closure#0}
[INFO] [stdout]    6:     0x633c8873c692 - std[70759c8f55707aa4]::panicking::panic_with_hook
[INFO] [stdout]    7:     0x633c88720412 - std[70759c8f55707aa4]::panicking::panic_handler::{closure#0}
[INFO] [stdout]    8:     0x633c88719009 - std[70759c8f55707aa4]::sys::backtrace::__rust_end_short_backtrace::<std[70759c8f55707aa4]::panicking::panic_handler::{closure#0}, !>
[INFO] [stdout]    9:     0x633c8872100d - __rustc[8fa7c3cbc660c2b3]::rust_begin_unwind
[INFO] [stdout]   10:     0x633c8875ad2c - core[df12db4294e9bfd3]::panicking::panic_fmt
[INFO] [stdout]   11:     0x633c8875ab02 - core[df12db4294e9bfd3]::result::unwrap_failed
[INFO] [stdout]   12:     0x633c885ec82c - rpdfium_parser[73658236ab1c9e78]::xref::tests::test_parser_rebuild_cross_ref_correctly
[INFO] [stdout]   13:     0x633c885cc8e9 - <rpdfium_parser[73658236ab1c9e78]::xref::tests::test_parser_rebuild_cross_ref_correctly::{closure#0} as core[df12db4294e9bfd3]::ops::function::FnOnce<()>>::call_once
[INFO] [stdout]   14:     0x633c88634f8b - test[9d35eded1c95d3be]::__rust_begin_short_backtrace::<core[df12db4294e9bfd3]::result::Result<(), alloc[2182bb758b4b3781]::string::String>, fn() -> core[df12db4294e9bfd3]::result::Result<(), alloc[2182bb758b4b3781]::string::String>>
[INFO] [stdout]   15:     0x633c886425f5 - test[9d35eded1c95d3be]::run_test::{closure#0}
[INFO] [stdout]   16:     0x633c8863beb4 - std[70759c8f55707aa4]::sys::backtrace::__rust_begin_short_backtrace::<test[9d35eded1c95d3be]::run_test::{closure#1}, ()>
[INFO] [stdout]   17:     0x633c88645752 - <std[70759c8f55707aa4]::thread::lifecycle::spawn_unchecked<test[9d35eded1c95d3be]::run_test::{closure#1}, ()>::{closure#1} as core[df12db4294e9bfd3]::ops::function::FnOnce<()>>::call_once::{shim:vtable#0}
[INFO] [stdout]   18:     0x633c88743799 - <std[70759c8f55707aa4]::sys::thread::unix::Thread>::new::thread_start
[INFO] [stdout]   19:     0x79b5d258cdfa - <unknown>
[INFO] [stdout]   20:     0x79b5d26203d4 - clone
[INFO] [stdout]   21:                0x0 - <unknown>
[INFO] [stdout] 
[INFO] [stdout] ---- xref::tests::test_parser_rebuild_cross_ref_failed stdout ----
[INFO] [stdout] 
[INFO] [stdout] thread 'xref::tests::test_parser_rebuild_cross_ref_failed' (1593) panicked at src/xref.rs:1036:10:
[INFO] [stdout] test PDF file should exist: Os { code: 2, kind: NotFound, message: "No such file or directory" }
[INFO] [stdout] stack backtrace:
[INFO] [stdout]    0:     0x633c88744211 - <<std[70759c8f55707aa4]::sys::backtrace::BacktraceLock>::print::DisplayBacktrace as core[df12db4294e9bfd3]::fmt::Display>::fmt
[INFO] [stdout]    1:     0x633c8875a5ca - core[df12db4294e9bfd3]::fmt::write
[INFO] [stdout]    2:     0x633c887486ac - <alloc[2182bb758b4b3781]::vec::Vec<u8> as core[df12db4294e9bfd3]::io::write::Write>::write_fmt
[INFO] [stdout]    3:     0x633c88720366 - std[70759c8f55707aa4]::panicking::default_hook::{closure#0}
[INFO] [stdout]    4:     0x633c8873c4d9 - std[70759c8f55707aa4]::panicking::default_hook
[INFO] [stdout]    5:     0x633c88641ca0 - test[9d35eded1c95d3be]::test_main_inner::<test[9d35eded1c95d3be]::test_main_static::{closure#0}>::{closure#0}
[INFO] [stdout]    6:     0x633c8873c692 - std[70759c8f55707aa4]::panicking::panic_with_hook
[INFO] [stdout]    7:     0x633c88720412 - std[70759c8f55707aa4]::panicking::panic_handler::{closure#0}
[INFO] [stdout]    8:     0x633c88719009 - std[70759c8f55707aa4]::sys::backtrace::__rust_end_short_backtrace::<std[70759c8f55707aa4]::panicking::panic_handler::{closure#0}, !>
[INFO] [stdout]    9:     0x633c8872100d - __rustc[8fa7c3cbc660c2b3]::rust_begin_unwind
[INFO] [stdout]   10:     0x633c8875ad2c - core[df12db4294e9bfd3]::panicking::panic_fmt
[INFO] [stdout]   11:     0x633c8875ab02 - core[df12db4294e9bfd3]::result::unwrap_failed
[INFO] [stdout]   12:     0x633c885ec4f0 - rpdfium_parser[73658236ab1c9e78]::xref::tests::test_parser_rebuild_cross_ref_failed
[INFO] [stdout]   13:     0x633c885cc8a9 - <rpdfium_parser[73658236ab1c9e78]::xref::tests::test_parser_rebuild_cross_ref_failed::{closure#0} as core[df12db4294e9bfd3]::ops::function::FnOnce<()>>::call_once
[INFO] [stdout]   14:     0x633c88634f8b - test[9d35eded1c95d3be]::__rust_begin_short_backtrace::<core[df12db4294e9bfd3]::result::Result<(), alloc[2182bb758b4b3781]::string::String>, fn() -> core[df12db4294e9bfd3]::result::Result<(), alloc[2182bb758b4b3781]::string::String>>
[INFO] [stdout]   15:     0x633c886425f5 - test[9d35eded1c95d3be]::run_test::{closure#0}
[INFO] [stdout]   16:     0x633c8863beb4 - std[70759c8f55707aa4]::sys::backtrace::__rust_begin_short_backtrace::<test[9d35eded1c95d3be]::run_test::{closure#1}, ()>
[INFO] [stderr] error: test failed, to rerun pass `--lib`
[INFO] [stdout]   17:     0x633c88645752 - <std[70759c8f55707aa4]::thread::lifecycle::spawn_unchecked<test[9d35eded1c95d3be]::run_test::{closure#1}, ()>::{closure#1} as core[df12db4294e9bfd3]::ops::function::FnOnce<()>>::call_once::{shim:vtable#0}
[INFO] [stdout]   18:     0x633c88743799 - <std[70759c8f55707aa4]::sys::thread::unix::Thread>::new::thread_start
[INFO] [stdout]   19:     0x79b5d258cdfa - <unknown>
[INFO] [stdout]   20:     0x79b5d26203d4 - clone
[INFO] [stdout]   21:                0x0 - <unknown>
[INFO] [stdout] 
[INFO] [stdout] ---- xref::tests::test_parser_parse_start_xref stdout ----
[INFO] [stdout] 
[INFO] [stdout] thread 'xref::tests::test_parser_parse_start_xref' (1590) panicked at src/xref.rs:919:10:
[INFO] [stdout] test PDF file should exist: Os { code: 2, kind: NotFound, message: "No such file or directory" }
[INFO] [stdout] stack backtrace:
[INFO] [stdout]    0:     0x633c88744211 - <<std[70759c8f55707aa4]::sys::backtrace::BacktraceLock>::print::DisplayBacktrace as core[df12db4294e9bfd3]::fmt::Display>::fmt
[INFO] [stdout]    1:     0x633c8875a5ca - core[df12db4294e9bfd3]::fmt::write
[INFO] [stdout]    2:     0x633c887486ac - <alloc[2182bb758b4b3781]::vec::Vec<u8> as core[df12db4294e9bfd3]::io::write::Write>::write_fmt
[INFO] [stdout]    3:     0x633c88720366 - std[70759c8f55707aa4]::panicking::default_hook::{closure#0}
[INFO] [stdout]    4:     0x633c8873c4d9 - std[70759c8f55707aa4]::panicking::default_hook
[INFO] [stdout]    5:     0x633c88641ca0 - test[9d35eded1c95d3be]::test_main_inner::<test[9d35eded1c95d3be]::test_main_static::{closure#0}>::{closure#0}
[INFO] [stdout]    6:     0x633c8873c692 - std[70759c8f55707aa4]::panicking::panic_with_hook
[INFO] [stdout]    7:     0x633c88720412 - std[70759c8f55707aa4]::panicking::panic_handler::{closure#0}
[INFO] [stdout]    8:     0x633c88719009 - std[70759c8f55707aa4]::sys::backtrace::__rust_end_short_backtrace::<std[70759c8f55707aa4]::panicking::panic_handler::{closure#0}, !>
[INFO] [stdout]    9:     0x633c8872100d - __rustc[8fa7c3cbc660c2b3]::rust_begin_unwind
[INFO] [stdout]   10:     0x633c8875ad2c - core[df12db4294e9bfd3]::panicking::panic_fmt
[INFO] [stdout]   11:     0x633c8875ab02 - core[df12db4294e9bfd3]::result::unwrap_failed
[INFO] [stdout]   12:     0x633c885eb674 - rpdfium_parser[73658236ab1c9e78]::xref::tests::test_parser_parse_start_xref
[INFO] [stdout]   13:     0x633c885cc5f9 - <rpdfium_parser[73658236ab1c9e78]::xref::tests::test_parser_parse_start_xref::{closure#0} as core[df12db4294e9bfd3]::ops::function::FnOnce<()>>::call_once
[INFO] [stdout]   14:     0x633c88634f8b - test[9d35eded1c95d3be]::__rust_begin_short_backtrace::<core[df12db4294e9bfd3]::result::Result<(), alloc[2182bb758b4b3781]::string::String>, fn() -> core[df12db4294e9bfd3]::result::Result<(), alloc[2182bb758b4b3781]::string::String>>
[INFO] [stdout]   15:     0x633c886425f5 - test[9d35eded1c95d3be]::run_test::{closure#0}
[INFO] [stdout]   16:     0x633c8863beb4 - std[70759c8f55707aa4]::sys::backtrace::__rust_begin_short_backtrace::<test[9d35eded1c95d3be]::run_test::{closure#1}, ()>
[INFO] [stdout]   17:     0x633c88645752 - <std[70759c8f55707aa4]::thread::lifecycle::spawn_unchecked<test[9d35eded1c95d3be]::run_test::{closure#1}, ()>::{closure#1} as core[df12db4294e9bfd3]::ops::function::FnOnce<()>>::call_once::{shim:vtable#0}
[INFO] [stdout]   18:     0x633c88743799 - <std[70759c8f55707aa4]::sys::thread::unix::Thread>::new::thread_start
[INFO] [stdout]   19:     0x79b5d258cdfa - <unknown>
[INFO] [stdout]   20:     0x79b5d26203d4 - clone
[INFO] [stdout]   21:                0x0 - <unknown>
[INFO] [stdout] 
[INFO] [stdout] ---- xref::tests::test_parser_parse_start_xref_with_header_offset stdout ----
[INFO] [stdout] 
[INFO] [stdout] thread 'xref::tests::test_parser_parse_start_xref_with_header_offset' (1591) panicked at src/xref.rs:936:10:
[INFO] [stdout] test PDF file should exist: Os { code: 2, kind: NotFound, message: "No such file or directory" }
[INFO] [stdout] stack backtrace:
[INFO] [stdout]    0:     0x633c88744211 - <<std[70759c8f55707aa4]::sys::backtrace::BacktraceLock>::print::DisplayBacktrace as core[df12db4294e9bfd3]::fmt::Display>::fmt
[INFO] [stdout]    1:     0x633c8875a5ca - core[df12db4294e9bfd3]::fmt::write
[INFO] [stdout]    2:     0x633c887486ac - <alloc[2182bb758b4b3781]::vec::Vec<u8> as core[df12db4294e9bfd3]::io::write::Write>::write_fmt
[INFO] [stdout]    3:     0x633c88720366 - std[70759c8f55707aa4]::panicking::default_hook::{closure#0}
[INFO] [stdout]    4:     0x633c8873c4d9 - std[70759c8f55707aa4]::panicking::default_hook
[INFO] [stdout]    5:     0x633c88641ca0 - test[9d35eded1c95d3be]::test_main_inner::<test[9d35eded1c95d3be]::test_main_static::{closure#0}>::{closure#0}
[INFO] [stdout]    6:     0x633c8873c692 - std[70759c8f55707aa4]::panicking::panic_with_hook
[INFO] [stdout]    7:     0x633c88720412 - std[70759c8f55707aa4]::panicking::panic_handler::{closure#0}
[INFO] [stdout]    8:     0x633c88719009 - std[70759c8f55707aa4]::sys::backtrace::__rust_end_short_backtrace::<std[70759c8f55707aa4]::panicking::panic_handler::{closure#0}, !>
[INFO] [stdout]    9:     0x633c8872100d - __rustc[8fa7c3cbc660c2b3]::rust_begin_unwind
[INFO] [stdout]   10:     0x633c8875ad2c - core[df12db4294e9bfd3]::panicking::panic_fmt
[INFO] [stdout]   11:     0x633c8875ab02 - core[df12db4294e9bfd3]::result::unwrap_failed
[INFO] [stdout]   12:     0x633c885ed92b - rpdfium_parser[73658236ab1c9e78]::xref::tests::test_parser_parse_start_xref_with_header_offset
[INFO] [stdout]   13:     0x633c885ccaa9 - <rpdfium_parser[73658236ab1c9e78]::xref::tests::test_parser_parse_start_xref_with_header_offset::{closure#0} as core[df12db4294e9bfd3]::ops::function::FnOnce<()>>::call_once
[INFO] [stdout]   14:     0x633c88634f8b - test[9d35eded1c95d3be]::__rust_begin_short_backtrace::<core[df12db4294e9bfd3]::result::Result<(), alloc[2182bb758b4b3781]::string::String>, fn() -> core[df12db4294e9bfd3]::result::Result<(), alloc[2182bb758b4b3781]::string::String>>
[INFO] [stdout]   15:     0x633c886425f5 - test[9d35eded1c95d3be]::run_test::{closure#0}
[INFO] [stdout]   16:     0x633c8863beb4 - std[70759c8f55707aa4]::sys::backtrace::__rust_begin_short_backtrace::<test[9d35eded1c95d3be]::run_test::{closure#1}, ()>
[INFO] [stdout]   17:     0x633c88645752 - <std[70759c8f55707aa4]::thread::lifecycle::spawn_unchecked<test[9d35eded1c95d3be]::run_test::{closure#1}, ()>::{closure#1} as core[df12db4294e9bfd3]::ops::function::FnOnce<()>>::call_once::{shim:vtable#0}
[INFO] [stdout]   18:     0x633c88743799 - <std[70759c8f55707aa4]::sys::thread::unix::Thread>::new::thread_start
[INFO] [stdout]   19:     0x79b5d258cdfa - <unknown>
[INFO] [stdout]   20:     0x79b5d26203d4 - clone
[INFO] [stdout]   21:                0x0 - <unknown>
[INFO] [stdout] 
[INFO] [stdout] ---- xref::tests::test_parser_parse_linearized_with_header_offset stdout ----
[INFO] [stdout] 
[INFO] [stdout] thread 'xref::tests::test_parser_parse_linearized_with_header_offset' (1589) panicked at src/xref.rs:958:10:
[INFO] [stdout] test PDF file should exist: Os { code: 2, kind: NotFound, message: "No such file or directory" }
[INFO] [stdout] stack backtrace:
[INFO] [stdout]    0:     0x633c88744211 - <<std[70759c8f55707aa4]::sys::backtrace::BacktraceLock>::print::DisplayBacktrace as core[df12db4294e9bfd3]::fmt::Display>::fmt
[INFO] [stdout]    1:     0x633c8875a5ca - core[df12db4294e9bfd3]::fmt::write
[INFO] [stdout]    2:     0x633c887486ac - <alloc[2182bb758b4b3781]::vec::Vec<u8> as core[df12db4294e9bfd3]::io::write::Write>::write_fmt
[INFO] [stdout]    3:     0x633c88720366 - std[70759c8f55707aa4]::panicking::default_hook::{closure#0}
[INFO] [stdout]    4:     0x633c8873c4d9 - std[70759c8f55707aa4]::panicking::default_hook
[INFO] [stdout]    5:     0x633c88641ca0 - test[9d35eded1c95d3be]::test_main_inner::<test[9d35eded1c95d3be]::test_main_static::{closure#0}>::{closure#0}
[INFO] [stdout]    6:     0x633c8873c692 - std[70759c8f55707aa4]::panicking::panic_with_hook
[INFO] [stdout]    7:     0x633c88720412 - std[70759c8f55707aa4]::panicking::panic_handler::{closure#0}
[INFO] [stdout]    8:     0x633c88719009 - std[70759c8f55707aa4]::sys::backtrace::__rust_end_short_backtrace::<std[70759c8f55707aa4]::panicking::panic_handler::{closure#0}, !>
[INFO] [stdout]    9:     0x633c8872100d - __rustc[8fa7c3cbc660c2b3]::rust_begin_unwind
[INFO] [stdout]   10:     0x633c8875ad2c - core[df12db4294e9bfd3]::panicking::panic_fmt
[INFO] [stdout]   11:     0x633c8875ab02 - core[df12db4294e9bfd3]::result::unwrap_failed
[INFO] [stdout]   12:     0x633c885ed721 - rpdfium_parser[73658236ab1c9e78]::xref::tests::test_parser_parse_linearized_with_header_offset
[INFO] [stdout]   13:     0x633c885cca89 - <rpdfium_parser[73658236ab1c9e78]::xref::tests::test_parser_parse_linearized_with_header_offset::{closure#0} as core[df12db4294e9bfd3]::ops::function::FnOnce<()>>::call_once
[INFO] [stdout]   14:     0x633c88634f8b - test[9d35eded1c95d3be]::__rust_begin_short_backtrace::<core[df12db4294e9bfd3]::result::Result<(), alloc[2182bb758b4b3781]::string::String>, fn() -> core[df12db4294e9bfd3]::result::Result<(), alloc[2182bb758b4b3781]::string::String>>
[INFO] [stdout]   15:     0x633c886425f5 - test[9d35eded1c95d3be]::run_test::{closure#0}
[INFO] [stdout]   16:     0x633c8863beb4 - std[70759c8f55707aa4]::sys::backtrace::__rust_begin_short_backtrace::<test[9d35eded1c95d3be]::run_test::{closure#1}, ()>
[INFO] [stdout]   17:     0x633c88645752 - <std[70759c8f55707aa4]::thread::lifecycle::spawn_unchecked<test[9d35eded1c95d3be]::run_test::{closure#1}, ()>::{closure#1} as core[df12db4294e9bfd3]::ops::function::FnOnce<()>>::call_once::{shim:vtable#0}
[INFO] [stdout]   18:     0x633c88743799 - <std[70759c8f55707aa4]::sys::thread::unix::Thread>::new::thread_start
[INFO] [stdout]   19:     0x79b5d258cdfa - <unknown>
[INFO] [stdout]   20:     0x79b5d26203d4 - clone
[INFO] [stdout]   21:                0x0 - <unknown>
[INFO] [stdout] 
[INFO] [stdout] 
[INFO] [stdout] failures:
[INFO] [stdout]     xref::tests::test_parser_parse_linearized_with_header_offset
[INFO] [stdout]     xref::tests::test_parser_parse_start_xref
[INFO] [stdout]     xref::tests::test_parser_parse_start_xref_with_header_offset
[INFO] [stdout]     xref::tests::test_parser_rebuild_cross_ref_correctly
[INFO] [stdout]     xref::tests::test_parser_rebuild_cross_ref_failed
[INFO] [stdout] 
[INFO] [stdout] test result: FAILED. 498 passed; 5 failed; 0 ignored; 0 measured; 0 filtered out; finished in 0.16s
[INFO] [stdout] 
[INFO] running `Command { std: "docker" "inspect" "7474c260c5704c4afa5d0b814ac09cfa15f16addc80a8462348c2b846ee597c3", kill_on_drop: false }`
[INFO] running `Command { std: "docker" "rm" "-f" "7474c260c5704c4afa5d0b814ac09cfa15f16addc80a8462348c2b846ee597c3", kill_on_drop: false }`
[INFO] [stdout] 7474c260c5704c4afa5d0b814ac09cfa15f16addc80a8462348c2b846ee597c3
