[INFO] fetching crate rpc-4mica 2.0.0-alpha.3...
[INFO] testing rpc-4mica-2.0.0-alpha.3 against 1.100.0-beta.1+cargoflags=--release for beta-release-1.100-2
[INFO] extracting crate rpc-4mica 2.0.0-alpha.3 into /workspace/builds/worker-0-tc2/source
[INFO] started tweaking crates.io crate rpc-4mica 2.0.0-alpha.3
[INFO] removed 0 missing tests
[INFO] finished tweaking crates.io crate rpc-4mica 2.0.0-alpha.3
[INFO] tweaked toml for crates.io crate rpc-4mica 2.0.0-alpha.3 written to /workspace/builds/worker-0-tc2/source/Cargo.toml
[INFO] validating manifest of crates.io crate rpc-4mica 2.0.0-alpha.3 on toolchain 1.100.0-beta.1
[INFO] running `Command { std: CARGO_HOME="/workspace/cargo-home" RUSTUP_HOME="/workspace/rustup-home" "/workspace/cargo-home/bin/cargo" "+1.100.0-beta.1" "metadata" "--manifest-path" "Cargo.toml" "--no-deps", kill_on_drop: false }`
[INFO] crate crates.io crate rpc-4mica 2.0.0-alpha.3 already has a lockfile, it will not be regenerated
[INFO] running `Command { std: CARGO_HOME="/workspace/cargo-home" RUSTUP_HOME="/workspace/rustup-home" "/workspace/cargo-home/bin/cargo" "+1.100.0-beta.1" "fetch" "--manifest-path" "Cargo.toml", kill_on_drop: false }`
[INFO] running `Command { std: "docker" "create" "-v" "/var/lib/crater-agent-workspace/builds/worker-0-tc2/source:/opt/rustwide/workdir:ro,Z" "-v" "/var/lib/crater-agent-workspace/builds/worker-0-tc2/target:/opt/rustwide/target:rw,Z" "-v" "/var/lib/crater-agent-workspace/cargo-home:/opt/rustwide/cargo-home:ro,Z" "-v" "/var/lib/crater-agent-workspace/rustup-home:/opt/rustwide/rustup-home:ro,Z" "-m" "1610612736" "--network" "none" "ghcr.io/rust-lang/crates-build-env/linux@sha256:77db811e55d90add9212f6832c23229e3de5f1c1f9905e8cb07319ea15df73ac" "sleep" "infinity", kill_on_drop: false }`
[INFO] [stdout] a00933371b2a64c17e89e1b6e773d588aa117c046e93ec98cbdd6f32efe3dea1
[INFO] running `Command { std: "docker" "start" "a00933371b2a64c17e89e1b6e773d588aa117c046e93ec98cbdd6f32efe3dea1", kill_on_drop: false }`
[INFO] running `Command { std: "docker" "inspect" "a00933371b2a64c17e89e1b6e773d588aa117c046e93ec98cbdd6f32efe3dea1", kill_on_drop: false }`
[INFO] running `Command { std: "docker" "exec" "-e" "SOURCE_DIR=/opt/rustwide/workdir" "-e" "CARGO_HOME=/opt/rustwide/cargo-home" "-e" "RUSTUP_HOME=/opt/rustwide/rustup-home" "-e" "CARGO_TARGET_DIR=/opt/rustwide/target" "-w" "/opt/rustwide/workdir" "--user" "0:0" "a00933371b2a64c17e89e1b6e773d588aa117c046e93ec98cbdd6f32efe3dea1" "/opt/rustwide/cargo-home/bin/cargo" "+1.100.0-beta.1" "metadata" "--no-deps" "--format-version=1", kill_on_drop: false }`
[INFO] running `Command { std: "docker" "inspect" "a00933371b2a64c17e89e1b6e773d588aa117c046e93ec98cbdd6f32efe3dea1", kill_on_drop: false }`
[INFO] running `Command { std: "docker" "exec" "-e" "SOURCE_DIR=/opt/rustwide/workdir" "-e" "CARGO_HOME=/opt/rustwide/cargo-home" "-e" "RUSTUP_HOME=/opt/rustwide/rustup-home" "-e" "CARGO_TARGET_DIR=/opt/rustwide/target" "-e" "CARGO_INCREMENTAL=0" "-e" "RUST_BACKTRACE=full" "-e" "RUSTFLAGS=--cap-lints=warn" "-e" "RUSTDOCFLAGS=--cap-lints=warn" "-w" "/opt/rustwide/workdir" "--user" "0:0" "a00933371b2a64c17e89e1b6e773d588aa117c046e93ec98cbdd6f32efe3dea1" "/opt/rustwide/cargo-home/bin/cargo" "+1.100.0-beta.1" "build" "--frozen" "--message-format=json" "--release", kill_on_drop: false }`
[INFO] [stderr]    Compiling serde_core v1.0.229
[INFO] [stderr]    Compiling serde v1.0.229
[INFO] [stderr]    Compiling getrandom v0.2.17
[INFO] [stderr]    Compiling zeroize_derive v1.5.0
[INFO] [stderr]    Compiling ruint-macro v1.2.1
[INFO] [stderr]    Compiling derive_more-impl v2.1.1
[INFO] [stderr]    Compiling hybrid-array v0.4.13
[INFO] [stderr]    Compiling alloy-rlp-derive v0.3.16
[INFO] [stderr]    Compiling arrayvec v0.7.8
[INFO] [stderr]    Compiling rand_core v0.6.4
[INFO] [stderr]    Compiling zeroize v1.9.0
[INFO] [stderr]    Compiling keccak v0.2.0
[INFO] [stderr]    Compiling generic-array v0.14.9
[INFO] [stderr]    Compiling ff v0.13.1
[INFO] [stderr]    Compiling der v0.7.10
[INFO] [stderr]    Compiling group v0.13.0
[INFO] [stderr]    Compiling tracing-attributes v0.1.31
[INFO] [stderr]    Compiling cc v1.4.0
[INFO] [stderr]    Compiling block-buffer v0.12.1
[INFO] [stderr]    Compiling crypto-common v0.2.2
[INFO] [stderr]    Compiling block-buffer v0.10.4
[INFO] [stderr]    Compiling crypto-common v0.1.6
[INFO] [stderr]    Compiling digest v0.10.7
[INFO] [stderr]    Compiling hmac v0.12.1
[INFO] [stderr]    Compiling hashbrown v0.17.1
[INFO] [stderr]    Compiling sec1 v0.7.3
[INFO] [stderr]    Compiling crypto-bigint v0.5.5
[INFO] [stderr]    Compiling spki v0.7.3
[INFO] [stderr]    Compiling rfc6979 v0.4.0
[INFO] [stderr]    Compiling signature v2.2.0
[INFO] [stderr]    Compiling digest v0.11.3
[INFO] [stderr]    Compiling sha2 v0.10.9
[INFO] [stderr]    Compiling const-hex v1.19.1
[INFO] [stderr]    Compiling sha3 v0.11.0
[INFO] [stderr]    Compiling tracing v0.1.44
[INFO] [stderr]    Compiling bytes v1.12.1
[INFO] [stderr]    Compiling smallvec v1.15.2
[INFO] [stderr]    Compiling derive_more v2.1.1
[INFO] [stderr]    Compiling cpufeatures v0.2.17
[INFO] [stderr]    Compiling serde_json v1.0.151
[INFO] [stderr]    Compiling zmij v1.0.23
[INFO] [stderr]    Compiling elliptic-curve v0.13.8
[INFO] [stderr]    Compiling ecdsa v0.16.9
[INFO] [stderr]    Compiling ruint v1.19.0
[INFO] [stderr]    Compiling alloy-rlp v0.3.16
[INFO] [stderr]    Compiling k256 v0.13.4
[INFO] [stderr]    Compiling winnow v1.0.4
[INFO] [stderr]    Compiling memchr v2.8.3
[INFO] [stderr]    Compiling zerovec-derive v0.11.3
[INFO] [stderr]    Compiling alloy-primitives v1.6.1
[INFO] [stderr]    Compiling either v1.17.0
[INFO] [stderr]    Compiling syn-solidity v1.6.1
[INFO] [stderr]    Compiling zerovec v0.11.6
[INFO] [stderr]    Compiling alloy-sol-type-parser v1.6.1
[INFO] [stderr]    Compiling displaydoc v0.2.6
[INFO] [stderr]    Compiling macro-string v0.2.0
[INFO] [stderr]    Compiling proc-macro-error-attr3 v3.0.1
[INFO] [stderr]    Compiling darling_core v0.23.0
[INFO] [stderr]    Compiling proc-macro-error3 v3.0.1
[INFO] [stderr]    Compiling http v1.4.2
[INFO] [stderr]    Compiling cmake v0.1.58
[INFO] [stderr]    Compiling alloy-json-abi v1.6.1
[INFO] [stderr]    Compiling tokio-macros v2.7.1
[INFO] [stderr]    Compiling alloy-sol-macro-input v1.6.1
[INFO] [stderr]    Compiling aws-lc-sys v0.43.0
[INFO] [stderr]    Compiling alloy-sol-macro-expander v1.6.1
[INFO] [stderr]    Compiling tokio v1.53.1
[INFO] [stderr]    Compiling auto_impl v1.3.0
[INFO] [stderr]    Compiling tinystr v0.8.3
[INFO] [stderr]    Compiling zerotrie v0.2.4
[INFO] [stderr]    Compiling icu_locale_core v2.2.0
[INFO] [stderr]    Compiling darling_macro v0.23.0
[INFO] [stderr]    Compiling potential_utf v0.1.5
[INFO] [stderr]    Compiling futures-macro v0.3.33
[INFO] [stderr]    Compiling darling v0.23.0
[INFO] [stderr]    Compiling aws-lc-rs v1.17.3
[INFO] [stderr]    Compiling icu_collections v2.2.0
[INFO] [stderr]    Compiling icu_provider v2.2.0
[INFO] [stderr]    Compiling futures-util v0.3.33
[INFO] [stderr]    Compiling serde_with_macros v3.21.0
[INFO] [stderr]    Compiling alloy-eip2124 v0.2.0
[INFO] [stderr]    Compiling alloy-serde v2.2.0
[INFO] [stderr]    Compiling serde_with v3.21.0
[INFO] [stderr]    Compiling alloy-sol-macro v1.6.1
[INFO] [stderr]    Compiling alloy-sol-types v1.6.1
[INFO] [stderr]    Compiling alloy-eip2930 v0.2.3
[INFO] [stderr]    Compiling alloy-eip7928 v0.4.5
[INFO] [stderr]    Compiling alloy-eip7702 v0.6.3
[INFO] [stderr]    Compiling nybbles v0.4.8
[INFO] [stderr]    Compiling rustls-pki-types v1.15.1
[INFO] [stderr]    Compiling alloy-trie v0.9.5
[INFO] [stderr]    Compiling alloy-eips v2.2.0
[INFO] [stderr]    Compiling tokio-util v0.7.19
[INFO] [stderr]    Compiling icu_properties v2.2.0
[INFO] [stderr]    Compiling icu_normalizer v2.2.0
[INFO] [stderr]    Compiling alloy-tx-macros v2.2.0
[INFO] [stderr]    Compiling http-body v1.1.0
[INFO] [stderr]    Compiling rustls v0.23.42
[INFO] [stderr]    Compiling crossbeam-utils v0.8.22
[INFO] [stderr]    Compiling indexmap v2.14.0
[INFO] [stderr]    Compiling alloy-consensus v2.2.0
[INFO] [stderr]    Compiling idna_adapter v1.2.2
[INFO] [stderr]    Compiling itertools v0.14.0
[INFO] [stderr]    Compiling idna v1.1.0
[INFO] [stderr]    Compiling h2 v0.4.15
[INFO] [stderr]    Compiling tower v0.5.3
[INFO] [stderr]    Compiling url v2.5.8
[INFO] [stderr]    Compiling parking_lot_core v0.9.12
[INFO] [stderr]    Compiling alloy-json-rpc v2.2.0
[INFO] [stderr]    Compiling futures-utils-wasm v0.1.0
[INFO] [stderr]    Compiling rustls-native-certs v0.8.4
[INFO] [stderr]    Compiling futures-executor v0.3.33
[INFO] [stderr]    Compiling zerocopy v0.8.55
[INFO] [stderr]    Compiling alloy-network-primitives v2.2.0
[INFO] [stderr]    Compiling alloy-consensus-any v2.2.0
[INFO] [stderr]    Compiling tower-http v0.6.11
[INFO] [stderr]    Compiling futures v0.3.33
[INFO] [stderr]    Compiling parking_lot v0.12.5
[INFO] [stderr]    Compiling alloy-rpc-types-eth v2.2.0
[INFO] [stderr]    Compiling http-body-util v0.1.4
[INFO] [stderr]    Compiling crossbeam-epoch v0.9.20
[INFO] [stderr]    Compiling phf_shared v0.14.0
[INFO] [stderr]    Compiling alloy-signer v2.2.0
[INFO] [stderr]    Compiling alloy-transport v2.2.0
[INFO] [stderr]    Compiling hyper v1.11.0
[INFO] [stderr]    Compiling digest v0.9.0
[INFO] [stderr]    Compiling pin-project-internal v1.1.13
[INFO] [stderr]    Compiling num_enum_derive v0.7.6
[INFO] [stderr]    Compiling crossbeam-deque v0.8.7
[INFO] [stderr]    Compiling pin-project v1.1.13
[INFO] [stderr]    Compiling hyper-util v0.1.20
[INFO] [stderr]    Compiling num_enum v0.7.6
[INFO] [stderr]    Compiling phf v0.14.0
[INFO] [stderr]    Compiling alloy-rpc-types-any v2.2.0
[INFO] [stderr]    Compiling tokio-stream v0.1.19
[INFO] [stderr]    Compiling alloy-network v2.2.0
[INFO] [stderr]    Compiling async-stream-impl v0.3.6
[INFO] [stderr]    Compiling hashbrown v0.14.5
[INFO] [stderr]    Compiling async-stream v0.3.6
[INFO] [stderr]    Compiling alloy-chains v0.2.36
[INFO] [stderr]    Compiling dashmap v6.2.1
[INFO] [stderr]    Compiling lru v0.16.4
[INFO] [stderr]    Compiling alloy-dyn-abi v1.6.1
[INFO] [stderr]    Compiling crypto-mac v0.11.0
[INFO] [stderr]    Compiling hmac v0.11.0
[INFO] [stderr]    Compiling rayon-core v1.13.0
[INFO] [stderr]    Compiling ppv-lite86 v0.2.21
[INFO] [stderr]    Compiling blst v0.3.17
[INFO] [stderr]    Compiling block-buffer v0.9.0
[INFO] [stderr]    Compiling pairing v0.23.0
[INFO] [stderr]    Compiling thiserror-impl v1.0.69
[INFO] [stderr]    Compiling num_cpus v1.17.0
[INFO] [stderr]    Compiling rand_chacha v0.3.1
[INFO] [stderr]    Compiling rand v0.8.7
[INFO] [stderr]    Compiling sha2 v0.9.9
[INFO] [stderr]    Compiling thiserror v1.0.69
[INFO] [stderr]    Compiling threadpool v1.8.1
[INFO] [stderr]    Compiling rayon v1.12.0
[INFO] [stderr]    Compiling bls12_381 v0.8.0
[INFO] [stderr]    Compiling alloy-signer-local v2.2.0
[INFO] [stderr]    Compiling alloy-core v1.6.1
[INFO] [stderr]    Compiling hkdf v0.11.0
[INFO] [stderr]    Compiling alloy-rpc-types v2.2.0
[INFO] [stderr]    Compiling secrecy v0.10.3
[INFO] [stderr]    Compiling bls-signatures v0.15.0
[INFO] [stderr]    Compiling rustls-webpki v0.103.13
[INFO] [stderr]    Compiling tokio-rustls v0.26.4
[INFO] [stderr]    Compiling rustls-platform-verifier v0.7.0
[INFO] [stderr]    Compiling hyper-rustls v0.27.9
[INFO] [stderr]    Compiling reqwest v0.13.4
[INFO] [stderr]    Compiling alloy-transport-http v2.2.0
[INFO] [stderr]    Compiling alloy-rpc-client v2.2.0
[INFO] [stderr]    Compiling alloy-provider v2.2.0
[INFO] [stderr]    Compiling alloy-contract v2.2.0
[INFO] [stderr]    Compiling alloy v2.2.0
[INFO] [stderr]    Compiling crypto-4mica v2.0.0-alpha.3
[INFO] [stderr]    Compiling rpc-4mica v2.0.0-alpha.3 (/opt/rustwide/workdir)
[INFO] [stderr]     Finished `release` profile [optimized] target(s) in 6m 09s
[INFO] running `Command { std: "docker" "inspect" "a00933371b2a64c17e89e1b6e773d588aa117c046e93ec98cbdd6f32efe3dea1", kill_on_drop: false }`
[INFO] running `Command { std: "docker" "exec" "-e" "SOURCE_DIR=/opt/rustwide/workdir" "-e" "CARGO_HOME=/opt/rustwide/cargo-home" "-e" "RUSTUP_HOME=/opt/rustwide/rustup-home" "-e" "CARGO_TARGET_DIR=/opt/rustwide/target" "-e" "CARGO_INCREMENTAL=0" "-e" "RUST_BACKTRACE=full" "-e" "RUSTFLAGS=--cap-lints=warn" "-e" "RUSTDOCFLAGS=--cap-lints=warn" "-w" "/opt/rustwide/workdir" "--user" "0:0" "a00933371b2a64c17e89e1b6e773d588aa117c046e93ec98cbdd6f32efe3dea1" "/opt/rustwide/cargo-home/bin/cargo" "+1.100.0-beta.1" "test" "--frozen" "--no-run" "--message-format=json" "--release", kill_on_drop: false }`
[INFO] [stderr]    Compiling rpc-4mica v2.0.0-alpha.3 (/opt/rustwide/workdir)
[INFO] [stderr]     Finished `release` profile [optimized] target(s) in 8.55s
[INFO] running `Command { std: "docker" "inspect" "a00933371b2a64c17e89e1b6e773d588aa117c046e93ec98cbdd6f32efe3dea1", kill_on_drop: false }`
[INFO] running `Command { std: "docker" "exec" "-e" "SOURCE_DIR=/opt/rustwide/workdir" "-e" "CARGO_HOME=/opt/rustwide/cargo-home" "-e" "RUSTUP_HOME=/opt/rustwide/rustup-home" "-e" "CARGO_TARGET_DIR=/opt/rustwide/target" "-e" "CARGO_INCREMENTAL=0" "-e" "RUST_BACKTRACE=full" "-e" "RUSTFLAGS=--cap-lints=warn" "-e" "RUSTDOCFLAGS=--cap-lints=warn" "-w" "/opt/rustwide/workdir" "--user" "0:0" "a00933371b2a64c17e89e1b6e773d588aa117c046e93ec98cbdd6f32efe3dea1" "/opt/rustwide/cargo-home/bin/cargo" "+1.100.0-beta.1" "test" "--frozen" "--release", kill_on_drop: false }`
[INFO] [stderr]     Finished `release` profile [optimized] target(s) in 0.50s
[INFO] [stderr]      Running unittests src/lib.rs (/opt/rustwide/target/release/build/rpc-4mica/8893d455394d2104/out/rpc-8893d455394d2104)
[INFO] [stdout] 
[INFO] [stdout] running 19 tests
[INFO] [stdout] test core::tests::public_params_include_non_empty_ethereum_http_rpc_url ... ok
[INFO] [stdout] test core::tests::clearing_action_response_contains_contract_call_payload ... ok
[INFO] [stdout] test guarantee::codec::tests::test_decode_invalid_version ... ok
[INFO] [stdout] test guarantee::codec::tests::test_tampered_encoding ... ok
[INFO] [stdout] test error::tests::status_returns_some_for_api_errors ... ok
[INFO] [stdout] test error::tests::status_returns_none_for_other_variants ... ok
[INFO] [stdout] test core::tests::clearing_participant_role_uses_screaming_snake_case_json ... ok
[INFO] [stdout] test core::tests::clearing_settlement_action_uses_snake_case_json ... ok
[INFO] [stdout] test core::tests::public_params_omit_empty_ethereum_http_rpc_url ... ok
[INFO] [stdout] test guarantee::codec::tests::test_unsupported_version ... ok
[INFO] [stdout] test guarantee::tests::deadline_is_optional ... ok
[INFO] [stdout] test guarantee::tests::unknown_version_is_rejected ... ok
[INFO] [stdout] test guarantee::tests::missing_version_tag_is_rejected ... ok
[INFO] [stdout] test guarantee::tests::plain_payload_deserializes_without_validation ... ok
[INFO] [stdout] test guarantee::tests::validation_is_omitted_from_the_wire_when_absent ... ok
[INFO] [stdout] test guarantee::tests::validation_roundtrips ... ok
[INFO] [stdout] test guarantee::tests::v1_serializes_with_its_version_tag ... ok
[INFO] [stdout] test guarantee::tests::validation_is_nested_not_flattened ... ok
[INFO] [stdout] test guarantee::codec::tests::test_encode_decode_roundtrip_v1 ... ok
[INFO] [stdout] 
[INFO] [stdout] test result: ok. 19 passed; 0 failed; 0 ignored; 0 measured; 0 filtered out; finished in 0.02s
[INFO] [stdout] 
[INFO] [stderr]      Running tests/guarantee_golden_vectors.rs (/opt/rustwide/target/release/build/rpc-4mica/72b66166d5fbaa6e/out/guarantee_golden_vectors-72b66166d5fbaa6e)
[INFO] [stdout] 
[INFO] [stdout] running 1 test
[INFO] [stdout] test guarantee_golden_vectors_match_fixture ... FAILED
[INFO] [stdout] 
[INFO] [stdout] failures:
[INFO] [stdout] 
[INFO] [stdout] ---- guarantee_golden_vectors_match_fixture stdout ----
[INFO] [stdout] 
[INFO] [stdout] thread 'guarantee_golden_vectors_match_fixture' (4334) panicked at tests/guarantee_golden_vectors.rs:118:9:
[INFO] [stdout] missing fixture /opt/rustwide/workdir/../../contracts/test/fixtures/guarantee_vectors.json (No such file or directory (os error 2)); run REGEN_GUARANTEE_VECTORS=1 cargo test -p rpc-4mica --test guarantee_golden_vectors
[INFO] [stdout] stack backtrace:
[INFO] [stdout]    0:     0x613eab92d591 - <<std[617be2ca0a6fd877]::sys::backtrace::BacktraceLock>::print::DisplayBacktrace as core[a373ad73a504971]::fmt::Display>::fmt
[INFO] [stdout]    1:     0x613eab942afa - core[a373ad73a504971]::fmt::write
[INFO] [stdout]    2:     0x613eab931d9c - <alloc[2e1b2a31b91974c5]::vec::Vec<u8> as core[a373ad73a504971]::io::write::Write>::write_fmt
[INFO] [stdout]    3:     0x613eab908556 - std[617be2ca0a6fd877]::panicking::default_hook::{closure#0}
[INFO] [stdout]    4:     0x613eab9256c9 - std[617be2ca0a6fd877]::panicking::default_hook
[INFO] [stdout]    5:     0x613eab887d10 - test[aada8e7e76ba119b]::test_main_inner::{closure#0}
[INFO] [stdout]    6:     0x613eab925882 - std[617be2ca0a6fd877]::panicking::panic_with_hook
[INFO] [stdout]    7:     0x613eab908602 - std[617be2ca0a6fd877]::panicking::panic_handler::{closure#0}
[INFO] [stdout]    8:     0x613eab900aa9 - std[617be2ca0a6fd877]::sys::backtrace::__rust_end_short_backtrace::<std[617be2ca0a6fd877]::panicking::panic_handler::{closure#0}, !>
[INFO] [stdout]    9:     0x613eab90931d - __rustc[ea4f61d10b84890b]::rust_begin_unwind
[INFO] [stdout]   10:     0x613eab94322c - core[a373ad73a504971]::panicking::panic_fmt
[INFO] [stdout]   11:     0x613eab875189 - guarantee_golden_vectors[21f56ce51169f6cd]::guarantee_golden_vectors_match_fixture::{closure#0}
[INFO] [stdout]   12:     0x613eab87780d - guarantee_golden_vectors[21f56ce51169f6cd]::guarantee_golden_vectors_match_fixture
[INFO] [stdout]   13:     0x613eab8781f9 - <guarantee_golden_vectors[21f56ce51169f6cd]::guarantee_golden_vectors_match_fixture::{closure#0} as core[a373ad73a504971]::ops::function::FnOnce<()>>::call_once
[INFO] [stdout]   14:     0x613eab87b15b - test[aada8e7e76ba119b]::__rust_begin_short_backtrace::<core[a373ad73a504971]::result::Result<(), alloc[2e1b2a31b91974c5]::string::String>, fn() -> core[a373ad73a504971]::result::Result<(), alloc[2e1b2a31b91974c5]::string::String>>
[INFO] [stdout]   15:     0x613eab888335 - test[aada8e7e76ba119b]::run_test::{closure#0}
[INFO] [stdout]   16:     0x613eab881c24 - std[617be2ca0a6fd877]::sys::backtrace::__rust_begin_short_backtrace::<test[aada8e7e76ba119b]::run_test::{closure#1}, ()>
[INFO] [stdout]   17:     0x613eab88b3c2 - <std[617be2ca0a6fd877]::thread::lifecycle::spawn_unchecked<test[aada8e7e76ba119b]::run_test::{closure#1}, ()>::{closure#1} as core[a373ad73a504971]::ops::function::FnOnce<()>>::call_once::{shim:vtable#0}
[INFO] [stdout]   18:     0x613eab92c8af - <std[617be2ca0a6fd877]::sys::thread::unix::Thread>::new::thread_start
[INFO] [stdout]   19:     0x71d76b7a3dfa - <unknown>
[INFO] [stdout]   20:     0x71d76b8373d4 - clone
[INFO] [stdout]   21:                0x0 - <unknown>
[INFO] [stdout] 
[INFO] [stdout] 
[INFO] [stdout] failures:
[INFO] [stdout]     guarantee_golden_vectors_match_fixture
[INFO] [stdout] 
[INFO] [stdout] test result: FAILED. 0 passed; 1 failed; 0 ignored; 0 measured; 0 filtered out; finished in 0.01s
[INFO] [stdout] 
[INFO] [stderr] error: test failed, to rerun pass `--test guarantee_golden_vectors`
[INFO] running `Command { std: "docker" "inspect" "a00933371b2a64c17e89e1b6e773d588aa117c046e93ec98cbdd6f32efe3dea1", kill_on_drop: false }`
[INFO] running `Command { std: "docker" "rm" "-f" "a00933371b2a64c17e89e1b6e773d588aa117c046e93ec98cbdd6f32efe3dea1", kill_on_drop: false }`
[INFO] [stdout] a00933371b2a64c17e89e1b6e773d588aa117c046e93ec98cbdd6f32efe3dea1
