[INFO] fetching crate rp2040-emu-tui 0.1.3...
[INFO] testing rp2040-emu-tui-0.1.3 against 1.99.0-beta.8+cargoflags=--release for beta-release-1.100-2
[INFO] extracting crate rp2040-emu-tui 0.1.3 into /workspace/builds/worker-5-tc1/source
[INFO] started tweaking crates.io crate rp2040-emu-tui 0.1.3
[INFO] removed 0 missing tests
[INFO] finished tweaking crates.io crate rp2040-emu-tui 0.1.3
[INFO] tweaked toml for crates.io crate rp2040-emu-tui 0.1.3 written to /workspace/builds/worker-5-tc1/source/Cargo.toml
[INFO] validating manifest of crates.io crate rp2040-emu-tui 0.1.3 on toolchain 1.99.0-beta.8
[INFO] running `Command { std: CARGO_HOME="/workspace/cargo-home" RUSTUP_HOME="/workspace/rustup-home" "/workspace/cargo-home/bin/cargo" "+1.99.0-beta.8" "metadata" "--manifest-path" "Cargo.toml" "--no-deps", kill_on_drop: false }`
[INFO] crate crates.io crate rp2040-emu-tui 0.1.3 already has a lockfile, it will not be regenerated
[INFO] running `Command { std: CARGO_HOME="/workspace/cargo-home" RUSTUP_HOME="/workspace/rustup-home" "/workspace/cargo-home/bin/cargo" "+1.99.0-beta.8" "fetch" "--manifest-path" "Cargo.toml", kill_on_drop: false }`
[INFO] [stderr]     Updating crates.io index
[INFO] [stderr]  Downloading crates ...
[INFO] [stderr]   Downloaded picoem-common v0.2.0
[INFO] [stderr]   Downloaded picoem-devices v0.1.2
[INFO] [stderr]   Downloaded rp2040-emu v0.1.4
[INFO] running `Command { std: "docker" "create" "-v" "/var/lib/crater-agent-workspace/builds/worker-5-tc1/source:/opt/rustwide/workdir:ro,Z" "-v" "/var/lib/crater-agent-workspace/builds/worker-5-tc1/target:/opt/rustwide/target:rw,Z" "-v" "/var/lib/crater-agent-workspace/cargo-home:/opt/rustwide/cargo-home:ro,Z" "-v" "/var/lib/crater-agent-workspace/rustup-home:/opt/rustwide/rustup-home:ro,Z" "-m" "1610612736" "--network" "none" "ghcr.io/rust-lang/crates-build-env/linux@sha256:77db811e55d90add9212f6832c23229e3de5f1c1f9905e8cb07319ea15df73ac" "sleep" "infinity", kill_on_drop: false }`
[INFO] [stdout] a35e3e9478483dad5936aae4eeac70fe4eeb21ceccb3e3657d825ec7d2e43172
[INFO] running `Command { std: "docker" "start" "a35e3e9478483dad5936aae4eeac70fe4eeb21ceccb3e3657d825ec7d2e43172", kill_on_drop: false }`
[INFO] running `Command { std: "docker" "inspect" "a35e3e9478483dad5936aae4eeac70fe4eeb21ceccb3e3657d825ec7d2e43172", kill_on_drop: false }`
[INFO] running `Command { std: "docker" "exec" "-e" "SOURCE_DIR=/opt/rustwide/workdir" "-e" "CARGO_HOME=/opt/rustwide/cargo-home" "-e" "RUSTUP_HOME=/opt/rustwide/rustup-home" "-e" "CARGO_TARGET_DIR=/opt/rustwide/target" "-w" "/opt/rustwide/workdir" "--user" "0:0" "a35e3e9478483dad5936aae4eeac70fe4eeb21ceccb3e3657d825ec7d2e43172" "/opt/rustwide/cargo-home/bin/cargo" "+1.99.0-beta.8" "metadata" "--no-deps" "--format-version=1", kill_on_drop: false }`
[INFO] running `Command { std: "docker" "inspect" "a35e3e9478483dad5936aae4eeac70fe4eeb21ceccb3e3657d825ec7d2e43172", kill_on_drop: false }`
[INFO] running `Command { std: "docker" "exec" "-e" "SOURCE_DIR=/opt/rustwide/workdir" "-e" "CARGO_HOME=/opt/rustwide/cargo-home" "-e" "RUSTUP_HOME=/opt/rustwide/rustup-home" "-e" "CARGO_TARGET_DIR=/opt/rustwide/target" "-e" "CARGO_INCREMENTAL=0" "-e" "RUST_BACKTRACE=full" "-e" "RUSTFLAGS=--cap-lints=warn" "-e" "RUSTDOCFLAGS=--cap-lints=warn" "-w" "/opt/rustwide/workdir" "--user" "0:0" "a35e3e9478483dad5936aae4eeac70fe4eeb21ceccb3e3657d825ec7d2e43172" "/opt/rustwide/cargo-home/bin/cargo" "+1.99.0-beta.8" "build" "--frozen" "--message-format=json" "--release", kill_on_drop: false }`
[INFO] [stderr]    Compiling libc v0.2.185
[INFO] [stderr]    Compiling thiserror v2.0.18
[INFO] [stderr]    Compiling unicode-segmentation v1.13.2
[INFO] [stderr]    Compiling instability v0.3.12
[INFO] [stderr]    Compiling syn v2.0.117
[INFO] [stderr]    Compiling hashbrown v0.16.1
[INFO] [stderr]    Compiling itertools v0.14.0
[INFO] [stderr]    Compiling rustix v1.1.4
[INFO] [stderr]    Compiling time-core v0.1.8
[INFO] [stderr]    Compiling compact_str v0.9.0
[INFO] [stderr]    Compiling deranged v0.5.8
[INFO] [stderr]    Compiling num-conv v0.2.1
[INFO] [stderr]    Compiling line-clipping v0.3.7
[INFO] [stderr]    Compiling lru v0.16.4
[INFO] [stderr]    Compiling errno v0.3.14
[INFO] [stderr]    Compiling parking_lot_core v0.9.12
[INFO] [stderr]    Compiling mio v1.2.0
[INFO] [stderr]    Compiling time v0.3.47
[INFO] [stderr]    Compiling signal-hook-registry v1.4.8
[INFO] [stderr]    Compiling parking_lot v0.12.5
[INFO] [stderr]    Compiling signal-hook v0.3.18
[INFO] [stderr]    Compiling unicode-truncate v2.0.1
[INFO] [stderr]    Compiling signal-hook-mio v0.2.5
[INFO] [stderr]    Compiling darling_core v0.23.0
[INFO] [stderr]    Compiling thiserror-impl v2.0.18
[INFO] [stderr]    Compiling strum_macros v0.27.2
[INFO] [stderr]    Compiling tracing-attributes v0.1.31
[INFO] [stderr]    Compiling derive_more-impl v2.1.1
[INFO] [stderr]    Compiling derive_more v2.1.1
[INFO] [stderr]    Compiling crossterm v0.29.0
[INFO] [stderr]    Compiling tracing v0.1.44
[INFO] [stderr]    Compiling picoem-devices v0.1.2
[INFO] [stderr]    Compiling picoem-common v0.2.0
[INFO] [stderr]    Compiling tracing-subscriber v0.3.23
[INFO] [stderr]    Compiling kasuari v0.4.12
[INFO] [stderr]    Compiling strum v0.27.2
[INFO] [stderr]    Compiling rp2040-emu v0.1.4
[INFO] [stderr]    Compiling ratatui-core v0.1.0
[INFO] [stderr]    Compiling darling_macro v0.23.0
[INFO] [stderr]    Compiling darling v0.23.0
[INFO] [stderr]    Compiling ratatui-widgets v0.3.0
[INFO] [stderr]    Compiling ratatui-crossterm v0.1.0
[INFO] [stderr]    Compiling ratatui-macros v0.7.0
[INFO] [stderr]    Compiling ratatui v0.30.0
[INFO] [stderr]    Compiling rp2040-emu-tui v0.1.3 (/opt/rustwide/workdir)
[INFO] [stderr]     Finished `release` profile [optimized] target(s) in 25.96s
[INFO] running `Command { std: "docker" "inspect" "a35e3e9478483dad5936aae4eeac70fe4eeb21ceccb3e3657d825ec7d2e43172", kill_on_drop: false }`
[INFO] running `Command { std: "docker" "exec" "-e" "SOURCE_DIR=/opt/rustwide/workdir" "-e" "CARGO_HOME=/opt/rustwide/cargo-home" "-e" "RUSTUP_HOME=/opt/rustwide/rustup-home" "-e" "CARGO_TARGET_DIR=/opt/rustwide/target" "-e" "CARGO_INCREMENTAL=0" "-e" "RUST_BACKTRACE=full" "-e" "RUSTFLAGS=--cap-lints=warn" "-e" "RUSTDOCFLAGS=--cap-lints=warn" "-w" "/opt/rustwide/workdir" "--user" "0:0" "a35e3e9478483dad5936aae4eeac70fe4eeb21ceccb3e3657d825ec7d2e43172" "/opt/rustwide/cargo-home/bin/cargo" "+1.99.0-beta.8" "test" "--frozen" "--no-run" "--message-format=json" "--release", kill_on_drop: false }`
[INFO] [stderr]    Compiling rp2040-emu-tui v0.1.3 (/opt/rustwide/workdir)
[INFO] [stderr]     Finished `release` profile [optimized] target(s) in 0.90s
[INFO] running `Command { std: "docker" "inspect" "a35e3e9478483dad5936aae4eeac70fe4eeb21ceccb3e3657d825ec7d2e43172", kill_on_drop: false }`
[INFO] running `Command { std: "docker" "exec" "-e" "SOURCE_DIR=/opt/rustwide/workdir" "-e" "CARGO_HOME=/opt/rustwide/cargo-home" "-e" "RUSTUP_HOME=/opt/rustwide/rustup-home" "-e" "CARGO_TARGET_DIR=/opt/rustwide/target" "-e" "CARGO_INCREMENTAL=0" "-e" "RUST_BACKTRACE=full" "-e" "RUSTFLAGS=--cap-lints=warn" "-e" "RUSTDOCFLAGS=--cap-lints=warn" "-w" "/opt/rustwide/workdir" "--user" "0:0" "a35e3e9478483dad5936aae4eeac70fe4eeb21ceccb3e3657d825ec7d2e43172" "/opt/rustwide/cargo-home/bin/cargo" "+1.99.0-beta.8" "test" "--frozen" "--release", kill_on_drop: false }`
[INFO] [stderr]     Finished `release` profile [optimized] target(s) in 0.18s
[INFO] [stderr]      Running unittests src/lib.rs (/opt/rustwide/target/release/deps/rp2040_emu_tui-a9da364031b8908a)
[INFO] [stdout] 
[INFO] [stdout] running 6 tests
[INFO] [stdout] test devices::bench::tests::stall_latches_when_wall_exceeds_timeout_without_halt ... ok
[INFO] [stderr]      Running unittests src/main.rs (/opt/rustwide/target/release/deps/rp2040_emu_tui-18d5a50e8ed4ac89)
[INFO] [stdout] test devices::bench::tests::out_of_range_section_index_does_not_panic ... ok
[INFO] [stdout] test devices::bench::tests::stall_does_not_latch_once_complete ... ok
[INFO] [stdout] test devices::bench::tests::section_start_then_done_records_one_section ... ok
[INFO] [stdout] test devices::bench::tests::initial_state_yields_no_report ... ok
[INFO] [stdout] test devices::bench::tests::final_halt_phase_marks_report_complete ... ok
[INFO] [stdout] 
[INFO] [stdout] test result: ok. 6 passed; 0 failed; 0 ignored; 0 measured; 0 filtered out; finished in 0.01s
[INFO] [stdout] 
[INFO] [stdout] 
[INFO] [stdout] running 2 tests
[INFO] [stdout] test tests::arbitrary_path_passes_through_unchanged ... ok
[INFO] [stdout] test tests::preset_alias_resolves_under_manifest_dir ... ok
[INFO] [stdout] 
[INFO] [stdout] test result: ok. 2 passed; 0 failed; 0 ignored; 0 measured; 0 filtered out; finished in 0.00s
[INFO] [stdout] 
[INFO] [stderr]      Running tests/smoke.rs (/opt/rustwide/target/release/deps/smoke-636f834c4554cb8d)
[INFO] [stdout] 
[INFO] [stdout] running 1 test
[INFO] [stdout] test blinky_drives_gpio25_high_within_2s ... FAILED
[INFO] [stdout] 
[INFO] [stdout] failures:
[INFO] [stdout] 
[INFO] [stdout] ---- blinky_drives_gpio25_high_within_2s stdout ----
[INFO] [stdout] 
[INFO] [stdout] thread 'blinky_drives_gpio25_high_within_2s' (1093) panicked at tests/smoke.rs:33:58:
[INFO] [stdout] roms/rp2040/bootrom.bin missing: Os { code: 2, kind: NotFound, message: "No such file or directory" }
[INFO] [stdout] stack backtrace:
[INFO] [stdout]    0:     0x5e8e117f3d01 - <<std[70759c8f55707aa4]::sys::backtrace::BacktraceLock>::print::DisplayBacktrace as core[df12db4294e9bfd3]::fmt::Display>::fmt
[INFO] [stdout]    1:     0x5e8e1180847a - core[df12db4294e9bfd3]::fmt::write
[INFO] [stdout]    2:     0x5e8e117f86ec - <alloc[2182bb758b4b3781]::vec::Vec<u8> as core[df12db4294e9bfd3]::io::write::Write>::write_fmt
[INFO] [stdout]    3:     0x5e8e117cf7d6 - std[70759c8f55707aa4]::panicking::default_hook::{closure#0}
[INFO] [stdout]    4:     0x5e8e117ebd79 - std[70759c8f55707aa4]::panicking::default_hook
[INFO] [stdout]    5:     0x5e8e1175da40 - test[9d35eded1c95d3be]::test_main_inner::<test[9d35eded1c95d3be]::test_main_static::{closure#0}>::{closure#0}
[INFO] [stdout]    6:     0x5e8e117ec0a2 - std[70759c8f55707aa4]::panicking::panic_with_hook
[INFO] [stdout]    7:     0x5e8e117cf882 - std[70759c8f55707aa4]::panicking::panic_handler::{closure#0}
[INFO] [stdout]    8:     0x5e8e117c8039 - std[70759c8f55707aa4]::sys::backtrace::__rust_end_short_backtrace::<std[70759c8f55707aa4]::panicking::panic_handler::{closure#0}, !>
[INFO] [stdout]    9:     0x5e8e117d057d - __rustc[8fa7c3cbc660c2b3]::rust_begin_unwind
[INFO] [stdout]   10:     0x5e8e11808bdc - core[df12db4294e9bfd3]::panicking::panic_fmt
[INFO] [stdout]   11:     0x5e8e118089b2 - core[df12db4294e9bfd3]::result::unwrap_failed
[INFO] [stdout]   12:     0x5e8e11750495 - <smoke[6ac80556c536e18b]::blinky_drives_gpio25_high_within_2s::{closure#0} as core[df12db4294e9bfd3]::ops::function::FnOnce<()>>::call_once
[INFO] [stdout]   13:     0x5e8e11750d2b - test[9d35eded1c95d3be]::__rust_begin_short_backtrace::<core[df12db4294e9bfd3]::result::Result<(), alloc[2182bb758b4b3781]::string::String>, fn() -> core[df12db4294e9bfd3]::result::Result<(), alloc[2182bb758b4b3781]::string::String>>
[INFO] [stdout]   14:     0x5e8e1175e395 - test[9d35eded1c95d3be]::run_test::{closure#0}
[INFO] [stdout]   15:     0x5e8e11757c54 - std[70759c8f55707aa4]::sys::backtrace::__rust_begin_short_backtrace::<test[9d35eded1c95d3be]::run_test::{closure#1}, ()>
[INFO] [stdout]   16:     0x5e8e117614f2 - <std[70759c8f55707aa4]::thread::lifecycle::spawn_unchecked<test[9d35eded1c95d3be]::run_test::{closure#1}, ()>::{closure#1} as core[df12db4294e9bfd3]::ops::function::FnOnce<()>>::call_once::{shim:vtable#0}
[INFO] [stdout]   17:     0x5e8e117f3279 - <std[70759c8f55707aa4]::sys::thread::unix::Thread>::new::thread_start
[INFO] [stdout]   18:     0x7508f5f5edfa - <unknown>
[INFO] [stdout]   19:     0x7508f5ff23d4 - clone
[INFO] [stdout]   20:                0x0 - <unknown>
[INFO] [stdout] 
[INFO] [stdout] 
[INFO] [stdout] failures:
[INFO] [stdout]     blinky_drives_gpio25_high_within_2s
[INFO] [stdout] 
[INFO] [stdout] test result: FAILED. 0 passed; 1 failed; 0 ignored; 0 measured; 0 filtered out; finished in 0.00s
[INFO] [stdout] 
[INFO] [stderr] error: test failed, to rerun pass `--test smoke`
[INFO] running `Command { std: "docker" "inspect" "a35e3e9478483dad5936aae4eeac70fe4eeb21ceccb3e3657d825ec7d2e43172", kill_on_drop: false }`
[INFO] running `Command { std: "docker" "rm" "-f" "a35e3e9478483dad5936aae4eeac70fe4eeb21ceccb3e3657d825ec7d2e43172", kill_on_drop: false }`
[INFO] [stdout] a35e3e9478483dad5936aae4eeac70fe4eeb21ceccb3e3657d825ec7d2e43172
