[INFO] fetching crate roxmltree_to_serde 0.6.2...
[INFO] testing roxmltree_to_serde-0.6.2 against 1.100.0-beta.1+cargoflags=--release for beta-release-1.100-2
[INFO] extracting crate roxmltree_to_serde 0.6.2 into /workspace/builds/worker-5-tc2/source
[INFO] started tweaking crates.io crate roxmltree_to_serde 0.6.2
[INFO] removed 0 missing examples
[INFO] finished tweaking crates.io crate roxmltree_to_serde 0.6.2
[INFO] tweaked toml for crates.io crate roxmltree_to_serde 0.6.2 written to /workspace/builds/worker-5-tc2/source/Cargo.toml
[INFO] validating manifest of crates.io crate roxmltree_to_serde 0.6.2 on toolchain 1.100.0-beta.1
[INFO] running `Command { std: CARGO_HOME="/workspace/cargo-home" RUSTUP_HOME="/workspace/rustup-home" "/workspace/cargo-home/bin/cargo" "+1.100.0-beta.1" "metadata" "--manifest-path" "Cargo.toml" "--no-deps", kill_on_drop: false }`
[INFO] crate crates.io crate roxmltree_to_serde 0.6.2 already has a lockfile, it will not be regenerated
[INFO] running `Command { std: CARGO_HOME="/workspace/cargo-home" RUSTUP_HOME="/workspace/rustup-home" "/workspace/cargo-home/bin/cargo" "+1.100.0-beta.1" "fetch" "--manifest-path" "Cargo.toml", kill_on_drop: false }`
[INFO] running `Command { std: "docker" "create" "-v" "/var/lib/crater-agent-workspace/builds/worker-5-tc2/source:/opt/rustwide/workdir:ro,Z" "-v" "/var/lib/crater-agent-workspace/builds/worker-5-tc2/target:/opt/rustwide/target:rw,Z" "-v" "/var/lib/crater-agent-workspace/cargo-home:/opt/rustwide/cargo-home:ro,Z" "-v" "/var/lib/crater-agent-workspace/rustup-home:/opt/rustwide/rustup-home:ro,Z" "-m" "1610612736" "--network" "none" "ghcr.io/rust-lang/crates-build-env/linux@sha256:77db811e55d90add9212f6832c23229e3de5f1c1f9905e8cb07319ea15df73ac" "sleep" "infinity", kill_on_drop: false }`
[INFO] [stdout] 7b4d58647b68a88a07208abfec7535092e9e6d88fd405d6c026cb62db6916302
[INFO] running `Command { std: "docker" "start" "7b4d58647b68a88a07208abfec7535092e9e6d88fd405d6c026cb62db6916302", kill_on_drop: false }`
[INFO] running `Command { std: "docker" "inspect" "7b4d58647b68a88a07208abfec7535092e9e6d88fd405d6c026cb62db6916302", kill_on_drop: false }`
[INFO] running `Command { std: "docker" "exec" "-e" "SOURCE_DIR=/opt/rustwide/workdir" "-e" "CARGO_HOME=/opt/rustwide/cargo-home" "-e" "RUSTUP_HOME=/opt/rustwide/rustup-home" "-e" "CARGO_TARGET_DIR=/opt/rustwide/target" "-w" "/opt/rustwide/workdir" "--user" "0:0" "7b4d58647b68a88a07208abfec7535092e9e6d88fd405d6c026cb62db6916302" "/opt/rustwide/cargo-home/bin/cargo" "+1.100.0-beta.1" "metadata" "--no-deps" "--format-version=1", kill_on_drop: false }`
[INFO] running `Command { std: "docker" "inspect" "7b4d58647b68a88a07208abfec7535092e9e6d88fd405d6c026cb62db6916302", kill_on_drop: false }`
[INFO] running `Command { std: "docker" "exec" "-e" "SOURCE_DIR=/opt/rustwide/workdir" "-e" "CARGO_HOME=/opt/rustwide/cargo-home" "-e" "RUSTUP_HOME=/opt/rustwide/rustup-home" "-e" "CARGO_TARGET_DIR=/opt/rustwide/target" "-e" "CARGO_INCREMENTAL=0" "-e" "RUST_BACKTRACE=full" "-e" "RUSTFLAGS=--cap-lints=warn" "-e" "RUSTDOCFLAGS=--cap-lints=warn" "-w" "/opt/rustwide/workdir" "--user" "0:0" "7b4d58647b68a88a07208abfec7535092e9e6d88fd405d6c026cb62db6916302" "/opt/rustwide/cargo-home/bin/cargo" "+1.100.0-beta.1" "build" "--frozen" "--message-format=json" "--release", kill_on_drop: false }`
[INFO] [stderr]    Compiling proc-macro2 v1.0.93
[INFO] [stderr]    Compiling unicode-ident v1.0.17
[INFO] [stderr]    Compiling serde v1.0.217
[INFO] [stderr]    Compiling serde_json v1.0.138
[INFO] [stderr]    Compiling ryu v1.0.19
[INFO] [stderr]    Compiling itoa v1.0.14
[INFO] [stderr]    Compiling aho-corasick v1.1.3
[INFO] [stderr]    Compiling quote v1.0.38
[INFO] [stderr]    Compiling syn v2.0.98
[INFO] [stderr]    Compiling regex-automata v0.4.9
[INFO] [stderr]    Compiling serde_derive v1.0.217
[INFO] [stderr]    Compiling regex v1.11.1
[INFO] [stderr]    Compiling roxmltree_to_serde v0.6.2 (/opt/rustwide/workdir)
[INFO] [stderr] warning: unused dependency `regex`
[INFO] [stderr]  --> Cargo.toml:1:15
[INFO] [stderr]   |
[INFO] [stderr] 1 | [dependencies.regex]
[INFO] [stderr]   |               ^^^^^^
[INFO] [stderr]   |
[INFO] [stderr]   = note: `cargo::unused_dependencies` is set to `warn` by default
[INFO] [stderr] help: consider removing the dependency on `regex`
[INFO] [stderr] warning: unused dependency `serde_derive`
[INFO] [stderr]   --> Cargo.toml:10:15
[INFO] [stderr]    |
[INFO] [stderr] 10 | [dependencies.serde_derive]
[INFO] [stderr]    |               ^^^^^^^^^^^^^
[INFO] [stderr]    |
[INFO] [stderr] help: consider removing the dependency on `serde_derive`
[INFO] [stderr] warning: `roxmltree_to_serde` (manifest) generated 2 warnings
[INFO] [stderr]     Finished `release` profile [optimized] target(s) in 17.36s
[INFO] running `Command { std: "docker" "inspect" "7b4d58647b68a88a07208abfec7535092e9e6d88fd405d6c026cb62db6916302", kill_on_drop: false }`
[INFO] running `Command { std: "docker" "exec" "-e" "SOURCE_DIR=/opt/rustwide/workdir" "-e" "CARGO_HOME=/opt/rustwide/cargo-home" "-e" "RUSTUP_HOME=/opt/rustwide/rustup-home" "-e" "CARGO_TARGET_DIR=/opt/rustwide/target" "-e" "CARGO_INCREMENTAL=0" "-e" "RUST_BACKTRACE=full" "-e" "RUSTFLAGS=--cap-lints=warn" "-e" "RUSTDOCFLAGS=--cap-lints=warn" "-w" "/opt/rustwide/workdir" "--user" "0:0" "7b4d58647b68a88a07208abfec7535092e9e6d88fd405d6c026cb62db6916302" "/opt/rustwide/cargo-home/bin/cargo" "+1.100.0-beta.1" "test" "--frozen" "--no-run" "--message-format=json" "--release", kill_on_drop: false }`
[INFO] [stderr]    Compiling roxmltree_to_serde v0.6.2 (/opt/rustwide/workdir)
[INFO] [stderr] warning: unused dependency `regex`
[INFO] [stderr]  --> Cargo.toml:1:15
[INFO] [stderr]   |
[INFO] [stderr] 1 | [dependencies.regex]
[INFO] [stderr]   |               ^^^^^^
[INFO] [stderr]   |
[INFO] [stderr]   = note: `cargo::unused_dependencies` is set to `warn` by default
[INFO] [stderr] help: consider removing the dependency on `regex`
[INFO] [stderr] warning: unused dependency `serde_derive`
[INFO] [stderr]   --> Cargo.toml:10:15
[INFO] [stderr]    |
[INFO] [stderr] 10 | [dependencies.serde_derive]
[INFO] [stderr]    |               ^^^^^^^^^^^^^
[INFO] [stderr]    |
[INFO] [stderr] help: consider removing the dependency on `serde_derive`
[INFO] [stderr] warning: `roxmltree_to_serde` (manifest) generated 2 warnings
[INFO] [stderr]     Finished `release` profile [optimized] target(s) in 1.67s
[INFO] running `Command { std: "docker" "inspect" "7b4d58647b68a88a07208abfec7535092e9e6d88fd405d6c026cb62db6916302", kill_on_drop: false }`
[INFO] running `Command { std: "docker" "exec" "-e" "SOURCE_DIR=/opt/rustwide/workdir" "-e" "CARGO_HOME=/opt/rustwide/cargo-home" "-e" "RUSTUP_HOME=/opt/rustwide/rustup-home" "-e" "CARGO_TARGET_DIR=/opt/rustwide/target" "-e" "CARGO_INCREMENTAL=0" "-e" "RUST_BACKTRACE=full" "-e" "RUSTFLAGS=--cap-lints=warn" "-e" "RUSTDOCFLAGS=--cap-lints=warn" "-w" "/opt/rustwide/workdir" "--user" "0:0" "7b4d58647b68a88a07208abfec7535092e9e6d88fd405d6c026cb62db6916302" "/opt/rustwide/cargo-home/bin/cargo" "+1.100.0-beta.1" "test" "--frozen" "--release", kill_on_drop: false }`
[INFO] [stderr] warning: unused dependency `regex`
[INFO] [stderr]  --> Cargo.toml:1:15
[INFO] [stderr]   |
[INFO] [stderr] 1 | [dependencies.regex]
[INFO] [stderr]   |               ^^^^^^
[INFO] [stderr]   |
[INFO] [stderr]   = note: `cargo::unused_dependencies` is set to `warn` by default
[INFO] [stderr] help: consider removing the dependency on `regex`
[INFO] [stderr] warning: unused dependency `serde_derive`
[INFO] [stderr]   --> Cargo.toml:10:15
[INFO] [stderr]    |
[INFO] [stderr] 10 | [dependencies.serde_derive]
[INFO] [stderr]    |               ^^^^^^^^^^^^^
[INFO] [stderr]    |
[INFO] [stderr] help: consider removing the dependency on `serde_derive`
[INFO] [stderr] warning: `roxmltree_to_serde` (manifest) generated 2 warnings
[INFO] [stderr]     Finished `release` profile [optimized] target(s) in 0.04s
[INFO] [stderr]      Running unittests src/lib.rs (/opt/rustwide/target/release/build/roxmltree_to_serde/50cc206f11456701/out/roxmltree_to_serde-50cc206f11456701)
[INFO] [stdout] 
[INFO] [stdout] running 8 tests
[INFO] [stdout] test tests::test_malformed_xml ... ok
[INFO] [stdout] test tests::test_xml_str_to_json ... ok
[INFO] [stdout] test tests::test_numbers ... ok
[INFO] [stdout] test tests::test_empty_elements_valid ... ok
[INFO] [stdout] test tests::test_parse_text ... ok
[INFO] [stdout] test tests::test_mixed_nodes ... ok
[INFO] [stdout] test tests::test_empty_elements_invalid ... ok
[INFO] [stdout] test tests::convert_test_files ... FAILED
[INFO] [stdout] 
[INFO] [stdout] failures:
[INFO] [stdout] 
[INFO] [stdout] ---- tests::convert_test_files stdout ----
[INFO] [stdout] 
[INFO] [stdout] thread 'tests::convert_test_files' (544) panicked at src/tests.rs:371:45:
[INFO] [stdout] called `Result::unwrap()` on an `Err` value: Os { code: 30, kind: ReadOnlyFilesystem, message: "Read-only file system" }
[INFO] [stdout] stack backtrace:
[INFO] [stdout]    0:     0x5d0aa72e8c11 - <<std[617be2ca0a6fd877]::sys::backtrace::BacktraceLock>::print::DisplayBacktrace as core[a373ad73a504971]::fmt::Display>::fmt
[INFO] [stdout]    1:     0x5d0aa72fdeea - core[a373ad73a504971]::fmt::write
[INFO] [stdout]    2:     0x5d0aa72ed11c - <alloc[2e1b2a31b91974c5]::vec::Vec<u8> as core[a373ad73a504971]::io::write::Write>::write_fmt
[INFO] [stdout]    3:     0x5d0aa72c47a6 - std[617be2ca0a6fd877]::panicking::default_hook::{closure#0}
[INFO] [stdout]    4:     0x5d0aa72e1099 - std[617be2ca0a6fd877]::panicking::default_hook
[INFO] [stdout]    5:     0x5d0aa726e2c0 - test[aada8e7e76ba119b]::test_main_inner::{closure#0}
[INFO] [stdout]    6:     0x5d0aa72e1252 - std[617be2ca0a6fd877]::panicking::panic_with_hook
[INFO] [stdout]    7:     0x5d0aa72c4852 - std[617be2ca0a6fd877]::panicking::panic_handler::{closure#0}
[INFO] [stdout]    8:     0x5d0aa72bd4c9 - std[617be2ca0a6fd877]::sys::backtrace::__rust_end_short_backtrace::<std[617be2ca0a6fd877]::panicking::panic_handler::{closure#0}, !>
[INFO] [stdout]    9:     0x5d0aa72c545d - __rustc[ea4f61d10b84890b]::rust_begin_unwind
[INFO] [stdout]   10:     0x5d0aa72fe61c - core[a373ad73a504971]::panicking::panic_fmt
[INFO] [stdout]   11:     0x5d0aa72fe3f2 - core[a373ad73a504971]::result::unwrap_failed
[INFO] [stdout]   12:     0x5d0aa7255bc9 - <roxmltree_to_serde[d9ed1a8054639c1]::tests::convert_test_files::{closure#0} as core[a373ad73a504971]::ops::function::FnOnce<()>>::call_once
[INFO] [stdout]   13:     0x5d0aa726170b - test[aada8e7e76ba119b]::__rust_begin_short_backtrace::<core[a373ad73a504971]::result::Result<(), alloc[2e1b2a31b91974c5]::string::String>, fn() -> core[a373ad73a504971]::result::Result<(), alloc[2e1b2a31b91974c5]::string::String>>
[INFO] [stdout]   14:     0x5d0aa726e8e5 - test[aada8e7e76ba119b]::run_test::{closure#0}
[INFO] [stdout]   15:     0x5d0aa72681d4 - std[617be2ca0a6fd877]::sys::backtrace::__rust_begin_short_backtrace::<test[aada8e7e76ba119b]::run_test::{closure#1}, ()>
[INFO] [stdout]   16:     0x5d0aa7271972 - <std[617be2ca0a6fd877]::thread::lifecycle::spawn_unchecked<test[aada8e7e76ba119b]::run_test::{closure#1}, ()>::{closure#1} as core[a373ad73a504971]::ops::function::FnOnce<()>>::call_once::{shim:vtable#0}
[INFO] [stdout]   17:     0x5d0aa72e846f - <std[617be2ca0a6fd877]::sys::thread::unix::Thread>::new::thread_start
[INFO] [stdout]   18:     0x7d0e4e808dfa - <unknown>
[INFO] [stdout]   19:     0x7d0e4e89c3d4 - clone
[INFO] [stdout]   20:                0x0 - <unknown>
[INFO] [stdout] 
[INFO] [stdout] 
[INFO] [stdout] failures:
[INFO] [stdout]     tests::convert_test_files
[INFO] [stdout] 
[INFO] [stdout] test result: FAILED. 7 passed; 1 failed; 0 ignored; 0 measured; 0 filtered out; finished in 0.00s
[INFO] [stdout] 
[INFO] [stderr] error: test failed, to rerun pass `--lib`
[INFO] running `Command { std: "docker" "inspect" "7b4d58647b68a88a07208abfec7535092e9e6d88fd405d6c026cb62db6916302", kill_on_drop: false }`
[INFO] running `Command { std: "docker" "rm" "-f" "7b4d58647b68a88a07208abfec7535092e9e6d88fd405d6c026cb62db6916302", kill_on_drop: false }`
[INFO] [stdout] 7b4d58647b68a88a07208abfec7535092e9e6d88fd405d6c026cb62db6916302
