[INFO] fetching crate routers_schema 0.2.2...
[INFO] testing routers_schema-0.2.2 against 1.100.0-beta.1+cargoflags=--release for beta-release-1.100-2
[INFO] extracting crate routers_schema 0.2.2 into /workspace/builds/worker-4-tc2/source
[INFO] started tweaking crates.io crate routers_schema 0.2.2
[INFO] finished tweaking crates.io crate routers_schema 0.2.2
[INFO] tweaked toml for crates.io crate routers_schema 0.2.2 written to /workspace/builds/worker-4-tc2/source/Cargo.toml
[INFO] validating manifest of crates.io crate routers_schema 0.2.2 on toolchain 1.100.0-beta.1
[INFO] running `Command { std: CARGO_HOME="/workspace/cargo-home" RUSTUP_HOME="/workspace/rustup-home" "/workspace/cargo-home/bin/cargo" "+1.100.0-beta.1" "metadata" "--manifest-path" "Cargo.toml" "--no-deps", kill_on_drop: false }`
[INFO] crate crates.io crate routers_schema 0.2.2 already has a lockfile, it will not be regenerated
[INFO] running `Command { std: CARGO_HOME="/workspace/cargo-home" RUSTUP_HOME="/workspace/rustup-home" "/workspace/cargo-home/bin/cargo" "+1.100.0-beta.1" "fetch" "--manifest-path" "Cargo.toml", kill_on_drop: false }`
[INFO] running `Command { std: "docker" "create" "-v" "/var/lib/crater-agent-workspace/builds/worker-4-tc2/source:/opt/rustwide/workdir:ro,Z" "-v" "/var/lib/crater-agent-workspace/builds/worker-4-tc2/target:/opt/rustwide/target:rw,Z" "-v" "/var/lib/crater-agent-workspace/cargo-home:/opt/rustwide/cargo-home:ro,Z" "-v" "/var/lib/crater-agent-workspace/rustup-home:/opt/rustwide/rustup-home:ro,Z" "-m" "1610612736" "--network" "none" "ghcr.io/rust-lang/crates-build-env/linux@sha256:77db811e55d90add9212f6832c23229e3de5f1c1f9905e8cb07319ea15df73ac" "sleep" "infinity", kill_on_drop: false }`
[INFO] [stdout] 9941853ce6143c452fbe54d4e1414e839f8e5b4af77c48c4b269438e8e9647bb
[INFO] running `Command { std: "docker" "start" "9941853ce6143c452fbe54d4e1414e839f8e5b4af77c48c4b269438e8e9647bb", kill_on_drop: false }`
[INFO] running `Command { std: "docker" "inspect" "9941853ce6143c452fbe54d4e1414e839f8e5b4af77c48c4b269438e8e9647bb", kill_on_drop: false }`
[INFO] running `Command { std: "docker" "exec" "-e" "SOURCE_DIR=/opt/rustwide/workdir" "-e" "CARGO_HOME=/opt/rustwide/cargo-home" "-e" "RUSTUP_HOME=/opt/rustwide/rustup-home" "-e" "CARGO_TARGET_DIR=/opt/rustwide/target" "-w" "/opt/rustwide/workdir" "--user" "0:0" "9941853ce6143c452fbe54d4e1414e839f8e5b4af77c48c4b269438e8e9647bb" "/opt/rustwide/cargo-home/bin/cargo" "+1.100.0-beta.1" "metadata" "--no-deps" "--format-version=1", kill_on_drop: false }`
[INFO] running `Command { std: "docker" "inspect" "9941853ce6143c452fbe54d4e1414e839f8e5b4af77c48c4b269438e8e9647bb", kill_on_drop: false }`
[INFO] running `Command { std: "docker" "exec" "-e" "SOURCE_DIR=/opt/rustwide/workdir" "-e" "CARGO_HOME=/opt/rustwide/cargo-home" "-e" "RUSTUP_HOME=/opt/rustwide/rustup-home" "-e" "CARGO_TARGET_DIR=/opt/rustwide/target" "-e" "CARGO_INCREMENTAL=0" "-e" "RUST_BACKTRACE=full" "-e" "RUSTFLAGS=--cap-lints=warn" "-e" "RUSTDOCFLAGS=--cap-lints=warn" "-w" "/opt/rustwide/workdir" "--user" "0:0" "9941853ce6143c452fbe54d4e1414e839f8e5b4af77c48c4b269438e8e9647bb" "/opt/rustwide/cargo-home/bin/cargo" "+1.100.0-beta.1" "build" "--frozen" "--message-format=json" "--release", kill_on_drop: false }`
[INFO] [stderr]    Compiling unicode-ident v1.0.26
[INFO] [stderr]    Compiling thiserror v2.0.21
[INFO] [stderr]    Compiling serde_json v1.0.151
[INFO] [stderr]    Compiling base64 v0.22.1
[INFO] [stderr]    Compiling bytes v1.12.1
[INFO] [stderr]    Compiling proc-macro2 v1.0.107
[INFO] [stderr]    Compiling quote v1.0.47
[INFO] [stderr]    Compiling syn v3.0.6
[INFO] [stderr]    Compiling serde_derive v1.0.229
[INFO] [stderr]    Compiling thiserror-impl v2.0.21
[INFO] [stderr]    Compiling serde v1.0.229
[INFO] [stderr]    Compiling hashbrown v0.15.5
[INFO] [stderr]    Compiling buffa v0.6.0
[INFO] [stderr]    Compiling buffa-types v0.6.0
[INFO] [stderr]    Compiling buffa-descriptor v0.6.0
[INFO] [stderr]    Compiling routers_schema v0.2.2 (/opt/rustwide/workdir)
[INFO] [stderr] warning: unused dependency `buffa-descriptor`
[INFO] [stderr]  --> Cargo.toml:5:15
[INFO] [stderr]   |
[INFO] [stderr] 5 | [dependencies.buffa-descriptor]
[INFO] [stderr]   |               ^^^^^^^^^^^^^^^^^
[INFO] [stderr]   |
[INFO] [stderr]   = note: `cargo::unused_dependencies` is set to `warn` by default
[INFO] [stderr] help: consider removing the dependency on `buffa-descriptor`
[INFO] [stderr] warning: `routers_schema` (manifest) generated 1 warning
[INFO] [stderr]     Finished `release` profile [optimized] target(s) in 45.20s
[INFO] running `Command { std: "docker" "inspect" "9941853ce6143c452fbe54d4e1414e839f8e5b4af77c48c4b269438e8e9647bb", kill_on_drop: false }`
[INFO] running `Command { std: "docker" "exec" "-e" "SOURCE_DIR=/opt/rustwide/workdir" "-e" "CARGO_HOME=/opt/rustwide/cargo-home" "-e" "RUSTUP_HOME=/opt/rustwide/rustup-home" "-e" "CARGO_TARGET_DIR=/opt/rustwide/target" "-e" "CARGO_INCREMENTAL=0" "-e" "RUST_BACKTRACE=full" "-e" "RUSTFLAGS=--cap-lints=warn" "-e" "RUSTDOCFLAGS=--cap-lints=warn" "-w" "/opt/rustwide/workdir" "--user" "0:0" "9941853ce6143c452fbe54d4e1414e839f8e5b4af77c48c4b269438e8e9647bb" "/opt/rustwide/cargo-home/bin/cargo" "+1.100.0-beta.1" "test" "--frozen" "--no-run" "--message-format=json" "--release", kill_on_drop: false }`
[INFO] [stderr]    Compiling routers_schema v0.2.2 (/opt/rustwide/workdir)
[INFO] [stderr] warning: unused dependency `buffa-descriptor`
[INFO] [stderr]  --> Cargo.toml:5:15
[INFO] [stderr]   |
[INFO] [stderr] 5 | [dependencies.buffa-descriptor]
[INFO] [stderr]   |               ^^^^^^^^^^^^^^^^^
[INFO] [stderr]   |
[INFO] [stderr]   = note: `cargo::unused_dependencies` is set to `warn` by default
[INFO] [stderr] help: consider removing the dependency on `buffa-descriptor`
[INFO] [stderr] warning: `routers_schema` (manifest) generated 1 warning
[INFO] [stderr]     Finished `release` profile [optimized] target(s) in 8.14s
[INFO] running `Command { std: "docker" "inspect" "9941853ce6143c452fbe54d4e1414e839f8e5b4af77c48c4b269438e8e9647bb", kill_on_drop: false }`
[INFO] running `Command { std: "docker" "exec" "-e" "SOURCE_DIR=/opt/rustwide/workdir" "-e" "CARGO_HOME=/opt/rustwide/cargo-home" "-e" "RUSTUP_HOME=/opt/rustwide/rustup-home" "-e" "CARGO_TARGET_DIR=/opt/rustwide/target" "-e" "CARGO_INCREMENTAL=0" "-e" "RUST_BACKTRACE=full" "-e" "RUSTFLAGS=--cap-lints=warn" "-e" "RUSTDOCFLAGS=--cap-lints=warn" "-w" "/opt/rustwide/workdir" "--user" "0:0" "9941853ce6143c452fbe54d4e1414e839f8e5b4af77c48c4b269438e8e9647bb" "/opt/rustwide/cargo-home/bin/cargo" "+1.100.0-beta.1" "test" "--frozen" "--release", kill_on_drop: false }`
[INFO] [stderr] warning: unused dependency `buffa-descriptor`
[INFO] [stderr]  --> Cargo.toml:5:15
[INFO] [stderr]   |
[INFO] [stderr] 5 | [dependencies.buffa-descriptor]
[INFO] [stderr]   |               ^^^^^^^^^^^^^^^^^
[INFO] [stderr]   |
[INFO] [stderr]   = note: `cargo::unused_dependencies` is set to `warn` by default
[INFO] [stderr] help: consider removing the dependency on `buffa-descriptor`
[INFO] [stderr] warning: `routers_schema` (manifest) generated 1 warning
[INFO] [stderr]     Finished `release` profile [optimized] target(s) in 0.09s
[INFO] [stderr]      Running unittests src/mod.rs (/opt/rustwide/target/release/build/routers_schema/df539ecaa6defe5a/out/routers_schema-df539ecaa6defe5a)
[INFO] [stdout] 
[INFO] [stdout] running 0 tests
[INFO] [stdout] 
[INFO] [stdout] test result: ok. 0 passed; 0 failed; 0 ignored; 0 measured; 0 filtered out; finished in 0.00s
[INFO] [stdout] 
[INFO] [stderr]    Doc-tests routers_schema
[INFO] [stdout] 
[INFO] [stdout] running 2 tests
[INFO] [stdout] test src/proto/routers.model.v1.route.rs - proto::routers::model::v1::RouteEdge (line 314) ... FAILED
[INFO] [stdout] test src/proto/routers.model.v1.route.__view.rs - proto::routers::model::v1::__buffa::view::RouteEdgeView (line 431) ... FAILED
[INFO] [stdout] 
[INFO] [stdout] failures:
[INFO] [stdout] 
[INFO] [stdout] ---- src/proto/routers.model.v1.route.rs - proto::routers::model::v1::RouteEdge (line 314) stdout ----
[INFO] [stdout] error: expected item, found `75`
[INFO] [stdout]    --> src/proto/routers.model.v1.route.rs:316:29
[INFO] [stdout]     |
[INFO] [stdout] 316 | ...                   75%
[INFO] [stdout]     |                       ^^ expected item
[INFO] [stdout]     |
[INFO] [stdout]     = note: for a full list of items that can appear in modules, see <https://doc.rust-lang.org/reference/items.html>
[INFO] [stdout] 
[INFO] [stdout] error: aborting due to 1 previous error
[INFO] [stdout] 
[INFO] [stdout] Couldn't compile the test.
[INFO] [stdout] ---- src/proto/routers.model.v1.route.__view.rs - proto::routers::model::v1::__buffa::view::RouteEdgeView (line 431) stdout ----
[INFO] [stdout] error: expected item, found `75`
[INFO] [stdout]    --> src/proto/routers.model.v1.route.__view.rs:433:29
[INFO] [stdout]     |
[INFO] [stdout] 433 | ...                   75%
[INFO] [stdout]     |                       ^^ expected item
[INFO] [stdout]     |
[INFO] [stdout]     = note: for a full list of items that can appear in modules, see <https://doc.rust-lang.org/reference/items.html>
[INFO] [stdout] 
[INFO] [stdout] error: aborting due to 1 previous error
[INFO] [stdout] 
[INFO] [stdout] Couldn't compile the test.
[INFO] [stdout] 
[INFO] [stdout] failures:
[INFO] [stdout]     src/proto/routers.model.v1.route.__view.rs - proto::routers::model::v1::__buffa::view::RouteEdgeView (line 431)
[INFO] [stdout]     src/proto/routers.model.v1.route.rs - proto::routers::model::v1::RouteEdge (line 314)
[INFO] [stdout] 
[INFO] [stdout] test result: FAILED. 0 passed; 2 failed; 0 ignored; 0 measured; 0 filtered out; finished in 0.08s
[INFO] [stdout] 
[INFO] [stderr] error: doctest failed, to rerun pass `--doc`
[INFO] running `Command { std: "docker" "inspect" "9941853ce6143c452fbe54d4e1414e839f8e5b4af77c48c4b269438e8e9647bb", kill_on_drop: false }`
[INFO] running `Command { std: "docker" "rm" "-f" "9941853ce6143c452fbe54d4e1414e839f8e5b4af77c48c4b269438e8e9647bb", kill_on_drop: false }`
[INFO] [stdout] 9941853ce6143c452fbe54d4e1414e839f8e5b4af77c48c4b269438e8e9647bb
