[INFO] fetching crate routee-compass-core 0.19.5...
[INFO] testing routee-compass-core-0.19.5 against 1.100.0-beta.1+cargoflags=--release for beta-release-1.100-2
[INFO] extracting crate routee-compass-core 0.19.5 into /workspace/builds/worker-6-tc2/source
[INFO] started tweaking crates.io crate routee-compass-core 0.19.5
[INFO] finished tweaking crates.io crate routee-compass-core 0.19.5
[INFO] tweaked toml for crates.io crate routee-compass-core 0.19.5 written to /workspace/builds/worker-6-tc2/source/Cargo.toml
[INFO] validating manifest of crates.io crate routee-compass-core 0.19.5 on toolchain 1.100.0-beta.1
[INFO] running `Command { std: CARGO_HOME="/workspace/cargo-home" RUSTUP_HOME="/workspace/rustup-home" "/workspace/cargo-home/bin/cargo" "+1.100.0-beta.1" "metadata" "--manifest-path" "Cargo.toml" "--no-deps", kill_on_drop: false }`
[INFO] crate crates.io crate routee-compass-core 0.19.5 already has a lockfile, it will not be regenerated
[INFO] running `Command { std: CARGO_HOME="/workspace/cargo-home" RUSTUP_HOME="/workspace/rustup-home" "/workspace/cargo-home/bin/cargo" "+1.100.0-beta.1" "fetch" "--manifest-path" "Cargo.toml", kill_on_drop: false }`
[INFO] running `Command { std: "docker" "create" "-v" "/var/lib/crater-agent-workspace/builds/worker-6-tc2/source:/opt/rustwide/workdir:ro,Z" "-v" "/var/lib/crater-agent-workspace/builds/worker-6-tc2/target:/opt/rustwide/target:rw,Z" "-v" "/var/lib/crater-agent-workspace/cargo-home:/opt/rustwide/cargo-home:ro,Z" "-v" "/var/lib/crater-agent-workspace/rustup-home:/opt/rustwide/rustup-home:ro,Z" "-m" "1610612736" "--network" "none" "ghcr.io/rust-lang/crates-build-env/linux@sha256:77db811e55d90add9212f6832c23229e3de5f1c1f9905e8cb07319ea15df73ac" "sleep" "infinity", kill_on_drop: false }`
[INFO] [stdout] 572b30001b87cd685a4e7f164af1e0214a6653da51eefa4cbc5daf9412d2195c
[INFO] running `Command { std: "docker" "start" "572b30001b87cd685a4e7f164af1e0214a6653da51eefa4cbc5daf9412d2195c", kill_on_drop: false }`
[INFO] running `Command { std: "docker" "inspect" "572b30001b87cd685a4e7f164af1e0214a6653da51eefa4cbc5daf9412d2195c", kill_on_drop: false }`
[INFO] running `Command { std: "docker" "exec" "-e" "SOURCE_DIR=/opt/rustwide/workdir" "-e" "CARGO_HOME=/opt/rustwide/cargo-home" "-e" "RUSTUP_HOME=/opt/rustwide/rustup-home" "-e" "CARGO_TARGET_DIR=/opt/rustwide/target" "-w" "/opt/rustwide/workdir" "--user" "0:0" "572b30001b87cd685a4e7f164af1e0214a6653da51eefa4cbc5daf9412d2195c" "/opt/rustwide/cargo-home/bin/cargo" "+1.100.0-beta.1" "metadata" "--no-deps" "--format-version=1", kill_on_drop: false }`
[INFO] running `Command { std: "docker" "inspect" "572b30001b87cd685a4e7f164af1e0214a6653da51eefa4cbc5daf9412d2195c", kill_on_drop: false }`
[INFO] running `Command { std: "docker" "exec" "-e" "SOURCE_DIR=/opt/rustwide/workdir" "-e" "CARGO_HOME=/opt/rustwide/cargo-home" "-e" "RUSTUP_HOME=/opt/rustwide/rustup-home" "-e" "CARGO_TARGET_DIR=/opt/rustwide/target" "-e" "CARGO_INCREMENTAL=0" "-e" "RUST_BACKTRACE=full" "-e" "RUSTFLAGS=--cap-lints=warn" "-e" "RUSTDOCFLAGS=--cap-lints=warn" "-w" "/opt/rustwide/workdir" "--user" "0:0" "572b30001b87cd685a4e7f164af1e0214a6653da51eefa4cbc5daf9412d2195c" "/opt/rustwide/cargo-home/bin/cargo" "+1.100.0-beta.1" "build" "--frozen" "--message-format=json" "--release", kill_on_drop: false }`
[INFO] [stderr]    Compiling num-traits v0.2.19
[INFO] [stderr]    Compiling syn v2.0.118
[INFO] [stderr]    Compiling robust v1.2.0
[INFO] [stderr]    Compiling rayon v1.12.0
[INFO] [stderr]    Compiling aho-corasick v1.1.4
[INFO] [stderr]    Compiling rustix v1.1.4
[INFO] [stderr]    Compiling i_float v1.16.0
[INFO] [stderr]    Compiling bitflags v2.13.0
[INFO] [stderr]    Compiling i_shape v1.18.0
[INFO] [stderr]    Compiling link-section v0.18.3
[INFO] [stderr]    Compiling allocative v0.3.6
[INFO] [stderr]    Compiling serde_json v1.0.150
[INFO] [stderr]    Compiling linktime-proc-macro v0.2.0
[INFO] [stderr]    Compiling i_tree v0.18.0
[INFO] [stderr]    Compiling spade v2.15.1
[INFO] [stderr]    Compiling approx v0.5.1
[INFO] [stderr]    Compiling earcut v0.4.5
[INFO] [stderr]    Compiling rand v0.10.1
[INFO] [stderr]    Compiling regex-automata v0.4.14
[INFO] [stderr]    Compiling ctor v1.0.7
[INFO] [stderr]    Compiling terminal_size v0.4.4
[INFO] [stderr]    Compiling rand_pcg v0.10.2
[INFO] [stderr]    Compiling geographiclib-rs v0.2.7
[INFO] [stderr]    Compiling csv-core v0.1.13
[INFO] [stderr]    Compiling sif-itree v0.4.1
[INFO] [stderr]    Compiling jiff v0.2.29
[INFO] [stderr]    Compiling float_next_after v2.0.0
[INFO] [stderr]    Compiling csv v1.4.0
[INFO] [stderr]    Compiling uom v0.38.0
[INFO] [stderr]    Compiling i_key_sort v0.10.3
[INFO] [stderr]    Compiling kdam v0.6.4
[INFO] [stderr]    Compiling i_overlay v4.5.2
[INFO] [stderr]    Compiling regex v1.12.4
[INFO] [stderr]    Compiling serde_derive v1.0.228
[INFO] [stderr]    Compiling thiserror-impl v1.0.69
[INFO] [stderr]    Compiling num_enum_derive v0.7.6
[INFO] [stderr]    Compiling thiserror-impl v2.0.18
[INFO] [stderr]    Compiling num_enum v0.7.6
[INFO] [stderr]    Compiling derive_more-impl v2.1.1
[INFO] [stderr]    Compiling thiserror v1.0.69
[INFO] [stderr]    Compiling allocative_derive v0.3.6
[INFO] [stderr]    Compiling env_filter v1.0.1
[INFO] [stderr]    Compiling serde v1.0.228
[INFO] [stderr]    Compiling env_logger v0.11.10
[INFO] [stderr]    Compiling rstar v0.12.2
[INFO] [stderr]    Compiling ordered-float v5.3.0
[INFO] [stderr]    Compiling thiserror v2.0.18
[INFO] [stderr]    Compiling priority-queue v2.7.0
[INFO] [stderr]    Compiling itertools v0.14.0
[INFO] [stderr]    Compiling topological-sort v0.2.2
[INFO] [stderr]    Compiling geo-types v0.7.19
[INFO] [stderr]    Compiling geo-traits v0.3.0
[INFO] [stderr]    Compiling wkt v0.14.0
[INFO] [stderr]    Compiling derive_more v2.1.1
[INFO] [stderr]    Compiling wkb v0.9.2
[INFO] [stderr]    Compiling geo v0.33.1
[INFO] [stderr]    Compiling routee-compass-core v0.19.5 (/opt/rustwide/workdir)
[INFO] [stderr] warning: unused dependency `env_logger`
[INFO] [stderr]   --> Cargo.toml:14:15
[INFO] [stderr]    |
[INFO] [stderr] 14 | [dependencies.env_logger]
[INFO] [stderr]    |               ^^^^^^^^^^^
[INFO] [stderr]    |
[INFO] [stderr]    = note: `cargo::unused_dependencies` is set to `warn` by default
[INFO] [stderr] help: consider removing the dependency on `env_logger`
[INFO] [stderr] warning: `routee-compass-core` (manifest) generated 1 warning
[INFO] [stderr]     Finished `release` profile [optimized] target(s) in 2m 37s
[INFO] running `Command { std: "docker" "inspect" "572b30001b87cd685a4e7f164af1e0214a6653da51eefa4cbc5daf9412d2195c", kill_on_drop: false }`
[INFO] running `Command { std: "docker" "exec" "-e" "SOURCE_DIR=/opt/rustwide/workdir" "-e" "CARGO_HOME=/opt/rustwide/cargo-home" "-e" "RUSTUP_HOME=/opt/rustwide/rustup-home" "-e" "CARGO_TARGET_DIR=/opt/rustwide/target" "-e" "CARGO_INCREMENTAL=0" "-e" "RUST_BACKTRACE=full" "-e" "RUSTFLAGS=--cap-lints=warn" "-e" "RUSTDOCFLAGS=--cap-lints=warn" "-w" "/opt/rustwide/workdir" "--user" "0:0" "572b30001b87cd685a4e7f164af1e0214a6653da51eefa4cbc5daf9412d2195c" "/opt/rustwide/cargo-home/bin/cargo" "+1.100.0-beta.1" "test" "--frozen" "--no-run" "--message-format=json" "--release", kill_on_drop: false }`
[INFO] [stderr]    Compiling rustix v1.1.4
[INFO] [stderr]    Compiling libc v0.2.186
[INFO] [stderr]    Compiling getrandom v0.4.3
[INFO] [stderr]    Compiling terminal_size v0.4.4
[INFO] [stderr]    Compiling tempfile v3.27.0
[INFO] [stderr]    Compiling kdam v0.6.4
[INFO] [stderr]    Compiling routee-compass-core v0.19.5 (/opt/rustwide/workdir)
[INFO] [stderr] warning: unused dependency `env_logger`
[INFO] [stderr]   --> Cargo.toml:14:15
[INFO] [stderr]    |
[INFO] [stderr] 14 | [dependencies.env_logger]
[INFO] [stderr]    |               ^^^^^^^^^^^
[INFO] [stderr]    |
[INFO] [stderr]    = note: `cargo::unused_dependencies` is set to `warn` by default
[INFO] [stderr] help: consider removing the dependency on `env_logger`
[INFO] [stderr] help: to still use for development builds, move to `dev-dependencies`
[INFO] [stderr] warning: `routee-compass-core` (manifest) generated 1 warning
[INFO] [stderr]     Finished `release` profile [optimized] target(s) in 1m 16s
[INFO] running `Command { std: "docker" "inspect" "572b30001b87cd685a4e7f164af1e0214a6653da51eefa4cbc5daf9412d2195c", kill_on_drop: false }`
[INFO] running `Command { std: "docker" "exec" "-e" "SOURCE_DIR=/opt/rustwide/workdir" "-e" "CARGO_HOME=/opt/rustwide/cargo-home" "-e" "RUSTUP_HOME=/opt/rustwide/rustup-home" "-e" "CARGO_TARGET_DIR=/opt/rustwide/target" "-e" "CARGO_INCREMENTAL=0" "-e" "RUST_BACKTRACE=full" "-e" "RUSTFLAGS=--cap-lints=warn" "-e" "RUSTDOCFLAGS=--cap-lints=warn" "-w" "/opt/rustwide/workdir" "--user" "0:0" "572b30001b87cd685a4e7f164af1e0214a6653da51eefa4cbc5daf9412d2195c" "/opt/rustwide/cargo-home/bin/cargo" "+1.100.0-beta.1" "test" "--frozen" "--release", kill_on_drop: false }`
[INFO] [stderr] warning: unused dependency `env_logger`
[INFO] [stderr]   --> Cargo.toml:14:15
[INFO] [stderr]    |
[INFO] [stderr] 14 | [dependencies.env_logger]
[INFO] [stderr]    |               ^^^^^^^^^^^
[INFO] [stderr]    |
[INFO] [stderr]    = note: `cargo::unused_dependencies` is set to `warn` by default
[INFO] [stderr] help: consider removing the dependency on `env_logger`
[INFO] [stderr] help: to still use for development builds, move to `dev-dependencies`
[INFO] [stderr] warning: `routee-compass-core` (manifest) generated 1 warning
[INFO] [stderr]     Finished `release` profile [optimized] target(s) in 0.18s
[INFO] [stderr]      Running unittests src/lib.rs (/opt/rustwide/target/release/build/routee-compass-core/dc75a53d5a02e30b/out/routee_compass_core-dc75a53d5a02e30b)
[INFO] [stdout] 
[INFO] [stdout] running 142 tests
[INFO] [stdout] test algorithm::map_matching::map_matching_trace::tests::test_empty_trace ... ok
[INFO] [stdout] test algorithm::map_matching::map_matching_trace::tests::test_trace_creation ... ok
[INFO] [stdout] test algorithm::map_matching::model::lcss::trajectory_segment::compress_tests::test_compress_all_consecutive ... ok
[INFO] [stdout] test algorithm::map_matching::model::lcss::trajectory_segment::compress_tests::test_compress_empty ... ok
[INFO] [stdout] test algorithm::map_matching::model::lcss::trajectory_segment::compress_tests::test_compress_groups ... ok
[INFO] [stdout] test algorithm::map_matching::model::lcss::trajectory_segment::compress_tests::test_compress_mixed ... ok
[INFO] [stdout] test algorithm::map_matching::model::lcss::trajectory_segment::compress_tests::test_compress_no_consecutive ... ok
[INFO] [stdout] test algorithm::map_matching::model::lcss::trajectory_segment::compress_tests::test_compress_single ... ok
[INFO] [stdout] test algorithm::search::a_star::a_star_algorithm::tests::test_astar_graph ... ok
[INFO] [stdout] test algorithm::search::a_star::frontier_instance::tests::test_pop_new_empty_queue ... ok
[INFO] [stdout] test algorithm::search::a_star::frontier_instance::tests::test_pop_new_no_path_exists ... ok
[INFO] [stdout] test algorithm::search::a_star::frontier_instance::tests::test_pop_new_reaches_target ... ok
[INFO] [stdout] test algorithm::search::a_star::frontier_instance::tests::test_pop_new_returns_root_when_tree_empty ... ok
[INFO] [stdout] test algorithm::search::a_star::a_star_algorithm::tests::test_square_graph ... ok
[INFO] [stdout] test algorithm::map_matching::map_matching_result::tests::test_result_creation ... ok
[INFO] [stdout] test algorithm::search::search_tree::tests::test_auto_root_creation ... ok
[INFO] [stdout] test algorithm::search::search_tree::tests::test_auto_root_creation_chain ... ok
[INFO] [stdout] test algorithm::search::search_tree::tests::test_backtrack_forward_tree ... ok
[INFO] [stdout] test algorithm::search::search_tree::tests::test_backtrack_mixed_labels_bug ... ok
[INFO] [stdout] test algorithm::search::search_tree::tests::test_backtrack_nonexistent_vertex ... ok
[INFO] [stdout] test algorithm::search::search_tree::tests::test_backtrack_reverse_tree ... ok
[INFO] [stdout] test algorithm::search::search_tree::tests::test_backtrack_root_vertex ... ok
[INFO] [stdout] test algorithm::search::search_tree::tests::test_backtrack_with_depth_branching_tree ... ok
[INFO] [stdout] test algorithm::component::scc::tests::test_largest_strongly_connected_component ... ok
[INFO] [stdout] test algorithm::search::search_tree::tests::test_backtrack_with_depth_forward_tree_depth_one ... ok
[INFO] [stdout] test algorithm::search::search_tree::tests::test_backtrack_with_depth_forward_tree_full_path ... ok
[INFO] [stdout] test algorithm::search::search_tree::tests::test_backtrack_with_depth_forward_tree_limited_depth ... ok
[INFO] [stdout] test algorithm::search::search_tree::tests::test_backtrack_with_depth_exceeds_available_path ... ok
[INFO] [stdout] test algorithm::search::search_tree::tests::test_backtrack_with_depth_reverse_tree_full_path ... ok
[INFO] [stdout] test algorithm::search::search_tree::tests::test_insert_with_nonexistent_parent ... ok
[INFO] [stdout] test algorithm::search::search_tree::tests::test_backtrack_with_depth_from_root ... ok
[INFO] [stdout] test algorithm::search::search_tree::tests::test_backtrack_with_depth_nonexistent_vertex ... ok
[INFO] [stdout] test algorithm::search::search_tree::tests::test_insert_child_nodes ... ok
[INFO] [stdout] test algorithm::component::scc::tests::test_all_strongly_connected_components ... ok
[INFO] [stdout] test algorithm::search::search_tree::tests::test_insert_without_auto_root_when_parent_exists ... ok
[INFO] [stdout] test algorithm::search::search_tree::tests::test_backtrack_with_depth_reverse_tree_limited_depth ... ok
[INFO] [stdout] test algorithm::search::search_tree::tests::test_get_parent ... ok
[INFO] [stdout] test algorithm::search::search_tree::tests::test_reconstruct_path_cycle_detection ... ok
[INFO] [stdout] test algorithm::search::search_tree::tests::test_reconstruct_path_forward_orientation ... ok
[INFO] [stdout] test algorithm::search::search_tree::tests::test_reconstruct_path_reverse_orientation ... ok
[INFO] [stdout] test algorithm::search::search_tree::tests::test_reconstruct_path_nonexistent_label ... ok
[INFO] [stdout] test algorithm::search::search_tree::tests::test_iterators ... ok
[INFO] [stdout] test algorithm::search::search_tree::tests::test_new_empty_tree ... ok
[INFO] [stdout] test config::config_json_extension::test::test_input_files_array_validation ... ok
[INFO] [stdout] test config::config_json_extension::test::test_input_file_exists_relative_path ... ok
[INFO] [stdout] test config::config_json_extension::test::test_output_file_allows_nonexistent ... ok
[INFO] [stdout] test config::one_or_many::tests::test_deserialize_empty_array ... ok
[INFO] [stdout] test config::one_or_many::tests::test_deserialize_many ... ok
[INFO] [stdout] test algorithm::search::tree_storage::tests::test_heterogeneous_label_types_rejected ... ok
[INFO] [stdout] test algorithm::search::tree_storage::tests::test_stateful_storage ... ok
[INFO] [stdout] test config::one_or_many::tests::test_deserialize_many_single_element ... ok
[INFO] [stdout] test algorithm::search::tree_storage::tests::test_vertex_only_storage ... ok
[INFO] [stdout] test config::one_or_many::tests::test_deserialize_one ... ok
[INFO] [stdout] test config::one_or_many::tests::test_error_missing_field_in_many_element ... ok
[INFO] [stdout] test config::one_or_many::tests::test_error_missing_field_in_one ... ok
[INFO] [stdout] test config::config_json_extension::test::test_input_file_validation ... ok
[INFO] [stdout] test config::one_or_many::tests::test_into_vec_one ... ok
[INFO] [stdout] test config::one_or_many::tests::test_serialize_many_roundtrip ... ok
[INFO] [stdout] test config::one_or_many::tests::test_serialize_one_roundtrip ... ok
[INFO] [stdout] test model::constraint::default::road_class::road_class_model::test::test_edge_matches_one_of_multiple_valid_classes ... ok
[INFO] [stdout] test model::constraint::default::road_class::road_class_model::test::test_edge_with_different_valid_class_is_rejected ... ok
[INFO] [stdout] test model::constraint::default::road_class::road_class_model::test::test_invalid_boolean_class ... ok
[INFO] [stdout] test model::constraint::default::road_class::road_class_model::test::test_invalid_class ... ok
[INFO] [stdout] test model::constraint::default::road_class::road_class_model::test::test_invalid_numeric_class ... ok
[INFO] [stdout] test config::one_or_many::tests::test_push_on_empty_becomes_one ... ok
[INFO] [stdout] test config::one_or_many::tests::test_push_on_one_promotes_to_many ... ok
[INFO] [stdout] test model::constraint::default::road_class::road_class_model::test::test_edge_rejected_when_not_in_multiple_valid_classes ... ok
[INFO] [stdout] test model::constraint::default::road_class::road_class_model::test::test_no_road_classes ... ok
[INFO] [stdout] test model::constraint::default::road_class::road_class_model::test::test_one_of_valid_classes ... ok
[INFO] [stdout] test model::constraint::default::road_class::road_class_model::test::test_valid_boolean_class ... ok
[INFO] [stdout] test model::constraint::default::road_class::road_class_model::test::test_valid_class ... ok
[INFO] [stdout] test model::constraint::default::road_class::road_class_model::test::test_valid_numeric_class ... ok
[INFO] [stdout] test config::one_or_many::tests::test_error_wrong_type_in_one ... ok
[INFO] [stdout] test model::constraint::default::vehicle_restrictions::vehicle_restriction_model::test::test_e2e_invalid_weight ... FAILED
[INFO] [stdout] test config::one_or_many::tests::test_into_vec_many ... ok
[INFO] [stdout] test model::constraint::default::vehicle_restrictions::vehicle_restriction_model::test::test_e2e_invalid_height ... FAILED
[INFO] [stdout] test config::one_or_many::tests::test_push_on_many_appends ... ok
[INFO] [stdout] test model::constraint::default::road_class::road_class_model::test::test_none_of_valid_classes ... ok
[INFO] [stdout] test model::constraint::default::vehicle_restrictions::vehicle_restriction_model::test::test_e2e_valid_weight_and_height ... FAILED
[INFO] [stdout] test model::cost::cost_aggregation::test::test_agg_sum_singleton ... ok
[INFO] [stdout] test model::cost::cost_model::test::test_accumulator_network_cost_delta ... ok
[INFO] [stdout] test model::cost::cost_model::test::test_accumulator_vs_non_accumulator_difference ... ok
[INFO] [stdout] test model::cost::cost_aggregation::test::test_agg_mul_empty ... ok
[INFO] [stdout] test model::cost::cost_aggregation::test::test_agg_mul_pair ... ok
[INFO] [stdout] test model::constraint::default::vehicle_restrictions::vehicle_restriction_model::test::test_e2e_unrestricted_parameter ... FAILED
[INFO] [stdout] test model::cost::cost_model::test::test_cost_model_new_invalid_weight_names ... ok
[INFO] [stdout] test model::cost::cost_aggregation::test::test_agg_sum_pair ... ok
[INFO] [stdout] test model::cost::cost_model::test::test_cost_model_new_valid_weights ... ok
[INFO] [stdout] test model::cost::cost_aggregation::test::test_agg_mul_singleton ... ok
[INFO] [stdout] test model::cost::cost_model::test::test_cost_model_new_zero_total_weight ... ok
[INFO] [stdout] test model::cost::cost_aggregation::test::test_agg_sum_empty ... ok
[INFO] [stdout] test model::cost::cost_model::test::test_traversal_cost_multiple_features_mixed ... ok
[INFO] [stdout] test model::cost::cost_model::test::test_traversal_cost_with_network_rates ... ok
[INFO] [stdout] test model::cost::cost_model::test::test_zero_weight_feature_has_no_objective_cost ... ok
[INFO] [stdout] test model::label::u8_state_vec::tests::test_empty_vec ... ok
[INFO] [stdout] test model::label::u8_state_vec::tests::test_eq_and_hash ... ok
[INFO] [stdout] test model::cost::cost_model::test::test_estimate_cost ... ok
[INFO] [stdout] test model::label::u8_state_vec::tests::test_get ... ok
[INFO] [stdout] test model::cost::cost_model::test::test_traversal_cost_accumulator_computes_delta ... ok
[INFO] [stdout] test model::cost::cost_model::test::test_traversal_cost_non_accumulator_uses_current_value ... ok
[INFO] [stdout] test model::label::label_enum::tests::test_e2e_display_trip ... ok
[INFO] [stdout] test model::label::u8_state_vec::tests::test_padding_exact_fit ... ok
[INFO] [stdout] test model::label::u8_state_vec::tests::test_max_size_limit ... ok
[INFO] [stdout] test model::label::u8_state_vec::tests::test_new_u8_state_aligned ... ok
[INFO] [stdout] test model::map::geometry_model::tests::test_geometry_deserialization ... FAILED
[INFO] [stdout] test model::map::spatial_index_ops::test::test_within_threshold_upper_corner ... ok
[INFO] [stdout] test model::map::spatial_index::test::test_vertex_oriented_e2e ... FAILED
[INFO] [stdout] test model::network::graph::tests::test_append_to_adjacency_multiple_edges_same_vertex ... ok
[INFO] [stdout] test model::network::graph::tests::test_append_to_adjacency_edge_overwrite ... ok
[INFO] [stdout] test model::network::graph::tests::test_append_to_adjacency_forward_invalid_vertex ... ok
[INFO] [stdout] test model::network::graph::tests::test_append_to_adjacency_reverse_invalid_vertex ... ok
[INFO] [stdout] test model::network::graph::tests::test_append_to_adjacency_forward_success ... ok
[INFO] [stdout] test model::termination::model::tests::test_combined_2_of_3 ... ok
[INFO] [stdout] test model::termination::model::tests::test_combined_3 ... ok
[INFO] [stdout] test model::label::u8_state_vec::tests::test_new_u8_state_valid ... ok
[INFO] [stdout] test model::map::spatial_index_ops::test::test_threshold_upper_corner ... ok
[INFO] [stdout] test model::termination::model::tests::test_deserialize_runtime_limit_from_string ... ok
[INFO] [stdout] test model::termination::model::tests::test_exceeds_runtime_limit ... ok
[INFO] [stdout] test model::termination::model::tests::test_iterations_limit ... ok
[INFO] [stdout] test model::termination::model::tests::test_solution_size_limit ... ok
[INFO] [stdout] test model::network::graph::tests::test_append_to_adjacency_reverse_success ... ok
[INFO] [stdout] test model::termination::model::tests::test_within_runtime_limit ... ok
[INFO] [stdout] test model::network::vertex::tests::test_deserialize_csv ... FAILED
[INFO] [stdout] test model::termination::model::tests::test_deserialize_runtime_limit_from_seconds ... ok
[INFO] [stdout] test model::termination::model::tests::test_memory_limit ... ok
[INFO] [stdout] test model::traversal::default::combined::combined_ops::test::test_default_model_setup ... ok
[INFO] [stdout] test model::traversal::default::combined::combined_ops::test::test_self_dependency ... ok
[INFO] [stdout] test algorithm::search::search_tree::tests::test_tree_with_root ... ok
[INFO] [stdout] test model::unit::energy_rate_unit::tests::test_mpg_from_str ... ok
[INFO] [stdout] test model::unit::internal_float::tests::test_visit ... ok
[INFO] [stdout] test util::duration_extension::tests::test_duration_hhmmss ... ok
[INFO] [stdout] test util::fs::read_utils::tests::test_read_raw_file ... FAILED
[INFO] [stdout] test util::fs::read_utils::tests::test_read_raw_file_gzip ... FAILED
[INFO] [stdout] test util::geo::coord::tests::test_visit ... ok
[INFO] [stdout] test util::geo::geo_io_utils::test::test_concat_linstrings ... ok
[INFO] [stdout] test util::multiset::test::test_multiset ... ok
[INFO] [stdout] test model::traversal::default::turn_delays::edge_heading::test::test_wrap_360 ... ok
[INFO] [stdout] test model::unit::energy_rate_unit::tests::test_gdpm_from_str ... ok
[INFO] [stdout] test model::unit::energy_rate_unit::tests::test_gpm_from_json ... ok
[INFO] [stdout] test model::traversal::default::speed::speed_traversal_model::tests::test_speed_limit_enforcement ... FAILED
[INFO] [stdout] test model::traversal::default::speed::speed_traversal_model::tests::test_speed_traversal ... FAILED
[INFO] [stdout] test model::traversal::default::turn_delays::edge_heading::test::test_simple ... ok
[INFO] [stdout] 
[INFO] [stdout] failures:
[INFO] [stdout] 
[INFO] [stdout] ---- model::constraint::default::vehicle_restrictions::vehicle_restriction_model::test::test_e2e_invalid_weight stdout ----
[INFO] [stdout] 
[INFO] [stdout] thread 'model::constraint::default::vehicle_restrictions::vehicle_restriction_model::test::test_e2e_invalid_weight' (1399) panicked at src/model/constraint/default/vehicle_restrictions/vehicle_restriction_model.rs:142:33:
[INFO] [stdout] test invariant failed, unable to load /opt/rustwide/workdir/src/model/constraint/default/vehicle_restrictions/test/overweight.json
[INFO] [stdout] stack backtrace:
[INFO] [stdout]    0:     0x630975cfa1e1 - <<std[617be2ca0a6fd877]::sys::backtrace::BacktraceLock>::print::DisplayBacktrace as core[a373ad73a504971]::fmt::Display>::fmt
[INFO] [stdout]    1:     0x630975d137da - core[a373ad73a504971]::fmt::write
[INFO] [stdout]    2:     0x630975cffecc - <alloc[2e1b2a31b91974c5]::vec::Vec<u8> as core[a373ad73a504971]::io::write::Write>::write_fmt
[INFO] [stdout]    3:     0x630975cd49a6 - std[617be2ca0a6fd877]::panicking::default_hook::{closure#0}
[INFO] [stdout]    4:     0x630975cf1a69 - std[617be2ca0a6fd877]::panicking::default_hook
[INFO] [stdout]    5:     0x630975ba7b40 - test[aada8e7e76ba119b]::test_main_inner::{closure#0}
[INFO] [stdout]    6:     0x630975cf1d92 - std[617be2ca0a6fd877]::panicking::panic_with_hook
[INFO] [stdout]    7:     0x630975cd4a52 - std[617be2ca0a6fd877]::panicking::panic_handler::{closure#0}
[INFO] [stdout]    8:     0x630975ccd439 - std[617be2ca0a6fd877]::sys::backtrace::__rust_end_short_backtrace::<std[617be2ca0a6fd877]::panicking::panic_handler::{closure#0}, !>
[INFO] [stdout]    9:     0x630975cd56dd - __rustc[ea4f61d10b84890b]::rust_begin_unwind
[INFO] [stdout]   10:     0x630975d13fbc - core[a373ad73a504971]::panicking::panic_fmt
[INFO] [stdout]   11:     0x630975b6c17c - routee_compass_core[c2098ea6df632d2]::model::constraint::default::vehicle_restrictions::vehicle_restriction_model::test::read_json_file::{closure#0}
[INFO] [stdout]   12:     0x630975b72491 - routee_compass_core[c2098ea6df632d2]::model::constraint::default::vehicle_restrictions::vehicle_restriction_model::test::build_model
[INFO] [stdout]   13:     0x630975b7405e - <routee_compass_core[c2098ea6df632d2]::model::constraint::default::vehicle_restrictions::vehicle_restriction_model::test::test_e2e_invalid_weight::{closure#0} as core[a373ad73a504971]::ops::function::FnOnce<()>>::call_once
[INFO] [stdout]   14:     0x630975b9af8b - test[aada8e7e76ba119b]::__rust_begin_short_backtrace::<core[a373ad73a504971]::result::Result<(), alloc[2e1b2a31b91974c5]::string::String>, fn() -> core[a373ad73a504971]::result::Result<(), alloc[2e1b2a31b91974c5]::string::String>>
[INFO] [stdout]   15:     0x630975ba8165 - test[aada8e7e76ba119b]::run_test::{closure#0}
[INFO] [stdout]   16:     0x630975ba1a54 - std[617be2ca0a6fd877]::sys::backtrace::__rust_begin_short_backtrace::<test[aada8e7e76ba119b]::run_test::{closure#1}, ()>
[INFO] [stdout]   17:     0x630975bab1f2 - <std[617be2ca0a6fd877]::thread::lifecycle::spawn_unchecked<test[aada8e7e76ba119b]::run_test::{closure#1}, ()>::{closure#1} as core[a373ad73a504971]::ops::function::FnOnce<()>>::call_once::{shim:vtable#0}
[INFO] [stdout]   18:     0x630975cf94ef - <std[617be2ca0a6fd877]::sys::thread::unix::Thread>::new::thread_start
[INFO] [stdout]   19:     0x7a4d985bddfa - <unknown>
[INFO] [stdout]   20:     0x7a4d986513d4 - clone
[INFO] [stdout]   21:                0x0 - <unknown>
[INFO] [stdout] 
[INFO] [stdout] ---- model::constraint::default::vehicle_restrictions::vehicle_restriction_model::test::test_e2e_invalid_height stdout ----
[INFO] [stdout] 
[INFO] [stdout] thread 'model::constraint::default::vehicle_restrictions::vehicle_restriction_model::test::test_e2e_invalid_height' (1398) panicked at src/model/constraint/default/vehicle_restrictions/vehicle_restriction_model.rs:142:33:
[INFO] [stdout] test invariant failed, unable to load /opt/rustwide/workdir/src/model/constraint/default/vehicle_restrictions/test/overheight.json
[INFO] [stdout] stack backtrace:
[INFO] [stdout]    0:     0x630975cfa1e1 - <<std[617be2ca0a6fd877]::sys::backtrace::BacktraceLock>::print::DisplayBacktrace as core[a373ad73a504971]::fmt::Display>::fmt
[INFO] [stdout]    1:     0x630975d137da - core[a373ad73a504971]::fmt::write
[INFO] [stdout]    2:     0x630975cffecc - <alloc[2e1b2a31b91974c5]::vec::Vec<u8> as core[a373ad73a504971]::io::write::Write>::write_fmt
[INFO] [stdout]    3:     0x630975cd49a6 - std[617be2ca0a6fd877]::panicking::default_hook::{closure#0}
[INFO] [stdout]    4:     0x630975cf1a69 - std[617be2ca0a6fd877]::panicking::default_hook
[INFO] [stdout]    5:     0x630975ba7b40 - test[aada8e7e76ba119b]::test_main_inner::{closure#0}
[INFO] [stdout]    6:     0x630975cf1d92 - std[617be2ca0a6fd877]::panicking::panic_with_hook
[INFO] [stdout]    7:     0x630975cd4a52 - std[617be2ca0a6fd877]::panicking::panic_handler::{closure#0}
[INFO] [stdout]    8:     0x630975ccd439 - std[617be2ca0a6fd877]::sys::backtrace::__rust_end_short_backtrace::<std[617be2ca0a6fd877]::panicking::panic_handler::{closure#0}, !>
[INFO] [stdout]    9:     0x630975cd56dd - __rustc[ea4f61d10b84890b]::rust_begin_unwind
[INFO] [stdout]   10:     0x630975d13fbc - core[a373ad73a504971]::panicking::panic_fmt
[INFO] [stdout]   11:     0x630975b6c17c - routee_compass_core[c2098ea6df632d2]::model::constraint::default::vehicle_restrictions::vehicle_restriction_model::test::read_json_file::{closure#0}
[INFO] [stdout]   12:     0x630975b72491 - routee_compass_core[c2098ea6df632d2]::model::constraint::default::vehicle_restrictions::vehicle_restriction_model::test::build_model
[INFO] [stdout]   13:     0x630975b73eee - <routee_compass_core[c2098ea6df632d2]::model::constraint::default::vehicle_restrictions::vehicle_restriction_model::test::test_e2e_invalid_height::{closure#0} as core[a373ad73a504971]::ops::function::FnOnce<()>>::call_once
[INFO] [stdout]   14:     0x630975b9af8b - test[aada8e7e76ba119b]::__rust_begin_short_backtrace::<core[a373ad73a504971]::result::Result<(), alloc[2e1b2a31b91974c5]::string::String>, fn() -> core[a373ad73a504971]::result::Result<(), alloc[2e1b2a31b91974c5]::string::String>>
[INFO] [stdout]   15:     0x630975ba8165 - test[aada8e7e76ba119b]::run_test::{closure#0}
[INFO] [stdout]   16:     0x630975ba1a54 - std[617be2ca0a6fd877]::sys::backtrace::__rust_begin_short_backtrace::<test[aada8e7e76ba119b]::run_test::{closure#1}, ()>
[INFO] [stdout]   17:     0x630975bab1f2 - <std[617be2ca0a6fd877]::thread::lifecycle::spawn_unchecked<test[aada8e7e76ba119b]::run_test::{closure#1}, ()>::{closure#1} as core[a373ad73a504971]::ops::function::FnOnce<()>>::call_once::{shim:vtable#0}
[INFO] [stdout]   18:     0x630975cf94ef - <std[617be2ca0a6fd877]::sys::thread::unix::Thread>::new::thread_start
[INFO] [stdout]   19:     0x7a4d985bddfa - <unknown>
[INFO] [stdout]   20:     0x7a4d986513d4 - clone
[INFO] [stdout]   21:                0x0 - <unknown>
[INFO] [stdout] 
[INFO] [stdout] ---- model::constraint::default::vehicle_restrictions::vehicle_restriction_model::test::test_e2e_valid_weight_and_height stdout ----
[INFO] [stdout] 
[INFO] [stdout] thread 'model::constraint::default::vehicle_restrictions::vehicle_restriction_model::test::test_e2e_valid_weight_and_height' (1401) panicked at src/model/constraint/default/vehicle_restrictions/vehicle_restriction_model.rs:142:33:
[INFO] [stdout] test invariant failed, unable to load /opt/rustwide/workdir/src/model/constraint/default/vehicle_restrictions/test/unrestricted.json
[INFO] [stdout] stack backtrace:
[INFO] [stdout]    0:     0x630975cfa1e1 - <<std[617be2ca0a6fd877]::sys::backtrace::BacktraceLock>::print::DisplayBacktrace as core[a373ad73a504971]::fmt::Display>::fmt
[INFO] [stdout]    1:     0x630975d137da - core[a373ad73a504971]::fmt::write
[INFO] [stdout]    2:     0x630975cffecc - <alloc[2e1b2a31b91974c5]::vec::Vec<u8> as core[a373ad73a504971]::io::write::Write>::write_fmt
[INFO] [stdout]    3:     0x630975cd49a6 - std[617be2ca0a6fd877]::panicking::default_hook::{closure#0}
[INFO] [stdout]    4:     0x630975cf1a69 - std[617be2ca0a6fd877]::panicking::default_hook
[INFO] [stdout]    5:     0x630975ba7b40 - test[aada8e7e76ba119b]::test_main_inner::{closure#0}
[INFO] [stdout]    6:     0x630975cf1d92 - std[617be2ca0a6fd877]::panicking::panic_with_hook
[INFO] [stdout]    7:     0x630975cd4a52 - std[617be2ca0a6fd877]::panicking::panic_handler::{closure#0}
[INFO] [stdout]    8:     0x630975ccd439 - std[617be2ca0a6fd877]::sys::backtrace::__rust_end_short_backtrace::<std[617be2ca0a6fd877]::panicking::panic_handler::{closure#0}, !>
[INFO] [stdout]    9:     0x630975cd56dd - __rustc[ea4f61d10b84890b]::rust_begin_unwind
[INFO] [stdout]   10:     0x630975d13fbc - core[a373ad73a504971]::panicking::panic_fmt
[INFO] [stdout]   11:     0x630975b6c17c - routee_compass_core[c2098ea6df632d2]::model::constraint::default::vehicle_restrictions::vehicle_restriction_model::test::read_json_file::{closure#0}
[INFO] [stdout]   12:     0x630975b72491 - routee_compass_core[c2098ea6df632d2]::model::constraint::default::vehicle_restrictions::vehicle_restriction_model::test::build_model
[INFO] [stdout]   13:     0x630975b7433e - <routee_compass_core[c2098ea6df632d2]::model::constraint::default::vehicle_restrictions::vehicle_restriction_model::test::test_e2e_valid_weight_and_height::{closure#0} as core[a373ad73a504971]::ops::function::FnOnce<()>>::call_once
[INFO] [stdout]   14:     0x630975b9af8b - test[aada8e7e76ba119b]::__rust_begin_short_backtrace::<core[a373ad73a504971]::result::Result<(), alloc[2e1b2a31b91974c5]::string::String>, fn() -> core[a373ad73a504971]::result::Result<(), alloc[2e1b2a31b91974c5]::string::String>>
[INFO] [stdout]   15:     0x630975ba8165 - test[aada8e7e76ba119b]::run_test::{closure#0}
[INFO] [stdout]   16:     0x630975ba1a54 - std[617be2ca0a6fd877]::sys::backtrace::__rust_begin_short_backtrace::<test[aada8e7e76ba119b]::run_test::{closure#1}, ()>
[INFO] [stdout]   17:     0x630975bab1f2 - <std[617be2ca0a6fd877]::thread::lifecycle::spawn_unchecked<test[aada8e7e76ba119b]::run_test::{closure#1}, ()>::{closure#1} as core[a373ad73a504971]::ops::function::FnOnce<()>>::call_once::{shim:vtable#0}
[INFO] [stdout]   18:     0x630975cf94ef - <std[617be2ca0a6fd877]::sys::thread::unix::Thread>::new::thread_start
[INFO] [stdout]   19:     0x7a4d985bddfa - <unknown>
[INFO] [stdout]   20:     0x7a4d986513d4 - clone
[INFO] [stdout]   21:                0x0 - <unknown>
[INFO] [stdout] 
[INFO] [stdout] ---- model::constraint::default::vehicle_restrictions::vehicle_restriction_model::test::test_e2e_unrestricted_parameter stdout ----
[INFO] [stdout] 
[INFO] [stdout] thread 'model::constraint::default::vehicle_restrictions::vehicle_restriction_model::test::test_e2e_unrestricted_parameter' (1400) panicked at src/model/constraint/default/vehicle_restrictions/vehicle_restriction_model.rs:142:33:
[INFO] [stdout] test invariant failed, unable to load /opt/rustwide/workdir/src/model/constraint/default/vehicle_restrictions/test/unknown_parameter.json
[INFO] [stdout] stack backtrace:
[INFO] [stdout]    0:     0x630975cfa1e1 - <<std[617be2ca0a6fd877]::sys::backtrace::BacktraceLock>::print::DisplayBacktrace as core[a373ad73a504971]::fmt::Display>::fmt
[INFO] [stdout]    1:     0x630975d137da - core[a373ad73a504971]::fmt::write
[INFO] [stdout]    2:     0x630975cffecc - <alloc[2e1b2a31b91974c5]::vec::Vec<u8> as core[a373ad73a504971]::io::write::Write>::write_fmt
[INFO] [stdout]    3:     0x630975cd49a6 - std[617be2ca0a6fd877]::panicking::default_hook::{closure#0}
[INFO] [stdout]    4:     0x630975cf1a69 - std[617be2ca0a6fd877]::panicking::default_hook
[INFO] [stdout]    5:     0x630975ba7b40 - test[aada8e7e76ba119b]::test_main_inner::{closure#0}
[INFO] [stdout]    6:     0x630975cf1d92 - std[617be2ca0a6fd877]::panicking::panic_with_hook
[INFO] [stdout]    7:     0x630975cd4a52 - std[617be2ca0a6fd877]::panicking::panic_handler::{closure#0}
[INFO] [stdout]    8:     0x630975ccd439 - std[617be2ca0a6fd877]::sys::backtrace::__rust_end_short_backtrace::<std[617be2ca0a6fd877]::panicking::panic_handler::{closure#0}, !>
[INFO] [stdout]    9:     0x630975cd56dd - __rustc[ea4f61d10b84890b]::rust_begin_unwind
[INFO] [stdout]   10:     0x630975d13fbc - core[a373ad73a504971]::panicking::panic_fmt
[INFO] [stdout]   11:     0x630975b6c17c - routee_compass_core[c2098ea6df632d2]::model::constraint::default::vehicle_restrictions::vehicle_restriction_model::test::read_json_file::{closure#0}
[INFO] [stdout]   12:     0x630975b72491 - routee_compass_core[c2098ea6df632d2]::model::constraint::default::vehicle_restrictions::vehicle_restriction_model::test::build_model
[INFO] [stdout]   13:     0x630975b741ce - <routee_compass_core[c2098ea6df632d2]::model::constraint::default::vehicle_restrictions::vehicle_restriction_model::test::test_e2e_unrestricted_parameter::{closure#0} as core[a373ad73a504971]::ops::function::FnOnce<()>>::call_once
[INFO] [stdout]   14:     0x630975b9af8b - test[aada8e7e76ba119b]::__rust_begin_short_backtrace::<core[a373ad73a504971]::result::Result<(), alloc[2e1b2a31b91974c5]::string::String>, fn() -> core[a373ad73a504971]::result::Result<(), alloc[2e1b2a31b91974c5]::string::String>>
[INFO] [stdout]   15:     0x630975ba8165 - test[aada8e7e76ba119b]::run_test::{closure#0}
[INFO] [stdout]   16:     0x630975ba1a54 - std[617be2ca0a6fd877]::sys::backtrace::__rust_begin_short_backtrace::<test[aada8e7e76ba119b]::run_test::{closure#1}, ()>
[INFO] [stdout]   17:     0x630975bab1f2 - <std[617be2ca0a6fd877]::thread::lifecycle::spawn_unchecked<test[aada8e7e76ba119b]::run_test::{closure#1}, ()>::{closure#1} as core[a373ad73a504971]::ops::function::FnOnce<()>>::call_once::{shim:vtable#0}
[INFO] [stdout]   18:     0x630975cf94ef - <std[617be2ca0a6fd877]::sys::thread::unix::Thread>::new::thread_start
[INFO] [stdout]   19:     0x7a4d985bddfa - <unknown>
[INFO] [stdout]   20:     0x7a4d986513d4 - clone
[INFO] [stdout]   21:                0x0 - <unknown>
[INFO] [stdout] 
[INFO] [stdout] ---- model::map::geometry_model::tests::test_geometry_deserialization stdout ----
[INFO] [stdout] 
[INFO] [stdout] thread 'model::map::geometry_model::tests::test_geometry_deserialization' (1427) panicked at src/model/map/geometry_model.rs:192:92:
[INFO] [stdout] called `Result::unwrap()` on an `Err` value: Os { code: 2, kind: NotFound, message: "No such file or directory" }
[INFO] [stdout] stack backtrace:
[INFO] [stdout]    0:     0x630975cfa1e1 - <<std[617be2ca0a6fd877]::sys::backtrace::BacktraceLock>::print::DisplayBacktrace as core[a373ad73a504971]::fmt::Display>::fmt
[INFO] [stdout]    1:     0x630975d137da - core[a373ad73a504971]::fmt::write
[INFO] [stdout]    2:     0x630975cffecc - <alloc[2e1b2a31b91974c5]::vec::Vec<u8> as core[a373ad73a504971]::io::write::Write>::write_fmt
[INFO] [stdout]    3:     0x630975cd49a6 - std[617be2ca0a6fd877]::panicking::default_hook::{closure#0}
[INFO] [stdout]    4:     0x630975cf1a69 - std[617be2ca0a6fd877]::panicking::default_hook
[INFO] [stdout]    5:     0x630975ba7b40 - test[aada8e7e76ba119b]::test_main_inner::{closure#0}
[INFO] [stdout]    6:     0x630975cf1d92 - std[617be2ca0a6fd877]::panicking::panic_with_hook
[INFO] [stdout]    7:     0x630975cd4a52 - std[617be2ca0a6fd877]::panicking::panic_handler::{closure#0}
[INFO] [stdout]    8:     0x630975ccd439 - std[617be2ca0a6fd877]::sys::backtrace::__rust_end_short_backtrace::<std[617be2ca0a6fd877]::panicking::panic_handler::{closure#0}, !>
[INFO] [stdout]    9:     0x630975cd56dd - __rustc[ea4f61d10b84890b]::rust_begin_unwind
[INFO] [stdout]   10:     0x630975d13fbc - core[a373ad73a504971]::panicking::panic_fmt
[INFO] [stdout]   11:     0x630975d13d92 - core[a373ad73a504971]::result::unwrap_failed
[INFO] [stdout]   12:     0x630975b09e61 - <routee_compass_core[c2098ea6df632d2]::model::map::geometry_model::tests::test_geometry_deserialization::{closure#0} as core[a373ad73a504971]::ops::function::FnOnce<()>>::call_once
[INFO] [stdout]   13:     0x630975b9af8b - test[aada8e7e76ba119b]::__rust_begin_short_backtrace::<core[a373ad73a504971]::result::Result<(), alloc[2e1b2a31b91974c5]::string::String>, fn() -> core[a373ad73a504971]::result::Result<(), alloc[2e1b2a31b91974c5]::string::String>>
[INFO] [stdout]   14:     0x630975ba8165 - test[aada8e7e76ba119b]::run_test::{closure#0}
[INFO] [stdout]   15:     0x630975ba1a54 - std[617be2ca0a6fd877]::sys::backtrace::__rust_begin_short_backtrace::<test[aada8e7e76ba119b]::run_test::{closure#1}, ()>
[INFO] [stdout]   16:     0x630975bab1f2 - <std[617be2ca0a6fd877]::thread::lifecycle::spawn_unchecked<test[aada8e7e76ba119b]::run_test::{closure#1}, ()>::{closure#1} as core[a373ad73a504971]::ops::function::FnOnce<()>>::call_once::{shim:vtable#0}
[INFO] [stdout]   17:     0x630975cf94ef - <std[617be2ca0a6fd877]::sys::thread::unix::Thread>::new::thread_start
[INFO] [stdout]   18:     0x7a4d985bddfa - <unknown>
[INFO] [stdout]   19:     0x7a4d986513d4 - clone
[INFO] [stdout]   20:                0x0 - <unknown>
[INFO] [stdout] 
[INFO] [stdout] ---- model::map::spatial_index::test::test_vertex_oriented_e2e stdout ----
[INFO] [stdout] 
[INFO] [stdout] thread 'model::map::spatial_index::test::test_vertex_oriented_e2e' (1428) panicked at src/model/map/spatial_index.rs:173:82:
[INFO] [stdout] called `Result::unwrap()` on an `Err` value: Error(Io(Os { code: 2, kind: NotFound, message: "No such file or directory" }))
[INFO] [stdout] stack backtrace:
[INFO] [stdout]    0:     0x630975cfa1e1 - <<std[617be2ca0a6fd877]::sys::backtrace::BacktraceLock>::print::DisplayBacktrace as core[a373ad73a504971]::fmt::Display>::fmt
[INFO] [stdout]    1:     0x630975d137da - core[a373ad73a504971]::fmt::write
[INFO] [stdout]    2:     0x630975cffecc - <alloc[2e1b2a31b91974c5]::vec::Vec<u8> as core[a373ad73a504971]::io::write::Write>::write_fmt
[INFO] [stdout]    3:     0x630975cd49a6 - std[617be2ca0a6fd877]::panicking::default_hook::{closure#0}
[INFO] [stdout]    4:     0x630975cf1a69 - std[617be2ca0a6fd877]::panicking::default_hook
[INFO] [stdout]    5:     0x630975ba7b40 - test[aada8e7e76ba119b]::test_main_inner::{closure#0}
[INFO] [stdout]    6:     0x630975cf1d92 - std[617be2ca0a6fd877]::panicking::panic_with_hook
[INFO] [stdout]    7:     0x630975cd4a52 - std[617be2ca0a6fd877]::panicking::panic_handler::{closure#0}
[INFO] [stdout]    8:     0x630975ccd439 - std[617be2ca0a6fd877]::sys::backtrace::__rust_end_short_backtrace::<std[617be2ca0a6fd877]::panicking::panic_handler::{closure#0}, !>
[INFO] [stdout]    9:     0x630975cd56dd - __rustc[ea4f61d10b84890b]::rust_begin_unwind
[INFO] [stdout]   10:     0x630975d13fbc - core[a373ad73a504971]::panicking::panic_fmt
[INFO] [stdout]   11:     0x630975d13d92 - core[a373ad73a504971]::result::unwrap_failed
[INFO] [stdout]   12:     0x630975b3fc23 - <routee_compass_core[c2098ea6df632d2]::model::map::spatial_index::test::test_vertex_oriented_e2e::{closure#0} as core[a373ad73a504971]::ops::function::FnOnce<()>>::call_once
[INFO] [stdout]   13:     0x630975b9af8b - test[aada8e7e76ba119b]::__rust_begin_short_backtrace::<core[a373ad73a504971]::result::Result<(), alloc[2e1b2a31b91974c5]::string::String>, fn() -> core[a373ad73a504971]::result::Result<(), alloc[2e1b2a31b91974c5]::string::String>>
[INFO] [stdout]   14:     0x630975ba8165 - test[aada8e7e76ba119b]::run_test::{closure#0}
[INFO] [stdout]   15:     0x630975ba1a54 - std[617be2ca0a6fd877]::sys::backtrace::__rust_begin_short_backtrace::<test[aada8e7e76ba119b]::run_test::{closure#1}, ()>
[INFO] [stdout]   16:     0x630975bab1f2 - <std[617be2ca0a6fd877]::thread::lifecycle::spawn_unchecked<test[aada8e7e76ba119b]::run_test::{closure#1}, ()>::{closure#1} as core[a373ad73a504971]::ops::function::FnOnce<()>>::call_once::{shim:vtable#0}
[INFO] [stdout]   17:     0x630975cf94ef - <std[617be2ca0a6fd877]::sys::thread::unix::Thread>::new::thread_start
[INFO] [stdout]   18:     0x7a4d985bddfa - <unknown>
[INFO] [stdout]   19:     0x7a4d986513d4 - clone
[INFO] [stdout]   20:                0x0 - <unknown>
[INFO] [stdout] 
[INFO] [stdout] ---- model::network::vertex::tests::test_deserialize_csv stdout ----
[INFO] [stdout] 
[INFO] [stdout] thread 'model::network::vertex::tests::test_deserialize_csv' (1437) panicked at src/model/network/vertex.rs:180:59:
[INFO] [stdout] called `Result::unwrap()` on an `Err` value: Error(Io(Os { code: 2, kind: NotFound, message: "No such file or directory" }))
[INFO] [stdout] stack backtrace:
[INFO] [stdout]    0:     0x630975cfa1e1 - <<std[617be2ca0a6fd877]::sys::backtrace::BacktraceLock>::print::DisplayBacktrace as core[a373ad73a504971]::fmt::Display>::fmt
[INFO] [stdout]    1:     0x630975d137da - core[a373ad73a504971]::fmt::write
[INFO] [stdout]    2:     0x630975cffecc - <alloc[2e1b2a31b91974c5]::vec::Vec<u8> as core[a373ad73a504971]::io::write::Write>::write_fmt
[INFO] [stdout]    3:     0x630975cd49a6 - std[617be2ca0a6fd877]::panicking::default_hook::{closure#0}
[INFO] [stdout]    4:     0x630975cf1a69 - std[617be2ca0a6fd877]::panicking::default_hook
[INFO] [stdout]    5:     0x630975ba7b40 - test[aada8e7e76ba119b]::test_main_inner::{closure#0}
[INFO] [stdout]    6:     0x630975cf1d92 - std[617be2ca0a6fd877]::panicking::panic_with_hook
[INFO] [stdout]    7:     0x630975cd4a52 - std[617be2ca0a6fd877]::panicking::panic_handler::{closure#0}
[INFO] [stdout]    8:     0x630975ccd439 - std[617be2ca0a6fd877]::sys::backtrace::__rust_end_short_backtrace::<std[617be2ca0a6fd877]::panicking::panic_handler::{closure#0}, !>
[INFO] [stdout]    9:     0x630975cd56dd - __rustc[ea4f61d10b84890b]::rust_begin_unwind
[INFO] [stdout]   10:     0x630975d13fbc - core[a373ad73a504971]::panicking::panic_fmt
[INFO] [stdout]   11:     0x630975d13d92 - core[a373ad73a504971]::result::unwrap_failed
[INFO] [stdout]   12:     0x630975b2800c - <routee_compass_core[c2098ea6df632d2]::model::network::vertex::tests::test_deserialize_csv::{closure#0} as core[a373ad73a504971]::ops::function::FnOnce<()>>::call_once
[INFO] [stdout]   13:     0x630975b9af8b - test[aada8e7e76ba119b]::__rust_begin_short_backtrace::<core[a373ad73a504971]::result::Result<(), alloc[2e1b2a31b91974c5]::string::String>, fn() -> core[a373ad73a504971]::result::Result<(), alloc[2e1b2a31b91974c5]::string::String>>
[INFO] [stdout]   14:     0x630975ba8165 - test[aada8e7e76ba119b]::run_test::{closure#0}
[INFO] [stdout]   15:     0x630975ba1a54 - std[617be2ca0a6fd877]::sys::backtrace::__rust_begin_short_backtrace::<test[aada8e7e76ba119b]::run_test::{closure#1}, ()>
[INFO] [stdout]   16:     0x630975bab1f2 - <std[617be2ca0a6fd877]::thread::lifecycle::spawn_unchecked<test[aada8e7e76ba119b]::run_test::{closure#1}, ()>::{closure#1} as core[a373ad73a504971]::ops::function::FnOnce<()>>::call_once::{shim:vtable#0}
[INFO] [stdout]   17:     0x630975cf94ef - <std[617be2ca0a6fd877]::sys::thread::unix::Thread>::new::thread_start
[INFO] [stdout]   18:     0x7a4d985bddfa - <unknown>
[INFO] [stdout]   19:     0x7a4d986513d4 - clone
[INFO] [stdout]   20:                0x0 - <unknown>
[INFO] [stdout] 
[INFO] [stdout] ---- util::fs::read_utils::tests::test_read_raw_file stdout ----
[INFO] [stdout] loading file "/opt/rustwide/workdir/src/util/fs/test/test.txt"
[INFO] [stdout] 
[INFO] [stdout] thread 'util::fs::read_utils::tests::test_read_raw_file' (1458) panicked at src/util/fs/read_utils.rs:215:63:
[INFO] [stdout] called `Result::unwrap()` on an `Err` value: Os { code: 2, kind: NotFound, message: "No such file or directory" }
[INFO] [stdout] stack backtrace:
[INFO] [stdout]    0:     0x630975cfa1e1 - <<std[617be2ca0a6fd877]::sys::backtrace::BacktraceLock>::print::DisplayBacktrace as core[a373ad73a504971]::fmt::Display>::fmt
[INFO] [stdout]    1:     0x630975d137da - core[a373ad73a504971]::fmt::write
[INFO] [stdout]    2:     0x630975cffecc - <alloc[2e1b2a31b91974c5]::vec::Vec<u8> as core[a373ad73a504971]::io::write::Write>::write_fmt
[INFO] [stdout]    3:     0x630975cd49a6 - std[617be2ca0a6fd877]::panicking::default_hook::{closure#0}
[INFO] [stdout]    4:     0x630975cf1a69 - std[617be2ca0a6fd877]::panicking::default_hook
[INFO] [stdout]    5:     0x630975ba7b40 - test[aada8e7e76ba119b]::test_main_inner::{closure#0}
[INFO] [stdout]    6:     0x630975cf1d92 - std[617be2ca0a6fd877]::panicking::panic_with_hook
[INFO] [stdout]    7:     0x630975cd4a52 - std[617be2ca0a6fd877]::panicking::panic_handler::{closure#0}
[INFO] [stdout]    8:     0x630975ccd439 - std[617be2ca0a6fd877]::sys::backtrace::__rust_end_short_backtrace::<std[617be2ca0a6fd877]::panicking::panic_handler::{closure#0}, !>
[INFO] [stdout]    9:     0x630975cd56dd - __rustc[ea4f61d10b84890b]::rust_begin_unwind
[INFO] [stdout]   10:     0x630975d13fbc - core[a373ad73a504971]::panicking::panic_fmt
[INFO] [stdout]   11:     0x630975d13d92 - core[a373ad73a504971]::result::unwrap_failed
[INFO] [stdout]   12:     0x630975af40ec - <routee_compass_core[c2098ea6df632d2]::util::fs::read_utils::tests::test_read_raw_file::{closure#0} as core[a373ad73a504971]::ops::function::FnOnce<()>>::call_once
[INFO] [stdout]   13:     0x630975b9af8b - test[aada8e7e76ba119b]::__rust_begin_short_backtrace::<core[a373ad73a504971]::result::Result<(), alloc[2e1b2a31b91974c5]::string::String>, fn() -> core[a373ad73a504971]::result::Result<(), alloc[2e1b2a31b91974c5]::string::String>>
[INFO] [stdout]   14:     0x630975ba8165 - test[aada8e7e76ba119b]::run_test::{closure#0}
[INFO] [stdout]   15:     0x630975ba1a54 - std[617be2ca0a6fd877]::sys::backtrace::__rust_begin_short_backtrace::<test[aada8e7e76ba119b]::run_test::{closure#1}, ()>
[INFO] [stdout]   16:     0x630975bab1f2 - <std[617be2ca0a6fd877]::thread::lifecycle::spawn_unchecked<test[aada8e7e76ba119b]::run_test::{closure#1}, ()>::{closure#1} as core[a373ad73a504971]::ops::function::FnOnce<()>>::call_once::{shim:vtable#0}
[INFO] [stdout]   17:     0x630975cf94ef - <std[617be2ca0a6fd877]::sys::thread::unix::Thread>::new::thread_start
[INFO] [stdout]   18:     0x7a4d985bddfa - <unknown>
[INFO] [stdout]   19:     0x7a4d986513d4 - clone
[INFO] [stdout]   20:                0x0 - <unknown>
[INFO] [stdout] 
[INFO] [stdout] ---- util::fs::read_utils::tests::test_read_raw_file_gzip stdout ----
[INFO] [stdout] loading file "/opt/rustwide/workdir/src/util/fs/test/test.txt.gz"
[INFO] [stdout] 
[INFO] [stdout] thread 'util::fs::read_utils::tests::test_read_raw_file_gzip' (1459) panicked at src/util/fs/read_utils.rs:240:63:
[INFO] [stdout] called `Result::unwrap()` on an `Err` value: Os { code: 2, kind: NotFound, message: "No such file or directory" }
[INFO] [stdout] stack backtrace:
[INFO] [stdout]    0:     0x630975cfa1e1 - <<std[617be2ca0a6fd877]::sys::backtrace::BacktraceLock>::print::DisplayBacktrace as core[a373ad73a504971]::fmt::Display>::fmt
[INFO] [stdout]    1:     0x630975d137da - core[a373ad73a504971]::fmt::write
[INFO] [stdout]    2:     0x630975cffecc - <alloc[2e1b2a31b91974c5]::vec::Vec<u8> as core[a373ad73a504971]::io::write::Write>::write_fmt
[INFO] [stdout]    3:     0x630975cd49a6 - std[617be2ca0a6fd877]::panicking::default_hook::{closure#0}
[INFO] [stdout]    4:     0x630975cf1a69 - std[617be2ca0a6fd877]::panicking::default_hook
[INFO] [stdout]    5:     0x630975ba7b40 - test[aada8e7e76ba119b]::test_main_inner::{closure#0}
[INFO] [stdout]    6:     0x630975cf1d92 - std[617be2ca0a6fd877]::panicking::panic_with_hook
[INFO] [stdout]    7:     0x630975cd4a52 - std[617be2ca0a6fd877]::panicking::panic_handler::{closure#0}
[INFO] [stdout]    8:     0x630975ccd439 - std[617be2ca0a6fd877]::sys::backtrace::__rust_end_short_backtrace::<std[617be2ca0a6fd877]::panicking::panic_handler::{closure#0}, !>
[INFO] [stdout]    9:     0x630975cd56dd - __rustc[ea4f61d10b84890b]::rust_begin_unwind
[INFO] [stdout]   10:     0x630975d13fbc - core[a373ad73a504971]::panicking::panic_fmt
[INFO] [stdout]   11:     0x630975d13d92 - core[a373ad73a504971]::result::unwrap_failed
[INFO] [stdout]   12:     0x630975af47dc - <routee_compass_core[c2098ea6df632d2]::util::fs::read_utils::tests::test_read_raw_file_gzip::{closure#0} as core[a373ad73a504971]::ops::function::FnOnce<()>>::call_once
[INFO] [stdout]   13:     0x630975b9af8b - test[aada8e7e76ba119b]::__rust_begin_short_backtrace::<core[a373ad73a504971]::result::Result<(), alloc[2e1b2a31b91974c5]::string::String>, fn() -> core[a373ad73a504971]::result::Result<(), alloc[2e1b2a31b91974c5]::string::String>>
[INFO] [stdout]   14:     0x630975ba8165 - test[aada8e7e76ba119b]::run_test::{closure#0}
[INFO] [stdout]   15:     0x630975ba1a54 - std[617be2ca0a6fd877]::sys::backtrace::__rust_begin_short_backtrace::<test[aada8e7e76ba119b]::run_test::{closure#1}, ()>
[INFO] [stdout]   16:     0x630975bab1f2 - <std[617be2ca0a6fd877]::thread::lifecycle::spawn_unchecked<test[aada8e7e76ba119b]::run_test::{closure#1}, ()>::{closure#1} as core[a373ad73a504971]::ops::function::FnOnce<()>>::call_once::{shim:vtable#0}
[INFO] [stdout]   17:     0x630975cf94ef - <std[617be2ca0a6fd877]::sys::thread::unix::Thread>::new::thread_start
[INFO] [stdout]   18:     0x7a4d985bddfa - <unknown>
[INFO] [stdout]   19:     0x7a4d986513d4 - clone
[INFO] [stdout]   20:                0x0 - <unknown>
[INFO] [stdout] 
[INFO] [stdout] ---- model::traversal::default::speed::speed_traversal_model::tests::test_speed_limit_enforcement stdout ----
[INFO] [stdout] 
[INFO] [stdout] thread 'model::traversal::default::speed::speed_traversal_model::tests::test_speed_limit_enforcement' (1449) panicked at src/model/traversal/default/speed/speed_traversal_model.rs:210:62:
[INFO] [stdout] test invariant failed: BuildError("cannot read /opt/rustwide/workdir/src/model/traversal/default/test/velocities.txt due to No such file or directory (os error 2)")
[INFO] [stdout] stack backtrace:
[INFO] [stdout]    0:     0x630975cfa1e1 - <<std[617be2ca0a6fd877]::sys::backtrace::BacktraceLock>::print::DisplayBacktrace as core[a373ad73a504971]::fmt::Display>::fmt
[INFO] [stdout]    1:     0x630975d137da - core[a373ad73a504971]::fmt::write
[INFO] [stdout]    2:     0x630975cffecc - <alloc[2e1b2a31b91974c5]::vec::Vec<u8> as core[a373ad73a504971]::io::write::Write>::write_fmt
[INFO] [stdout]    3:     0x630975cd49a6 - std[617be2ca0a6fd877]::panicking::default_hook::{closure#0}
[INFO] [stdout]    4:     0x630975cf1a69 - std[617be2ca0a6fd877]::panicking::default_hook
[INFO] [stdout]    5:     0x630975ba7b40 - test[aada8e7e76ba119b]::test_main_inner::{closure#0}
[INFO] [stdout]    6:     0x630975cf1d92 - std[617be2ca0a6fd877]::panicking::panic_with_hook
[INFO] [stdout]    7:     0x630975cd4a52 - std[617be2ca0a6fd877]::panicking::panic_handler::{closure#0}
[INFO] [stdout]    8:     0x630975ccd439 - std[617be2ca0a6fd877]::sys::backtrace::__rust_end_short_backtrace::<std[617be2ca0a6fd877]::panicking::panic_handler::{closure#0}, !>
[INFO] [stdout]    9:     0x630975cd56dd - __rustc[ea4f61d10b84890b]::rust_begin_unwind
[INFO] [stdout]   10:     0x630975d13fbc - core[a373ad73a504971]::panicking::panic_fmt
[INFO] [stdout]   11:     0x630975d13d92 - core[a373ad73a504971]::result::unwrap_failed
[INFO] [stdout]   12:     0x630975afd24b - <routee_compass_core[c2098ea6df632d2]::model::traversal::default::speed::speed_traversal_model::tests::test_speed_limit_enforcement::{closure#0} as core[a373ad73a504971]::ops::function::FnOnce<()>>::call_once
[INFO] [stdout]   13:     0x630975b9af8b - test[aada8e7e76ba119b]::__rust_begin_short_backtrace::<core[a373ad73a504971]::result::Result<(), alloc[2e1b2a31b91974c5]::string::String>, fn() -> core[a373ad73a504971]::result::Result<(), alloc[2e1b2a31b91974c5]::string::String>>
[INFO] [stdout]   14:     0x630975ba8165 - test[aada8e7e76ba119b]::run_test::{closure#0}
[INFO] [stdout]   15:     0x630975ba1a54 - std[617be2ca0a6fd877]::sys::backtrace::__rust_begin_short_backtrace::<test[aada8e7e76ba119b]::run_test::{closure#1}, ()>
[INFO] [stdout]   16:     0x630975bab1f2 - <std[617be2ca0a6fd877]::thread::lifecycle::spawn_unchecked<test[aada8e7e76ba119b]::run_test::{closure#1}, ()>::{closure#1} as core[a373ad73a504971]::ops::function::FnOnce<()>>::call_once::{shim:vtable#0}
[INFO] [stdout]   17:     0x630975cf94ef - <std[617be2ca0a6fd877]::sys::thread::unix::Thread>::new::thread_start
[INFO] [stdout]   18:     0x7a4d985bddfa - <unknown>
[INFO] [stdout]   19:     0x7a4d986513d4 - clone
[INFO] [stdout]   20:                0x0 - <unknown>
[INFO] [stdout] 
[INFO] [stdout] ---- model::traversal::default::speed::speed_traversal_model::tests::test_speed_traversal stdout ----
[INFO] [stdout] 
[INFO] [stdout] thread 'model::traversal::default::speed::speed_traversal_model::tests::test_speed_traversal' (1450) panicked at src/model/traversal/default/speed/speed_traversal_model.rs:172:62:
[INFO] [stdout] test invariant failed: BuildError("cannot read /opt/rustwide/workdir/src/model/traversal/default/test/velocities.txt due to No such file or directory (os error 2)")
[INFO] [stdout] stack backtrace:
[INFO] [stdout]    0:     0x630975cfa1e1 - <<std[617be2ca0a6fd877]::sys::backtrace::BacktraceLock>::print::DisplayBacktrace as core[a373ad73a504971]::fmt::Display>::fmt
[INFO] [stdout]    1:     0x630975d137da - core[a373ad73a504971]::fmt::write
[INFO] [stdout]    2:     0x630975cffecc - <alloc[2e1b2a31b91974c5]::vec::Vec<u8> as core[a373ad73a504971]::io::write::Write>::write_fmt
[INFO] [stdout]    3:     0x630975cd49a6 - std[617be2ca0a6fd877]::panicking::default_hook::{closure#0}
[INFO] [stdout]    4:     0x630975cf1a69 - std[617be2ca0a6fd877]::panicking::default_hook
[INFO] [stdout]    5:     0x630975ba7b40 - test[aada8e7e76ba119b]::test_main_inner::{closure#0}
[INFO] [stdout]    6:     0x630975cf1d92 - std[617be2ca0a6fd877]::panicking::panic_with_hook
[INFO] [stdout]    7:     0x630975cd4a52 - std[617be2ca0a6fd877]::panicking::panic_handler::{closure#0}
[INFO] [stdout]    8:     0x630975ccd439 - std[617be2ca0a6fd877]::sys::backtrace::__rust_end_short_backtrace::<std[617be2ca0a6fd877]::panicking::panic_handler::{closure#0}, !>
[INFO] [stdout]    9:     0x630975cd56dd - __rustc[ea4f61d10b84890b]::rust_begin_unwind
[INFO] [stdout]   10:     0x630975d13fbc - core[a373ad73a504971]::panicking::panic_fmt
[INFO] [stdout]   11:     0x630975d13d92 - core[a373ad73a504971]::result::unwrap_failed
[INFO] [stdout]   12:     0x630975afc778 - <routee_compass_core[c2098ea6df632d2]::model::traversal::default::speed::speed_traversal_model::tests::test_speed_traversal::{closure#0} as core[a373ad73a504971]::ops::function::FnOnce<()>>::call_once
[INFO] [stdout]   13:     0x630975b9af8b - test[aada8e7e76ba119b]::__rust_begin_short_backtrace::<core[a373ad73a504971]::result::Result<(), alloc[2e1b2a31b91974c5]::string::String>, fn() -> core[a373ad73a504971]::result::Result<(), alloc[2e1b2a31b91974c5]::string::String>>
[INFO] [stdout]   14:     0x630975ba8165 - test[aada8e7e76ba119b]::run_test::{closure#0}
[INFO] [stdout]   15:     0x630975ba1a54 - std[617be2ca0a6fd877]::sys::backtrace::__rust_begin_short_backtrace::<test[aada8e7e76ba119b]::run_test::{closure#1}, ()>
[INFO] [stdout]   16:     0x630975bab1f2 - <std[617be2ca0a6fd877]::thread::lifecycle::spawn_unchecked<test[aada8e7e76ba119b]::run_test::{closure#1}, ()>::{closure#1} as core[a373ad73a504971]::ops::function::FnOnce<()>>::call_once::{shim:vtable#0}
[INFO] [stdout]   17:     0x630975cf94ef - <std[617be2ca0a6fd877]::sys::thread::unix::Thread>::new::thread_start
[INFO] [stdout]   18:     0x7a4d985bddfa - <unknown>
[INFO] [stdout]   19:     0x7a4d986513d4 - clone
[INFO] [stdout]   20:                0x0 - <unknown>
[INFO] [stdout] 
[INFO] [stdout] 
[INFO] [stdout] failures:
[INFO] [stdout]     model::constraint::default::vehicle_restrictions::vehicle_restriction_model::test::test_e2e_invalid_height
[INFO] [stdout]     model::constraint::default::vehicle_restrictions::vehicle_restriction_model::test::test_e2e_invalid_weight
[INFO] [stdout]     model::constraint::default::vehicle_restrictions::vehicle_restriction_model::test::test_e2e_unrestricted_parameter
[INFO] [stdout]     model::constraint::default::vehicle_restrictions::vehicle_restriction_model::test::test_e2e_valid_weight_and_height
[INFO] [stdout]     model::map::geometry_model::tests::test_geometry_deserialization
[INFO] [stdout]     model::map::spatial_index::test::test_vertex_oriented_e2e
[INFO] [stdout]     model::network::vertex::tests::test_deserialize_csv
[INFO] [stdout]     model::traversal::default::speed::speed_traversal_model::tests::test_speed_limit_enforcement
[INFO] [stdout]     model::traversal::default::speed::speed_traversal_model::tests::test_speed_traversal
[INFO] [stdout]     util::fs::read_utils::tests::test_read_raw_file
[INFO] [stdout]     util::fs::read_utils::tests::test_read_raw_file_gzip
[INFO] [stdout] 
[INFO] [stdout] test result: FAILED. 131 passed; 11 failed; 0 ignored; 0 measured; 0 filtered out; finished in 0.03s
[INFO] [stdout] 
[INFO] [stderr] 

edge LineString geometry file: 100%|██████████| 8/8 [00:00<00:00, 2816901.50it/s]

edge LineString geometry file: 100%|██████████| 9/9 [00:00<00:00, 4500000.00it/s]error: test failed, to rerun pass `--lib`
[INFO] running `Command { std: "docker" "inspect" "572b30001b87cd685a4e7f164af1e0214a6653da51eefa4cbc5daf9412d2195c", kill_on_drop: false }`
[INFO] running `Command { std: "docker" "rm" "-f" "572b30001b87cd685a4e7f164af1e0214a6653da51eefa4cbc5daf9412d2195c", kill_on_drop: false }`
[INFO] [stdout] 572b30001b87cd685a4e7f164af1e0214a6653da51eefa4cbc5daf9412d2195c
