[INFO] fetching crate route_manager 0.2.16...
[INFO] testing route_manager-0.2.16 against 1.99.0-beta.8+cargoflags=--release for beta-release-1.100-2
[INFO] extracting crate route_manager 0.2.16 into /workspace/builds/worker-2-tc1/source
[INFO] removed /workspace/builds/worker-2-tc1/source/.cargo/config.toml
[INFO] started tweaking crates.io crate route_manager 0.2.16
[INFO] removed 0 missing examples
[INFO] finished tweaking crates.io crate route_manager 0.2.16
[INFO] tweaked toml for crates.io crate route_manager 0.2.16 written to /workspace/builds/worker-2-tc1/source/Cargo.toml
[INFO] validating manifest of crates.io crate route_manager 0.2.16 on toolchain 1.99.0-beta.8
[INFO] running `Command { std: CARGO_HOME="/workspace/cargo-home" RUSTUP_HOME="/workspace/rustup-home" "/workspace/cargo-home/bin/cargo" "+1.99.0-beta.8" "metadata" "--manifest-path" "Cargo.toml" "--no-deps", kill_on_drop: false }`
[INFO] crate crates.io crate route_manager 0.2.16 already has a lockfile, it will not be regenerated
[INFO] running `Command { std: CARGO_HOME="/workspace/cargo-home" RUSTUP_HOME="/workspace/rustup-home" "/workspace/cargo-home/bin/cargo" "+1.99.0-beta.8" "fetch" "--manifest-path" "Cargo.toml", kill_on_drop: false }`
[INFO] [stderr]  Downloading crates ...
[INFO] [stderr]   Downloaded zerocopy-derive v0.8.62
[INFO] [stderr]   Downloaded netlink-packet-core v0.9.0
[INFO] [stderr]   Downloaded prettyplease v0.3.0
[INFO] [stderr]   Downloaded zerocopy v0.8.62
[INFO] [stderr]   Downloaded bindgen v0.73.2
[INFO] [stderr]   Downloaded netlink-packet-route v0.33.0
[INFO] running `Command { std: "docker" "create" "-v" "/var/lib/crater-agent-workspace/builds/worker-2-tc1/source:/opt/rustwide/workdir:ro,Z" "-v" "/var/lib/crater-agent-workspace/builds/worker-2-tc1/target:/opt/rustwide/target:rw,Z" "-v" "/var/lib/crater-agent-workspace/cargo-home:/opt/rustwide/cargo-home:ro,Z" "-v" "/var/lib/crater-agent-workspace/rustup-home:/opt/rustwide/rustup-home:ro,Z" "-m" "1610612736" "--network" "none" "ghcr.io/rust-lang/crates-build-env/linux@sha256:77db811e55d90add9212f6832c23229e3de5f1c1f9905e8cb07319ea15df73ac" "sleep" "infinity", kill_on_drop: false }`
[INFO] [stdout] bfe936ace0c375c7bbc9daa8ce64fbb2021d62317fbdfe4d538efa7a5fbf38fc
[INFO] running `Command { std: "docker" "start" "bfe936ace0c375c7bbc9daa8ce64fbb2021d62317fbdfe4d538efa7a5fbf38fc", kill_on_drop: false }`
[INFO] running `Command { std: "docker" "inspect" "bfe936ace0c375c7bbc9daa8ce64fbb2021d62317fbdfe4d538efa7a5fbf38fc", kill_on_drop: false }`
[INFO] running `Command { std: "docker" "exec" "-e" "SOURCE_DIR=/opt/rustwide/workdir" "-e" "CARGO_HOME=/opt/rustwide/cargo-home" "-e" "RUSTUP_HOME=/opt/rustwide/rustup-home" "-e" "CARGO_TARGET_DIR=/opt/rustwide/target" "-w" "/opt/rustwide/workdir" "--user" "0:0" "bfe936ace0c375c7bbc9daa8ce64fbb2021d62317fbdfe4d538efa7a5fbf38fc" "/opt/rustwide/cargo-home/bin/cargo" "+1.99.0-beta.8" "metadata" "--no-deps" "--format-version=1", kill_on_drop: false }`
[INFO] running `Command { std: "docker" "inspect" "bfe936ace0c375c7bbc9daa8ce64fbb2021d62317fbdfe4d538efa7a5fbf38fc", kill_on_drop: false }`
[INFO] running `Command { std: "docker" "exec" "-e" "SOURCE_DIR=/opt/rustwide/workdir" "-e" "CARGO_HOME=/opt/rustwide/cargo-home" "-e" "RUSTUP_HOME=/opt/rustwide/rustup-home" "-e" "CARGO_TARGET_DIR=/opt/rustwide/target" "-e" "CARGO_INCREMENTAL=0" "-e" "RUST_BACKTRACE=full" "-e" "RUSTFLAGS=--cap-lints=warn" "-e" "RUSTDOCFLAGS=--cap-lints=warn" "-w" "/opt/rustwide/workdir" "--user" "0:0" "bfe936ace0c375c7bbc9daa8ce64fbb2021d62317fbdfe4d538efa7a5fbf38fc" "/opt/rustwide/cargo-home/bin/cargo" "+1.99.0-beta.8" "build" "--frozen" "--message-format=json" "--release", kill_on_drop: false }`
[INFO] [stderr]    Compiling libc v0.2.190
[INFO] [stderr]    Compiling zerocopy v0.8.62
[INFO] [stderr]    Compiling netlink-packet-core v0.9.0
[INFO] [stderr]    Compiling route_manager v0.2.16 (/opt/rustwide/workdir)
[INFO] [stderr]    Compiling zerocopy-derive v0.8.62
[INFO] [stderr]    Compiling netlink-sys v0.8.8
[INFO] [stderr]    Compiling netlink-packet-route v0.33.0
[INFO] [stderr]     Finished `release` profile [optimized] target(s) in 26.78s
[INFO] running `Command { std: "docker" "inspect" "bfe936ace0c375c7bbc9daa8ce64fbb2021d62317fbdfe4d538efa7a5fbf38fc", kill_on_drop: false }`
[INFO] running `Command { std: "docker" "exec" "-e" "SOURCE_DIR=/opt/rustwide/workdir" "-e" "CARGO_HOME=/opt/rustwide/cargo-home" "-e" "RUSTUP_HOME=/opt/rustwide/rustup-home" "-e" "CARGO_TARGET_DIR=/opt/rustwide/target" "-e" "CARGO_INCREMENTAL=0" "-e" "RUST_BACKTRACE=full" "-e" "RUSTFLAGS=--cap-lints=warn" "-e" "RUSTDOCFLAGS=--cap-lints=warn" "-w" "/opt/rustwide/workdir" "--user" "0:0" "bfe936ace0c375c7bbc9daa8ce64fbb2021d62317fbdfe4d538efa7a5fbf38fc" "/opt/rustwide/cargo-home/bin/cargo" "+1.99.0-beta.8" "test" "--frozen" "--no-run" "--message-format=json" "--release", kill_on_drop: false }`
[INFO] [stderr]    Compiling syn v3.0.8
[INFO] [stderr]    Compiling errno v0.3.14
[INFO] [stderr]    Compiling clap_lex v1.1.1
[INFO] [stderr]    Compiling socket2 v0.6.5
[INFO] [stderr]    Compiling mio v1.2.4
[INFO] [stderr]    Compiling parking_lot_core v0.9.12
[INFO] [stderr]    Compiling signal-hook-registry v1.4.8
[INFO] [stderr]    Compiling clap_builder v4.6.7
[INFO] [stderr]    Compiling parking_lot v0.12.5
[INFO] [stderr]    Compiling tokio-macros v2.7.2
[INFO] [stderr]    Compiling clap_derive v4.6.7
[INFO] [stderr]    Compiling tokio v1.53.2
[INFO] [stderr]    Compiling clap v4.6.7
[INFO] [stderr]    Compiling route_manager v0.2.16 (/opt/rustwide/workdir)
[INFO] [stderr]     Finished `release` profile [optimized] target(s) in 23.78s
[INFO] running `Command { std: "docker" "inspect" "bfe936ace0c375c7bbc9daa8ce64fbb2021d62317fbdfe4d538efa7a5fbf38fc", kill_on_drop: false }`
[INFO] running `Command { std: "docker" "exec" "-e" "SOURCE_DIR=/opt/rustwide/workdir" "-e" "CARGO_HOME=/opt/rustwide/cargo-home" "-e" "RUSTUP_HOME=/opt/rustwide/rustup-home" "-e" "CARGO_TARGET_DIR=/opt/rustwide/target" "-e" "CARGO_INCREMENTAL=0" "-e" "RUST_BACKTRACE=full" "-e" "RUSTFLAGS=--cap-lints=warn" "-e" "RUSTDOCFLAGS=--cap-lints=warn" "-w" "/opt/rustwide/workdir" "--user" "0:0" "bfe936ace0c375c7bbc9daa8ce64fbb2021d62317fbdfe4d538efa7a5fbf38fc" "/opt/rustwide/cargo-home/bin/cargo" "+1.99.0-beta.8" "test" "--frozen" "--release", kill_on_drop: false }`
[INFO] [stderr]     Finished `release` profile [optimized] target(s) in 0.09s
[INFO] [stderr]      Running unittests src/lib.rs (/opt/rustwide/target/release/deps/route_manager-db8d9314f94e37ce)
[INFO] [stdout] 
[INFO] [stdout] running 9 tests
[INFO] [stdout] test linux::tests::display_shows_kind_only_when_not_unicast ... ok
[INFO] [stdout] test linux::tests::unicast_is_default_and_message_unchanged ... ok
[INFO] [stdout] test linux::tests::non_unicast_omits_next_hop ... ok
[INFO] [stdout] test linux::tests::parse_reject_route_types ... ok
[INFO] [stdout] test linux::tests::parse_other_route_types_as_unicast ... ok
[INFO] [stdout] test linux::tests::kind_maps_to_route_type ... ok
[INFO] [stdout] test linux::tests::check_rejects_gateway_on_non_unicast ... ok
[INFO] [stdout] test linux::tests::add_and_delete_requests_carry_kind ... ok
[INFO] [stdout] test linux::tests::round_trip_keeps_kind ... ok
[INFO] [stderr]    Doc-tests route_manager
[INFO] [stdout] 
[INFO] [stdout] test result: ok. 9 passed; 0 failed; 0 ignored; 0 measured; 0 filtered out; finished in 0.04s
[INFO] [stdout] 
[INFO] [stdout] 
[INFO] [stdout] running 2 tests
[INFO] [stdout] test src/lib.rs - (line 27) - compile ... ok
[INFO] [stderr] error: doctest failed, to rerun pass `--doc`
[INFO] [stdout] test src/lib.rs - (line 3) - compile ... FAILED
[INFO] [stdout] 
[INFO] [stdout] failures:
[INFO] [stdout] 
[INFO] [stdout] ---- src/lib.rs - (line 3) stdout ----
[INFO] [stdout] error[E0432]: unresolved import `route_manager::AsyncRouteManager`
[INFO] [stdout]  --> src/lib.rs:5:21
[INFO] [stdout]   |
[INFO] [stdout] 5 | use route_manager::{AsyncRouteManager, Route};
[INFO] [stdout]   |                     ^^^^^^^^^^^^^^^^^ no `AsyncRouteManager` in the root
[INFO] [stdout]   |
[INFO] [stdout] help: a similar name exists in the module
[INFO] [stdout]   |
[INFO] [stdout] 5 - use route_manager::{AsyncRouteManager, Route};
[INFO] [stdout] 5 + use route_manager::{RouteManager, Route};
[INFO] [stdout]   |
[INFO] [stdout] 
[INFO] [stdout] error[E0601]: `main` function not found in crate `rust_out`
[INFO] [stdout]   --> src/lib.rs:25:2
[INFO] [stdout]    |
[INFO] [stdout] 25 | }
[INFO] [stdout]    |  ^ consider adding a `main` function to `src/lib.rs`
[INFO] [stdout] 
[INFO] [stdout] error: aborting due to 2 previous errors
[INFO] [stdout] 
[INFO] [stdout] Some errors have detailed explanations: E0432, E0601.
[INFO] [stdout] For more information about an error, try `rustc --explain E0432`.
[INFO] [stdout] Couldn't compile the test.
[INFO] [stdout] 
[INFO] [stdout] failures:
[INFO] [stdout]     src/lib.rs - (line 3)
[INFO] [stdout] 
[INFO] [stdout] test result: FAILED. 1 passed; 1 failed; 0 ignored; 0 measured; 0 filtered out; finished in 0.10s
[INFO] [stdout] 
[INFO] running `Command { std: "docker" "inspect" "bfe936ace0c375c7bbc9daa8ce64fbb2021d62317fbdfe4d538efa7a5fbf38fc", kill_on_drop: false }`
[INFO] running `Command { std: "docker" "rm" "-f" "bfe936ace0c375c7bbc9daa8ce64fbb2021d62317fbdfe4d538efa7a5fbf38fc", kill_on_drop: false }`
[INFO] [stdout] bfe936ace0c375c7bbc9daa8ce64fbb2021d62317fbdfe4d538efa7a5fbf38fc
